000
CDUS42 KFFC 250835
CLIFTY


CLIMATE REPORT
NATIONAL WEATHER SERVICE PEACHTREE CITY GA
435 AM EDT SAT MAR 25 2017


...................................

...THE FULTON COUNTY AIRPORT CLIMATE SUMMARY FOR MARCH 24 2017...

CLIMATE NORMAL PERIOD 1981 TO 2010
CLIMATE RECORD PERIOD 9999 TO 9999


WEATHER ITEM   OBSERVED TIME   RECORD YEAR NORMAL DEPARTURE LAST
                VALUE   (LST)  VALUE       VALUE  FROM      YEAR
                                                  NORMAL
..................................................................
TEMPERATURE (F)
 YESTERDAY
  MAXIMUM         74    532 PM  MM      MM  68      6       75
  MINIMUM         56    911 AM  MM      MM  44     12       49
  AVERAGE         65                        56      9       62

PRECIPITATION (IN)
  YESTERDAY        0.00         MM      MM   0.16  -0.16     0.23
  MONTH TO DATE    1.97                      3.84  -1.87     1.49
  SINCE MAR 1      1.97                      3.84  -1.87     1.49
  SINCE JAN 1     10.02                     13.01  -2.99    11.60

SNOWFALL (IN)
  YESTERDAY        0.0          MM      MM  MM     MM       MM
  MONTH TO DATE    0.0                      MM     MM        0.0
  SINCE MAR 1      0.0                      MM     MM        0.0
  SINCE JUL 1      0.0                      MM     MM        0.1
  SNOW DEPTH       0

DEGREE DAYS
 HEATING
  YESTERDAY        0                         9     -9        3
  MONTH TO DATE  298                       299     -1      192
  SINCE MAR 1    298                       299     -1      192
  SINCE JUL 1   1714                      2639   -925     2101

 COOLING
  YESTERDAY        0                         0      0        0
  MONTH TO DATE    9                         0      9       19
  SINCE MAR 1      9                         0      9       19
  SINCE JAN 1      9                         0      9       19
..................................................................


WIND (MPH)
  RESULTANT WIND SPEED   7   RESULTANT WIND DIRECTION  SE (130)
  HIGHEST WIND SPEED    18   HIGHEST WIND DIRECTION    SE (140)
  HIGHEST GUST SPEED    24   HIGHEST GUST DIRECTION    SE (130)
  AVERAGE WIND SPEED     7.7


SKY COVER
  AVERAGE SKY COVER 0.8


WEATHER CONDITIONS
 THE FOLLOWING WEATHER WAS RECORDED YESTERDAY.
  NO SIGNIFICANT WEATHER WAS OBSERVED.


RELATIVE HUMIDITY (PERCENT)
 HIGHEST    67          1000 AM
 LOWEST     38           300 PM
 AVERAGE    53

..........................................................


THE FULTON COUNTY AIRPORT CLIMATE NORMALS FOR TODAY
                         NORMAL    RECORD    YEAR
 MAXIMUM TEMPERATURE (F)   68        MM        MM
 MINIMUM TEMPERATURE (F)   44        MM        MM


SUNRISE AND SUNSET
MARCH 25 2017.........SUNRISE   735 AM EDT   SUNSET   754 PM EDT
MARCH 26 2017.........SUNRISE   733 AM EDT   SUNSET   754 PM EDT


-  INDICATES NEGATIVE NUMBERS.
R  INDICATES RECORD WAS SET OR TIED.
MM INDICATES DATA IS MISSING.
T  INDICATES TRACE AMOUNT.




$$
