510
CDUS42 KFFC 160819
CLIFTY


CLIMATE REPORT
NATIONAL WEATHER SERVICE PEACHTREE CITY GA
419 AM EDT WED AUG 16 2017


...................................

...THE FULTON COUNTY AIRPORT CLIMATE SUMMARY FOR AUGUST 15 2017...

CLIMATE NORMAL PERIOD 1981 TO 2010
CLIMATE RECORD PERIOD 9999 TO 9999


WEATHER ITEM   OBSERVED TIME   RECORD YEAR NORMAL DEPARTURE LAST
                VALUE   (LST)  VALUE       VALUE  FROM      YEAR
                                                  NORMAL
..................................................................
TEMPERATURE (F)
 YESTERDAY
  MAXIMUM         89    511 PM  MM      MM  88      1       93
  MINIMUM         74    658 AM  MM      MM  70      4       72
  AVERAGE         82                        79      3       83

PRECIPITATION (IN)
  YESTERDAY        0.01         MM      MM   0.16  -0.15     0.00
  MONTH TO DATE    2.38                      2.45  -0.07     0.58
  SINCE JUN 1     12.21                     11.64   0.57     5.75
  SINCE JAN 1     34.44                     33.13   1.31    22.56

DEGREE DAYS
 COOLING
  YESTERDAY       17                        14      3       18
  MONTH TO DATE  202                       219    -17      266
  SINCE JUN 1   1039                      1028     11     1254
  SINCE JAN 1   1368                      1228    140     1486
..................................................................


WIND (MPH)
  RESULTANT WIND SPEED   3   RESULTANT WIND DIRECTION   W (250)
  HIGHEST WIND SPEED    15   HIGHEST WIND DIRECTION    NW (310)
  HIGHEST GUST SPEED    19   HIGHEST GUST DIRECTION    NW (320)
  AVERAGE WIND SPEED     4.7


SKY COVER
  AVERAGE SKY COVER 0.3


WEATHER CONDITIONS
 THE FOLLOWING WEATHER WAS RECORDED YESTERDAY.
  LIGHT RAIN


RELATIVE HUMIDITY (PERCENT)
 HIGHEST   100          1200 AM
 LOWEST     63           500 PM
 AVERAGE    82

..........................................................


THE FULTON COUNTY AIRPORT CLIMATE NORMALS FOR TODAY
                         NORMAL    RECORD    YEAR
 MAXIMUM TEMPERATURE (F)   88        MM        MM
 MINIMUM TEMPERATURE (F)   70        MM        MM


SUNRISE AND SUNSET
AUGUST 16 2017........SUNRISE   701 AM EDT   SUNSET   823 PM EDT
AUGUST 17 2017........SUNRISE   702 AM EDT   SUNSET   822 PM EDT


-  INDICATES NEGATIVE NUMBERS.
R  INDICATES RECORD WAS SET OR TIED.
MM INDICATES DATA IS MISSING.
T  INDICATES TRACE AMOUNT.




$$
