668
CDUS42 KFFC 290817
CLIFTY


CLIMATE REPORT
NATIONAL WEATHER SERVICE PEACHTREE CITY GA
417 AM EDT FRI APR 29 2016


...................................

...THE FULTON COUNTY AIRPORT CLIMATE SUMMARY FOR APRIL 28 2016...

CLIMATE NORMAL PERIOD 1981 TO 2010
CLIMATE RECORD PERIOD 9999 TO 9999


WEATHER ITEM   OBSERVED TIME   RECORD YEAR NORMAL DEPARTURE LAST
                VALUE   (LST)  VALUE       VALUE  FROM      YEAR
                                                  NORMAL
..................................................................
TEMPERATURE (F)
 YESTERDAY
  MAXIMUM         84    522 PM  MM      MM  76      8       74
  MINIMUM         63   1159 PM  MM      MM  52     11       49
  AVERAGE         74                        64     10       62

PRECIPITATION (IN)
  YESTERDAY        0.00         MM      MM   0.12  -0.12     0.03
  MONTH TO DATE  102.65                      3.49  99.16     6.85
  SINCE MAR 1    104.47                      8.30  96.17     9.28
  SINCE JAN 1    114.58                     17.47  97.11    16.07

SNOWFALL (IN)
  YESTERDAY       MM            MM      MM  MM     MM       MM
  MONTH TO DATE    0.0                      MM     MM        0.0
  SINCE MAR 1      0.0                      MM     MM        0.0
  SINCE JUL 1      0.1                      MM     MM         T
  SNOW DEPTH      MM

DEGREE DAYS
 HEATING
  YESTERDAY        0                         3     -3        3
  MONTH TO DATE  123                       149    -26       63
  SINCE MAR 1    345                       508   -163      338
  SINCE JUL 1   2254                      2848   -594     2926

 COOLING
  YESTERDAY        9                         2      7        0
  MONTH TO DATE   30                        31     -1       64
  SINCE MAR 1     51                        37     14       66
  SINCE JAN 1     51                        37     14       66
..................................................................


WIND (MPH)
  RESULTANT WIND SPEED   5   RESULTANT WIND DIRECTION  SW (220)
  HIGHEST WIND SPEED    14   HIGHEST WIND DIRECTION     W (280)
  HIGHEST GUST SPEED    19   HIGHEST GUST DIRECTION    SW (210)
  AVERAGE WIND SPEED     5.3


SKY COVER
  AVERAGE SKY COVER 0.6


WEATHER CONDITIONS
 THE FOLLOWING WEATHER WAS RECORDED YESTERDAY.
  NO SIGNIFICANT WEATHER WAS OBSERVED.


RELATIVE HUMIDITY (PERCENT)
 HIGHEST    93           800 AM
 LOWEST     40           500 PM
 AVERAGE    67

..........................................................


THE FULTON COUNTY AIRPORT CLIMATE NORMALS FOR TODAY
                         NORMAL    RECORD    YEAR
 MAXIMUM TEMPERATURE (F)   76        MM        MM
 MINIMUM TEMPERATURE (F)   52        MM        MM


SUNRISE AND SUNSET
APRIL 29 2016.........SUNRISE   651 AM EDT   SUNSET   820 PM EDT
APRIL 30 2016.........SUNRISE   650 AM EDT   SUNSET   821 PM EDT


-  INDICATES NEGATIVE NUMBERS.
R  INDICATES RECORD WAS SET OR TIED.
MM INDICATES DATA IS MISSING.
T  INDICATES TRACE AMOUNT.




$$
