000
CDUS42 KFFC 010820
CLIFTY


CLIMATE REPORT
NATIONAL WEATHER SERVICE PEACHTREE CITY GA
420 AM EDT TUE SEP 1 2015


...................................

...THE FULTON COUNTY AIRPORT CLIMATE SUMMARY FOR AUGUST 31 2015...

CLIMATE NORMAL PERIOD 1981 TO 2010
CLIMATE RECORD PERIOD 9999 TO 9999


WEATHER ITEM   OBSERVED TIME   RECORD YEAR NORMAL DEPARTURE LAST
                VALUE   (LST)  VALUE       VALUE  FROM      YEAR
                                                  NORMAL
..................................................................
TEMPERATURE (F)
 YESTERDAY
  MAXIMUM         83    543 PM  MM      MM  87     -4       90
  MINIMUM         67    406 AM  MM      MM  67      0       68
  AVERAGE         75                        77     -2       79

PRECIPITATION (IN)
  YESTERDAY        0.04         MM      MM   0.12  -0.08      T
  MONTH TO DATE    5.90                      4.74   1.16     3.71
  SINCE JUN 1     10.67                     13.93  -3.26    11.90
  SINCE JAN 1     30.05                     35.42  -5.37    30.70

DEGREE DAYS
 COOLING
  YESTERDAY       10                        12     -2       14
  MONTH TO DATE  437                       428      9      411
  SINCE JUN 1   1372                      1237    135     1178
  SINCE JAN 1   1647                      1437    210     1394
..................................................................


WIND (MPH)
  RESULTANT WIND SPEED   3   RESULTANT WIND DIRECTION  NE (40)
  HIGHEST WIND SPEED    10   HIGHEST WIND DIRECTION    NE (60)
  HIGHEST GUST SPEED    12   HIGHEST GUST DIRECTION    NE (60)
  AVERAGE WIND SPEED     3.3


SKY COVER
  AVERAGE SKY COVER 0.8


WEATHER CONDITIONS
 THE FOLLOWING WEATHER WAS RECORDED YESTERDAY.
  LIGHT RAIN
  FOG


RELATIVE HUMIDITY (PERCENT)
 HIGHEST    93           900 PM
 LOWEST     62           400 PM
 AVERAGE    78

..........................................................


THE FULTON COUNTY AIRPORT CLIMATE NORMALS FOR TODAY
                         NORMAL    RECORD    YEAR
 MAXIMUM TEMPERATURE (F)   87        MM        MM
 MINIMUM TEMPERATURE (F)   67        MM        MM


SUNRISE AND SUNSET
SEPTEMBER  1 2015.....SUNRISE   712 AM EDT   SUNSET   804 PM EDT
SEPTEMBER  2 2015.....SUNRISE   712 AM EDT   SUNSET   803 PM EDT


-  INDICATES NEGATIVE NUMBERS.
R  INDICATES RECORD WAS SET OR TIED.
MM INDICATES DATA IS MISSING.
T  INDICATES TRACE AMOUNT.




$$
