000
CDUS46 KSGX 260018
CLIFUL


CLIMATE REPORT
NATIONAL WEATHER SERVICE SAN DIEGO, CA
518 PM PDT SAT OCT 25 2014


...................................

...THE FULLERTON AIRPORT CA CLIMATE SUMMARY FOR OCTOBER 25 2014...
VALID TODAY AS OF 0500 PM LOCAL TIME.

CLIMATE NORMAL PERIOD 1981 TO 2010
CLIMATE RECORD PERIOD 1998 TO 2014


WEATHER ITEM   OBSERVED TIME   RECORD YEAR NORMAL DEPARTURE LAST
                VALUE   (LST)  VALUE       VALUE  FROM      YEAR
                                                  NORMAL
..................................................................
TEMPERATURE (F)
 TODAY
  MAXIMUM         84    211 PM  90    2007  77      7       76
  MINIMUM         62    249 AM  52    2008  55      7       57
  AVERAGE         73                        66      7       67

PRECIPITATION (IN)
  TODAY            0.00          0.15 2010   0.03  -0.03     0.00
  MONTH TO DATE    0.00                      0.55  -0.55     0.11
  SINCE JUL 1      0.12                      0.88  -0.76     0.11
  SINCE JAN 1      3.58                     10.53  -6.95     2.64

SNOWFALL (IN)
  TODAY            0.0
  MONTH TO DATE    0.0
  SINCE JAN 1      0.0
  SINCE JUL 1      0.0
  SNOW DEPTH       0

DEGREE DAYS
 HEATING
  TODAY            0                         1     -1        0
  MONTH TO DATE    0                        10    -10       10
  SINCE SEP 1      0                        11    -11       10
  SINCE JUL 1      0                        11    -11       10

 COOLING
  TODAY            8                         3      5        2
  MONTH TO DATE  236                       101    135      105
  SINCE SEP 1    659                       356    303      466
  SINCE JAN 1   2021                      1219    802     1856
..................................................................


WIND (MPH)
  RESULTANT WIND SPEED   2   RESULTANT WIND DIRECTION  SW (220)
  HIGHEST WIND SPEED    12   HIGHEST WIND DIRECTION    SW (210)
  HIGHEST GUST SPEED    15   HIGHEST GUST DIRECTION     S (200)
  AVERAGE WIND SPEED     2.6


SKY COVER
  POSSIBLE SUNSHINE  MM
  AVERAGE SKY COVER 0.3


WEATHER CONDITIONS
 THE FOLLOWING WEATHER WAS RECORDED TODAY.
  NO SIGNIFICANT WEATHER WAS OBSERVED.


RELATIVE HUMIDITY (PERCENT)
 HIGHEST    81           700 AM
 LOWEST     28           300 PM
 AVERAGE    55

..........................................................


THE FULLERTON AIRPORT CA CLIMATE NORMALS FOR TOMORROW
                         NORMAL    RECORD    YEAR
 MAXIMUM TEMPERATURE (F)   77        93      2003
                                             1965
 MINIMUM TEMPERATURE (F)   55        51      2008


SUNRISE AND SUNSET
OCTOBER 25 2014.......SUNRISE   705 AM PDT   SUNSET   606 PM PDT
OCTOBER 26 2014.......SUNRISE   706 AM PDT   SUNSET   605 PM PDT


-  INDICATES NEGATIVE NUMBERS.
R  INDICATES RECORD WAS SET OR TIED.
MM INDICATES DATA IS MISSING.
T  INDICATES TRACE AMOUNT.




$$
