000
CDUS46 KSGX 281419
CLIFUL


CLIMATE REPORT
NATIONAL WEATHER SERVICE SAN DIEGO, CA
619 AM PST WED JAN 28 2015


...................................

...THE FULLERTON AIRPORT CA CLIMATE SUMMARY FOR JANUARY 27 2015...

CLIMATE NORMAL PERIOD 1981 TO 2010
CLIMATE RECORD PERIOD 1998 TO 2015


WEATHER ITEM   OBSERVED TIME   RECORD YEAR NORMAL DEPARTURE LAST
                VALUE   (LST)  VALUE       VALUE  FROM      YEAR
                                                  NORMAL
..................................................................
TEMPERATURE (F)
 YESTERDAY
  MAXIMUM         75    208 PM  83    2012  68      7       72
  MINIMUM         55   1159 PM  41    2009  45     10       51
  AVERAGE         65                        56      9       62

PRECIPITATION (IN)
  YESTERDAY        0.00          0.40 2008   0.06  -0.06     0.00
  MONTH TO DATE    0.86                      2.68  -1.82     0.00
  SINCE OCT 1      4.68                      6.58  -1.90     1.31
  SINCE JAN 1      0.86                      2.68  -1.82     0.00

SNOWFALL (IN)
  YESTERDAY        0.0
  MONTH TO DATE    0.0
  SINCE JAN 1      0.0
  SINCE JUL 1      0.0
  SNOW DEPTH       0

DEGREE DAYS
 HEATING
  YESTERDAY        0                         9     -9        3
  MONTH TO DATE  116                       243   -127       88
  SINCE DEC 1    289                       519   -230      293
  SINCE JUL 1    313                       683   -370      369

 COOLING
  YESTERDAY        0                         0      0        0
  MONTH TO DATE   15                         0     15       14
  SINCE DEC 1     19                         1     18       20
  SINCE JAN 1     15                         0     15       14
..................................................................


WIND (MPH)
  RESULTANT WIND SPEED   1   RESULTANT WIND DIRECTION  SW (240)
  HIGHEST WIND SPEED    10   HIGHEST WIND DIRECTION    SW (220)
  HIGHEST GUST SPEED    15   HIGHEST GUST DIRECTION    SW (210)
  AVERAGE WIND SPEED     2.0


SKY COVER
  POSSIBLE SUNSHINE  MM
  AVERAGE SKY COVER 0.3


WEATHER CONDITIONS
 THE FOLLOWING WEATHER WAS RECORDED YESTERDAY.
  FOG
  HAZE


RELATIVE HUMIDITY (PERCENT)
 HIGHEST    93           600 AM
 LOWEST     38           100 PM
 AVERAGE    66

..........................................................


THE FULLERTON AIRPORT CA CLIMATE NORMALS FOR TODAY
                         NORMAL    RECORD    YEAR
 MAXIMUM TEMPERATURE (F)   68        83      2012
 MINIMUM TEMPERATURE (F)   45        38      1999


SUNRISE AND SUNSET
JANUARY 28 2015.......SUNRISE   651 AM PST   SUNSET   519 PM PST
JANUARY 29 2015.......SUNRISE   651 AM PST   SUNSET   520 PM PST


-  INDICATES NEGATIVE NUMBERS.
R  INDICATES RECORD WAS SET OR TIED.
MM INDICATES DATA IS MISSING.
T  INDICATES TRACE AMOUNT.




$$
