911
CDUS46 KSGX 251517
CLIFUL


CLIMATE REPORT
NATIONAL WEATHER SERVICE SAN DIEGO, CA
717 AM PST SAT FEB 25 2017


...................................

...THE FULLERTON AIRPORT CA CLIMATE SUMMARY FOR FEBRUARY 24 2017...

CLIMATE NORMAL PERIOD 1981 TO 2010
CLIMATE RECORD PERIOD 1998 TO 2017


WEATHER ITEM   OBSERVED TIME   RECORD YEAR NORMAL DEPARTURE LAST
                VALUE   (LST)  VALUE       VALUE  FROM      YEAR
                                                  NORMAL
..................................................................
TEMPERATURE (F)
 YESTERDAY
  MAXIMUM         64    207 PM  86    2016  69     -5       86
  MINIMUM         39R   618 AM  40    2007  49    -10       55
  AVERAGE         52                        59     -7       71

PRECIPITATION (IN)
  YESTERDAY        0.00          0.45 2008   0.12  -0.12     0.00
  MONTH TO DATE    2.89                      2.84   0.05     0.47
  SINCE OCT 1     15.93                      9.77   6.16     4.18
  SINCE JAN 1     10.02                      5.87   4.15     3.13

DEGREE DAYS
 HEATING
  YESTERDAY       13                         7      6        0
  MONTH TO DATE  126                       180    -54       68
  SINCE DEC 1    588                       733   -145      574
  SINCE JUL 1    652                       897   -245      679

 COOLING
  YESTERDAY        0                         0      0        6
  MONTH TO DATE    3                         0      3       63
  SINCE DEC 1      3                         5     -2       64
  SINCE JAN 1      3                         4     -1       63
..................................................................


WIND (MPH)
  RESULTANT WIND SPEED   1   RESULTANT WIND DIRECTION   S (170)
  HIGHEST WIND SPEED    12   HIGHEST WIND DIRECTION    SW (220)
  HIGHEST GUST SPEED    15   HIGHEST GUST DIRECTION    SW (210)
  AVERAGE WIND SPEED     3.0


SKY COVER
  POSSIBLE SUNSHINE  MM
  AVERAGE SKY COVER 0.0


WEATHER CONDITIONS
 THE FOLLOWING WEATHER WAS RECORDED YESTERDAY.
  NO SIGNIFICANT WEATHER WAS OBSERVED.


RELATIVE HUMIDITY (PERCENT)
 HIGHEST    79           500 AM
 LOWEST     25          1200 PM
 AVERAGE    52

..........................................................


THE FULLERTON AIRPORT CA CLIMATE NORMALS FOR TODAY
                         NORMAL    RECORD    YEAR
 MAXIMUM TEMPERATURE (F)   69        84      2016
 MINIMUM TEMPERATURE (F)   49        42      2007


SUNRISE AND SUNSET
FEBRUARY 25 2017......SUNRISE   625 AM PST   SUNSET   545 PM PST
FEBRUARY 26 2017......SUNRISE   624 AM PST   SUNSET   546 PM PST


-  INDICATES NEGATIVE NUMBERS.
R  INDICATES RECORD WAS SET OR TIED.
MM INDICATES DATA IS MISSING.
T  INDICATES TRACE AMOUNT.




$$
