000
CDUS46 KSGX 291423
CLIFUL


CLIMATE REPORT
NATIONAL WEATHER SERVICE SAN DIEGO, CA
723 AM PDT WED JUL 29 2015


...................................

...THE FULLERTON AIRPORT CA CLIMATE SUMMARY FOR JULY 28 2015...

CLIMATE NORMAL PERIOD 1981 TO 2010
CLIMATE RECORD PERIOD 1998 TO 2015


WEATHER ITEM   OBSERVED TIME   RECORD YEAR NORMAL DEPARTURE LAST
                VALUE   (LST)  VALUE       VALUE  FROM      YEAR
                                                  NORMAL
..................................................................
TEMPERATURE (F)
 YESTERDAY
  MAXIMUM         85   1214 PM  94    2014  84      1       94
  MINIMUM         69    610 AM  58    2010  65      4       71
  AVERAGE         77                        75      2       83

PRECIPITATION (IN)
  YESTERDAY        0.00          T    2003   0.00   0.00      T
                                      2003
                                      2014
  MONTH TO DATE    0.48                      0.04   0.44      T
  SINCE OCT 1      6.83                     13.59  -6.76     4.77
  SINCE JAN 1      3.01                      9.69  -6.68     3.46

DEGREE DAYS
 HEATING
  YESTERDAY        0                         0      0        0
  MONTH TO DATE    0                         0      0        0
  SINCE JUN 1      0                         2     -2        0
  SINCE JUL 1      0                         0      0        0

 COOLING
  YESTERDAY       12                        10      2       18
  MONTH TO DATE  308                       244     64      350
  SINCE JUN 1    562                       389    173      567
  SINCE JAN 1    904                       512    392      925
..................................................................


WIND (MPH)
  RESULTANT WIND SPEED   2   RESULTANT WIND DIRECTION   S (180)
  HIGHEST WIND SPEED    12   HIGHEST WIND DIRECTION     S (200)
  HIGHEST GUST SPEED    15   HIGHEST GUST DIRECTION    SW (220)
  AVERAGE WIND SPEED     3.7


SKY COVER
  POSSIBLE SUNSHINE  MM
  AVERAGE SKY COVER 0.3


WEATHER CONDITIONS
 THE FOLLOWING WEATHER WAS RECORDED YESTERDAY.
  NO SIGNIFICANT WEATHER WAS OBSERVED.


RELATIVE HUMIDITY (PERCENT)
 HIGHEST    84          1200 AM
 LOWEST     51          1000 AM
 AVERAGE    68

..........................................................


THE FULLERTON AIRPORT CA CLIMATE NORMALS FOR TODAY
                         NORMAL    RECORD    YEAR
 MAXIMUM TEMPERATURE (F)   84        89      2014
 MINIMUM TEMPERATURE (F)   65        59      2010


SUNRISE AND SUNSET
JULY 29 2015..........SUNRISE   601 AM PDT   SUNSET   755 PM PDT
JULY 30 2015..........SUNRISE   602 AM PDT   SUNSET   754 PM PDT


-  INDICATES NEGATIVE NUMBERS.
R  INDICATES RECORD WAS SET OR TIED.
MM INDICATES DATA IS MISSING.
T  INDICATES TRACE AMOUNT.




$$
