000
CDUS46 KSGX 011422
CLIFUL


CLIMATE REPORT
NATIONAL WEATHER SERVICE SAN DIEGO, CA
722 AM PDT WED OCT 1 2014


...................................

...THE FULLERTON AIRPORT CA CLIMATE SUMMARY FOR SEPTEMBER 30 2014...

CLIMATE NORMAL PERIOD 1981 TO 2010
CLIMATE RECORD PERIOD 1998 TO 2014


WEATHER ITEM   OBSERVED TIME   RECORD YEAR NORMAL DEPARTURE LAST
                VALUE   (LST)  VALUE       VALUE  FROM      YEAR
                                                  NORMAL
..................................................................
TEMPERATURE (F)
 YESTERDAY
  MAXIMUM         88    157 PM 102    2008  81      7       84
  MINIMUM         61    602 AM  57    2007  61      0       59
  AVERAGE         75                        71      4       72

PRECIPITATION (IN)
  YESTERDAY        0.00          T    2011   0.01  -0.01     0.00
  MONTH TO DATE    0.02                      0.24  -0.22     0.00
  SINCE JUL 1      0.12                      0.33  -0.21      T
  SINCE JAN 1      3.58                      9.98  -6.40     2.53

SNOWFALL (IN)
  YESTERDAY        0.0
  MONTH TO DATE    0.0
  SINCE JAN 1      0.0
  SINCE JUL 1      0.0
  SNOW DEPTH       0

DEGREE DAYS
 HEATING
  YESTERDAY        0                         0      0        0
  MONTH TO DATE    0                         0      0        0
  SINCE SEP 1      0                         1     -1        0
  SINCE JUL 1      0                         1     -1        0

 COOLING
  YESTERDAY       10                         6      4        7
  MONTH TO DATE  423                       255    168      361
  SINCE SEP 1    423                       255    168      361
  SINCE JAN 1   1785                      1118    667     1751
..................................................................


WIND (MPH)
  RESULTANT WIND SPEED   1   RESULTANT WIND DIRECTION   S (170)
  HIGHEST WIND SPEED    12   HIGHEST WIND DIRECTION     S (200)
  HIGHEST GUST SPEED    15   HIGHEST GUST DIRECTION     S (200)
  AVERAGE WIND SPEED     3.2


SKY COVER
  POSSIBLE SUNSHINE  MM
  AVERAGE SKY COVER 0.0


WEATHER CONDITIONS
 THE FOLLOWING WEATHER WAS RECORDED YESTERDAY.
  HAZE


RELATIVE HUMIDITY (PERCENT)
 HIGHEST    78           200 AM
 LOWEST     31           100 PM
 AVERAGE    55

..........................................................


THE FULLERTON AIRPORT CA CLIMATE NORMALS FOR TODAY
                         NORMAL    RECORD    YEAR
 MAXIMUM TEMPERATURE (F)   81       105      2012
 MINIMUM TEMPERATURE (F)   61        55      2009


SUNRISE AND SUNSET
OCTOBER  1 2014.......SUNRISE   646 AM PDT   SUNSET   636 PM PDT
OCTOBER  2 2014.......SUNRISE   647 AM PDT   SUNSET   635 PM PDT


-  INDICATES NEGATIVE NUMBERS.
R  INDICATES RECORD WAS SET OR TIED.
MM INDICATES DATA IS MISSING.
T  INDICATES TRACE AMOUNT.




$$
