000
CDUS46 KSGX 271417
CLIFUL


CLIMATE REPORT
NATIONAL WEATHER SERVICE SAN DIEGO, CA
617 AM PST THU NOV 27 2014


...................................

...THE FULLERTON AIRPORT CA CLIMATE SUMMARY FOR NOVEMBER 26 2014...

CLIMATE NORMAL PERIOD 1981 TO 2010
CLIMATE RECORD PERIOD 1998 TO 2014


WEATHER ITEM   OBSERVED TIME   RECORD YEAR NORMAL DEPARTURE LAST
                VALUE   (LST)  VALUE       VALUE  FROM      YEAR
                                                  NORMAL
..................................................................
TEMPERATURE (F)
 YESTERDAY
  MAXIMUM         89R   309 PM  87    2011  70     19       81
                                      2009
  MINIMUM         48    640 AM  38    2010  47      1       48
  AVERAGE         69                        58     11       65

PRECIPITATION (IN)
  YESTERDAY        0.00          1.06 2008   0.03  -0.03     0.00
  MONTH TO DATE    0.25                      0.96  -0.71     0.39
  SINCE JUL 1      0.54                      2.04  -1.50     0.52
  SINCE JAN 1      4.00                     11.69  -7.69     3.05

SNOWFALL (IN)
  YESTERDAY        0.0
  MONTH TO DATE    0.0
  SINCE JAN 1      0.0
  SINCE JUL 1      0.0
  SNOW DEPTH       0

DEGREE DAYS
 HEATING
  YESTERDAY        0                         7     -7        0
  MONTH TO DATE   19                       111    -92       45
  SINCE SEP 1     19                       135   -116       66
  SINCE JUL 1     19                       135   -116       66

 COOLING
  YESTERDAY        4                         0      4        0
  MONTH TO DATE   54                        19     35       37
  SINCE SEP 1    740                       387    353      506
  SINCE JAN 1   2102                      1250    852     1896
..................................................................


WIND (MPH)
  RESULTANT WIND SPEED   0   RESULTANT WIND DIRECTION   W (260)
  HIGHEST WIND SPEED     7   HIGHEST WIND DIRECTION    NW (300)
  HIGHEST GUST SPEED    11   HIGHEST GUST DIRECTION     W (280)
  AVERAGE WIND SPEED     1.3


SKY COVER
  POSSIBLE SUNSHINE  MM
  AVERAGE SKY COVER 0.0


WEATHER CONDITIONS
 THE FOLLOWING WEATHER WAS RECORDED YESTERDAY.
  HAZE


RELATIVE HUMIDITY (PERCENT)
 HIGHEST    61           600 AM
 LOWEST      6           200 PM
 AVERAGE    34

..........................................................


THE FULLERTON AIRPORT CA CLIMATE NORMALS FOR TODAY
                         NORMAL    RECORD    YEAR
 MAXIMUM TEMPERATURE (F)   69        89      2011
 MINIMUM TEMPERATURE (F)   47        38      2010


SUNRISE AND SUNSET
NOVEMBER 27 2014......SUNRISE   635 AM PST   SUNSET   444 PM PST
NOVEMBER 28 2014......SUNRISE   636 AM PST   SUNSET   443 PM PST


-  INDICATES NEGATIVE NUMBERS.
R  INDICATES RECORD WAS SET OR TIED.
MM INDICATES DATA IS MISSING.
T  INDICATES TRACE AMOUNT.




$$
