000
CDUS46 KSGX 251435
CLIFUL


CLIMATE REPORT
NATIONAL WEATHER SERVICE SAN DIEGO, CA
735 AM PDT TUE APR 25 2017


...................................

...THE FULLERTON AIRPORT CA CLIMATE SUMMARY FOR APRIL 24 2017...

CLIMATE NORMAL PERIOD 1981 TO 2010
CLIMATE RECORD PERIOD 1998 TO 2017


WEATHER ITEM   OBSERVED TIME   RECORD YEAR NORMAL DEPARTURE LAST
                VALUE   (LST)  VALUE       VALUE  FROM      YEAR
                                                  NORMAL
..................................................................
TEMPERATURE (F)
 YESTERDAY
  MAXIMUM         73    136 PM  94    2001  74     -1       75
  MINIMUM         61   1159 PM  49    2006  54      7       55
  AVERAGE         67                        64      3       65

PRECIPITATION (IN)
  YESTERDAY        0.00          0.26 2005   0.03  -0.03     0.00
  MONTH TO DATE    0.03                      0.71  -0.68     0.10
  SINCE OCT 1     16.37                     13.05   3.32     5.20
  SINCE JAN 1     10.46                      9.15   1.31     4.15

DEGREE DAYS
 HEATING
  YESTERDAY        0                         3     -3        0
  MONTH TO DATE   15                        89    -74        8
  SINCE MAR 1     72                       259   -187       71
  SINCE JUL 1    769                      1181   -412      750

 COOLING
  YESTERDAY        2                         1      1        0
  MONTH TO DATE   58                        21     37       84
  SINCE MAR 1     96                        34     62      105
  SINCE JAN 1     99                        43     56      177
..................................................................


WIND (MPH)
  RESULTANT WIND SPEED   4   RESULTANT WIND DIRECTION   S (200)
  HIGHEST WIND SPEED    13   HIGHEST WIND DIRECTION    SW (210)
  HIGHEST GUST SPEED    18   HIGHEST GUST DIRECTION     W (280)
  AVERAGE WIND SPEED     5.7


SKY COVER
  POSSIBLE SUNSHINE  MM
  AVERAGE SKY COVER 0.6


WEATHER CONDITIONS
 THE FOLLOWING WEATHER WAS RECORDED YESTERDAY.
  NO SIGNIFICANT WEATHER WAS OBSERVED.


RELATIVE HUMIDITY (PERCENT)
 HIGHEST    84          1200 AM
 LOWEST     49           100 PM
 AVERAGE    67

..........................................................


THE FULLERTON AIRPORT CA CLIMATE NORMALS FOR TODAY
                         NORMAL    RECORD    YEAR
 MAXIMUM TEMPERATURE (F)   74        93      2004
 MINIMUM TEMPERATURE (F)   54        50      2009


SUNRISE AND SUNSET
APRIL 25 2017.........SUNRISE   609 AM PDT   SUNSET   731 PM PDT
APRIL 26 2017.........SUNRISE   608 AM PDT   SUNSET   732 PM PDT


-  INDICATES NEGATIVE NUMBERS.
R  INDICATES RECORD WAS SET OR TIED.
MM INDICATES DATA IS MISSING.
T  INDICATES TRACE AMOUNT.




$$
