600
CDUS46 KSGX 160116
CLIFUL


CLIMATE REPORT
NATIONAL WEATHER SERVICE SAN DIEGO, CA
516 PM PST FRI DEC 15 2017


...................................

...THE FULLERTON AIRPORT CA CLIMATE SUMMARY FOR DECEMBER 15 2017...
VALID TODAY AS OF 0500 PM LOCAL TIME.

CLIMATE NORMAL PERIOD 1981 TO 2010
CLIMATE RECORD PERIOD 1998 TO 2017


WEATHER ITEM   OBSERVED TIME   RECORD YEAR NORMAL DEPARTURE LAST
                VALUE   (LST)  VALUE       VALUE  FROM      YEAR
                                                  NORMAL
..................................................................
TEMPERATURE (F)
 TODAY
  MAXIMUM         83R   158 PM  83    2013  67     16       66
  MINIMUM         45    659 AM  37    2015  45      0       53
                                      2001
  AVERAGE         64                        56      8       60

PRECIPITATION (IN)
  TODAY            0.00          1.59 2008   0.05  -0.05     0.39
  MONTH TO DATE    0.00                      0.65  -0.65     0.39
  SINCE OCT 1      0.05                      2.50  -2.45     1.79
  SINCE JAN 1     11.23                     12.48  -1.25     6.00

DEGREE DAYS
 HEATING
  TODAY            1                         9     -8        5
  MONTH TO DATE   22                       129   -107       87
  SINCE DEC 1     22                       129   -107       87
  SINCE JUL 1     44                       293   -249      151

 COOLING
  TODAY            0                         0      0        0
  MONTH TO DATE   11                         0     11        0
  SINCE DEC 1     11                         0     11        0
  SINCE JAN 1   1873                      1251    622     1891
..................................................................


WIND (MPH)
  RESULTANT WIND SPEED   0   RESULTANT WIND DIRECTION   S (160)
  HIGHEST WIND SPEED    10   HIGHEST WIND DIRECTION    SW (220)
  HIGHEST GUST SPEED    14   HIGHEST GUST DIRECTION    SW (220)
  AVERAGE WIND SPEED     0.8


SKY COVER
  POSSIBLE SUNSHINE  MM
  AVERAGE SKY COVER 0.0


WEATHER CONDITIONS
 THE FOLLOWING WEATHER WAS RECORDED TODAY.
  NO SIGNIFICANT WEATHER WAS OBSERVED.


RELATIVE HUMIDITY (PERCENT)
 HIGHEST    65           600 AM
 LOWEST      6           200 PM
 AVERAGE    36

..........................................................


THE FULLERTON AIRPORT CA CLIMATE NORMALS FOR TOMORROW
                         NORMAL    RECORD    YEAR
 MAXIMUM TEMPERATURE (F)   67        86      1998
 MINIMUM TEMPERATURE (F)   45        36      2001


SUNRISE AND SUNSET
DECEMBER 15 2017......SUNRISE   650 AM PST   SUNSET   445 PM PST
DECEMBER 16 2017......SUNRISE   650 AM PST   SUNSET   445 PM PST


-  INDICATES NEGATIVE NUMBERS.
R  INDICATES RECORD WAS SET OR TIED.
MM INDICATES DATA IS MISSING.
T  INDICATES TRACE AMOUNT.




$$
