000
CDUS46 KSGX 190016
CLIFUL


CLIMATE REPORT
NATIONAL WEATHER SERVICE SAN DIEGO, CA
516 PM PDT WED OCT 18 2017


...................................

...THE FULLERTON AIRPORT CA CLIMATE SUMMARY FOR OCTOBER 18 2017...
VALID TODAY AS OF 0500 PM LOCAL TIME.

CLIMATE NORMAL PERIOD 1981 TO 2010
CLIMATE RECORD PERIOD 1998 TO 2017


WEATHER ITEM   OBSERVED TIME   RECORD YEAR NORMAL DEPARTURE LAST
                VALUE   (LST)  VALUE       VALUE  FROM      YEAR
                                                  NORMAL
..................................................................
TEMPERATURE (F)
 TODAY
  MAXIMUM         85    220 PM  93    2003  78      7       77
  MINIMUM         63    612 AM  50    1998  57      6       58
  AVERAGE         74                        68      6       68

PRECIPITATION (IN)
  TODAY            0.00          0.34 2005   0.03  -0.03     0.00
  MONTH TO DATE    T                         0.35  -0.35     0.27
  SINCE OCT 1      T                         0.35  -0.35     0.27
  SINCE JAN 1     11.18                     10.33   0.85     4.48

DEGREE DAYS
 HEATING
  TODAY            0                         1     -1        0
  MONTH TO DATE    0                         3     -3        0
  SINCE SEP 1      0                         4     -4        0
  SINCE JUL 1      0                         4     -4        0

 COOLING
  TODAY            9                         3      6        3
  MONTH TO DATE  142                        80     62      110
  SINCE SEP 1    444                       335    109      432
  SINCE JAN 1   1674                      1198    476     1707
..................................................................


WIND (MPH)
  RESULTANT WIND SPEED   1   RESULTANT WIND DIRECTION  SE (120)
  HIGHEST WIND SPEED    10   HIGHEST WIND DIRECTION    SW (230)
  HIGHEST GUST SPEED    13   HIGHEST GUST DIRECTION    SW (230)
  AVERAGE WIND SPEED     2.2


SKY COVER
  POSSIBLE SUNSHINE  MM
  AVERAGE SKY COVER 0.0


WEATHER CONDITIONS
 THE FOLLOWING WEATHER WAS RECORDED TODAY.
  NO SIGNIFICANT WEATHER WAS OBSERVED.


RELATIVE HUMIDITY (PERCENT)
 HIGHEST    73           100 AM
 LOWEST     34           300 PM
 AVERAGE    54

..........................................................


THE FULLERTON AIRPORT CA CLIMATE NORMALS FOR TOMORROW
                         NORMAL    RECORD    YEAR
 MAXIMUM TEMPERATURE (F)   78        96      2016
 MINIMUM TEMPERATURE (F)   57        51      2006


SUNRISE AND SUNSET
OCTOBER 18 2017.......SUNRISE   659 AM PDT   SUNSET   614 PM PDT
OCTOBER 19 2017.......SUNRISE   700 AM PDT   SUNSET   613 PM PDT


-  INDICATES NEGATIVE NUMBERS.
R  INDICATES RECORD WAS SET OR TIED.
MM INDICATES DATA IS MISSING.
T  INDICATES TRACE AMOUNT.




$$
