000
CDUS41 KCAR 030531
CLIFVE

CLIMATE REPORT
NATIONAL WEATHER SERVICE CARIBOU, ME
1229 AM EST SAT DEC 3 2016


...................................

...THE FRENCHVILLE ME CLIMATE SUMMARY FOR DECEMBER 2 2016...

CLIMATE NORMAL PERIOD 1981 TO 2010
CLIMATE RECORD PERIOD 9999 TO 9999


WEATHER ITEM   OBSERVED TIME   RECORD YEAR NORMAL DEPARTURE LAST
                VALUE   (LST)  VALUE       VALUE  FROM      YEAR
                                                  NORMAL
..................................................................
TEMPERATURE (F)
 YESTERDAY
  MAXIMUM         34    237 PM              28      6
  MINIMUM         28    802 AM              17      11
  AVERAGE         31                        22      9

PRECIPITATION (IN)
  YESTERDAY        0.01         MM      MM   0.10  -0.09     0.51
  MONTH TO DATE    0.58                      0.20   0.38     0.51
  SINCE DEC 1      0.58                      0.20   0.38     0.51
  SINCE JAN 1     30.92                     31.26  -0.34    25.87

SNOWFALL (IN)
  YESTERDAY       MM            MM      MM  MM     MM       MM
  MONTH TO DATE   MM                        MM     MM       MM
  SINCE DEC 1     MM                        MM     MM       MM
  SINCE JUL 1     MM                        MM     MM       MM
  SNOW DEPTH      MM

DEGREE DAYS
 HEATING
  YESTERDAY       MM                               MM
  MONTH TO DATE   34                              -51
  SINCE JUL 1   1870                             -525

 COOLING
  YESTERDAY       MM                               MM
  MONTH TO DATE    0                                0
  SINCE JAN 1    221                               87
..................................................................


WIND (MPH)
  HIGHEST WIND SPEED     8   HIGHEST WIND DIRECTION    NW (300)
  HIGHEST GUST SPEED    MM   HIGHEST GUST DIRECTION    MM
  AVERAGE WIND SPEED     6.9




..........................................................


THE FRENCHVILLE ME CLIMATE NORMALS FOR TODAY
                         NORMAL
 MAXIMUM TEMPERATURE (F)   28
 MINIMUM TEMPERATURE (F)   16


SUNRISE AND SUNSET
DECEMBER  3 2016......SUNRISE   702 AM EST   SUNSET   344 PM EST
DECEMBER  4 2016......SUNRISE   703 AM EST   SUNSET   344 PM EST


-  INDICATES NEGATIVE NUMBERS.
R  INDICATES RECORD WAS SET OR TIED.
MM INDICATES DATA IS MISSING.
T  INDICATES TRACE AMOUNT.




$$
