072
CDUS41 KCAR 270529
CLIFVE


CLIMATE REPORT
NATIONAL WEATHER SERVICE CARIBOU, ME
127 AM EDT FRI MAY 27 2016


...................................

...THE FRENCHVILLE ME CLIMATE SUMMARY FOR MAY 26 2016...

CLIMATE NORMAL PERIOD 1981 TO 2010
CLIMATE RECORD PERIOD 9999 TO 9999


WEATHER ITEM   OBSERVED TIME   RECORD YEAR NORMAL DEPARTURE LAST
                VALUE   (LST)  VALUE       VALUE  FROM      YEAR
                                                  NORMAL
..................................................................
TEMPERATURE (F)
 YESTERDAY
  MAXIMUM         62    254 PM              64     -2
  MINIMUM         47    629 AM              43      4
  AVERAGE         55                        54      1

PRECIPITATION (IN)
  YESTERDAY        0.00         MM      MM   0.10  -0.10     0.19
  MONTH TO DATE    2.10                      2.47  -0.37     1.89
  SINCE MAR 1      5.89                      6.76  -0.87     4.12
  SINCE JAN 1      9.37                      9.33   0.04     4.93

SNOWFALL (IN)
  YESTERDAY       MM            MM      MM  MM     MM       MM
  MONTH TO DATE   MM                        MM     MM       MM
  SINCE MAR 1     MM                        MM     MM       MM
  SINCE JUL 1     MM                        MM     MM       MM
  SNOW DEPTH      MM

DEGREE DAYS
 HEATING
  YESTERDAY       10                               -2
  MONTH TO DATE  349                              -52
  SINCE JUL 1   8731                             -802

 COOLING
  YESTERDAY        0                                0
  MONTH TO DATE    6                                6
  SINCE JAN 1      6                                6
..................................................................


WIND (MPH)
  HIGHEST WIND SPEED    23   HIGHEST WIND DIRECTION    NW (320)
  HIGHEST GUST SPEED    31   HIGHEST GUST DIRECTION    NW (320)
  AVERAGE WIND SPEED     9.1




..........................................................


THE FRENCHVILLE ME CLIMATE NORMALS FOR TODAY
                         NORMAL
 MAXIMUM TEMPERATURE (F)   64
 MINIMUM TEMPERATURE (F)   44


SUNRISE AND SUNSET
MAY 27 2016...........SUNRISE   444 AM EDT   SUNSET   817 PM EDT
MAY 28 2016...........SUNRISE   443 AM EDT   SUNSET   818 PM EDT


-  INDICATES NEGATIVE NUMBERS.
R  INDICATES RECORD WAS SET OR TIED.
MM INDICATES DATA IS MISSING.
T  INDICATES TRACE AMOUNT.




$$
