000
CDUS41 KCAR 242132
CLIFVE


CLIMATE REPORT
NATIONAL WEATHER SERVICE CARIBOU, ME
430 PM EST FRI FEB 24 2017


...................................

...THE FRENCHVILLE ME CLIMATE SUMMARY FOR FEBRUARY 24 2017...
VALID TODAY AS OF 0400 PM LOCAL TIME.

CLIMATE NORMAL PERIOD 1981 TO 2010
CLIMATE RECORD PERIOD 9999 TO 9999


WEATHER ITEM   OBSERVED TIME   RECORD YEAR NORMAL DEPARTURE LAST
                VALUE   (LST)  VALUE       VALUE  FROM      YEAR
                                                  NORMAL
..................................................................
TEMPERATURE (F)
 TODAY
  MAXIMUM         44    330 PM              25     19
  MINIMUM         36    743 AM               8     28
  AVERAGE         40                        16     24

PRECIPITATION (IN)
  TODAY            0.00         MM      MM   0.04  -0.04     0.95
  MONTH TO DATE    0.36                      0.64  -0.28     1.88
  SINCE DEC 1      3.65                      4.94  -1.29     5.49
  SINCE JAN 1      2.08                      2.40  -0.32     2.50

SNOWFALL (IN)
  TODAY           MM            MM      MM  MM     MM       MM
  MONTH TO DATE   MM                        MM     MM       MM
  SINCE DEC 1     MM                        MM     MM       MM
  SINCE JUL 1     MM                        MM     MM       MM
  SNOW DEPTH      MM

DEGREE DAYS
 HEATING
  TODAY           25                              -24
  MONTH TO DATE 1223                              -41
  SINCE JUL 1   6036                             -772

 COOLING
  TODAY            0                                0
  MONTH TO DATE    0                                0
  SINCE JAN 1      0                                0
..................................................................


WIND (MPH)
  HIGHEST WIND SPEED    17   HIGHEST WIND DIRECTION     N (350)
  HIGHEST GUST SPEED    25   HIGHEST GUST DIRECTION     W (280)
  AVERAGE WIND SPEED     8.9




..........................................................


THE FRENCHVILLE ME CLIMATE NORMALS FOR TOMORROW
                         NORMAL
 MAXIMUM TEMPERATURE (F)   25
 MINIMUM TEMPERATURE (F)    8


SUNRISE AND SUNSET
FEBRUARY 24 2017......SUNRISE   622 AM EST   SUNSET   511 PM EST
FEBRUARY 25 2017......SUNRISE   620 AM EST   SUNSET   513 PM EST


-  INDICATES NEGATIVE NUMBERS.
R  INDICATES RECORD WAS SET OR TIED.
MM INDICATES DATA IS MISSING.
T  INDICATES TRACE AMOUNT.




$$
