000
CDUS41 KCAR 222026
CLIFVE


CLIMATE REPORT
NATIONAL WEATHER SERVICE CARIBOU, ME
426 PM EDT SUN OCT 22 2017


...................................

...THE FRENCHVILLE ME CLIMATE SUMMARY FOR OCTOBER 22 2017...
VALID TODAY AS OF 0400 PM LOCAL TIME.

CLIMATE NORMAL PERIOD 1981 TO 2010
CLIMATE RECORD PERIOD 9999 TO 9999


WEATHER ITEM   OBSERVED TIME   RECORD YEAR NORMAL DEPARTURE LAST
                VALUE   (LST)  VALUE       VALUE  FROM      YEAR
                                                  NORMAL
..................................................................
TEMPERATURE (F)
 TODAY
  MAXIMUM         50    208 PM              47      3
  MINIMUM         31    619 AM              33     -2
  AVERAGE         41                        40      1

PRECIPITATION (IN)
  TODAY            0.00         MM      MM   0.08  -0.08     0.62
  MONTH TO DATE    2.54                      1.84   0.70     2.55
  SINCE SEP 1      6.07                      5.36   0.71     5.07
  SINCE JAN 1     27.46                     27.42   0.04    27.81

SNOWFALL (IN)
  TODAY           MM            MM      MM  MM     MM       MM
  MONTH TO DATE   MM                        MM     MM       MM
  SINCE SEP 1     MM                        MM     MM       MM
  SINCE JUL 1     MM                        MM     MM       MM
  SNOW DEPTH      MM

DEGREE DAYS
 HEATING
  TODAY           24                               -1
  MONTH TO DATE  366                             -107
  SINCE JUL 1    783                             -234

 COOLING
  TODAY            0                                0
  MONTH TO DATE    0                                0
  SINCE JAN 1    105                              -29
..................................................................


WIND (MPH)
  HIGHEST WIND SPEED     9   HIGHEST WIND DIRECTION    SE (140)
  HIGHEST GUST SPEED    13   HIGHEST GUST DIRECTION     S (160)
  AVERAGE WIND SPEED     4.5




..........................................................


THE FRENCHVILLE ME CLIMATE NORMALS FOR TOMORROW
                         NORMAL
 MAXIMUM TEMPERATURE (F)   46
 MINIMUM TEMPERATURE (F)   33


SUNRISE AND SUNSET
OCTOBER 22 2017.......SUNRISE   702 AM EDT   SUNSET   533 PM EDT
OCTOBER 23 2017.......SUNRISE   704 AM EDT   SUNSET   531 PM EDT


-  INDICATES NEGATIVE NUMBERS.
R  INDICATES RECORD WAS SET OR TIED.
MM INDICATES DATA IS MISSING.
T  INDICATES TRACE AMOUNT.




$$
