000
CDUS41 KCAR 220543
CLIFVE


CLIMATE REPORT
NATIONAL WEATHER SERVICE CARIBOU, ME
143 AM EDT FRI AUG 22 2014


...................................

...THE FRENCHVILLE ME CLIMATE SUMMARY FOR AUGUST 21 2014...

CLIMATE NORMAL PERIOD 1981 TO 2010
CLIMATE RECORD PERIOD 9999 TO 9999


WEATHER ITEM   OBSERVED TIME   RECORD YEAR NORMAL DEPARTURE LAST
                VALUE   (LST)  VALUE       VALUE  FROM      YEAR
                                                  NORMAL
..................................................................
TEMPERATURE (F)
 YESTERDAY
  MAXIMUM         72    133 PM              71      1
  MINIMUM         54    342 AM              52      2
  AVERAGE         63                        62      1

PRECIPITATION (IN)
  YESTERDAY        0.00         MM      MM   0.13  -0.13     0.00
  MONTH TO DATE    1.78                      2.66  -0.88     6.08
  SINCE JUN 1     12.24                     10.82   1.42    13.84
  SINCE JAN 1     22.61                     20.72   1.89    23.73

SNOWFALL (IN)
  YESTERDAY       MM            MM      MM  MM     MM       MM
  MONTH TO DATE   MM                        MM     MM       MM
  SINCE JUN 1     MM                        MM     MM       MM
  SINCE JUL 1     MM                        MM     MM       MM
  SNOW DEPTH      MM

DEGREE DAYS
 HEATING
  YESTERDAY        2                               -2
  MONTH TO DATE   52                              -14
  SINCE JUL 1    102                              -34

 COOLING
  YESTERDAY        0                               -1
  MONTH TO DATE   13                              -22
  SINCE JAN 1    113                               -4
..................................................................


WIND (MPH)
  HIGHEST WIND SPEED    12   HIGHEST WIND DIRECTION    NE (60)
  HIGHEST GUST SPEED    14   HIGHEST GUST DIRECTION    NE (60)
  AVERAGE WIND SPEED     4.8




..........................................................


THE FRENCHVILLE ME CLIMATE NORMALS FOR TODAY
                         NORMAL
 MAXIMUM TEMPERATURE (F)   71
 MINIMUM TEMPERATURE (F)   52


SUNRISE AND SUNSET
AUGUST 22 2014........SUNRISE   539 AM EDT   SUNSET   732 PM EDT
AUGUST 23 2014........SUNRISE   540 AM EDT   SUNSET   730 PM EDT


-  INDICATES NEGATIVE NUMBERS.
R  INDICATES RECORD WAS SET OR TIED.
MM INDICATES DATA IS MISSING.
T  INDICATES TRACE AMOUNT.




$$
