000
CDUS43 KIWX 290521
CLIFWA


CLIMATE REPORT
NATIONAL WEATHER SERVICE NORTHERN INDIANA
121 AM EDT FRI MAY 29 2015


...................................

...THE FORT WAYNE CLIMATE SUMMARY FOR MAY 28 2015...

CLIMATE NORMAL PERIOD 1981 TO 2010
CLIMATE RECORD PERIOD 1897 TO 2015


WEATHER ITEM   OBSERVED TIME   RECORD YEAR NORMAL DEPARTURE LAST
                VALUE   (LST)  VALUE       VALUE  FROM      YEAR
                                                  NORMAL
..................................................................
TEMPERATURE (F)
 YESTERDAY
  MAXIMUM         82    453 PM  98    1911  75      7       84
  MINIMUM         53    512 AM  33    1902  53      0       62
  AVERAGE         68                        64      4       73

PRECIPITATION (IN)
  YESTERDAY        0.00          0.99 1915   0.16  -0.16      T
  MONTH TO DATE    3.16                      3.76  -0.60     4.57
  SINCE MAR 1      8.51                      9.99  -1.48    10.46
  SINCE JAN 1     12.28                     14.29  -2.01    16.70

SNOWFALL (IN)
  YESTERDAY        0.0           0.0  2002   0.0    0.0      0.0
                                      2001
  MONTH TO DATE    0.0                       0.0    0.0      0.0
  SINCE MAR 1      8.6                       5.1    3.5     14.3
  SINCE JUL 1     45.1                      33.5   11.6     76.1
  SNOW DEPTH       0

DEGREE DAYS
 HEATING
  YESTERDAY        0                         3     -3        0
  MONTH TO DATE  103                       182    -79      182
  SINCE MAR 1   1492                      1466     26     1698
  SINCE JUL 1   6641                      6064    577     6951

 COOLING
  YESTERDAY        3                         3      0        8
  MONTH TO DATE   83                        40     43       66
  SINCE MAR 1     83                        48     35       67
  SINCE JAN 1     83                        48     35       67
..................................................................


WIND (MPH)
  HIGHEST WIND SPEED    20   HIGHEST WIND DIRECTION     E (90)
  HIGHEST GUST SPEED    23   HIGHEST GUST DIRECTION     E (100)
  AVERAGE WIND SPEED     7.3


SKY COVER
  AVERAGE SKY COVER 0.4


WEATHER CONDITIONS
 THE FOLLOWING WEATHER WAS RECORDED YESTERDAY.
  FOG


RELATIVE HUMIDITY (PERCENT)
 HIGHEST   100           400 AM
 LOWEST     42           600 PM
 AVERAGE    71

..........................................................


THE FORT WAYNE CLIMATE NORMALS FOR TODAY
                         NORMAL    RECORD    YEAR
 MAXIMUM TEMPERATURE (F)   76        93      1942
 MINIMUM TEMPERATURE (F)   54        33      1902


SUNRISE AND SUNSET
MAY 29 2015...........SUNRISE   613 AM EDT   SUNSET   904 PM EDT
MAY 30 2015...........SUNRISE   612 AM EDT   SUNSET   905 PM EDT


-  INDICATES NEGATIVE NUMBERS.
R  INDICATES RECORD WAS SET OR TIED.
MM INDICATES DATA IS MISSING.
T  INDICATES TRACE AMOUNT.




$$
