000
CDUS43 KIWX 280524
CLIFWA


CLIMATE REPORT
NATIONAL WEATHER SERVICE NORTHERN INDIANA
123 AM EDT WED SEP 28 2016


...................................

...THE FORT WAYNE CLIMATE SUMMARY FOR SEPTEMBER 27 2016...

CLIMATE NORMAL PERIOD 1981 TO 2010
CLIMATE RECORD PERIOD 1897 TO 2016


WEATHER ITEM   OBSERVED TIME   RECORD YEAR NORMAL DEPARTURE LAST
                VALUE   (LST)  VALUE       VALUE  FROM      YEAR
                                                  NORMAL
..................................................................
TEMPERATURE (F)
 YESTERDAY
  MAXIMUM         74    429 PM  89    1973  71      3       79
  MINIMUM         47    624 AM  32    1991  48     -1       59
  AVERAGE         61                        60      1       69

PRECIPITATION (IN)
  YESTERDAY        0.00          1.48 1996   0.09  -0.09      T
  MONTH TO DATE    4.20                      2.53   1.67     3.01
  SINCE SEP 1      4.20                      2.53   1.67     3.01
  SINCE JAN 1     28.01                     29.37  -1.36    38.66

SNOWFALL (IN)
  YESTERDAY        0.0           T    1942   0.0    0.0      0.0
  MONTH TO DATE    0.0                       0.0    0.0      0.0
  SINCE SEP 1      0.0                       0.0    0.0      0.0
  SINCE JUL 1      0.0                       0.0    0.0      0.0
  SNOW DEPTH       0

DEGREE DAYS
 HEATING
  YESTERDAY        4                         7     -3        0
  MONTH TO DATE    9                        82    -73       38
  SINCE SEP 1      9                        82    -73       38
  SINCE JUL 1     12                        94    -82       47

 COOLING
  YESTERDAY        0                         1     -1        4
  MONTH TO DATE  143                        78     65      128
  SINCE SEP 1    143                        78     65      128
  SINCE JAN 1   1069                       795    274      800
..................................................................


WIND (MPH)
  HIGHEST WIND SPEED    24   HIGHEST WIND DIRECTION    SW (240)
  HIGHEST GUST SPEED    34   HIGHEST GUST DIRECTION     W (270)
  AVERAGE WIND SPEED    11.3


SKY COVER
  AVERAGE SKY COVER 0.2


WEATHER CONDITIONS
 THE FOLLOWING WEATHER WAS RECORDED YESTERDAY.
  NO SIGNIFICANT WEATHER WAS OBSERVED.


RELATIVE HUMIDITY (PERCENT)
 HIGHEST    82           600 AM
 LOWEST     19           300 PM
 AVERAGE    51

..........................................................


THE FORT WAYNE CLIMATE NORMALS FOR TODAY
                         NORMAL    RECORD    YEAR
 MAXIMUM TEMPERATURE (F)   71        89      1999
 MINIMUM TEMPERATURE (F)   47        30      1942


SUNRISE AND SUNSET
SEPTEMBER 28 2016.....SUNRISE   735 AM EDT   SUNSET   727 PM EDT
SEPTEMBER 29 2016.....SUNRISE   736 AM EDT   SUNSET   725 PM EDT


-  INDICATES NEGATIVE NUMBERS.
R  INDICATES RECORD WAS SET OR TIED.
MM INDICATES DATA IS MISSING.
T  INDICATES TRACE AMOUNT.




$$
