000
CDUS43 KIWX 230521
CLIFWA


CLIMATE REPORT
NATIONAL WEATHER SERVICE NORTHERN INDIANA
121 AM EDT MON OCT 23 2017


...................................

...THE FORT WAYNE CLIMATE SUMMARY FOR OCTOBER 22 2017...

CLIMATE NORMAL PERIOD 1981 TO 2010
CLIMATE RECORD PERIOD 1897 TO 2017


WEATHER ITEM   OBSERVED TIME   RECORD YEAR NORMAL DEPARTURE LAST
                VALUE   (LST)  VALUE       VALUE  FROM      YEAR
                                                  NORMAL
..................................................................
TEMPERATURE (F)
 YESTERDAY
  MAXIMUM         79    304 PM  84    1963  61     18       58
  MINIMUM         55    710 AM  27    1989  40     15       39
                                      1987
  AVERAGE         67                        51     16       49

PRECIPITATION (IN)
  YESTERDAY        0.00          1.47 1983   0.09  -0.09     0.00
  MONTH TO DATE    1.31                      2.06  -0.75     3.07
  SINCE SEP 1      2.98                      4.86  -1.88     8.51
  SINCE JAN 1     41.26                     31.70   9.56    32.32

DEGREE DAYS
 HEATING
  YESTERDAY        0                        14    -14       16
  MONTH TO DATE   80                       249   -169      131
  SINCE SEP 1    160                       353   -193      155
  SINCE JUL 1    175                       365   -190      158

 COOLING
  YESTERDAY        2                         0      2        0
  MONTH TO DATE   31                         8     23       29
  SINCE SEP 1    148                        91     57      172
  SINCE JAN 1    836                       808     28     1098
..................................................................


WIND (MPH)
  HIGHEST WIND SPEED    25   HIGHEST WIND DIRECTION     S (180)
  HIGHEST GUST SPEED    33   HIGHEST GUST DIRECTION     S (190)
  AVERAGE WIND SPEED    12.7


SKY COVER
  AVERAGE SKY COVER 0.6


WEATHER CONDITIONS
 THE FOLLOWING WEATHER WAS RECORDED YESTERDAY.
  NO SIGNIFICANT WEATHER WAS OBSERVED.


RELATIVE HUMIDITY (PERCENT)
 HIGHEST    77           600 AM
 LOWEST     45           200 PM
 AVERAGE    61

..........................................................


THE FORT WAYNE CLIMATE NORMALS FOR TODAY
                         NORMAL    RECORD    YEAR
 MAXIMUM TEMPERATURE (F)   61        85      1963
 MINIMUM TEMPERATURE (F)   40        25      1982


SUNRISE AND SUNSET
OCTOBER 23 2017.......SUNRISE   801 AM EDT   SUNSET   648 PM EDT
OCTOBER 24 2017.......SUNRISE   803 AM EDT   SUNSET   647 PM EDT


-  INDICATES NEGATIVE NUMBERS.
R  INDICATES RECORD WAS SET OR TIED.
MM INDICATES DATA IS MISSING.
T  INDICATES TRACE AMOUNT.




$$
