511
CDUS43 KIWX 310020
CLIFWA


CLIMATE REPORT
NATIONAL WEATHER SERVICE NORTHERN INDIANA
820 PM EDT MON MAY 30 2016


...................................

...THE FORT WAYNE CLIMATE SUMMARY FOR MAY 30 2016...
VALID AS OF 0800 PM LOCAL TIME.

CLIMATE NORMAL PERIOD 1981 TO 2010
CLIMATE RECORD PERIOD 1897 TO 2016


WEATHER ITEM   OBSERVED TIME   RECORD YEAR NORMAL DEPARTURE LAST
                VALUE   (LST)  VALUE       VALUE  FROM      YEAR
                                                  NORMAL
..................................................................
TEMPERATURE (F)
 TODAY
  MAXIMUM         88    356 PM  92    1988  76     12       80
                                      1953
                                      1942
  MINIMUM         58    443 AM  36    1947  54      4       60
                                      1945
  AVERAGE         73                        65      8       70

PRECIPITATION (IN)
  TODAY            0.00          4.35 1991   0.17  -0.17     1.10
  MONTH TO DATE    4.13                      4.10   0.03     4.26
  SINCE MAR 1     11.14                     10.33   0.81     9.61
  SINCE JAN 1     14.19                     14.63  -0.44    13.38

SNOWFALL (IN)
  TODAY            0.0           0.0  2002   0.0    0.0      0.0
                                      2001
  MONTH TO DATE    0.0                       0.0    0.0      0.0
  SINCE MAR 1      3.9                       5.1   -1.2      8.6
  SINCE JUL 1     20.1                      33.5  -13.4     45.1
  SNOW DEPTH       0

DEGREE DAYS
 HEATING
  TODAY            0                         3     -3        0
  MONTH TO DATE  198                       188     10      103
  SINCE MAR 1   1289                      1472   -183     1492
  SINCE JUL 1   5116                      6070   -954     6641

 COOLING
  TODAY            8                         3      5        5
  MONTH TO DATE   66                        46     20       96
  SINCE MAR 1     66                        54     12       96
  SINCE JAN 1     66                        54     12       96
..................................................................


WIND (MPH)
  RESULTANT WIND SPEED   6   RESULTANT WIND DIRECTION   W (290)
  HIGHEST WIND SPEED    18   HIGHEST WIND DIRECTION     W (280)
  HIGHEST GUST SPEED    24   HIGHEST GUST DIRECTION     W (290)
  AVERAGE WIND SPEED     7.0


SKY COVER
  POSSIBLE SUNSHINE  MM
  AVERAGE SKY COVER 0.6


WEATHER CONDITIONS
 THE FOLLOWING WEATHER WAS RECORDED TODAY.
  NO SIGNIFICANT WEATHER WAS OBSERVED.


RELATIVE HUMIDITY (PERCENT)
 HIGHEST    84           300 AM
 LOWEST     29           400 PM
 AVERAGE    57

..........................................................


THE FORT WAYNE CLIMATE NORMALS FOR TOMORROW
                         NORMAL    RECORD    YEAR
 MAXIMUM TEMPERATURE (F)   76        94      1988
 MINIMUM TEMPERATURE (F)   55        37      1966


SUNRISE AND SUNSET
MAY 30 2016...........SUNRISE   612 AM EDT   SUNSET   906 PM EDT
MAY 31 2016...........SUNRISE   611 AM EDT   SUNSET   906 PM EDT


-  INDICATES NEGATIVE NUMBERS.
R  INDICATES RECORD WAS SET OR TIED.
MM INDICATES DATA IS MISSING.
T  INDICATES TRACE AMOUNT.




$$
