000
CDUS43 KIWX 240020
CLIFWA


CLIMATE REPORT
NATIONAL WEATHER SERVICE NORTHERN INDIANA
820 PM EDT TUE MAY 23 2017


...................................

...THE FORT WAYNE CLIMATE SUMMARY FOR MAY 23 2017...
VALID AS OF 0800 PM LOCAL TIME.

CLIMATE NORMAL PERIOD 1981 TO 2010
CLIMATE RECORD PERIOD 1897 TO 2017


WEATHER ITEM   OBSERVED TIME   RECORD YEAR NORMAL DEPARTURE LAST
                VALUE   (LST)  VALUE       VALUE  FROM      YEAR
                                                  NORMAL
..................................................................
TEMPERATURE (F)
 TODAY
  MAXIMUM         75    454 PM  91    2007  74      1       78
  MINIMUM         56    628 AM  31    1963  52      4       43
  AVERAGE         66                        63      3       61

PRECIPITATION (IN)
  TODAY            T             1.91 2011   0.16  -0.16     0.00
  MONTH TO DATE    5.81                      2.97   2.84     4.13
  SINCE MAR 1     13.57                      9.20   4.37    11.14
  SINCE JAN 1     20.04                     13.50   6.54    14.19

SNOWFALL (IN)
  TODAY            0.0           0.0  2002   0.0    0.0      0.0
                                      2000
                                      2001
  MONTH TO DATE    0.0                       0.0    0.0      0.0
  SINCE MAR 1      3.4                       5.1   -1.7      3.9
  SINCE JUL 1     18.5                      33.5  -15.0     20.1
  SNOW DEPTH       0

DEGREE DAYS
 HEATING
  TODAY            0                         5     -5        4
  MONTH TO DATE  187                       163     24      198
  SINCE MAR 1   1276                      1447   -171     1289
  SINCE JUL 1   4970                      6045  -1075     5116

 COOLING
  TODAY            1                         2     -1        0
  MONTH TO DATE   35                        27      8        2
  SINCE MAR 1     55                        35     20        2
  SINCE JAN 1     55                        35     20        2
..................................................................


WIND (MPH)
  RESULTANT WIND SPEED   2   RESULTANT WIND DIRECTION  SE (140)
  HIGHEST WIND SPEED    12   HIGHEST WIND DIRECTION     E (80)
  HIGHEST GUST SPEED    15   HIGHEST GUST DIRECTION     E (100)
  AVERAGE WIND SPEED     4.7


SKY COVER
  POSSIBLE SUNSHINE  MM
  AVERAGE SKY COVER 0.9


WEATHER CONDITIONS
 THE FOLLOWING WEATHER WAS RECORDED TODAY.
  LIGHT RAIN


RELATIVE HUMIDITY (PERCENT)
 HIGHEST    80           700 AM
 LOWEST     33           400 PM
 AVERAGE    57

..........................................................


THE FORT WAYNE CLIMATE NORMALS FOR TOMORROW
                         NORMAL    RECORD    YEAR
 MAXIMUM TEMPERATURE (F)   74        91      2007
 MINIMUM TEMPERATURE (F)   52        36      1963
                                             1931
                                             1925


SUNRISE AND SUNSET
MAY 23 2017...........SUNRISE   616 AM EDT   SUNSET   900 PM EDT
MAY 24 2017...........SUNRISE   615 AM EDT   SUNSET   900 PM EDT


-  INDICATES NEGATIVE NUMBERS.
R  INDICATES RECORD WAS SET OR TIED.
MM INDICATES DATA IS MISSING.
T  INDICATES TRACE AMOUNT.




$$
