000
CDUS43 KIWX 140526
CLIFWA


CLIMATE REPORT
NATIONAL WEATHER SERVICE NORTHERN INDIANA
1225 AM EST SUN FEB 14 2016


...................................

...THE FORT WAYNE CLIMATE SUMMARY FOR FEBRUARY 13 2016...

CLIMATE NORMAL PERIOD 1981 TO 2010
CLIMATE RECORD PERIOD 1897 TO 2016


WEATHER ITEM   OBSERVED TIME   RECORD YEAR NORMAL DEPARTURE LAST
                VALUE   (LST)  VALUE       VALUE  FROM      YEAR
                                                  NORMAL
..................................................................
TEMPERATURE (F)
 YESTERDAY
  MAXIMUM         16    411 PM  65    1990  36    -20       26
                                      1938
  MINIMUM          0    700 AM -14    1899  20    -20        3
  AVERAGE          8                        28    -20       15

PRECIPITATION (IN)
  YESTERDAY        0.01          1.53 1950   0.07  -0.06     0.03
  MONTH TO DATE    0.29                      0.92  -0.63     1.16
  SINCE DEC 1      6.06                      5.95   0.11     5.11
  SINCE JAN 1      1.91                      3.18  -1.27     3.39

SNOWFALL (IN)
  YESTERDAY        0.4           6.8  2007   0.3    0.1      1.1
  MONTH TO DATE    1.9                       4.0   -2.1     13.9
  SINCE DEC 1      9.0                      22.6  -13.6     27.2
  SINCE JUL 1     13.2                      24.7  -11.5     31.4
  SNOW DEPTH       T

DEGREE DAYS
 HEATING
  YESTERDAY       57                        37     20       50
  MONTH TO DATE  477                       501    -24      556
  SINCE DEC 1   2384                      2855   -471     2885
  SINCE JUL 1   3353                      4072   -719     4331

 COOLING
  YESTERDAY        0                         0      0        0
  MONTH TO DATE    0                         0      0        0
  SINCE DEC 1      0                         0      0        0
  SINCE JAN 1      0                         0      0        0
..................................................................


WIND (MPH)
  HIGHEST WIND SPEED    21   HIGHEST WIND DIRECTION     W (270)
  HIGHEST GUST SPEED    26   HIGHEST GUST DIRECTION     W (280)
  AVERAGE WIND SPEED    10.5


SKY COVER
  AVERAGE SKY COVER 0.5


WEATHER CONDITIONS
 THE FOLLOWING WEATHER WAS RECORDED YESTERDAY.
  LIGHT RAIN
  LIGHT SNOW
  FOG


RELATIVE HUMIDITY (PERCENT)
 HIGHEST    76          1200 AM
 LOWEST     53           400 PM
 AVERAGE    65

..........................................................


THE FORT WAYNE CLIMATE NORMALS FOR TODAY
                         NORMAL    RECORD    YEAR
 MAXIMUM TEMPERATURE (F)   36        63      1918
 MINIMUM TEMPERATURE (F)   20       -18      1905


SUNRISE AND SUNSET
FEBRUARY 14 2016......SUNRISE   737 AM EST   SUNSET   613 PM EST
FEBRUARY 15 2016......SUNRISE   736 AM EST   SUNSET   615 PM EST


-  INDICATES NEGATIVE NUMBERS.
R  INDICATES RECORD WAS SET OR TIED.
MM INDICATES DATA IS MISSING.
T  INDICATES TRACE AMOUNT.




$$
