000
CDUS43 KIWX 100035
CLIFWA


CLIMATE REPORT
NATIONAL WEATHER SERVICE NORTHERN INDIANA
735 PM EST FRI DEC 9 2016


...................................

...THE FORT WAYNE CLIMATE SUMMARY FOR DECEMBER 9 2016...
VALID AS OF 0700 PM LOCAL TIME.

CLIMATE NORMAL PERIOD 1981 TO 2010
CLIMATE RECORD PERIOD 1897 TO 2016


WEATHER ITEM   OBSERVED TIME   RECORD YEAR NORMAL DEPARTURE LAST
                VALUE   (LST)  VALUE       VALUE  FROM      YEAR
                                                  NORMAL
..................................................................
TEMPERATURE (F)
 TODAY
  MAXIMUM         30        MM  64    1952  38     -8       53
  MINIMUM         20        MM  -9    1958  24     -4       38
  AVERAGE         25                        31     -6       46

PRECIPITATION (IN)
  TODAY            T             0.82 2008   0.09  -0.09     0.00
  MONTH TO DATE    0.37                      0.84  -0.47     0.07
  SINCE DEC 1      0.37                      0.84  -0.47     0.07
  SINCE JAN 1     35.43                     36.41  -0.98    42.31

SNOWFALL (IN)
  TODAY            T             3.7  1914   0.2   -0.2      0.0
  MONTH TO DATE    2.8                       1.8    1.0      0.2
  SINCE DEC 1      2.8                       1.8    1.0      0.2
  SINCE JUL 1      3.2                       3.9   -0.7      4.4
  SNOW DEPTH       T

DEGREE DAYS
 HEATING
  TODAY           40                        34      6       19
  MONTH TO DATE  295                       292      3      237
  SINCE DEC 1    295                       292      3      237
  SINCE JUL 1   1140                      1509   -369     1206

 COOLING
  TODAY            0                         0      0        0
  MONTH TO DATE    0                         0      0        0
  SINCE DEC 1      0                         0      0        0
  SINCE JAN 1   1104                       809    295      811
..................................................................


WIND (MPH)
  RESULTANT WIND SPEED  15   RESULTANT WIND DIRECTION   W (260)
  HIGHEST WIND SPEED    18   HIGHEST WIND DIRECTION     W (250)
  HIGHEST GUST SPEED    25   HIGHEST GUST DIRECTION     W (250)
  AVERAGE WIND SPEED    14.9


SKY COVER
  POSSIBLE SUNSHINE  MM
  AVERAGE SKY COVER 0.7


WEATHER CONDITIONS
 THE FOLLOWING WEATHER WAS RECORDED TODAY.
  LIGHT SNOW


RELATIVE HUMIDITY (PERCENT)
 HIGHEST    81          1000 AM
 LOWEST     63           200 PM
 AVERAGE    72

..........................................................


THE FORT WAYNE CLIMATE NORMALS FOR TOMORROW
                         NORMAL    RECORD    YEAR
 MAXIMUM TEMPERATURE (F)   38        66      1971
 MINIMUM TEMPERATURE (F)   24       -12      1958


SUNRISE AND SUNSET
DECEMBER  9 2016......SUNRISE   754 AM EST   SUNSET   512 PM EST
DECEMBER 10 2016......SUNRISE   755 AM EST   SUNSET   512 PM EST


-  INDICATES NEGATIVE NUMBERS.
R  INDICATES RECORD WAS SET OR TIED.
MM INDICATES DATA IS MISSING.
T  INDICATES TRACE AMOUNT.




$$
