000
CDUS43 KIWX 300022
CLIFWA


CLIMATE REPORT
NATIONAL WEATHER SERVICE NORTHERN INDIANA
821 PM EDT MON AUG 29 2016


...................................

...THE FORT WAYNE CLIMATE SUMMARY FOR AUGUST 29 2016...
VALID AS OF 0800 PM LOCAL TIME.

CLIMATE NORMAL PERIOD 1981 TO 2010
CLIMATE RECORD PERIOD 1897 TO 2016


WEATHER ITEM   OBSERVED TIME   RECORD YEAR NORMAL DEPARTURE LAST
                VALUE   (LST)  VALUE       VALUE  FROM      YEAR
                                                  NORMAL
..................................................................
TEMPERATURE (F)
 TODAY
  MAXIMUM         87    504 PM  95    1983  81      6       79
                                      1953
                                      1948
  MINIMUM         66    528 AM  38    1965  59      7       61
  AVERAGE         77                        70      7       70

PRECIPITATION (IN)
  TODAY            0.00          1.16 1977   0.12  -0.12     0.02
  MONTH TO DATE    2.29                      3.42  -1.13     3.57
  SINCE JUN 1      8.85                     11.82  -2.97    21.52
  SINCE JAN 1     23.04                     26.62  -3.58    35.65

SNOWFALL (IN)
  TODAY            0.0           0.0  2002   0.0    0.0      0.0
                                      2001
  MONTH TO DATE    0.0                       0.0    0.0      0.0
  SINCE JUN 1      T                         0.0    0.0      0.0
  SINCE JUL 1      0.0                       0.0    0.0      0.0
  SNOW DEPTH       0

DEGREE DAYS
 HEATING
  TODAY            0                         1     -1        0
  MONTH TO DATE    0                         2     -2        9
  SINCE JUN 1     14                        34    -20       37
  SINCE JUL 1      3                         5     -2        9

 COOLING
  TODAY           12                         6      6        5
  MONTH TO DATE  314                       200    114      163
  SINCE JUN 1    830                       649    181      556
  SINCE JAN 1    904                       706    198      652
..................................................................


WIND (MPH)
  RESULTANT WIND SPEED   4   RESULTANT WIND DIRECTION   E (70)
  HIGHEST WIND SPEED    13   HIGHEST WIND DIRECTION     E (80)
  HIGHEST GUST SPEED    15   HIGHEST GUST DIRECTION     E (80)
  AVERAGE WIND SPEED     5.0


SKY COVER
  POSSIBLE SUNSHINE  MM
  AVERAGE SKY COVER 0.4


WEATHER CONDITIONS
 THE FOLLOWING WEATHER WAS RECORDED TODAY.
  FOG
  HAZE


RELATIVE HUMIDITY (PERCENT)
 HIGHEST    93          1200 AM
 LOWEST     51           500 PM
 AVERAGE    72

..........................................................


THE FORT WAYNE CLIMATE NORMALS FOR TOMORROW
                         NORMAL    RECORD    YEAR
 MAXIMUM TEMPERATURE (F)   81        94      1993
                                             1953
                                             1932
 MINIMUM TEMPERATURE (F)   59        41      1946


SUNRISE AND SUNSET
AUGUST 29 2016........SUNRISE   705 AM EDT   SUNSET   817 PM EDT
AUGUST 30 2016........SUNRISE   706 AM EDT   SUNSET   816 PM EDT


-  INDICATES NEGATIVE NUMBERS.
R  INDICATES RECORD WAS SET OR TIED.
MM INDICATES DATA IS MISSING.
T  INDICATES TRACE AMOUNT.




$$
