911
CDUS43 KIWX 310031
CLIFWA


CLIMATE REPORT
NATIONAL WEATHER SERVICE NORTHERN INDIANA
831 PM EDT SAT JUL 30 2016


...................................

...THE FORT WAYNE CLIMATE SUMMARY FOR JULY 30 2016...
VALID AS OF 0800 PM LOCAL TIME.

CLIMATE NORMAL PERIOD 1981 TO 2010
CLIMATE RECORD PERIOD 1897 TO 2016


WEATHER ITEM   OBSERVED TIME   RECORD YEAR NORMAL DEPARTURE LAST
                VALUE   (LST)  VALUE       VALUE  FROM      YEAR
                                                  NORMAL
..................................................................
TEMPERATURE (F)
 TODAY
  MAXIMUM         82    515 PM 100    1999  83     -1       85
  MINIMUM         68    741 AM  48    1904  62      6       62
  AVERAGE         75                        73      2       74

PRECIPITATION (IN)
  TODAY            T             1.88 1988   0.14  -0.14     0.00
  MONTH TO DATE    1.12                      4.11  -2.99     5.97
  SINCE JUN 1      6.56                      8.27  -1.71    17.95
  SINCE JAN 1     20.75                     23.07  -2.32    32.08

SNOWFALL (IN)
  TODAY            0.0           0.0  2002   0.0    0.0      0.0
                                      2001
  MONTH TO DATE    0.0                       0.0    0.0      0.0
  SINCE JUN 1      T                         0.0    0.0      0.0
  SINCE JUL 1      0.0                       0.0    0.0      0.0
  SNOW DEPTH       0

DEGREE DAYS
 HEATING
  TODAY            0                         0      0        0
  MONTH TO DATE    3                         0      3        0
  SINCE JUN 1     14                        29    -15       28
  SINCE JUL 1      3                         0      3        0

 COOLING
  TODAY           10                         8      2        9
  MONTH TO DATE  299                       261     38      206
  SINCE JUN 1    505                       443     62      382
  SINCE JAN 1    579                       500     79      478
..................................................................


WIND (MPH)
  RESULTANT WIND SPEED   3   RESULTANT WIND DIRECTION  NE (50)
  HIGHEST WIND SPEED    10   HIGHEST WIND DIRECTION     E (70)
  HIGHEST GUST SPEED    13   HIGHEST GUST DIRECTION     E (80)
  AVERAGE WIND SPEED     4.5


SKY COVER
  POSSIBLE SUNSHINE  MM
  AVERAGE SKY COVER 0.9


WEATHER CONDITIONS
 THE FOLLOWING WEATHER WAS RECORDED TODAY.
  FOG
  HAZE


RELATIVE HUMIDITY (PERCENT)
 HIGHEST    97          1200 AM
 LOWEST     62           100 PM
 AVERAGE    80

..........................................................


THE FORT WAYNE CLIMATE NORMALS FOR TOMORROW
                         NORMAL    RECORD    YEAR
 MAXIMUM TEMPERATURE (F)   83        98      1999
 MINIMUM TEMPERATURE (F)   62        46      1899


SUNRISE AND SUNSET
JULY 30 2016..........SUNRISE   635 AM EDT   SUNSET   858 PM EDT
JULY 31 2016..........SUNRISE   636 AM EDT   SUNSET   857 PM EDT


-  INDICATES NEGATIVE NUMBERS.
R  INDICATES RECORD WAS SET OR TIED.
MM INDICATES DATA IS MISSING.
T  INDICATES TRACE AMOUNT.




$$
