000
CDUS43 KIWX 040524
CLIFWA


CLIMATE REPORT
NATIONAL WEATHER SERVICE NORTHERN INDIANA
124 AM EDT SAT JUL 4 2015


...................................

...THE FORT WAYNE CLIMATE SUMMARY FOR JULY 3 2015...

CLIMATE NORMAL PERIOD 1981 TO 2010
CLIMATE RECORD PERIOD 1897 TO 2015


WEATHER ITEM   OBSERVED TIME   RECORD YEAR NORMAL DEPARTURE LAST
                VALUE   (LST)  VALUE       VALUE  FROM      YEAR
                                                  NORMAL
..................................................................
TEMPERATURE (F)
 YESTERDAY
  MAXIMUM         76    514 PM  99    1955  85     -9       74
                                      1911
  MINIMUM         58    551 AM  40    1904  63     -5       56
  AVERAGE         67                        74     -7       65

PRECIPITATION (IN)
  YESTERDAY        0.00          1.24 2000   0.13  -0.13     0.01
  MONTH TO DATE    0.00                      0.38  -0.38     0.56
  SINCE JUN 1     11.98                      4.54   7.44     6.37
  SINCE JAN 1     26.11                     19.34   6.77    23.07

SNOWFALL (IN)
  YESTERDAY        0.0           0.0  2002   0.0    0.0      0.0
                                      2000
                                      2001
  MONTH TO DATE    0.0                       0.0    0.0       T
  SINCE JUN 1      0.0                       0.0    0.0       T
  SINCE JUL 1      0.0                       0.0    0.0       T
  SNOW DEPTH       0

DEGREE DAYS
 HEATING
  YESTERDAY        0                         0      0        0
  MONTH TO DATE    0                         0      0        0
  SINCE JUN 1     28                        29     -1       14
  SINCE JUL 1      0                         0      0        0

 COOLING
  YESTERDAY        2                         9     -7        0
  MONTH TO DATE    7                        27    -20       17
  SINCE JUN 1    183                       209    -26      247
  SINCE JAN 1    279                       266     13      328
..................................................................


WIND (MPH)
  HIGHEST WIND SPEED    14   HIGHEST WIND DIRECTION     E (70)
  HIGHEST GUST SPEED    17   HIGHEST GUST DIRECTION     E (70)
  AVERAGE WIND SPEED     6.6


SKY COVER
  AVERAGE SKY COVER 0.7


WEATHER CONDITIONS
 THE FOLLOWING WEATHER WAS RECORDED YESTERDAY.
  NO SIGNIFICANT WEATHER WAS OBSERVED.


RELATIVE HUMIDITY (PERCENT)
 HIGHEST    87           500 AM
 LOWEST     57           100 PM
 AVERAGE    72

..........................................................


THE FORT WAYNE CLIMATE NORMALS FOR TODAY
                         NORMAL    RECORD    YEAR
 MAXIMUM TEMPERATURE (F)   85       101      2012
                                             1955
 MINIMUM TEMPERATURE (F)   63        48      1968


SUNRISE AND SUNSET
JULY  4 2015..........SUNRISE   614 AM EDT   SUNSET   916 PM EDT
JULY  5 2015..........SUNRISE   614 AM EDT   SUNSET   916 PM EDT


-  INDICATES NEGATIVE NUMBERS.
R  INDICATES RECORD WAS SET OR TIED.
MM INDICATES DATA IS MISSING.
T  INDICATES TRACE AMOUNT.




$$
