000
CDUS43 KIWX 180026
CLIFWA


CLIMATE REPORT
NATIONAL WEATHER SERVICE NORTHERN INDIANA
726 PM EST WED DEC 17 2014


...................................

...THE FORT WAYNE CLIMATE SUMMARY FOR DECEMBER 17 2014...
VALID AS OF 0700 PM LOCAL TIME.

CLIMATE NORMAL PERIOD 1981 TO 2010
CLIMATE RECORD PERIOD 1897 TO 2014


WEATHER ITEM   OBSERVED TIME   RECORD YEAR NORMAL DEPARTURE LAST
                VALUE   (LST)  VALUE       VALUE  FROM      YEAR
                                                  NORMAL
..................................................................
TEMPERATURE (F)
 TODAY
  MAXIMUM         35   1238 AM  58    1984  35      0       28
  MINIMUM         26    659 PM -11    1989  22      4       19
  AVERAGE         31                        28      3       24

PRECIPITATION (IN)
  TODAY            0.01          0.83 1929   0.09  -0.08     0.01
  MONTH TO DATE    0.90                      1.54  -0.64     0.86
  SINCE DEC 1      0.90                      1.54  -0.64     0.86
  SINCE JAN 1     42.02                     37.11   4.91    40.21

SNOWFALL (IN)
  TODAY            0.1           3.7  1996   0.3   -0.2      0.1
  MONTH TO DATE    0.2                       4.1   -3.9      8.5
  SINCE DEC 1      0.2                       4.1   -3.9      8.5
  SINCE JUL 1      4.4                       6.2   -1.8      9.5
  SNOW DEPTH       0

DEGREE DAYS
 HEATING
  TODAY           34                        37     -3       41
  MONTH TO DATE  531                       576    -45      661
  SINCE DEC 1    531                       576    -45      661
  SINCE JUL 1   1977                      1793    184     1962

 COOLING
  TODAY            0                         0      0        0
  MONTH TO DATE    0                         0      0        0
  SINCE DEC 1      0                         0      0        0
  SINCE JAN 1    731                       809    -78      855
..................................................................


WIND (MPH)
  RESULTANT WIND SPEED  15   RESULTANT WIND DIRECTION   W (270)
  HIGHEST WIND SPEED    21   HIGHEST WIND DIRECTION     W (260)
  HIGHEST GUST SPEED    25   HIGHEST GUST DIRECTION     W (290)
  AVERAGE WIND SPEED    15.3


SKY COVER
  POSSIBLE SUNSHINE  MM
  AVERAGE SKY COVER 1.0


WEATHER CONDITIONS
 THE FOLLOWING WEATHER WAS RECORDED TODAY.
  LIGHT RAIN
  LT FREEZING RAIN
  SNOW
  LIGHT SNOW
  FOG
  HAZE


RELATIVE HUMIDITY (PERCENT)
 HIGHEST    92           600 AM
 LOWEST     78          1200 PM
 AVERAGE    85

..........................................................


THE FORT WAYNE CLIMATE NORMALS FOR TOMORROW
                         NORMAL    RECORD    YEAR
 MAXIMUM TEMPERATURE (F)   35        54      1957
 MINIMUM TEMPERATURE (F)   21        -5      1989


SUNRISE AND SUNSET
DECEMBER 17 2014......SUNRISE   800 AM EST   SUNSET   514 PM EST
DECEMBER 18 2014......SUNRISE   801 AM EST   SUNSET   514 PM EST


-  INDICATES NEGATIVE NUMBERS.
R  INDICATES RECORD WAS SET OR TIED.
MM INDICATES DATA IS MISSING.
T  INDICATES TRACE AMOUNT.




$$
