000
CDUS43 KIWX 010551
CLIFWA


CLIMATE REPORT
NATIONAL WEATHER SERVICE NORTHERN INDIANA
150 AM EDT WED OCT 1 2014


...................................

...THE FORT WAYNE CLIMATE SUMMARY FOR SEPTEMBER 30 2014...

CLIMATE NORMAL PERIOD 1981 TO 2010
CLIMATE RECORD PERIOD 1897 TO 2014


WEATHER ITEM   OBSERVED TIME   RECORD YEAR NORMAL DEPARTURE LAST
                VALUE   (LST)  VALUE       VALUE  FROM      YEAR
                                                  NORMAL
..................................................................
TEMPERATURE (F)
 YESTERDAY
  MAXIMUM         62   1240 PM  88    1971  70     -8       73
  MINIMUM         51    857 AM  31    1993  47      4       52
                                      1899
  AVERAGE         57                        58     -1       63

PRECIPITATION (IN)
  YESTERDAY        T             1.55 1906   0.09  -0.09     0.00
  MONTH TO DATE    4.90                      2.80   2.10     1.89
  SINCE SEP 1      4.90                      2.80   2.10     1.89
  SINCE JAN 1     35.29                     29.64   5.65    34.23

SNOWFALL (IN)
  YESTERDAY        0.0           0.0  2002   0.0    0.0      0.0
                                      2001
  MONTH TO DATE    0.0                       0.0    0.0      0.0
  SINCE SEP 1      0.0                       0.0    0.0      0.0
  SINCE JUL 1      T                         0.0    0.0      0.0
  SNOW DEPTH       0

DEGREE DAYS
 HEATING
  YESTERDAY        8                         8      0        2
  MONTH TO DATE  120                       104     16       98
  SINCE SEP 1    120                       104     16       98
  SINCE JUL 1    144                       116     28      118

 COOLING
  YESTERDAY        0                         1     -1        0
  MONTH TO DATE   54                        83    -29       98
  SINCE SEP 1     54                        83    -29       98
  SINCE JAN 1    728                       800    -72      827
..................................................................


WIND (MPH)
  HIGHEST WIND SPEED    14   HIGHEST WIND DIRECTION     N (340)
  HIGHEST GUST SPEED    21   HIGHEST GUST DIRECTION     N (350)
  AVERAGE WIND SPEED     6.5


SKY COVER
  AVERAGE SKY COVER 0.9


WEATHER CONDITIONS
 THE FOLLOWING WEATHER WAS RECORDED YESTERDAY.
  LIGHT RAIN
  FOG


RELATIVE HUMIDITY (PERCENT)
 HIGHEST    96           800 AM
 LOWEST     72           100 PM
 AVERAGE    84

..........................................................


THE FORT WAYNE CLIMATE NORMALS FOR TODAY
                         NORMAL    RECORD    YEAR
 MAXIMUM TEMPERATURE (F)   70        88      1897
 MINIMUM TEMPERATURE (F)   46        25      1899


SUNRISE AND SUNSET
OCTOBER  1 2014.......SUNRISE   737 AM EDT   SUNSET   723 PM EDT
OCTOBER  2 2014.......SUNRISE   738 AM EDT   SUNSET   721 PM EDT


-  INDICATES NEGATIVE NUMBERS.
R  INDICATES RECORD WAS SET OR TIED.
MM INDICATES DATA IS MISSING.
T  INDICATES TRACE AMOUNT.




$$
