000
CDUS44 KTSA 262224
CLIFYV

CLIMATE REPORT
NATIONAL WEATHER SERVICE TULSA OK
418 PM CST THU FEB 26 2015


...................................

...THE FAYETTEVILLE ARKANSAS CLIMATE SUMMARY FOR FEBRUARY 26 2015...
VALID TODAY AS OF 0400 PM LOCAL TIME.

CLIMATE NORMAL PERIOD 1981 TO 2010
CLIMATE RECORD PERIOD 1905 TO 2015


WEATHER ITEM   OBSERVED TIME   RECORD YEAR NORMAL DEPARTURE LAST
                VALUE   (LST)  VALUE       VALUE  FROM      YEAR
                                                  NORMAL
..................................................................
TEMPERATURE (F)
 TODAY
  MAXIMUM         33    201 AM  74    1976  54    -21       34
  MINIMUM         21   1035 AM   6    1960  31    -10       14
  AVERAGE         27                        43    -16       24

PRECIPITATION (IN)
  TODAY            0.00                      0.11  -0.11     0.00
  MONTH TO DATE    1.59                      2.59  -1.00     0.79
  SINCE DEC 1      5.34                      8.67  -3.33     6.53
  SINCE JAN 1      2.70                      5.43  -2.73     2.43

SNOWFALL (IN)
  TODAY            0.0                                       0.0
  MONTH TO DATE    2.7                                       5.2
  SINCE DEC 1      2.7                                      14.1
  SINCE JUL 1      2.7                                      14.1

DEGREE DAYS
 HEATING
  TODAY           38                        22     16       41
  MONTH TO DATE  799                       665    134      800
  SINCE DEC 1   2471                      2430     41     2767
  SINCE JUL 1   3396                      3259    137     3656
..................................................................


WIND (MPH)
  HIGHEST WIND SPEED    22   HIGHEST WIND DIRECTION     N (350)
  HIGHEST GUST SPEED    28   HIGHEST GUST DIRECTION    NW (330)
  AVERAGE WIND SPEED    12.7


SKY COVER
  POSSIBLE SUNSHINE  MM
  AVERAGE SKY COVER 0.8


WEATHER CONDITIONS
 THE FOLLOWING WEATHER WAS RECORDED TODAY.
  NO SIGNIFICANT WEATHER WAS OBSERVED.


RELATIVE HUMIDITY (PERCENT)
 HIGHEST    89           200 AM
 LOWEST     46           400 PM
 AVERAGE    68

..........................................................


THE FAYETTEVILLE ARKANSAS CLIMATE NORMALS FOR TOMORROW
                         NORMAL    RECORD    YEAR
 MAXIMUM TEMPERATURE (F)   55        75      1976
 MINIMUM TEMPERATURE (F)   32        10      2002


SUNRISE AND SUNSET
FEBRUARY 26 2015......SUNRISE   651 AM CST   SUNSET   609 PM CST
FEBRUARY 27 2015......SUNRISE   650 AM CST   SUNSET   610 PM CST


-  INDICATES NEGATIVE NUMBERS.
R  INDICATES RECORD WAS SET OR TIED.
MM INDICATES DATA IS MISSING.
T  INDICATES TRACE AMOUNT.




$$
