000
CDUS44 KTSA 180938 RRA
CLIFYV

CLIMATE REPORT
NATIONAL WEATHER SERVICE TULSA OK
338 AM CST SAT NOV 18 2017


...................................

...THE FAYETTEVILLE ARKANSAS CLIMATE SUMMARY FOR NOVEMBER 17 2017...

CLIMATE NORMAL PERIOD 1981 TO 2010
CLIMATE RECORD PERIOD 1905 TO 2017


WEATHER ITEM   OBSERVED TIME   RECORD YEAR NORMAL DEPARTURE LAST
                VALUE   (LST)  VALUE       VALUE  FROM      YEAR
                                                  NORMAL
..................................................................
TEMPERATURE (F)
 YESTERDAY
  MAXIMUM         70    157 PM  78    2016  58     12       78
  MINIMUM         56    246 AM   9    1959  36     20       61
  AVERAGE         63                        47     16       70

PRECIPITATION (IN)
  YESTERDAY        0.00                      0.14  -0.14     0.00
  MONTH TO DATE    0.42                      2.45  -2.03     0.09
  SINCE SEP 1      5.78                     11.60  -5.82     5.70
  SINCE JAN 1     48.62                     43.49   5.13    30.88

SNOWFALL (IN)
  YESTERDAY        0.0                                       0.0
  MONTH TO DATE    0.0                                       0.0
  SINCE SEP 1      0.0                                       0.0
  SINCE JUL 1      0.0                                       0.0

DEGREE DAYS
 HEATING
  YESTERDAY        2                        18    -16        0
  MONTH TO DATE  204                       254    -50      149
  SINCE SEP 1    483                       553    -70      271
  SINCE JUL 1    483                       554    -71      271
..................................................................


WIND (MPH)
  HIGHEST WIND SPEED    26   HIGHEST WIND DIRECTION     S (190)
  HIGHEST GUST SPEED    35   HIGHEST GUST DIRECTION     S (180)
  AVERAGE WIND SPEED    15.8


SKY COVER
  POSSIBLE SUNSHINE  MM
  AVERAGE SKY COVER 0.7


WEATHER CONDITIONS
 THE FOLLOWING WEATHER WAS RECORDED YESTERDAY.
  FOG
  HAZE


RELATIVE HUMIDITY (PERCENT)
 HIGHEST    93           200 AM
 LOWEST     78           200 PM
 AVERAGE    86

..........................................................


THE FAYETTEVILLE ARKANSAS CLIMATE NORMALS FOR TODAY
                         NORMAL    RECORD    YEAR
 MAXIMUM TEMPERATURE (F)   58        77      1991
 MINIMUM TEMPERATURE (F)   35         9      2014


SUNRISE AND SUNSET
NOVEMBER 18 2017......SUNRISE   656 AM CST   SUNSET   507 PM CST
NOVEMBER 19 2017......SUNRISE   657 AM CST   SUNSET   507 PM CST


-  INDICATES NEGATIVE NUMBERS.
R  INDICATES RECORD WAS SET OR TIED.
MM INDICATES DATA IS MISSING.
T  INDICATES TRACE AMOUNT.




$$
