000
CDUS44 KTSA 272130 RRA
CLIFYV

CLIMATE REPORT
NATIONAL WEATHER SERVICE TULSA OK
418 PM CDT WED JUL 27 2016


...................................

...THE FAYETTEVILLE ARKANSAS CLIMATE SUMMARY FOR JULY 27 2016...
VALID TODAY AS OF 0400 PM LOCAL TIME.

CLIMATE NORMAL PERIOD 1981 TO 2010
CLIMATE RECORD PERIOD 1905 TO 2016


WEATHER ITEM   OBSERVED TIME   RECORD YEAR NORMAL DEPARTURE LAST
                VALUE   (LST)  VALUE       VALUE  FROM      YEAR
                                                  NORMAL
..................................................................
TEMPERATURE (F)
 TODAY
  MAXIMUM         84   1130 AM 100    2011  90     -6       92
                                      1998
                                      1986
  MINIMUM         69    450 AM  54    2004  67      2       75
                                      1994
  AVERAGE         77                        78     -1       84

PRECIPITATION (IN)
  TODAY            0.01                      0.10  -0.09     0.00
  MONTH TO DATE    6.28                      3.10   3.18     8.04
  SINCE JUN 1      9.15                      8.08   1.07    14.81
  SINCE JAN 1     23.41                     28.29  -4.88    38.27

DEGREE DAYS
 COOLING
  TODAY           12                        13     -1       19
  MONTH TO DATE  381                       338     43      371
  SINCE JUN 1    718                       583    135      689
  SINCE JAN 1    785                       696     89      786
..................................................................


WIND (MPH)
  HIGHEST WIND SPEED    16   HIGHEST WIND DIRECTION     S (170)
  HIGHEST GUST SPEED    19   HIGHEST GUST DIRECTION     S (170)
  AVERAGE WIND SPEED     2.1


SKY COVER
  POSSIBLE SUNSHINE  MM
  AVERAGE SKY COVER 0.4


WEATHER CONDITIONS
 THE FOLLOWING WEATHER WAS RECORDED TODAY.
  THUNDERSTORM
  LIGHT RAIN
  FOG


RELATIVE HUMIDITY (PERCENT)
 HIGHEST   100          1200 AM
 LOWEST     79          1100 AM
 AVERAGE    90

..........................................................


THE FAYETTEVILLE ARKANSAS CLIMATE NORMALS FOR TOMORROW
                         NORMAL    RECORD    YEAR
 MAXIMUM TEMPERATURE (F)   90       104      1986
 MINIMUM TEMPERATURE (F)   67        55      2004


SUNRISE AND SUNSET
JULY 27 2016..........SUNRISE   621 AM CDT   SUNSET   825 PM CDT
JULY 28 2016..........SUNRISE   621 AM CDT   SUNSET   824 PM CDT


-  INDICATES NEGATIVE NUMBERS.
R  INDICATES RECORD WAS SET OR TIED.
MM INDICATES DATA IS MISSING.
T  INDICATES TRACE AMOUNT.




$$
