000
CDUS44 KTSA 290821
CLIFYV

CLIMATE REPORT
NATIONAL WEATHER SERVICE TULSA OK
320 AM CDT WED MAR 29 2017


...................................

...THE FAYETTEVILLE ARKANSAS CLIMATE SUMMARY FOR MARCH 28 2017...

CLIMATE NORMAL PERIOD 1981 TO 2010
CLIMATE RECORD PERIOD 1905 TO 2017


WEATHER ITEM   OBSERVED TIME   RECORD YEAR NORMAL DEPARTURE LAST
                VALUE   (LST)  VALUE       VALUE  FROM      YEAR
                                                  NORMAL
..................................................................
TEMPERATURE (F)
 YESTERDAY
  MAXIMUM         77    344 PM  86    1963  64     13       68
  MINIMUM         48    655 AM  24    2016  39      9       24
  AVERAGE         63                        52     11       46

PRECIPITATION (IN)
  YESTERDAY        T                         0.14  -0.14     0.00
  MONTH TO DATE    5.89                      3.51   2.38     3.66
  SINCE MAR 1      5.89                      3.51   2.38     3.66
  SINCE JAN 1      9.39                      9.16   0.23     4.81

SNOWFALL (IN)
  YESTERDAY       MM                                         0.0
  MONTH TO DATE    0.2                                       0.0
  SINCE MAR 1      0.2                                       0.0
  SINCE JUL 1      1.0                                        T

DEGREE DAYS
 HEATING
  YESTERDAY        2                        14    -12       19
  MONTH TO DATE  361                       487   -126      398
  SINCE MAR 1    361                       487   -126      398
  SINCE JUL 1   2932                      3790   -858     3214

 COOLING
  YESTERDAY        0                         0      0        0
  MONTH TO DATE   13                         0     13        1
  SINCE MAR 1     13                         0     13        1
  SINCE JAN 1     18                         0     18        1
..................................................................


WIND (MPH)
  HIGHEST WIND SPEED    16   HIGHEST WIND DIRECTION     E (100)
  HIGHEST GUST SPEED    22   HIGHEST GUST DIRECTION    SE (120)
  AVERAGE WIND SPEED     6.4


SKY COVER
  POSSIBLE SUNSHINE  MM
  AVERAGE SKY COVER 0.6


WEATHER CONDITIONS
 THE FOLLOWING WEATHER WAS RECORDED YESTERDAY.
  LIGHT RAIN


RELATIVE HUMIDITY (PERCENT)
 HIGHEST   100           700 AM
 LOWEST     50           400 PM
 AVERAGE    75

..........................................................


THE FAYETTEVILLE ARKANSAS CLIMATE NORMALS FOR TODAY
                         NORMAL    RECORD    YEAR
 MAXIMUM TEMPERATURE (F)   64        84      1967
 MINIMUM TEMPERATURE (F)   40        23      1955


SUNRISE AND SUNSET
MARCH 29 2017.........SUNRISE   707 AM CDT   SUNSET   736 PM CDT
MARCH 30 2017.........SUNRISE   705 AM CDT   SUNSET   737 PM CDT


-  INDICATES NEGATIVE NUMBERS.
R  INDICATES RECORD WAS SET OR TIED.
MM INDICATES DATA IS MISSING.
T  INDICATES TRACE AMOUNT.




$$
