000
CDUS44 KTSA 011522
CLIFYV

CLIMATE REPORT
NATIONAL WEATHER SERVICE TULSA OK
912 AM CST SUN FEB 1 2015


...................................

...THE FAYETTEVILLE ARKANSAS CLIMATE SUMMARY FOR FEBRUARY 1 2015...
VALID AS OF 0900 AM LOCAL TIME.

CLIMATE NORMAL PERIOD 1981 TO 2010
CLIMATE RECORD PERIOD 1905 TO 2015


WEATHER ITEM   OBSERVED RECORD YEAR NORMAL DEPARTURE LAST
                VALUE   VALUE       VALUE  FROM      YEAR
                                           NORMAL
...........................................................
TEMPERATURE (F)
 TODAY
  MAXIMUM         46     75    1997  48
  MINIMUM         40    -14    1951  26
  AVERAGE         43

PRECIPITATION (IN)
  TODAY            0.33   2.27 1990   0.09   0.24     0.24
  MONTH TO DATE    0.33               0.09   0.24     0.24
  SINCE DEC 1      4.08               6.17  -2.09     5.98
  SINCE JAN 1      1.44               2.93  -1.49     1.88

SNOWFALL (IN)
  TODAY            0.0    2.0  2011   0.1             0.0
  MONTH TO DATE    0.0                0.1             0.0
  SINCE DEC 1      T                  3.9             8.9
  SINCE JUL 1      T                  4.1             8.9

DEGREE DAYS
 HEATING
  TODAY           22
...........................................................


WIND (MPH)
  RESULTANT WIND SPEED  11   RESULTANT WIND DIRECTION   S (190)
  HIGHEST WIND SPEED    24   HIGHEST WIND DIRECTION     S (180)
  HIGHEST GUST SPEED    34   HIGHEST GUST DIRECTION     S (180)


SKY COVER
  POSSIBLE SUNSHINE  MM
  AVERAGE SKY COVER 1.0


WEATHER CONDITIONS
 THE FOLLOWING WEATHER WAS RECORDED TODAY.
  RAIN
  LIGHT RAIN
  FOG
  HAZE


RELATIVE HUMIDITY (PERCENT)
 HIGHEST   100
 LOWEST     85
 AVERAGE    93

..........................................................


THE FAYETTEVILLE ARKANSAS CLIMATE NORMALS FOR TOMORROW
                         NORMAL    RECORD    YEAR
 MAXIMUM TEMPERATURE (F)   48        69      1995
 MINIMUM TEMPERATURE (F)   26       -15      1951


SUNRISE AND SUNSET
FEBRUARY  1 2015......SUNRISE   717 AM CST   SUNSET   543 PM CST
FEBRUARY  2 2015......SUNRISE   717 AM CST   SUNSET   544 PM CST


-  INDICATES NEGATIVE NUMBERS.
R  INDICATES RECORD WAS SET OR TIED.
MM INDICATES DATA IS MISSING.
T  INDICATES TRACE AMOUNT.




$$
