000
CDUS44 KTSA 012121 RRA
CLIFYV

ZCZC OKCCLIFYV



CLIMATE REPORT
NATIONAL WEATHER SERVICE TULSA OK
421 PM CDT WED JUL 1 2015


...................................

...THE FAYETTEVILLE ARKANSAS CLIMATE SUMMARY FOR JULY 1 2015...
VALID TODAY AS OF 0400 PM LOCAL TIME.

CLIMATE NORMAL PERIOD 1981 TO 2010
CLIMATE RECORD PERIOD 1905 TO 2015


WEATHER ITEM   OBSERVED TIME   RECORD YEAR NORMAL DEPARTURE LAST
                VALUE   (LST)  VALUE       VALUE  FROM      YEAR
                                                  NORMAL
..................................................................
TEMPERATURE (F)
 TODAY
  MAXIMUM         87    259 PM  97    2012  87      0       88
                                      1954
  MINIMUM         72    538 AM  55    2013  66      6       72
                                      1976
  AVERAGE         80                        76      4       80

PRECIPITATION (IN)
  TODAY            0.00                      0.14  -0.14      T
  MONTH TO DATE    0.00                      0.14  -0.14      T
  SINCE JUN 1      6.77                      5.12   1.65     4.10
  SINCE JAN 1     30.23                     25.33   4.90    18.62

DEGREE DAYS
 COOLING
  TODAY           15                        11      4       15
  MONTH TO DATE   15                        11      4       15
  SINCE JUN 1    333                       256     77      277
  SINCE JAN 1    430                       369     61      425
..................................................................


WIND (MPH)
  HIGHEST WIND SPEED    20   HIGHEST WIND DIRECTION     S (180)
  HIGHEST GUST SPEED    24   HIGHEST GUST DIRECTION     S (190)
  AVERAGE WIND SPEED     8.4


SKY COVER
  POSSIBLE SUNSHINE  MM
  AVERAGE SKY COVER 0.1


WEATHER CONDITIONS
 THE FOLLOWING WEATHER WAS RECORDED TODAY.
  NO SIGNIFICANT WEATHER WAS OBSERVED.


RELATIVE HUMIDITY (PERCENT)
 HIGHEST    93          1200 AM
 LOWEST     61           200 PM
 AVERAGE    77

..........................................................


THE FAYETTEVILLE ARKANSAS CLIMATE NORMALS FOR TOMORROW
                         NORMAL    RECORD    YEAR
 MAXIMUM TEMPERATURE (F)   87        99      1980
                                             1954
 MINIMUM TEMPERATURE (F)   66        51      2013


SUNRISE AND SUNSET
JULY  1 2015..........SUNRISE   604 AM CDT   SUNSET   837 PM CDT
JULY  2 2015..........SUNRISE   604 AM CDT   SUNSET   837 PM CDT


-  INDICATES NEGATIVE NUMBERS.
R  INDICATES RECORD WAS SET OR TIED.
MM INDICATES DATA IS MISSING.
T  INDICATES TRACE AMOUNT.




$$
