000
CDUS44 KTSA 262222
CLIFYV

CLIMATE REPORT
NATIONAL WEATHER SERVICE TULSA OK
422 PM CST FRI DEC 26 2014


...................................

...THE FAYETTEVILLE ARKANSAS CLIMATE SUMMARY FOR DECEMBER 26 2014...
VALID TODAY AS OF 0400 PM LOCAL TIME.

CLIMATE NORMAL PERIOD 1981 TO 2010
CLIMATE RECORD PERIOD 1905 TO 2014


WEATHER ITEM   OBSERVED TIME   RECORD YEAR NORMAL DEPARTURE LAST
                VALUE   (LST)  VALUE       VALUE  FROM      YEAR
                                                  NORMAL
..................................................................
TEMPERATURE (F)
 TODAY
  MAXIMUM         55   1120 AM  69    2008  46      9       49
  MINIMUM         41    733 AM  -2    1983  25     16       18
  AVERAGE         48                        36     12       34

PRECIPITATION (IN)
  TODAY            T                         0.10  -0.10     0.00
  MONTH TO DATE    2.37                      2.77  -0.40     4.09
  SINCE DEC 1      2.37                      2.77  -0.40     4.09
  SINCE JAN 1     38.81                     48.04  -9.23    46.62

SNOWFALL (IN)
  TODAY            0.0                                       0.0
  MONTH TO DATE    T                                         7.0
  SINCE DEC 1      T                                         7.0
  SINCE JUL 1      T                                         7.0

DEGREE DAYS
 HEATING
  TODAY           17                        29    -12       31
  MONTH TO DATE  592                       707   -115      787
  SINCE DEC 1    592                       707   -115      787
  SINCE JUL 1   1517                      1536    -19     1676
..................................................................


WIND (MPH)
  HIGHEST WIND SPEED    23   HIGHEST WIND DIRECTION     S (180)
  HIGHEST GUST SPEED    28   HIGHEST GUST DIRECTION     S (180)
  AVERAGE WIND SPEED    14.0


SKY COVER
  POSSIBLE SUNSHINE  MM
  AVERAGE SKY COVER 0.4


WEATHER CONDITIONS
 THE FOLLOWING WEATHER WAS RECORDED TODAY.
  LIGHT RAIN


RELATIVE HUMIDITY (PERCENT)
 HIGHEST    89           800 AM
 LOWEST     60          1200 AM
 AVERAGE    75

..........................................................


THE FAYETTEVILLE ARKANSAS CLIMATE NORMALS FOR TOMORROW
                         NORMAL    RECORD    YEAR
 MAXIMUM TEMPERATURE (F)   46        74      1971
 MINIMUM TEMPERATURE (F)   25         9      2010


SUNRISE AND SUNSET
DECEMBER 26 2014......SUNRISE   726 AM CST   SUNSET   509 PM CST
DECEMBER 27 2014......SUNRISE   726 AM CST   SUNSET   510 PM CST


-  INDICATES NEGATIVE NUMBERS.
R  INDICATES RECORD WAS SET OR TIED.
MM INDICATES DATA IS MISSING.
T  INDICATES TRACE AMOUNT.




$$
