000
CDUS44 KTSA 190802
CLIFYV

CLIMATE REPORT
NATIONAL WEATHER SERVICE TULSA OK
302 AM CDT SAT APR 19 2014


...................................

...THE FAYETTEVILLE ARKANSAS CLIMATE SUMMARY FOR APRIL 18 2014...

CLIMATE NORMAL PERIOD 1981 TO 2010
CLIMATE RECORD PERIOD 1905 TO 2014


WEATHER ITEM   OBSERVED TIME   RECORD YEAR NORMAL DEPARTURE LAST
                VALUE   (LST)  VALUE       VALUE  FROM      YEAR
                                                  NORMAL
..................................................................
TEMPERATURE (F)
 YESTERDAY
  MAXIMUM         73    505 PM  91    2006  70      3       74
  MINIMUM         39    602 AM  28    2001  45     -6       37
  AVERAGE         56                        58     -2       56

PRECIPITATION (IN)
  YESTERDAY        0.00                      0.15  -0.15     1.61
  MONTH TO DATE    2.05                      2.57  -0.52     3.81
  SINCE MAR 1      7.63                      6.52   1.11     8.29
  SINCE JAN 1     10.11                     12.17  -2.06    14.14

SNOWFALL (IN)
  YESTERDAY        0.0                                       0.0
  MONTH TO DATE    0.0                                       0.0
  SINCE MAR 1      3.8                                        T
  SINCE JUL 1     17.9                                       2.6

DEGREE DAYS
 HEATING
  YESTERDAY        9                         8      1        9
  MONTH TO DATE  213                       189     24      174
  SINCE MAR 1    873                       715    158      819
  SINCE JUL 1   4593                      4018    575     3890

 COOLING
  YESTERDAY        0                         1     -1        0
  MONTH TO DATE    9                        15     -6       28
  SINCE MAR 1      9                        19    -10       29
  SINCE JAN 1      9                        19    -10       29
..................................................................


WIND (MPH)
  HIGHEST WIND SPEED     9   HIGHEST WIND DIRECTION    NE (60)
  HIGHEST GUST SPEED    22   HIGHEST GUST DIRECTION     E (80)
  AVERAGE WIND SPEED     2.0


SKY COVER
  POSSIBLE SUNSHINE  MM
  AVERAGE SKY COVER 0.3


WEATHER CONDITIONS
 THE FOLLOWING WEATHER WAS RECORDED YESTERDAY.
  FOG


RELATIVE HUMIDITY (PERCENT)
 HIGHEST   100           400 AM
 LOWEST     33           400 PM
 AVERAGE    67

..........................................................


THE FAYETTEVILLE ARKANSAS CLIMATE NORMALS FOR TODAY
                         NORMAL    RECORD    YEAR
 MAXIMUM TEMPERATURE (F)   70        92      1987
 MINIMUM TEMPERATURE (F)   46        26      1953


SUNRISE AND SUNSET
APRIL 19 2014.........SUNRISE   638 AM CDT   SUNSET   754 PM CDT
APRIL 20 2014.........SUNRISE   637 AM CDT   SUNSET   755 PM CDT


-  INDICATES NEGATIVE NUMBERS.
R  INDICATES RECORD WAS SET OR TIED.
MM INDICATES DATA IS MISSING.
T  INDICATES TRACE AMOUNT.




$$
