000
CDUS44 KTSA 210900 RRA
CLIFYV

CLIMATE REPORT
NATIONAL WEATHER SERVICE TULSA OK
1247 AM CST TUE FEB 21 2017


...................................

...THE FAYETTEVILLE ARKANSAS CLIMATE SUMMARY FOR FEBRUARY 20 2017...

CLIMATE NORMAL PERIOD 1981 TO 2010
CLIMATE RECORD PERIOD 1905 TO 2017


WEATHER ITEM   OBSERVED TIME   RECORD YEAR NORMAL DEPARTURE LAST
                VALUE   (LST)  VALUE       VALUE  FROM      YEAR
                                                  NORMAL
..................................................................
TEMPERATURE (F)
 YESTERDAY
  MAXIMUM         68    131 AM  77    1996  53     15       72
  MINIMUM         55   1159 PM  15    1978  30     25       46
  AVERAGE         62                        41     21       59

PRECIPITATION (IN)
  YESTERDAY        0.09                      0.10  -0.01     0.00
  MONTH TO DATE    1.07                      1.92  -0.85     0.02
  SINCE DEC 1      5.29                      8.00  -2.71    11.48
  SINCE JAN 1      3.46                      4.76  -1.30     0.53

SNOWFALL (IN)
  YESTERDAY        0.0                                       0.0
  MONTH TO DATE    0.0                                       0.0
  SINCE DEC 1      0.8                                        T
  SINCE JUL 1      0.8                                        T

DEGREE DAYS
 HEATING
  YESTERDAY        3                        24    -21        6
  MONTH TO DATE  342                       527   -185      458
  SINCE DEC 1   1939                      2292   -353     1989
  SINCE JUL 1   2466                      3121   -655     2631
..................................................................


WIND (MPH)
  HIGHEST WIND SPEED    25   HIGHEST WIND DIRECTION     S (180)
  HIGHEST GUST SPEED    34   HIGHEST GUST DIRECTION     S (180)
  AVERAGE WIND SPEED     9.8


SKY COVER
  POSSIBLE SUNSHINE  MM
  AVERAGE SKY COVER 0.8


WEATHER CONDITIONS
 THE FOLLOWING WEATHER WAS RECORDED YESTERDAY.
  THUNDERSTORM
  RAIN
  LIGHT RAIN
  FOG


RELATIVE HUMIDITY (PERCENT)
 HIGHEST   100           800 AM
 LOWEST     58          1200 AM
 AVERAGE    79

..........................................................


THE FAYETTEVILLE ARKANSAS CLIMATE NORMALS FOR TODAY
                         NORMAL    RECORD    YEAR
 MAXIMUM TEMPERATURE (F)   53        83      1996
 MINIMUM TEMPERATURE (F)   30         6      1963


SUNRISE AND SUNSET
FEBRUARY 21 2017......SUNRISE   657 AM CST   SUNSET   604 PM CST
FEBRUARY 22 2017......SUNRISE   655 AM CST   SUNSET   605 PM CST


-  INDICATES NEGATIVE NUMBERS.
R  INDICATES RECORD WAS SET OR TIED.
MM INDICATES DATA IS MISSING.
T  INDICATES TRACE AMOUNT.




$$
