833
CDUS43 KUNR 100934
CLIGCC


CLIMATE REPORT
NATIONAL WEATHER SERVICE RAPID CITY SD
233 AM MST WED FEB 10 2016


...................................

...THE GILLETTE AIRPORT WY CLIMATE SUMMARY FOR FEBRUARY 9 2016...

CLIMATE NORMAL PERIOD 1981 TO 2010
CLIMATE RECORD PERIOD 9999 TO 9999


WEATHER ITEM   OBSERVED TIME   NORMAL DEPARTURE LAST
                VALUE   (LST)  VALUE  FROM      YEAR
                                      NORMAL
......................................................
TEMPERATURE (F)
 YESTERDAY
  MAXIMUM         52    401 PM  37     15       65
  MINIMUM         31    235 AM  16     15       30
  AVERAGE         42            26     16       48

PRECIPITATION (IN)
  YESTERDAY        0.00          0.02  -0.02      T
  MONTH TO DATE    0.37          0.14   0.23     0.04
  SINCE DEC 1      1.25          0.93   0.32     0.72
  SINCE JAN 1      0.77          0.53   0.24     0.32

DEGREE DAYS
 HEATING
  YESTERDAY       23            39    -16       17
  MONTH TO DATE  337           351    -14      263
  SINCE DEC 1   2648          2831   -183     2558
  SINCE JUL 1   4208          4706   -498     4341

 COOLING
  YESTERDAY        0             0      0        0
  MONTH TO DATE    0             0      0        0
  SINCE DEC 1      0             0      0        0
  SINCE JAN 1      0             0      0        0
......................................................


WIND (MPH)
  HIGHEST WIND SPEED    20   HIGHEST WIND DIRECTION     W (290)
  HIGHEST GUST SPEED    24   HIGHEST GUST DIRECTION    NW (300)
  AVERAGE WIND SPEED    12.2


SKY COVER
  AVERAGE SKY COVER 0.2


WEATHER CONDITIONS
 THE FOLLOWING WEATHER WAS RECORDED YESTERDAY.
  NO SIGNIFICANT WEATHER WAS OBSERVED.


RELATIVE HUMIDITY (PERCENT)
 HIGHEST    78           600 AM
 LOWEST     41           400 PM
 AVERAGE    60

..........................................................




SUNRISE AND SUNSET
FEBRUARY 10 2016......SUNRISE   710 AM MST   SUNSET   524 PM MST
FEBRUARY 11 2016......SUNRISE   708 AM MST   SUNSET   525 PM MST


-  INDICATES NEGATIVE NUMBERS.
R  INDICATES RECORD WAS SET OR TIED.
MM INDICATES DATA IS MISSING.
T  INDICATES TRACE AMOUNT.




$$
