000
CDUS43 KUNR 240836
CLIGCC


CLIMATE REPORT
NATIONAL WEATHER SERVICE RAPID CITY SD
135 AM MST FRI FEB 24 2017


...................................

...THE GILLETTE AIRPORT WY CLIMATE SUMMARY FOR FEBRUARY 23 2017...

CLIMATE NORMAL PERIOD 1981 TO 2010
CLIMATE RECORD PERIOD 9999 TO 9999


WEATHER ITEM   OBSERVED TIME   NORMAL DEPARTURE LAST
                VALUE   (LST)  VALUE  FROM      YEAR
                                      NORMAL
......................................................
TEMPERATURE (F)
 YESTERDAY
  MAXIMUM         30    227 AM  40    -10       44
  MINIMUM         23   1135 PM  18      5       19
  AVERAGE         27            29     -2       32

PRECIPITATION (IN)
  YESTERDAY        0.03          0.01   0.02     0.00
  MONTH TO DATE    0.27          0.33  -0.06     0.96
  SINCE DEC 1      1.66          1.12   0.54     1.84
  SINCE JAN 1      0.81          0.72   0.09     1.36

DEGREE DAYS
 HEATING
  YESTERDAY       38            36      2       33
  MONTH TO DATE  714           877   -163      702
  SINCE DEC 1   3168          3357   -189     3013
  SINCE JUL 1   4561          5232   -671     4573

 COOLING
  YESTERDAY        0             0      0        0
  MONTH TO DATE    0             0      0        0
  SINCE DEC 1      0             0      0        0
  SINCE JAN 1      0             0      0        0
......................................................


WIND (MPH)
  HIGHEST WIND SPEED    23   HIGHEST WIND DIRECTION    NE (30)
  HIGHEST GUST SPEED    27   HIGHEST GUST DIRECTION    NE (30)
  AVERAGE WIND SPEED    13.6


SKY COVER
  AVERAGE SKY COVER 1.0


WEATHER CONDITIONS
 THE FOLLOWING WEATHER WAS RECORDED YESTERDAY.
  LIGHT SNOW
  FOG


RELATIVE HUMIDITY (PERCENT)
 HIGHEST    92           100 AM
 LOWEST     74          1000 PM
 AVERAGE    83

..........................................................




SUNRISE AND SUNSET
FEBRUARY 24 2017......SUNRISE   647 AM MST   SUNSET   544 PM MST
FEBRUARY 25 2017......SUNRISE   645 AM MST   SUNSET   545 PM MST


-  INDICATES NEGATIVE NUMBERS.
R  INDICATES RECORD WAS SET OR TIED.
MM INDICATES DATA IS MISSING.
T  INDICATES TRACE AMOUNT.




$$
