000
CDUS43 KUNR 200836
CLIGCC


CLIMATE REPORT
NATIONAL WEATHER SERVICE RAPID CITY SD
135 AM MST SAT JAN 20 2018


...................................

...THE GILLETTE AIRPORT WY CLIMATE SUMMARY FOR JANUARY 19 2018...

CLIMATE NORMAL PERIOD 1981 TO 2010
CLIMATE RECORD PERIOD 9999 TO 9999


WEATHER ITEM   OBSERVED TIME   NORMAL DEPARTURE LAST
                VALUE   (LST)  VALUE  FROM      YEAR
                                      NORMAL
......................................................
TEMPERATURE (F)
 YESTERDAY
  MAXIMUM         48   1245 AM  37     11       47
  MINIMUM         33   1159 PM  15     18       28
  AVERAGE         41            26     15       38

PRECIPITATION (IN)
  YESTERDAY        0.10          0.02   0.08     0.00
  MONTH TO DATE    0.39          0.20   0.19     0.13
  SINCE DEC 1      1.10          0.60   0.50     0.98
  SINCE JAN 1      0.39          0.20   0.19     0.13

DEGREE DAYS
 HEATING
  YESTERDAY       24            39    -15       27
  MONTH TO DATE  683           746    -63      715
  SINCE DEC 1   1954          2012    -58     1984
  SINCE JUL 1   3725          3887   -162     3377

 COOLING
  YESTERDAY        0             0      0        0
  MONTH TO DATE    0             0      0        0
  SINCE DEC 1      0             0      0        0
  SINCE JAN 1      0             0      0        0
......................................................


WIND (MPH)
  HIGHEST WIND SPEED    38   HIGHEST WIND DIRECTION    SW (210)
  HIGHEST GUST SPEED    46   HIGHEST GUST DIRECTION    SW (220)
  AVERAGE WIND SPEED     9.2


SKY COVER
  AVERAGE SKY COVER 0.4


WEATHER CONDITIONS
 THE FOLLOWING WEATHER WAS RECORDED YESTERDAY.
  LIGHT SNOW
  FOG


RELATIVE HUMIDITY (PERCENT)
 HIGHEST   100          1000 PM
 LOWEST     45           500 AM
 AVERAGE    73

..........................................................




SUNRISE AND SUNSET
JANUARY 20 2018.......SUNRISE   731 AM MST   SUNSET   455 PM MST
JANUARY 21 2018.......SUNRISE   731 AM MST   SUNSET   457 PM MST


-  INDICATES NEGATIVE NUMBERS.
R  INDICATES RECORD WAS SET OR TIED.
MM INDICATES DATA IS MISSING.
T  INDICATES TRACE AMOUNT.




$$
