000
CDUS43 KUNR 200849
CLIGCC


CLIMATE REPORT
NATIONAL WEATHER SERVICE RAPID CITY SD
247 AM MDT THU JUL 20 2017


...................................

...THE GILLETTE AIRPORT WY CLIMATE SUMMARY FOR JULY 19 2017...

CLIMATE NORMAL PERIOD 1981 TO 2010
CLIMATE RECORD PERIOD 9999 TO 9999


WEATHER ITEM   OBSERVED TIME   NORMAL DEPARTURE LAST
                VALUE   (LST)  VALUE  FROM      YEAR
                                      NORMAL
......................................................
TEMPERATURE (F)
 YESTERDAY
  MAXIMUM         92    251 PM  88      4       98
  MINIMUM         68    520 AM  57     11       62
  AVERAGE         80            72      8       80

PRECIPITATION (IN)
  YESTERDAY        0.00          0.06  -0.06     0.00
  MONTH TO DATE    0.38          1.06  -0.68     0.18
  SINCE JUN 1      2.28          3.27  -0.99     0.62
  SINCE JAN 1      9.47          8.93   0.54     6.46

DEGREE DAYS
 HEATING
  YESTERDAY        0             0      0        0
  MONTH TO DATE    0            14    -14        7
  SINCE JUN 1     90           156    -66       41
  SINCE JUL 1      0            14    -14        7

 COOLING
  YESTERDAY       15             8      7       15
  MONTH TO DATE  232           120    112      108
  SINCE JUN 1    285           180    105      272
  SINCE JAN 1    289           188    101      272
......................................................


WIND (MPH)
  HIGHEST WIND SPEED    29   HIGHEST WIND DIRECTION     S (160)
  HIGHEST GUST SPEED    35   HIGHEST GUST DIRECTION     S (160)
  AVERAGE WIND SPEED    13.5


SKY COVER
  AVERAGE SKY COVER 0.0


WEATHER CONDITIONS
 THE FOLLOWING WEATHER WAS RECORDED YESTERDAY.
  NO SIGNIFICANT WEATHER WAS OBSERVED.


RELATIVE HUMIDITY (PERCENT)
 HIGHEST    78           400 AM
 LOWEST     20           300 PM
 AVERAGE    49

..........................................................




SUNRISE AND SUNSET
JULY 20 2017..........SUNRISE   537 AM MDT   SUNSET   839 PM MDT
JULY 21 2017..........SUNRISE   538 AM MDT   SUNSET   838 PM MDT


-  INDICATES NEGATIVE NUMBERS.
R  INDICATES RECORD WAS SET OR TIED.
MM INDICATES DATA IS MISSING.
T  INDICATES TRACE AMOUNT.




$$
