803
CDUS43 KUNR 290838
CLIGCC


CLIMATE REPORT
NATIONAL WEATHER SERVICE RAPID CITY SD
235 AM MDT WED MAR 29 2017


...................................

...THE GILLETTE AIRPORT WY CLIMATE SUMMARY FOR MARCH 28 2017...

CLIMATE NORMAL PERIOD 1981 TO 2010
CLIMATE RECORD PERIOD 9999 TO 9999


WEATHER ITEM   OBSERVED TIME   NORMAL DEPARTURE LAST
                VALUE   (LST)  VALUE  FROM      YEAR
                                      NORMAL
......................................................
TEMPERATURE (F)
 YESTERDAY
  MAXIMUM         50    257 PM  51     -1       58
  MINIMUM         34   1159 PM  25      9       27
  AVERAGE         42            38      4       43

PRECIPITATION (IN)
  YESTERDAY        0.00          0.04  -0.04     0.00
  MONTH TO DATE    0.79          0.85  -0.06     0.81
  SINCE MAR 1      0.79          0.85  -0.06     0.81
  SINCE JAN 1      1.63          1.63   0.00     2.32

DEGREE DAYS
 HEATING
  YESTERDAY       23            27     -4       22
  MONTH TO DATE  648           857   -209      702
  SINCE MAR 1    648           857   -209      702
  SINCE JUL 1   5405          6265   -860     5433

 COOLING
  YESTERDAY        0             0      0        0
  MONTH TO DATE    0             0      0        0
  SINCE MAR 1      0             0      0        0
  SINCE JAN 1      0             0      0        0
......................................................


WIND (MPH)
  HIGHEST WIND SPEED    24   HIGHEST WIND DIRECTION    NW (330)
  HIGHEST GUST SPEED    28   HIGHEST GUST DIRECTION    NW (330)
  AVERAGE WIND SPEED    10.7


SKY COVER
  AVERAGE SKY COVER 0.8


WEATHER CONDITIONS
 THE FOLLOWING WEATHER WAS RECORDED YESTERDAY.
  NO SIGNIFICANT WEATHER WAS OBSERVED.


RELATIVE HUMIDITY (PERCENT)
 HIGHEST    92          1200 AM
 LOWEST     66           300 PM
 AVERAGE    79

..........................................................




SUNRISE AND SUNSET
MARCH 29 2017.........SUNRISE   648 AM MDT   SUNSET   726 PM MDT
MARCH 30 2017.........SUNRISE   646 AM MDT   SUNSET   727 PM MDT


-  INDICATES NEGATIVE NUMBERS.
R  INDICATES RECORD WAS SET OR TIED.
MM INDICATES DATA IS MISSING.
T  INDICATES TRACE AMOUNT.




$$
