000
CDUS43 KUNR 050831
CLIGCC


CLIMATE REPORT
NATIONAL WEATHER SERVICE RAPID CITY SD
230 AM MDT THU MAY 5 2016


...................................

...THE GILLETTE AIRPORT WY CLIMATE SUMMARY FOR MAY 4 2016...

CLIMATE NORMAL PERIOD 1981 TO 2010
CLIMATE RECORD PERIOD 9999 TO 9999


WEATHER ITEM   OBSERVED TIME   NORMAL DEPARTURE LAST
                VALUE   (LST)  VALUE  FROM      YEAR
                                      NORMAL
......................................................
TEMPERATURE (F)
 YESTERDAY
  MAXIMUM         79    431 PM  62     17       61
  MINIMUM         44    456 AM  36      8       46
  AVERAGE         62            49     13       54

PRECIPITATION (IN)
  YESTERDAY        0.00          0.07  -0.07     0.11
  MONTH TO DATE    0.00          0.28  -0.28     0.31
  SINCE MAR 1      3.66          2.71   0.95     1.96
  SINCE JAN 1      5.17          3.49   1.68     2.81

DEGREE DAYS
 HEATING
  YESTERDAY        3            16    -13       11
  MONTH TO DATE   54            66    -12       36
  SINCE MAR 1   1449          1674   -225     1345
  SINCE JUL 1   6180          7082   -902     6435

 COOLING
  YESTERDAY        0             0      0        0
  MONTH TO DATE    0             0      0        0
  SINCE MAR 1      0             0      0        0
  SINCE JAN 1      0             0      0        0
......................................................


WIND (MPH)
  HIGHEST WIND SPEED    21   HIGHEST WIND DIRECTION     S (170)
  HIGHEST GUST SPEED    24   HIGHEST GUST DIRECTION     S (160)
  AVERAGE WIND SPEED     9.6


SKY COVER
  AVERAGE SKY COVER 0.0


WEATHER CONDITIONS
 THE FOLLOWING WEATHER WAS RECORDED YESTERDAY.
  NO SIGNIFICANT WEATHER WAS OBSERVED.


RELATIVE HUMIDITY (PERCENT)
 HIGHEST    82          1200 AM
 LOWEST     17           400 PM
 AVERAGE    50

..........................................................




SUNRISE AND SUNSET
MAY  5 2016...........SUNRISE   547 AM MDT   SUNSET   812 PM MDT
MAY  6 2016...........SUNRISE   545 AM MDT   SUNSET   813 PM MDT


-  INDICATES NEGATIVE NUMBERS.
R  INDICATES RECORD WAS SET OR TIED.
MM INDICATES DATA IS MISSING.
T  INDICATES TRACE AMOUNT.




$$
