000
CDUS43 KUNR 290837
CLIGCC


CLIMATE REPORT
NATIONAL WEATHER SERVICE RAPID CITY SD
135 AM MST THU JAN 29 2015


...................................

...THE GILLETTE AIRPORT WY CLIMATE SUMMARY FOR JANUARY 28 2015...

CLIMATE NORMAL PERIOD 1981 TO 2010
CLIMATE RECORD PERIOD 9999 TO 9999


WEATHER ITEM   OBSERVED TIME   NORMAL DEPARTURE LAST
                VALUE   (LST)  VALUE  FROM      YEAR
                                      NORMAL
......................................................
TEMPERATURE (F)
 YESTERDAY
  MAXIMUM         50    152 PM  37     13       25
  MINIMUM         24   1116 PM  15      9       -3
  AVERAGE         37            26     11       11

PRECIPITATION (IN)
  YESTERDAY        0.00          0.02  -0.02     0.00
  MONTH TO DATE    0.27          0.34  -0.07     0.37
  SINCE DEC 1      0.67          0.74  -0.07     1.04
  SINCE JAN 1      0.27          0.34  -0.07     0.37

DEGREE DAYS
 HEATING
  YESTERDAY       28            39    -11       54
  MONTH TO DATE 1052          1097    -45     1066
  SINCE DEC 1   2195          2363   -168     2466
  SINCE JUL 1   3978          4238   -260     4178

 COOLING
  YESTERDAY        0             0      0        0
  MONTH TO DATE    0             0      0        0
  SINCE DEC 1      0             0      0        0
  SINCE JAN 1      0             0      0        0
......................................................


WIND (MPH)
  HIGHEST WIND SPEED    30   HIGHEST WIND DIRECTION    NW (310)
  HIGHEST GUST SPEED    37   HIGHEST GUST DIRECTION    NW (320)
  AVERAGE WIND SPEED    12.3


SKY COVER
  AVERAGE SKY COVER 0.6


WEATHER CONDITIONS
 THE FOLLOWING WEATHER WAS RECORDED YESTERDAY.
  NO SIGNIFICANT WEATHER WAS OBSERVED.


RELATIVE HUMIDITY (PERCENT)
 HIGHEST    92           800 PM
 LOWEST     42           100 PM
 AVERAGE    67

..........................................................




SUNRISE AND SUNSET
JANUARY 29 2015.......SUNRISE   724 AM MST   SUNSET   507 PM MST
JANUARY 30 2015.......SUNRISE   723 AM MST   SUNSET   509 PM MST


-  INDICATES NEGATIVE NUMBERS.
R  INDICATES RECORD WAS SET OR TIED.
MM INDICATES DATA IS MISSING.
T  INDICATES TRACE AMOUNT.




$$
