000
CDUS43 KUNR 020832
CLIGCC


CLIMATE REPORT
NATIONAL WEATHER SERVICE RAPID CITY SD
232 AM MDT WED SEP 2 2015


...................................

...THE GILLETTE AIRPORT WY CLIMATE SUMMARY FOR SEPTEMBER 1 2015...

CLIMATE NORMAL PERIOD 1981 TO 2010
CLIMATE RECORD PERIOD 9999 TO 9999


WEATHER ITEM   OBSERVED TIME   NORMAL DEPARTURE LAST
                VALUE   (LST)  VALUE  FROM      YEAR
                                      NORMAL
......................................................
TEMPERATURE (F)
 YESTERDAY
  MAXIMUM         91    347 PM  81     10       64
  MINIMUM         50    352 AM  49      1       47
  AVERAGE         71            65      6       56

PRECIPITATION (IN)
  YESTERDAY        0.00          0.04  -0.04     0.02
  MONTH TO DATE    0.00          0.04  -0.04     0.02
  SINCE SEP 1      0.00          0.04  -0.04     0.02
  SINCE JAN 1     13.14         10.52   2.62    15.28

DEGREE DAYS
 HEATING
  YESTERDAY        0             3     -3        9
  MONTH TO DATE    0             3     -3        9
  SINCE SEP 1      0             3     -3        9
  SINCE JUL 1     65            60      5       58

 COOLING
  YESTERDAY        6             3      3        0
  MONTH TO DATE    6             3      3        0
  SINCE SEP 1      6             3      3        0
  SINCE JAN 1    459           463     -4      355
......................................................


WIND (MPH)
  HIGHEST WIND SPEED    21   HIGHEST WIND DIRECTION     S (200)
  HIGHEST GUST SPEED    26   HIGHEST GUST DIRECTION     S (190)
  AVERAGE WIND SPEED     7.3


SKY COVER
  AVERAGE SKY COVER 0.0


WEATHER CONDITIONS
 THE FOLLOWING WEATHER WAS RECORDED YESTERDAY.
  NO SIGNIFICANT WEATHER WAS OBSERVED.


RELATIVE HUMIDITY (PERCENT)
 HIGHEST    89          1200 AM
 LOWEST     11           200 PM
 AVERAGE    50

..........................................................




SUNRISE AND SUNSET
SEPTEMBER  2 2015.....SUNRISE   626 AM MDT   SUNSET   737 PM MDT
SEPTEMBER  3 2015.....SUNRISE   627 AM MDT   SUNSET   735 PM MDT


-  INDICATES NEGATIVE NUMBERS.
R  INDICATES RECORD WAS SET OR TIED.
MM INDICATES DATA IS MISSING.
T  INDICATES TRACE AMOUNT.




$$
