000
CDUS43 KUNR 260850
CLIGCC


CLIMATE REPORT
NATIONAL WEATHER SERVICE RAPID CITY SD
247 AM MDT TUE MAY 26 2015


...................................

...THE GILLETTE AIRPORT WY CLIMATE SUMMARY FOR MAY 25 2015...

CLIMATE NORMAL PERIOD 1981 TO 2010
CLIMATE RECORD PERIOD 9999 TO 9999


WEATHER ITEM   OBSERVED TIME   NORMAL DEPARTURE LAST
                VALUE   (LST)  VALUE  FROM      YEAR
                                      NORMAL
......................................................
TEMPERATURE (F)
 YESTERDAY
  MAXIMUM         59    509 PM  69    -10       73
  MINIMUM         42   1133 PM  42      0       51
  AVERAGE         51            55     -4       62

PRECIPITATION (IN)
  YESTERDAY        0.08          0.08   0.00     0.00
  MONTH TO DATE    3.76          1.94   1.82     6.41
  SINCE MAR 1      5.41          4.37   1.04     8.30
  SINCE JAN 1      6.26          5.15   1.11     9.58

DEGREE DAYS
 HEATING
  YESTERDAY       14            10      4        3
  MONTH TO DATE  424           331     93      370
  SINCE MAR 1   1733          1939   -206     1975
  SINCE JUL 1   6823          7347   -524     7620

 COOLING
  YESTERDAY        0             0      0        0
  MONTH TO DATE    0             0      0        0
  SINCE MAR 1      0             0      0        0
  SINCE JAN 1      0             0      0        0
......................................................


WIND (MPH)
  HIGHEST WIND SPEED    16   HIGHEST WIND DIRECTION     N (360)
  HIGHEST GUST SPEED    20   HIGHEST GUST DIRECTION     N (340)
  AVERAGE WIND SPEED     9.0


SKY COVER
  AVERAGE SKY COVER 0.9


WEATHER CONDITIONS
 THE FOLLOWING WEATHER WAS RECORDED YESTERDAY.
  LIGHT RAIN
  FOG


RELATIVE HUMIDITY (PERCENT)
 HIGHEST   100           200 AM
 LOWEST     72           100 PM
 AVERAGE    86

..........................................................




SUNRISE AND SUNSET
MAY 26 2015...........SUNRISE   525 AM MDT   SUNSET   834 PM MDT
MAY 27 2015...........SUNRISE   524 AM MDT   SUNSET   835 PM MDT


-  INDICATES NEGATIVE NUMBERS.
R  INDICATES RECORD WAS SET OR TIED.
MM INDICATES DATA IS MISSING.
T  INDICATES TRACE AMOUNT.




$$
