000
CDUS43 KUNR 200849
CLIGCC


CLIMATE REPORT
NATIONAL WEATHER SERVICE RAPID CITY SD
248 AM MDT WED SEP 20 2017


...................................

...THE GILLETTE AIRPORT WY CLIMATE SUMMARY FOR SEPTEMBER 19 2017...

CLIMATE NORMAL PERIOD 1981 TO 2010
CLIMATE RECORD PERIOD 9999 TO 9999


WEATHER ITEM   OBSERVED TIME   NORMAL DEPARTURE LAST
                VALUE   (LST)  VALUE  FROM      YEAR
                                      NORMAL
......................................................
TEMPERATURE (F)
 YESTERDAY
  MAXIMUM         63   1218 AM  71     -8       83
  MINIMUM         37   1135 PM  42     -5       44
  AVERAGE         50            57     -7       64

PRECIPITATION (IN)
  YESTERDAY        0.21          0.04   0.17      T
  MONTH TO DATE    1.20          0.67   0.53     0.90
  SINCE SEP 1      1.20          0.67   0.53     0.90
  SINCE JAN 1     11.35         11.15   0.20    10.06

DEGREE DAYS
 HEATING
  YESTERDAY       15             9      6        1
  MONTH TO DATE  118           111      7      109
  SINCE SEP 1    118           111      7      109
  SINCE JUL 1    153           168    -15      163

 COOLING
  YESTERDAY        0             1     -1        0
  MONTH TO DATE   65            37     28       25
  SINCE SEP 1     65            37     28       25
  SINCE JAN 1    617           497    120      569
......................................................


WIND (MPH)
  HIGHEST WIND SPEED    21   HIGHEST WIND DIRECTION    NW (310)
  HIGHEST GUST SPEED    26   HIGHEST GUST DIRECTION    NW (320)
  AVERAGE WIND SPEED     8.7


SKY COVER
  AVERAGE SKY COVER 0.5


WEATHER CONDITIONS
 THE FOLLOWING WEATHER WAS RECORDED YESTERDAY.
  HEAVY RAIN
  RAIN
  LIGHT RAIN
  FOG


RELATIVE HUMIDITY (PERCENT)
 HIGHEST    93           100 PM
 LOWEST     36          1200 AM
 AVERAGE    65

..........................................................




SUNRISE AND SUNSET
SEPTEMBER 20 2017.....SUNRISE   647 AM MDT   SUNSET   703 PM MDT
SEPTEMBER 21 2017.....SUNRISE   648 AM MDT   SUNSET   701 PM MDT


-  INDICATES NEGATIVE NUMBERS.
R  INDICATES RECORD WAS SET OR TIED.
MM INDICATES DATA IS MISSING.
T  INDICATES TRACE AMOUNT.




$$
