000
CDUS43 KUNR 010833
CLIGCC


CLIMATE REPORT
NATIONAL WEATHER SERVICE RAPID CITY SD
232 AM MDT SAT NOV 1 2014


...................................

...THE GILLETTE AIRPORT WY CLIMATE SUMMARY FOR OCTOBER 31 2014...

CLIMATE NORMAL PERIOD 1981 TO 2010
CLIMATE RECORD PERIOD 9999 TO 9999


WEATHER ITEM   OBSERVED TIME   NORMAL DEPARTURE LAST
                VALUE   (LST)  VALUE  FROM      YEAR
                                      NORMAL
......................................................
TEMPERATURE (F)
 YESTERDAY
  MAXIMUM         57    321 PM  53      4       51
  MINIMUM         32    638 AM  27      5       32
  AVERAGE         45            40      5       42

PRECIPITATION (IN)
  YESTERDAY        0.00          0.03  -0.03      T
  MONTH TO DATE    0.59          1.27  -0.68     2.75
  SINCE SEP 1      1.88          2.46  -0.58     5.13
  SINCE JAN 1     17.14         12.94   4.20    18.56

DEGREE DAYS
 HEATING
  YESTERDAY       20            25     -5       23
  MONTH TO DATE  438           615   -177      677
  SINCE SEP 1    665           852   -187      818
  SINCE JUL 1    714           909   -195      818

 COOLING
  YESTERDAY        0             0      0        0
  MONTH TO DATE    0             2     -2        0
  SINCE SEP 1     57            42     15       93
  SINCE JAN 1    412           502    -90      615
......................................................


WIND (MPH)
  HIGHEST WIND SPEED    38   HIGHEST WIND DIRECTION     S (160)
  HIGHEST GUST SPEED    43   HIGHEST GUST DIRECTION     S (170)
  AVERAGE WIND SPEED    25.1


SKY COVER
  AVERAGE SKY COVER 0.0


WEATHER CONDITIONS
 THE FOLLOWING WEATHER WAS RECORDED YESTERDAY.
  NO SIGNIFICANT WEATHER WAS OBSERVED.


RELATIVE HUMIDITY (PERCENT)
 HIGHEST    82          1200 AM
 LOWEST     38           200 PM
 AVERAGE    60

..........................................................




SUNRISE AND SUNSET
NOVEMBER  1 2014......SUNRISE   739 AM MDT   SUNSET   551 PM MDT
NOVEMBER  2 2014......SUNRISE   641 AM MST   SUNSET   450 PM MST


-  INDICATES NEGATIVE NUMBERS.
R  INDICATES RECORD WAS SET OR TIED.
MM INDICATES DATA IS MISSING.
T  INDICATES TRACE AMOUNT.




$$
