000
CDUS43 KUNR 310843
CLIGCC


CLIMATE REPORT
NATIONAL WEATHER SERVICE RAPID CITY SD
243 AM MDT TUE MAY 31 2016


...................................

...THE GILLETTE AIRPORT WY CLIMATE SUMMARY FOR MAY 30 2016...

CLIMATE NORMAL PERIOD 1981 TO 2010
CLIMATE RECORD PERIOD 9999 TO 9999


WEATHER ITEM   OBSERVED TIME   NORMAL DEPARTURE LAST
                VALUE   (LST)  VALUE  FROM      YEAR
                                      NORMAL
......................................................
TEMPERATURE (F)
 YESTERDAY
  MAXIMUM         67    232 PM  70     -3       70
  MINIMUM         39   1141 PM  43     -4       41
  AVERAGE         53            57     -4       56

PRECIPITATION (IN)
  YESTERDAY        0.07          0.09  -0.02     0.00
  MONTH TO DATE    0.67          2.36  -1.69     4.62
  SINCE MAR 1      4.33          4.79  -0.46     6.27
  SINCE JAN 1      5.84          5.57   0.27     7.12

DEGREE DAYS
 HEATING
  YESTERDAY       12             9      3        9
  MONTH TO DATE  398           377     21      475
  SINCE MAR 1   1793          1985   -192     1784
  SINCE JUL 1   6524          7393   -869     6874

 COOLING
  YESTERDAY        0             0      0        0
  MONTH TO DATE    0             0      0        0
  SINCE MAR 1      0             0      0        0
  SINCE JAN 1      0             0      0        0
......................................................


WIND (MPH)
  HIGHEST WIND SPEED    33   HIGHEST WIND DIRECTION     N (340)
  HIGHEST GUST SPEED    43   HIGHEST GUST DIRECTION    NW (320)
  AVERAGE WIND SPEED    12.0


SKY COVER
  AVERAGE SKY COVER 0.5


WEATHER CONDITIONS
 THE FOLLOWING WEATHER WAS RECORDED YESTERDAY.
  THUNDERSTORM
  LIGHT RAIN
  FOG
  HAZE


RELATIVE HUMIDITY (PERCENT)
 HIGHEST    93           800 PM
 LOWEST     48           100 PM
 AVERAGE    71

..........................................................




SUNRISE AND SUNSET
MAY 31 2016...........SUNRISE   521 AM MDT   SUNSET   839 PM MDT
JUNE  1 2016..........SUNRISE   521 AM MDT   SUNSET   840 PM MDT


-  INDICATES NEGATIVE NUMBERS.
R  INDICATES RECORD WAS SET OR TIED.
MM INDICATES DATA IS MISSING.
T  INDICATES TRACE AMOUNT.




$$
