000
CDUS43 KUNR 210830
CLIGCC


CLIMATE REPORT
NATIONAL WEATHER SERVICE RAPID CITY SD
230 AM MDT THU AUG 21 2014


...................................

...THE GILLETTE AIRPORT WY CLIMATE SUMMARY FOR AUGUST 20 2014...

CLIMATE NORMAL PERIOD 1981 TO 2010
CLIMATE RECORD PERIOD 9999 TO 9999


WEATHER ITEM   OBSERVED TIME   NORMAL DEPARTURE LAST
                VALUE   (LST)  VALUE  FROM      YEAR
                                      NORMAL
......................................................
TEMPERATURE (F)
 YESTERDAY
  MAXIMUM         83   1255 PM  85     -2       89
  MINIMUM         57   1022 PM  52      5       56
  AVERAGE         70            69      1       73

PRECIPITATION (IN)
  YESTERDAY        T             0.03  -0.03     0.00
  MONTH TO DATE    0.27          0.67  -0.40     0.99
  SINCE JUN 1      3.78          4.54  -0.76     6.39
  SINCE JAN 1     13.38         10.20   3.18    13.43

DEGREE DAYS
 HEATING
  YESTERDAY        0             1     -1        0
  MONTH TO DATE    0            17    -17        0
  SINCE JUN 1    205           178     27      117
  SINCE JUL 1     13            36    -23        0

 COOLING
  YESTERDAY        5             5      0        8
  MONTH TO DATE  134           133      1      131
  SINCE JUN 1    328           407    -79      395
  SINCE JAN 1    336           415    -79      403
......................................................


WIND (MPH)
  HIGHEST WIND SPEED    24   HIGHEST WIND DIRECTION     N (340)
  HIGHEST GUST SPEED    30   HIGHEST GUST DIRECTION     N (350)
  AVERAGE WIND SPEED    10.9


SKY COVER
  AVERAGE SKY COVER 0.1


WEATHER CONDITIONS
 THE FOLLOWING WEATHER WAS RECORDED YESTERDAY.
  THUNDERSTORM
  LIGHT RAIN


RELATIVE HUMIDITY (PERCENT)
 HIGHEST    67          1000 PM
 LOWEST     28          1200 PM
 AVERAGE    48

..........................................................




SUNRISE AND SUNSET
AUGUST 21 2014........SUNRISE   612 AM MDT   SUNSET   757 PM MDT
AUGUST 22 2014........SUNRISE   613 AM MDT   SUNSET   756 PM MDT


-  INDICATES NEGATIVE NUMBERS.
R  INDICATES RECORD WAS SET OR TIED.
MM INDICATES DATA IS MISSING.
T  INDICATES TRACE AMOUNT.




$$
