000
CDUS43 KDDC 280712
CLIGCK


CLIMATE REPORT
NATIONAL WEATHER SERVICE DODGE CITY KS
212 AM CDT WED JUN 28 2017


...................................

...THE GARDEN CITY REGIONAL ARPT KS CLIMATE SUMMARY FOR JUNE 27 2017...

CLIMATE NORMAL PERIOD 1981 TO 2010
CLIMATE RECORD PERIOD 1948 TO 2017


WEATHER ITEM   OBSERVED TIME   RECORD YEAR NORMAL DEPARTURE LAST
                VALUE   (LST)  VALUE       VALUE  FROM      YEAR
                                                  NORMAL
..................................................................
TEMPERATURE (F)
 YESTERDAY
  MAXIMUM         97    412 PM 109    2012  90      7       92
  MINIMUM         63    539 AM  45    1985  63      0       64
  AVERAGE         80                        76      4       78

PRECIPITATION (IN)
  YESTERDAY        0.00          1.46 1992   0.12  -0.12     0.61
  MONTH TO DATE    0.65                      3.15  -2.50     4.23
  SINCE JUN 1      0.65                      3.15  -2.50     4.23
  SINCE JAN 1      8.96                     10.09  -1.13     9.69

DEGREE DAYS
 HEATING
  YESTERDAY        0                         0      0
  MONTH TO DATE    0                        14    -14
  SINCE JUN 1      0                        14    -14
  SINCE JUL 1   4431                      5205   -774

 COOLING
  YESTERDAY       15                        11      4
  MONTH TO DATE  296                       218     78
  SINCE JUN 1    296                       218     78
  SINCE JAN 1    386                       307     79
..................................................................


WIND (MPH)
  HIGHEST WIND SPEED    31   HIGHEST WIND DIRECTION     S (180)
  HIGHEST GUST SPEED    39   HIGHEST GUST DIRECTION     S (190)
  AVERAGE WIND SPEED    18.6



WEATHER CONDITIONS
 THE FOLLOWING WEATHER WAS RECORDED YESTERDAY.
  NO SIGNIFICANT WEATHER WAS OBSERVED.


RELATIVE HUMIDITY (PERCENT)
 HIGHEST    93           500 AM
 LOWEST     24           100 PM
 AVERAGE    59

..........................................................


THE GARDEN CITY REGIONAL ARPT KS CLIMATE NORMALS FOR TODAY
                         NORMAL    RECORD    YEAR
 MAXIMUM TEMPERATURE (F)   90       108      1968
 MINIMUM TEMPERATURE (F)   63        52      1985


SUNRISE AND SUNSET
JUNE 28 2017..........SUNRISE   623 AM CDT   SUNSET   909 PM CDT
JUNE 29 2017..........SUNRISE   623 AM CDT   SUNSET   909 PM CDT


-  INDICATES NEGATIVE NUMBERS.
R  INDICATES RECORD WAS SET OR TIED.
MM INDICATES DATA IS MISSING.
T  INDICATES TRACE AMOUNT.




$$
