000
CDUS43 KDDC 282327
CLIGCK


CLIMATE REPORT
NATIONAL WEATHER SERVICE DODGE CITY KS
627 PM CDT THU AUG 28 2014


...................................

...THE GARDEN CITY REGIONAL ARPT KS CLIMATE SUMMARY FOR AUGUST 28 2014...
VALID TODAY AS OF 0500 PM LOCAL TIME.

CLIMATE NORMAL PERIOD 1981 TO 2010
CLIMATE RECORD PERIOD 1948 TO 2014


WEATHER ITEM   OBSERVED TIME   RECORD YEAR NORMAL DEPARTURE LAST
                VALUE   (LST)  VALUE       VALUE  FROM      YEAR
                                                  NORMAL
..................................................................
TEMPERATURE (F)
 TODAY
  MAXIMUM         83    355 PM 105    1984  88     -5       95
  MINIMUM         62    618 AM  46    1976  62      0       67
  AVERAGE         73                        75     -2       81

PRECIPITATION (IN)
  TODAY            0.00          1.10 1950   0.06  -0.06     0.00
  MONTH TO DATE    1.77                      2.26  -0.49     4.92
  SINCE JUN 1     16.21                      8.52   7.69     8.59
  SINCE JAN 1     17.57                     15.46   2.11    10.16

DEGREE DAYS
 HEATING
  TODAY            0                         0      0        0
  MONTH TO DATE    0                         0      0        0
  SINCE JUN 1     21                        17      4       12
  SINCE JUL 1     10                         1      9        0

 COOLING
  TODAY            8                        10     -2       16
  MONTH TO DATE  368                       336     32      305
  SINCE JUN 1    984                       998    -14     1140
  SINCE JAN 1   1127                      1087     40     1287
..................................................................


WIND (MPH)
  HIGHEST WIND SPEED    20   HIGHEST WIND DIRECTION     N (340)
  HIGHEST GUST SPEED    23   HIGHEST GUST DIRECTION    NW (320)
  AVERAGE WIND SPEED     6.9



WEATHER CONDITIONS
 THE FOLLOWING WEATHER WAS RECORDED TODAY.
  FOG
  HAZE


RELATIVE HUMIDITY (PERCENT)
 HIGHEST    93          1200 AM
 LOWEST     46           400 PM
 AVERAGE    70

..........................................................


THE GARDEN CITY REGIONAL ARPT KS CLIMATE NORMALS FOR TOMORROW
                         NORMAL    RECORD    YEAR
 MAXIMUM TEMPERATURE (F)   88       104      1984
 MINIMUM TEMPERATURE (F)   61        47      1988


SUNRISE AND SUNSET
AUGUST 28 2014........SUNRISE   709 AM CDT   SUNSET   818 PM CDT
AUGUST 29 2014........SUNRISE   710 AM CDT   SUNSET   817 PM CDT


-  INDICATES NEGATIVE NUMBERS.
R  INDICATES RECORD WAS SET OR TIED.
MM INDICATES DATA IS MISSING.
T  INDICATES TRACE AMOUNT.




$$
