000
CDUS43 KDDC 251009
CLIGCK


CLIMATE REPORT
NATIONAL WEATHER SERVICE DODGE CITY KS
507 AM CDT MON MAY 25 2015


...................................

...THE GARDEN CITY REGIONAL ARPT KS CLIMATE SUMMARY FOR MAY 24 2015...

CLIMATE NORMAL PERIOD 1981 TO 2010
CLIMATE RECORD PERIOD 1948 TO 2015


WEATHER ITEM   OBSERVED TIME   RECORD YEAR NORMAL DEPARTURE LAST
                VALUE   (LST)  VALUE       VALUE  FROM      YEAR
                                                  NORMAL
..................................................................
TEMPERATURE (F)
 YESTERDAY
  MAXIMUM         68    519 PM 102    1967  79    -11       79
  MINIMUM         54   1144 PM  37    1979  53      1       57
  AVERAGE         61                        66     -5       68

PRECIPITATION (IN)
  YESTERDAY        0.18          1.92 1999   0.10   0.08     0.00
  MONTH TO DATE    6.26                      2.12   4.14     0.60
  SINCE MAR 1      6.94                      5.30   1.64     1.11
  SINCE JAN 1      7.71                      6.18   1.53     1.27

DEGREE DAYS
 HEATING
  YESTERDAY        4                         3      1
  MONTH TO DATE  158                       116     42
  SINCE MAR 1   1038                      1154   -116
  SINCE JUL 1   4946                      5178   -232

 COOLING
  YESTERDAY        0                         3     -3
  MONTH TO DATE   17                        47    -30
  SINCE MAR 1     24                        59    -35
  SINCE JAN 1     24                        59    -35
..................................................................


WIND (MPH)
  HIGHEST WIND SPEED    35   HIGHEST WIND DIRECTION    SE (130)
  HIGHEST GUST SPEED    44   HIGHEST GUST DIRECTION    NW (330)
  AVERAGE WIND SPEED    12.7



WEATHER CONDITIONS
 THE FOLLOWING WEATHER WAS RECORDED YESTERDAY.
  THUNDERSTORM
  RAIN
  LIGHT RAIN
  FOG
  FOG W/VISIBILITY <= 1/4 MILE


RELATIVE HUMIDITY (PERCENT)
 HIGHEST   100          1200 AM
 LOWEST     73           100 PM
 AVERAGE    87

..........................................................


THE GARDEN CITY REGIONAL ARPT KS CLIMATE NORMALS FOR TODAY
                         NORMAL    RECORD    YEAR
 MAXIMUM TEMPERATURE (F)   79       103      1953
 MINIMUM TEMPERATURE (F)   53        36      2002


SUNRISE AND SUNSET
MAY 25 2015...........SUNRISE   626 AM CDT   SUNSET   854 PM CDT
MAY 26 2015...........SUNRISE   625 AM CDT   SUNSET   855 PM CDT


-  INDICATES NEGATIVE NUMBERS.
R  INDICATES RECORD WAS SET OR TIED.
MM INDICATES DATA IS MISSING.
T  INDICATES TRACE AMOUNT.




$$
