256
CDUS43 KDDC 130712
CLIGCK


CLIMATE REPORT
NATIONAL WEATHER SERVICE DODGE CITY KS
110 AM CST SAT FEB 13 2016


...................................

...THE GARDEN CITY REGIONAL ARPT KS CLIMATE SUMMARY FOR FEBRUARY 12 2016...

CLIMATE NORMAL PERIOD 1981 TO 2010
CLIMATE RECORD PERIOD 1948 TO 2016


WEATHER ITEM   OBSERVED TIME   RECORD YEAR NORMAL DEPARTURE LAST
                VALUE   (LST)  VALUE       VALUE  FROM      YEAR
                                                  NORMAL
..................................................................
TEMPERATURE (F)
 YESTERDAY
  MAXIMUM         51    236 PM  82    1962  47      4       53
  MINIMUM         25   1159 PM  -7    1965  21      4       20
  AVERAGE         38                        34      4       37

PRECIPITATION (IN)
  YESTERDAY        0.00          0.47 1949   0.02  -0.02     0.00
  MONTH TO DATE    0.07                      0.20  -0.13      T
  SINCE DEC 1      1.20                      1.06   0.14     0.43
  SINCE JAN 1      0.10                      0.54  -0.44     0.38

DEGREE DAYS
 HEATING
  YESTERDAY       27                        31     -4
  MONTH TO DATE  357                       387    -30
  SINCE DEC 1   2246                      2478   -232
  SINCE JUL 1   3083                      3567   -484

 COOLING
  YESTERDAY        0                         0      0
  MONTH TO DATE    0                         0      0
  SINCE DEC 1      0                         0      0
  SINCE JAN 1      0                         0      0
..................................................................


WIND (MPH)
  HIGHEST WIND SPEED    23   HIGHEST WIND DIRECTION     E (80)
  HIGHEST GUST SPEED    27   HIGHEST GUST DIRECTION     E (80)
  AVERAGE WIND SPEED    10.8



WEATHER CONDITIONS
 THE FOLLOWING WEATHER WAS RECORDED YESTERDAY.
  NO SIGNIFICANT WEATHER WAS OBSERVED.


RELATIVE HUMIDITY (PERCENT)
 HIGHEST    85           600 AM
 LOWEST     50           100 PM
 AVERAGE    68

..........................................................


THE GARDEN CITY REGIONAL ARPT KS CLIMATE NORMALS FOR TODAY
                         NORMAL    RECORD    YEAR
 MAXIMUM TEMPERATURE (F)   48        82      1954
 MINIMUM TEMPERATURE (F)   21        -1      1965


SUNRISE AND SUNSET
FEBRUARY 13 2016......SUNRISE   736 AM CST   SUNSET   619 PM CST
FEBRUARY 14 2016......SUNRISE   734 AM CST   SUNSET   620 PM CST


-  INDICATES NEGATIVE NUMBERS.
R  INDICATES RECORD WAS SET OR TIED.
MM INDICATES DATA IS MISSING.
T  INDICATES TRACE AMOUNT.




$$
