000
CDUS43 KDDC 210707
CLIGCK


CLIMATE REPORT
NATIONAL WEATHER SERVICE DODGE CITY KS
206 AM CDT SAT OCT 21 2017


...................................

...THE GARDEN CITY REGIONAL ARPT KS CLIMATE SUMMARY FOR OCTOBER 20 2017...

CLIMATE NORMAL PERIOD 1981 TO 2010
CLIMATE RECORD PERIOD 1948 TO 2017


WEATHER ITEM   OBSERVED TIME   RECORD YEAR NORMAL DEPARTURE LAST
                VALUE   (LST)  VALUE       VALUE  FROM      YEAR
                                                  NORMAL
..................................................................
TEMPERATURE (F)
 YESTERDAY
  MAXIMUM         80    329 PM  93    2003  68     12       63
                                      1978
  MINIMUM         54    716 AM  20    1982  40     14       37
  AVERAGE         67                        54     13       50

PRECIPITATION (IN)
  YESTERDAY        0.00          1.58 1953   0.04  -0.04     0.00
  MONTH TO DATE    0.97                      0.91   0.06      T
  SINCE SEP 1      5.68                      2.38   3.30     0.19
  SINCE JAN 1     20.50                     18.03   2.47    20.02

DEGREE DAYS
 HEATING
  YESTERDAY        0                        11    -11
  MONTH TO DATE  109                       167    -58
  SINCE SEP 1    158                       235    -77
  SINCE JUL 1    158                       239    -81

 COOLING
  YESTERDAY        2                         0      2
  MONTH TO DATE   27                        18      9
  SINCE SEP 1    226                       180     46
  SINCE JAN 1   1373                      1296     77
..................................................................


WIND (MPH)
  HIGHEST WIND SPEED    35   HIGHEST WIND DIRECTION     S (180)
  HIGHEST GUST SPEED    42   HIGHEST GUST DIRECTION     S (180)
  AVERAGE WIND SPEED    20.9



WEATHER CONDITIONS
 THE FOLLOWING WEATHER WAS RECORDED YESTERDAY.
  LIGHT RAIN


RELATIVE HUMIDITY (PERCENT)
 HIGHEST    77           800 AM
 LOWEST     39           400 PM
 AVERAGE    58

..........................................................


THE GARDEN CITY REGIONAL ARPT KS CLIMATE NORMALS FOR TODAY
                         NORMAL    RECORD    YEAR
 MAXIMUM TEMPERATURE (F)   68        92      2003
 MINIMUM TEMPERATURE (F)   39        26      1990


SUNRISE AND SUNSET
OCTOBER 21 2017.......SUNRISE   758 AM CDT   SUNSET   657 PM CDT
OCTOBER 22 2017.......SUNRISE   759 AM CDT   SUNSET   655 PM CDT


-  INDICATES NEGATIVE NUMBERS.
R  INDICATES RECORD WAS SET OR TIED.
MM INDICATES DATA IS MISSING.
T  INDICATES TRACE AMOUNT.




$$
