000
CDUS43 KDDC 161426
CLIGCK


CLIMATE REPORT
NATIONAL WEATHER SERVICE DODGE CITY KS
825 AM CST SAT DEC 16 2017


...................................

...THE GARDEN CITY REGIONAL ARPT KS CLIMATE SUMMARY FOR DECEMBER 16 2017...
VALID AS OF 0800 AM LOCAL TIME.

CLIMATE NORMAL PERIOD 1981 TO 2010
CLIMATE RECORD PERIOD 1948 TO 2017


WEATHER ITEM   OBSERVED TIME   RECORD YEAR NORMAL DEPARTURE LAST
                VALUE   (LST)  VALUE       VALUE  FROM      YEAR
                                                  NORMAL
..................................................................
TEMPERATURE (F)
 TODAY
  MAXIMUM         37   1204 AM  69    1980  44     -7       34
  MINIMUM         20    637 AM  -3    1972  18      2       20
  AVERAGE         29                        31     -2       27

PRECIPITATION (IN)
  TODAY            0.00          0.11 1990   0.02  -0.02     0.00
  MONTH TO DATE    0.00                      0.28  -0.28     0.03
  SINCE DEC 1      0.00                      0.28  -0.28     0.03
  SINCE JAN 1     20.57                     19.23   1.34    20.12

..................................................................


WIND (MPH)
  HIGHEST WIND SPEED    15   HIGHEST WIND DIRECTION    SW (210)
  HIGHEST GUST SPEED    19   HIGHEST GUST DIRECTION     S (200)



WEATHER CONDITIONS
 THE FOLLOWING WEATHER WAS RECORDED TODAY.
  NO SIGNIFICANT WEATHER WAS OBSERVED.


RELATIVE HUMIDITY (PERCENT)
 HIGHEST    71           600 AM
 LOWEST     44          1200 AM

..........................................................


THE GARDEN CITY REGIONAL ARPT KS CLIMATE NORMALS FOR TOMORROW
                         NORMAL    RECORD    YEAR
 MAXIMUM TEMPERATURE (F)   44        75      1980
 MINIMUM TEMPERATURE (F)   18       -13      2016


SUNRISE AND SUNSET
DECEMBER 16 2017......SUNRISE   752 AM CST   SUNSET   525 PM CST
DECEMBER 17 2017......SUNRISE   753 AM CST   SUNSET   525 PM CST


-  INDICATES NEGATIVE NUMBERS.
R  INDICATES RECORD WAS SET OR TIED.
MM INDICATES DATA IS MISSING.
T  INDICATES TRACE AMOUNT.




$$
