000
CDUS43 KDDC 272326
CLIGCK


CLIMATE REPORT
NATIONAL WEATHER SERVICE DODGE CITY KS
525 PM CST SAT DEC 27 2014


...................................

...THE GARDEN CITY REGIONAL ARPT KS CLIMATE SUMMARY FOR DECEMBER 27 2014...
VALID TODAY AS OF 0500 PM LOCAL TIME.

CLIMATE NORMAL PERIOD 1981 TO 2010
CLIMATE RECORD PERIOD 1948 TO 2014


WEATHER ITEM   OBSERVED TIME   RECORD YEAR NORMAL DEPARTURE LAST
                VALUE   (LST)  VALUE       VALUE  FROM      YEAR
                                                  NORMAL
..................................................................
TEMPERATURE (F)
 TODAY
  MAXIMUM         32    359 PM  73    1980  43    -11       60
  MINIMUM          8    819 AM  -8    1987  18    -10       20
  AVERAGE         20                        30    -10       40

PRECIPITATION (IN)
  TODAY            0.00          0.50 1982   0.02  -0.02     0.00
  MONTH TO DATE    0.05                      0.46  -0.41     0.01
  SINCE DEC 1      0.05                      0.46  -0.41     0.01
  SINCE JAN 1     21.44                     19.41   2.03    14.85

DEGREE DAYS
 HEATING
  TODAY           45                        34     11       25
  MONTH TO DATE  774                       892   -118      948
  SINCE DEC 1    774                       892   -118      948
  SINCE JUL 1   1813                      1981   -168     1992

 COOLING
  TODAY            0                         0      0        0
  MONTH TO DATE    0                         0      0        0
  SINCE DEC 1      0                         0      0        0
  SINCE JAN 1   1342                      1298     44     1591
..................................................................


WIND (MPH)
  HIGHEST WIND SPEED    15   HIGHEST WIND DIRECTION     W (290)
  HIGHEST GUST SPEED    19   HIGHEST GUST DIRECTION     W (290)
  AVERAGE WIND SPEED    10.0



WEATHER CONDITIONS
 THE FOLLOWING WEATHER WAS RECORDED TODAY.
  NO SIGNIFICANT WEATHER WAS OBSERVED.


RELATIVE HUMIDITY (PERCENT)
 HIGHEST    96           100 AM
 LOWEST     49           400 PM
 AVERAGE    73

..........................................................


THE GARDEN CITY REGIONAL ARPT KS CLIMATE NORMALS FOR TOMORROW
                         NORMAL    RECORD    YEAR
 MAXIMUM TEMPERATURE (F)   43        71      1999
 MINIMUM TEMPERATURE (F)   18       -10      1983


SUNRISE AND SUNSET
DECEMBER 27 2014......SUNRISE   758 AM CST   SUNSET   531 PM CST
DECEMBER 28 2014......SUNRISE   758 AM CST   SUNSET   531 PM CST


-  INDICATES NEGATIVE NUMBERS.
R  INDICATES RECORD WAS SET OR TIED.
MM INDICATES DATA IS MISSING.
T  INDICATES TRACE AMOUNT.




$$
