000
CDUS43 KDDC 032334
CLIGCK


CLIMATE REPORT
NATIONAL WEATHER SERVICE DODGE CITY KS
533 PM CST TUE MAR 3 2015


...................................

...THE GARDEN CITY REGIONAL ARPT KS CLIMATE SUMMARY FOR MARCH 3 2015...
VALID TODAY AS OF 0500 PM LOCAL TIME.

CLIMATE NORMAL PERIOD 1981 TO 2010
CLIMATE RECORD PERIOD 1948 TO 2015


WEATHER ITEM   OBSERVED TIME   RECORD YEAR NORMAL DEPARTURE LAST
                VALUE   (LST)  VALUE       VALUE  FROM      YEAR
                                                  NORMAL
..................................................................
TEMPERATURE (F)
 TODAY
  MAXIMUM         42    913 AM  77    1994  53    -11       22
  MINIMUM         33   1016 AM  -5    2014  26      7       -5
                                      2002
  AVERAGE         38                        40     -2        9

PRECIPITATION (IN)
  TODAY            0.00          1.01 2000   0.03  -0.03     0.00
  MONTH TO DATE    0.00                      0.08  -0.08     0.01
  SINCE MAR 1      0.00                      0.08  -0.08     0.01
  SINCE JAN 1      0.77                      0.96  -0.19     0.17

DEGREE DAYS
 HEATING
  TODAY           27                        25      2       56
  MONTH TO DATE  107                        77     30      170
  SINCE MAR 1    107                        77     30      170
  SINCE JUL 1   4015                      4101    -86     4346

 COOLING
  TODAY            0                         0      0        0
  MONTH TO DATE    0                         0      0        0
  SINCE MAR 1      0                         0      0        0
  SINCE JAN 1      0                         0      0        0
..................................................................


WIND (MPH)
  HIGHEST WIND SPEED    32   HIGHEST WIND DIRECTION     S (190)
  HIGHEST GUST SPEED    45   HIGHEST GUST DIRECTION     S (190)
  AVERAGE WIND SPEED    17.1



WEATHER CONDITIONS
 THE FOLLOWING WEATHER WAS RECORDED TODAY.
  FOG
  HAZE


RELATIVE HUMIDITY (PERCENT)
 HIGHEST    96           100 AM
 LOWEST     64           500 PM
 AVERAGE    80

..........................................................


THE GARDEN CITY REGIONAL ARPT KS CLIMATE NORMALS FOR TOMORROW
                         NORMAL    RECORD    YEAR
 MAXIMUM TEMPERATURE (F)   54        85      2009
 MINIMUM TEMPERATURE (F)   26         3      1978


SUNRISE AND SUNSET
MARCH  3 2015.........SUNRISE   712 AM CST   SUNSET   638 PM CST
MARCH  4 2015.........SUNRISE   711 AM CST   SUNSET   639 PM CST


-  INDICATES NEGATIVE NUMBERS.
R  INDICATES RECORD WAS SET OR TIED.
MM INDICATES DATA IS MISSING.
T  INDICATES TRACE AMOUNT.




$$
