000
CDUS43 KDDC 282328
CLIGCK


CLIMATE REPORT
NATIONAL WEATHER SERVICE DODGE CITY KS
627 PM CDT FRI APR 28 2017


...................................

...THE GARDEN CITY REGIONAL ARPT KS CLIMATE SUMMARY FOR APRIL 28 2017...
VALID TODAY AS OF 0500 PM LOCAL TIME.

CLIMATE NORMAL PERIOD 1981 TO 2010
CLIMATE RECORD PERIOD 1948 TO 2017


WEATHER ITEM   OBSERVED TIME   RECORD YEAR NORMAL DEPARTURE LAST
                VALUE   (LST)  VALUE       VALUE  FROM      YEAR
                                                  NORMAL
..................................................................
TEMPERATURE (F)
 TODAY
  MAXIMUM         65    105 PM  90    1951  71     -6       60
  MINIMUM         37    508 AM  29    1969  43     -6       38
  AVERAGE         51                        57     -6       49

PRECIPITATION (IN)
  TODAY            T             0.44 1994   0.07  -0.07      T
  MONTH TO DATE    1.49                      1.58  -0.09     3.29
  SINCE MAR 1      3.99                      3.04   0.95     3.29
  SINCE JAN 1      5.28                      3.92   1.36     3.51

DEGREE DAYS
 HEATING
  TODAY           14                         9      5       16
  MONTH TO DATE  273                       359    -86      285
  SINCE MAR 1    783                      1023   -240      804
  SINCE JUL 1   4257                      5047   -790     4217

 COOLING
  TODAY            0                         1     -1        0
  MONTH TO DATE   29                         9     20        5
  SINCE MAR 1     37                         9     28        5
  SINCE JAN 1     37                         9     28        6
..................................................................


WIND (MPH)
  HIGHEST WIND SPEED    21   HIGHEST WIND DIRECTION     N (20)
  HIGHEST GUST SPEED    24   HIGHEST GUST DIRECTION     N (20)
  AVERAGE WIND SPEED    11.2



WEATHER CONDITIONS
 THE FOLLOWING WEATHER WAS RECORDED TODAY.
  HEAVY RAIN
  LIGHT RAIN
  FOG


RELATIVE HUMIDITY (PERCENT)
 HIGHEST    93           500 PM
 LOWEST     34          1200 PM
 AVERAGE    64

..........................................................


THE GARDEN CITY REGIONAL ARPT KS CLIMATE NORMALS FOR TOMORROW
                         NORMAL    RECORD    YEAR
 MAXIMUM TEMPERATURE (F)   72        91      1967
 MINIMUM TEMPERATURE (F)   44        28      1994


SUNRISE AND SUNSET
APRIL 28 2017.........SUNRISE   650 AM CDT   SUNSET   831 PM CDT
APRIL 29 2017.........SUNRISE   649 AM CDT   SUNSET   832 PM CDT


-  INDICATES NEGATIVE NUMBERS.
R  INDICATES RECORD WAS SET OR TIED.
MM INDICATES DATA IS MISSING.
T  INDICATES TRACE AMOUNT.




$$
