000
CDUS43 KDDC 032328
CLIGCK


CLIMATE REPORT
NATIONAL WEATHER SERVICE DODGE CITY KS
526 PM CST SAT DEC 3 2016


...................................

...THE GARDEN CITY REGIONAL ARPT KS CLIMATE SUMMARY FOR DECEMBER 3 2016...
VALID TODAY AS OF 0500 PM LOCAL TIME.

CLIMATE NORMAL PERIOD 1981 TO 2010
CLIMATE RECORD PERIOD 1948 TO 2016


WEATHER ITEM   OBSERVED TIME   RECORD YEAR NORMAL DEPARTURE LAST
                VALUE   (LST)  VALUE       VALUE  FROM      YEAR
                                                  NORMAL
..................................................................
TEMPERATURE (F)
 TODAY
  MAXIMUM         36    359 PM  72    1954  47    -11       54
  MINIMUM         32    908 AM   8    1978  21     11       19
  AVERAGE         34                        34      0       37

PRECIPITATION (IN)
  TODAY            0.01          0.58 1973   0.02  -0.01     0.00
  MONTH TO DATE    0.01                      0.06  -0.05     0.00
  SINCE DEC 1      0.01                      0.06  -0.05     0.00
  SINCE JAN 1     20.10                     19.01   1.09    24.05

DEGREE DAYS
 HEATING
  TODAY           31                        31      0       28
  MONTH TO DATE   96                        92      4       89
  SINCE DEC 1     96                        92      4       89
  SINCE JUL 1    784                      1181   -397      926

 COOLING
  TODAY            0                         0      0        0
  MONTH TO DATE    0                         0      0        0
  SINCE DEC 1      0                         0      0        0
  SINCE JAN 1   1433                      1298    135     1453
..................................................................


WIND (MPH)
  HIGHEST WIND SPEED    10   HIGHEST WIND DIRECTION     S (180)
  HIGHEST GUST SPEED    13   HIGHEST GUST DIRECTION    SE (150)
  AVERAGE WIND SPEED     4.9



WEATHER CONDITIONS
 THE FOLLOWING WEATHER WAS RECORDED TODAY.
  LIGHT SNOW
  FOG


RELATIVE HUMIDITY (PERCENT)
 HIGHEST   100           900 AM
 LOWEST     52          1200 AM
 AVERAGE    76

..........................................................


THE GARDEN CITY REGIONAL ARPT KS CLIMATE NORMALS FOR TOMORROW
                         NORMAL    RECORD    YEAR
 MAXIMUM TEMPERATURE (F)   47        75      2007
                                             1965
 MINIMUM TEMPERATURE (F)   21         4      2009
                                             1955


SUNRISE AND SUNSET
DECEMBER  3 2016......SUNRISE   742 AM CST   SUNSET   523 PM CST
DECEMBER  4 2016......SUNRISE   743 AM CST   SUNSET   523 PM CST


-  INDICATES NEGATIVE NUMBERS.
R  INDICATES RECORD WAS SET OR TIED.
MM INDICATES DATA IS MISSING.
T  INDICATES TRACE AMOUNT.




$$
