000
CDUS41 KPHI 260629
CLIGED


CLIMATE REPORT
NATIONAL WEATHER SERVICE MOUNT HOLLY NJ
228 AM EDT WED APR 26 2017


...................................

...THE GEORGETOWN DE CLIMATE SUMMARY FOR APRIL 25 2017...

CLIMATE NORMAL PERIOD 1981 TO 2010
CLIMATE RECORD PERIOD 1948 TO 2017


WEATHER ITEM   OBSERVED TIME   RECORD YEAR NORMAL DEPARTURE LAST
                VALUE   (LST)  VALUE       VALUE  FROM      YEAR
                                                  NORMAL
..................................................................
TEMPERATURE (F)
 YESTERDAY
  MAXIMUM         62    346 PM  93    2009  67     -5       76
  MINIMUM         55    527 AM  27    1956  46      9       43
  AVERAGE         59                        57      2       60

PRECIPITATION (IN)
  YESTERDAY        1.23R         0.92 1952   0.11   1.12     0.00
  MONTH TO DATE    2.48                      3.15  -0.67     3.31
  SINCE MAR 1      6.85                      7.20  -0.35     4.85
  SINCE JAN 1     11.09                     12.91  -1.82    11.32

DEGREE DAYS
 HEATING
  YESTERDAY        6                         9     -3        5
  MONTH TO DATE  162                       307   -145      317
  SINCE MAR 1    778                       939   -161      767
  SINCE JUL 1   3463                      4219   -756     3445

 COOLING
  YESTERDAY        0                         1     -1        0
  MONTH TO DATE   28                        15     13       14
  SINCE MAR 1     31                        17     14       16
  SINCE JAN 1     31                        17     14       16
..................................................................


WIND (MPH)
  HIGHEST WIND SPEED    MM   HIGHEST WIND DIRECTION    MM
  HIGHEST GUST SPEED    MM   HIGHEST GUST DIRECTION    MM
  AVERAGE WIND SPEED    MM


SKY COVER
  POSSIBLE SUNSHINE  MM
  AVERAGE SKY COVER 1.0


WEATHER CONDITIONS
 THE FOLLOWING WEATHER WAS RECORDED YESTERDAY.
  HEAVY RAIN
  RAIN
  LIGHT RAIN
  FOG


RELATIVE HUMIDITY (PERCENT)
 HIGHEST   100           700 AM
 LOWEST     93          1200 AM
 AVERAGE    97

..........................................................


THE GEORGETOWN DE CLIMATE NORMALS FOR TODAY
                         NORMAL    RECORD    YEAR
 MAXIMUM TEMPERATURE (F)   68        94      2009
 MINIMUM TEMPERATURE (F)   47        30      1964


SUNRISE AND SUNSET
APRIL 26 2017.........SUNRISE   610 AM EDT   SUNSET   749 PM EDT
APRIL 27 2017.........SUNRISE   609 AM EDT   SUNSET   750 PM EDT


-  INDICATES NEGATIVE NUMBERS.
R  INDICATES RECORD WAS SET OR TIED.
MM INDICATES DATA IS MISSING.
T  INDICATES TRACE AMOUNT.




$$
