000
CDUS41 KPHI 180548
CLIGED


CLIMATE REPORT
NATIONAL WEATHER SERVICE MOUNT HOLLY NJ
1248 AM EST SAT NOV 18 2017


...................................

...THE GEORGETOWN DE CLIMATE SUMMARY FOR NOVEMBER 17 2017...

CLIMATE NORMAL PERIOD 1981 TO 2010
CLIMATE RECORD PERIOD 1948 TO 2017


WEATHER ITEM   OBSERVED TIME   RECORD YEAR NORMAL DEPARTURE LAST
                VALUE   (LST)  VALUE       VALUE  FROM      YEAR
                                                  NORMAL
..................................................................
TEMPERATURE (F)
 YESTERDAY
  MAXIMUM         52    312 PM  75    1988  58     -6       62
  MINIMUM         31   1159 PM  19    1976  38     -7       42
  AVERAGE         42                        48     -6       52

PRECIPITATION (IN)
  YESTERDAY        0.00          1.65 2002   0.10  -0.10     0.00
  MONTH TO DATE    1.43                      1.93  -0.50     0.20
  SINCE SEP 1      7.05                      9.78  -2.73    15.76
  SINCE JAN 1     41.06                     39.05   2.01    45.12

DEGREE DAYS
 HEATING
  YESTERDAY       23                        17      6       13
  MONTH TO DATE  238                       248    -10      232
  SINCE SEP 1    378                       533   -155      409
  SINCE JUL 1    378                       534   -156      409

 COOLING
  YESTERDAY        0                         0      0        0
  MONTH TO DATE    6                         0      6        5
  SINCE SEP 1    284                       165    119      290
  SINCE JAN 1   1517                      1194    323     1504
..................................................................


WIND (MPH)
  HIGHEST WIND SPEED    14   HIGHEST WIND DIRECTION     W (290)
  HIGHEST GUST SPEED    23   HIGHEST GUST DIRECTION    NW (300)
  AVERAGE WIND SPEED     5.2


SKY COVER
  POSSIBLE SUNSHINE  MM
  AVERAGE SKY COVER 0.0


WEATHER CONDITIONS
 THE FOLLOWING WEATHER WAS RECORDED YESTERDAY.
  NO SIGNIFICANT WEATHER WAS OBSERVED.


RELATIVE HUMIDITY (PERCENT)
 HIGHEST    82           900 PM
 LOWEST     38           100 PM
 AVERAGE    60

..........................................................


THE GEORGETOWN DE CLIMATE NORMALS FOR TODAY
                         NORMAL    RECORD    YEAR
 MAXIMUM TEMPERATURE (F)   58        73      1987
 MINIMUM TEMPERATURE (F)   38        21      1996


SUNRISE AND SUNSET
NOVEMBER 18 2017......SUNRISE   647 AM EST   SUNSET   446 PM EST
NOVEMBER 19 2017......SUNRISE   648 AM EST   SUNSET   445 PM EST


-  INDICATES NEGATIVE NUMBERS.
R  INDICATES RECORD WAS SET OR TIED.
MM INDICATES DATA IS MISSING.
T  INDICATES TRACE AMOUNT.




$$
