000
CDUS41 KPHI 190635
CLIGED


CLIMATE REPORT
NATIONAL WEATHER SERVICE MOUNT HOLLY NJ
235 AM EDT FRI SEP 19 2014


...................................

...THE GEORGETOWN DE CLIMATE SUMMARY FOR SEPTEMBER 18 2014...

CLIMATE NORMAL PERIOD 1981 TO 2010
CLIMATE RECORD PERIOD 1948 TO 2014


WEATHER ITEM   OBSERVED TIME   RECORD YEAR NORMAL DEPARTURE LAST
                VALUE   (LST)  VALUE       VALUE  FROM      YEAR
                                                  NORMAL
..................................................................
TEMPERATURE (F)
 YESTERDAY
  MAXIMUM         77    111 PM  92    1991  77      0       71
  MINIMUM         50    612 AM  38    1986  58     -8       45
  AVERAGE         64                        68     -4       58

PRECIPITATION (IN)
  YESTERDAY        T             1.74 2003   0.11  -0.11     0.00
  MONTH TO DATE    1.28                      2.64  -1.36     0.28
  SINCE SEP 1      1.28                      2.64  -1.36     0.28
  SINCE JAN 1     31.58                     31.91  -0.33    42.27

SNOWFALL (IN)
  YESTERDAY       MM            MM      MM  MM     MM       MM
  MONTH TO DATE   MM                        MM     MM       MM
  SINCE SEP 1     MM                        MM     MM       MM
  SINCE JUL 1     MM                        MM     MM       MM
  SNOW DEPTH      MM

DEGREE DAYS
 HEATING
  YESTERDAY        1                         1      0        7
  MONTH TO DATE    5                         8     -3       23
  SINCE SEP 1      5                         8     -3       23
  SINCE JUL 1      5                         9     -4       23

 COOLING
  YESTERDAY        0                         4     -4        0
  MONTH TO DATE  146                       109     37      133
  SINCE SEP 1    146                       109     37      133
  SINCE JAN 1   1097                      1138    -41     1320
..................................................................


WIND (MPH)
  HIGHEST WIND SPEED    13   HIGHEST WIND DIRECTION     E (80)
  HIGHEST GUST SPEED    19   HIGHEST GUST DIRECTION     S (170)
  AVERAGE WIND SPEED     5.0


SKY COVER
  POSSIBLE SUNSHINE  MM
  AVERAGE SKY COVER 0.5


WEATHER CONDITIONS
 THE FOLLOWING WEATHER WAS RECORDED YESTERDAY.
  LIGHT RAIN


RELATIVE HUMIDITY (PERCENT)
 HIGHEST    89          1200 AM
 LOWEST     38          1200 PM
 AVERAGE    64

..........................................................


THE GEORGETOWN DE CLIMATE NORMALS FOR TODAY
                         NORMAL    RECORD    YEAR
 MAXIMUM TEMPERATURE (F)   77        91      1978
 MINIMUM TEMPERATURE (F)   58        37      1984


SUNRISE AND SUNSET
SEPTEMBER 19 2014.....SUNRISE   646 AM EDT   SUNSET   703 PM EDT
SEPTEMBER 20 2014.....SUNRISE   647 AM EDT   SUNSET   702 PM EDT


-  INDICATES NEGATIVE NUMBERS.
R  INDICATES RECORD WAS SET OR TIED.
MM INDICATES DATA IS MISSING.
T  INDICATES TRACE AMOUNT.




$$
