000
CDUS41 KPHI 230550
CLIGED


CLIMATE REPORT
NATIONAL WEATHER SERVICE MOUNT HOLLY NJ
1249 AM EST TUE JAN 23 2018


...................................

...THE GEORGETOWN DE CLIMATE SUMMARY FOR JANUARY 22 2018...

CLIMATE NORMAL PERIOD 1981 TO 2010
CLIMATE RECORD PERIOD 1948 TO 2018


WEATHER ITEM   OBSERVED TIME   RECORD YEAR NORMAL DEPARTURE LAST
                VALUE   (LST)  VALUE       VALUE  FROM      YEAR
                                                  NORMAL
..................................................................
TEMPERATURE (F)
 YESTERDAY
  MAXIMUM         68R   153 PM  68    1959  43     25       50
  MINIMUM         48   1100 PM  -1    1984  26     22       46
  AVERAGE         58                        35     23       48

PRECIPITATION (IN)
  YESTERDAY        0.00          1.52 1954   0.09  -0.09     0.09
  MONTH TO DATE    1.19                      2.08  -0.89     2.29
  SINCE DEC 1      2.15                      5.37  -3.22     5.09
  SINCE JAN 1      1.19                      2.08  -0.89     2.29

DEGREE DAYS
 HEATING
  YESTERDAY        7                        30    -23       17
  MONTH TO DATE  729                       657     72      546
  SINCE DEC 1   1583                      1455    128     1310
  SINCE JUL 1   2200                      2239    -39     1944

 COOLING
  YESTERDAY        0                         0      0        0
  MONTH TO DATE    0                         0      0        0
  SINCE DEC 1      0                         0      0        0
  SINCE JAN 1      0                         0      0        0
..................................................................


WIND (MPH)
  HIGHEST WIND SPEED    22   HIGHEST WIND DIRECTION    SW (220)
  HIGHEST GUST SPEED    26   HIGHEST GUST DIRECTION    SW (230)
  AVERAGE WIND SPEED    10.1


SKY COVER
  POSSIBLE SUNSHINE  MM
  AVERAGE SKY COVER 0.5


WEATHER CONDITIONS
 THE FOLLOWING WEATHER WAS RECORDED YESTERDAY.
  NO SIGNIFICANT WEATHER WAS OBSERVED.


RELATIVE HUMIDITY (PERCENT)
 HIGHEST    71          1000 PM
 LOWEST     42          1200 PM
 AVERAGE    57

..........................................................


THE GEORGETOWN DE CLIMATE NORMALS FOR TODAY
                         NORMAL    RECORD    YEAR
 MAXIMUM TEMPERATURE (F)   43        70      1967
 MINIMUM TEMPERATURE (F)   26        -1      1970


SUNRISE AND SUNSET
JANUARY 23 2018.......SUNRISE   714 AM EST   SUNSET   513 PM EST
JANUARY 24 2018.......SUNRISE   713 AM EST   SUNSET   514 PM EST


-  INDICATES NEGATIVE NUMBERS.
R  INDICATES RECORD WAS SET OR TIED.
MM INDICATES DATA IS MISSING.
T  INDICATES TRACE AMOUNT.




$$
