739
CDUS41 KPHI 212317
CLIGED


CLIMATE REPORT
NATIONAL WEATHER SERVICE MOUNT HOLLY NJ
616 PM EST TUE FEB 21 2017


...................................

...THE GEORGETOWN DE CLIMATE SUMMARY FOR FEBRUARY 21 2017...
VALID TODAY AS OF 0500 PM LOCAL TIME.

CLIMATE NORMAL PERIOD 1981 TO 2010
CLIMATE RECORD PERIOD 1948 TO 2017


WEATHER ITEM   OBSERVED TIME   RECORD YEAR NORMAL DEPARTURE LAST
                VALUE   (LST)  VALUE       VALUE  FROM      YEAR
                                                  NORMAL
..................................................................
TEMPERATURE (F)
 TODAY
  MAXIMUM         54        MM  71    2014  48      6       66
  MINIMUM         32        MM  -4    2015  29      3       46
  AVERAGE         43                        38      5       56

PRECIPITATION (IN)
  TODAY            0.00          1.66 1981   0.10  -0.10     0.01
  MONTH TO DATE    0.56                      2.07  -1.51     2.79
  SINCE DEC 1      6.49                      8.28  -1.79     9.82
  SINCE JAN 1      3.69                      4.99  -1.30     5.66

DEGREE DAYS
 HEATING
  TODAY           22                        26     -4        9
  MONTH TO DATE  458                       590   -132      568
  SINCE DEC 1   1978                      2316   -338     1883
  SINCE JUL 1   2612                      3100   -488     2523

 COOLING
  TODAY            0                         0      0        0
  MONTH TO DATE    0                         0      0        0
  SINCE DEC 1      0                         0      0        9
  SINCE JAN 1      0                         0      0        0
..................................................................


WIND (MPH)
  HIGHEST WIND SPEED    14   HIGHEST WIND DIRECTION    SE (140)
  HIGHEST GUST SPEED    MM   HIGHEST GUST DIRECTION    MM
  AVERAGE WIND SPEED     6.3


SKY COVER
  POSSIBLE SUNSHINE   0 PERCENT
  AVERAGE SKY COVER 0.0


WEATHER CONDITIONS
 THE FOLLOWING WEATHER WAS RECORDED TODAY.
  NO SIGNIFICANT WEATHER WAS OBSERVED.


RELATIVE HUMIDITY (PERCENT)
 HIGHEST     0          1200 AM
 LOWEST      0          1200 AM
 AVERAGE     0

..........................................................


THE GEORGETOWN DE CLIMATE NORMALS FOR TOMORROW
                         NORMAL    RECORD    YEAR
 MAXIMUM TEMPERATURE (F)   48        72      1997
 MINIMUM TEMPERATURE (F)   29        10      1963


SUNRISE AND SUNSET
FEBRUARY 21 2017......SUNRISE   644 AM EST   SUNSET   546 PM EST
FEBRUARY 22 2017......SUNRISE   643 AM EST   SUNSET   547 PM EST


-  INDICATES NEGATIVE NUMBERS.
R  INDICATES RECORD WAS SET OR TIED.
MM INDICATES DATA IS MISSING.
T  INDICATES TRACE AMOUNT.




$$
