508
CDUS41 KPHI 252128
CLIGED


CLIMATE REPORT
NATIONAL WEATHER SERVICE MOUNT HOLLY NJ
527 PM EDT SUN SEP 25 2016


...................................

...THE GEORGETOWN DE CLIMATE SUMMARY FOR SEPTEMBER 25 2016...
VALID TODAY AS OF 0500 PM LOCAL TIME.

CLIMATE NORMAL PERIOD 1981 TO 2010
CLIMATE RECORD PERIOD 1948 TO 2016


WEATHER ITEM   OBSERVED TIME   RECORD YEAR NORMAL DEPARTURE LAST
                VALUE   (LST)  VALUE       VALUE  FROM      YEAR
                                                  NORMAL
..................................................................
TEMPERATURE (F)
 TODAY
  MAXIMUM         72    326 PM  92    2010  75     -3       75
                                      1970
  MINIMUM         54    626 AM  33    1963  55     -1       64
  AVERAGE         63                        65     -2       70

PRECIPITATION (IN)
  TODAY            0.00          2.11 2014   0.13  -0.13     0.00
  MONTH TO DATE    3.34                      3.48  -0.14     1.37
  SINCE SEP 1      3.34                      3.48  -0.14     1.37
  SINCE JAN 1     32.70                     32.75  -0.05    26.57

SNOWFALL (IN)
  TODAY           MM            MM      MM  MM     MM       MM
  MONTH TO DATE   MM                        MM     MM       MM
  SINCE SEP 1     MM                        MM     MM       MM
  SINCE JUL 1     MM                        MM     MM       MM
  SNOW DEPTH      MM

DEGREE DAYS
 HEATING
  TODAY            2                         2      0        0
  MONTH TO DATE    3                        21    -18        1
  SINCE SEP 1      3                        21    -18        1
  SINCE JUL 1      3                        22    -19        1

 COOLING
  TODAY            0                         3     -3        5
  MONTH TO DATE  224                       132     92      189
  SINCE SEP 1    224                       132     92      189
  SINCE JAN 1   1438                      1161    277     1358
..................................................................


WIND (MPH)
  HIGHEST WIND SPEED    13   HIGHEST WIND DIRECTION    NE (40)
  HIGHEST GUST SPEED    18   HIGHEST GUST DIRECTION    NE (40)
  AVERAGE WIND SPEED     3.9


SKY COVER
  POSSIBLE SUNSHINE  MM
  AVERAGE SKY COVER 0.0


WEATHER CONDITIONS
 THE FOLLOWING WEATHER WAS RECORDED TODAY.
  FOG


RELATIVE HUMIDITY (PERCENT)
 HIGHEST   100          1200 AM
 LOWEST     41           200 PM
 AVERAGE    71

..........................................................


THE GEORGETOWN DE CLIMATE NORMALS FOR TOMORROW
                         NORMAL    RECORD    YEAR
 MAXIMUM TEMPERATURE (F)   75        92      1970
 MINIMUM TEMPERATURE (F)   55        37      1949


SUNRISE AND SUNSET
SEPTEMBER 25 2016.....SUNRISE   652 AM EDT   SUNSET   653 PM EDT
SEPTEMBER 26 2016.....SUNRISE   653 AM EDT   SUNSET   651 PM EDT


-  INDICATES NEGATIVE NUMBERS.
R  INDICATES RECORD WAS SET OR TIED.
MM INDICATES DATA IS MISSING.
T  INDICATES TRACE AMOUNT.




$$
