000
CDUS41 KPHI 050628
CLIGED


CLIMATE REPORT
NATIONAL WEATHER SERVICE MOUNT HOLLY NJ
227 AM EDT SAT SEP 5 2015


...................................

...THE GEORGETOWN DE CLIMATE SUMMARY FOR SEPTEMBER 4 2015...

CLIMATE NORMAL PERIOD 1981 TO 2010
CLIMATE RECORD PERIOD 1948 TO 2015


WEATHER ITEM   OBSERVED TIME   RECORD YEAR NORMAL DEPARTURE LAST
                VALUE   (LST)  VALUE       VALUE  FROM      YEAR
                                                  NORMAL
..................................................................
TEMPERATURE (F)
 YESTERDAY
  MAXIMUM         90   1258 PM  97    2008  82      8       86
  MINIMUM         68    550 AM  48    1952  63      5       65
  AVERAGE         79                        72      7       76

PRECIPITATION (IN)
  YESTERDAY        0.00          1.62 1974   0.16  -0.16     0.00
  MONTH TO DATE    0.00                      0.62  -0.62     0.30
  SINCE SEP 1      0.00                      0.62  -0.62     0.30
  SINCE JAN 1     25.20                     29.89  -4.69    30.60

SNOWFALL (IN)
  YESTERDAY       MM            MM      MM  MM     MM       MM
  MONTH TO DATE   MM                        MM     MM       MM
  SINCE SEP 1     MM                        MM     MM       MM
  SINCE JUL 1     MM                        MM     MM       MM
  SNOW DEPTH      MM

DEGREE DAYS
 HEATING
  YESTERDAY        0                         0      0        0
  MONTH TO DATE    0                         0      0        0
  SINCE SEP 1      0                         0      0        0
  SINCE JUL 1      0                         1     -1        0

 COOLING
  YESTERDAY       14                         7      7       11
  MONTH TO DATE   62                        31     31       61
  SINCE SEP 1     62                        31     31       61
  SINCE JAN 1   1231                      1060    171     1012
..................................................................


WIND (MPH)
  HIGHEST WIND SPEED    17   HIGHEST WIND DIRECTION     E (70)
  HIGHEST GUST SPEED    22   HIGHEST GUST DIRECTION     E (90)
  AVERAGE WIND SPEED     7.5


SKY COVER
  POSSIBLE SUNSHINE  MM
  AVERAGE SKY COVER 0.2


WEATHER CONDITIONS
 THE FOLLOWING WEATHER WAS RECORDED YESTERDAY.
  FOG
  HAZE


RELATIVE HUMIDITY (PERCENT)
 HIGHEST    97           300 AM
 LOWEST     41           100 PM
 AVERAGE    69

..........................................................


THE GEORGETOWN DE CLIMATE NORMALS FOR TODAY
                         NORMAL    RECORD    YEAR
 MAXIMUM TEMPERATURE (F)   81        93      1961
 MINIMUM TEMPERATURE (F)   63        46      1982


SUNRISE AND SUNSET
SEPTEMBER  5 2015.....SUNRISE   634 AM EDT   SUNSET   726 PM EDT
SEPTEMBER  6 2015.....SUNRISE   635 AM EDT   SUNSET   724 PM EDT


-  INDICATES NEGATIVE NUMBERS.
R  INDICATES RECORD WAS SET OR TIED.
MM INDICATES DATA IS MISSING.
T  INDICATES TRACE AMOUNT.




$$
