000
CDUS41 KPHI 290630
CLIGED


CLIMATE REPORT
NATIONAL WEATHER SERVICE MOUNT HOLLY NJ
229 AM EDT SUN MAR 29 2015


...................................

...THE GEORGETOWN DE CLIMATE SUMMARY FOR MARCH 28 2015...

CLIMATE NORMAL PERIOD 1981 TO 2010
CLIMATE RECORD PERIOD 1948 TO 2015


WEATHER ITEM   OBSERVED TIME   RECORD YEAR NORMAL DEPARTURE LAST
                VALUE   (LST)  VALUE       VALUE  FROM      YEAR
                                                  NORMAL
..................................................................
TEMPERATURE (F)
 YESTERDAY
  MAXIMUM         40    234 AM  80    1960  58    -18       68
  MINIMUM         28   1159 PM  20    1966  38    -10       40
  AVERAGE         34                        48    -14       54

PRECIPITATION (IN)
  YESTERDAY        T             1.30 1983   0.15  -0.15      T
  MONTH TO DATE    3.59                      3.58   0.01     1.72
  SINCE MAR 1      3.59                      3.58   0.01     1.72
  SINCE JAN 1     10.42                      9.29   1.13     8.90

SNOWFALL (IN)
  YESTERDAY       MM            MM      MM  MM     MM       MM
  MONTH TO DATE   MM                        MM     MM       MM
  SINCE MAR 1     MM                        MM     MM       MM
  SINCE JUL 1     MM                        MM     MM       MM
  SNOW DEPTH      MM

DEGREE DAYS
 HEATING
  YESTERDAY       31                        17     14       11
  MONTH TO DATE  691                       584    107      705
  SINCE MAR 1    691                       584    107      705
  SINCE JUL 1   4179                      3864    315     4060

 COOLING
  YESTERDAY        0                         0      0        0
  MONTH TO DATE    0                         0      0        0
  SINCE MAR 1      0                         0      0        0
  SINCE JAN 1      0                         0      0        0
..................................................................


WIND (MPH)
  HIGHEST WIND SPEED    20   HIGHEST WIND DIRECTION     W (290)
  HIGHEST GUST SPEED    28   HIGHEST GUST DIRECTION     W (290)
  AVERAGE WIND SPEED     8.9


SKY COVER
  POSSIBLE SUNSHINE  MM
  AVERAGE SKY COVER 0.7


WEATHER CONDITIONS
 THE FOLLOWING WEATHER WAS RECORDED YESTERDAY.
  LIGHT SNOW
  HAZE


RELATIVE HUMIDITY (PERCENT)
 HIGHEST    92          1200 AM
 LOWEST     47          1100 PM
 AVERAGE    70

..........................................................


THE GEORGETOWN DE CLIMATE NORMALS FOR TODAY
                         NORMAL    RECORD    YEAR
 MAXIMUM TEMPERATURE (F)   59        82      1968
 MINIMUM TEMPERATURE (F)   39        20      1982


SUNRISE AND SUNSET
MARCH 29 2015.........SUNRISE   651 AM EDT   SUNSET   722 PM EDT
MARCH 30 2015.........SUNRISE   650 AM EDT   SUNSET   723 PM EDT


-  INDICATES NEGATIVE NUMBERS.
R  INDICATES RECORD WAS SET OR TIED.
MM INDICATES DATA IS MISSING.
T  INDICATES TRACE AMOUNT.




$$
