000
CDUS41 KPHI 240626
CLIGED


CLIMATE REPORT
NATIONAL WEATHER SERVICE MOUNT HOLLY NJ
226 AM EDT THU APR 24 2014


...................................

...THE GEORGETOWN DE CLIMATE SUMMARY FOR APRIL 23 2014...

CLIMATE NORMAL PERIOD 1981 TO 2010
CLIMATE RECORD PERIOD 1948 TO 2014


WEATHER ITEM   OBSERVED TIME   RECORD YEAR NORMAL DEPARTURE LAST
                VALUE   (LST)  VALUE       VALUE  FROM      YEAR
                                                  NORMAL
..................................................................
TEMPERATURE (F)
 YESTERDAY
  MAXIMUM         61    456 PM  92    1985  67     -6       55
  MINIMUM         47   1159 PM  31    1989  46      1       46
  AVERAGE         54                        56     -2       51

PRECIPITATION (IN)
  YESTERDAY        0.00          1.16 1972   0.11  -0.11     0.00
  MONTH TO DATE    1.99                      2.93  -0.94     2.56
  SINCE MAR 1      5.35                      6.98  -1.63     6.14
  SINCE JAN 1     12.53                     12.69  -0.16    11.11

SNOWFALL (IN)
  YESTERDAY       MM            MM      MM  MM     MM       MM
  MONTH TO DATE   MM                        MM     MM       MM
  SINCE MAR 1     MM                        MM     MM       MM
  SINCE JUL 1     MM                        MM     MM       MM
  SNOW DEPTH      MM

DEGREE DAYS
 HEATING
  YESTERDAY       11                        10      1       14
  MONTH TO DATE  263                       289    -26      235
  SINCE MAR 1   1003                       921     82      967
  SINCE JUL 1   4358                      4201    157     3947

 COOLING
  YESTERDAY        0                         1     -1        0
  MONTH TO DATE   12                        13     -1       31
  SINCE MAR 1     12                        15     -3       31
  SINCE JAN 1     12                        15     -3       31
..................................................................


WIND (MPH)
  HIGHEST WIND SPEED    22   HIGHEST WIND DIRECTION    NW (300)
  HIGHEST GUST SPEED    34   HIGHEST GUST DIRECTION     W (290)
  AVERAGE WIND SPEED    12.2


SKY COVER
  POSSIBLE SUNSHINE  MM
  AVERAGE SKY COVER 0.3


WEATHER CONDITIONS
 THE FOLLOWING WEATHER WAS RECORDED YESTERDAY.
  NO SIGNIFICANT WEATHER WAS OBSERVED.


RELATIVE HUMIDITY (PERCENT)
 HIGHEST    86          1200 AM
 LOWEST     36           200 PM
 AVERAGE    61

..........................................................


THE GEORGETOWN DE CLIMATE NORMALS FOR TODAY
                         NORMAL    RECORD    YEAR
 MAXIMUM TEMPERATURE (F)   67        90      1960
 MINIMUM TEMPERATURE (F)   46        29      1956


SUNRISE AND SUNSET
APRIL 24 2014.........SUNRISE   613 AM EDT   SUNSET   747 PM EDT
APRIL 25 2014.........SUNRISE   612 AM EDT   SUNSET   748 PM EDT


-  INDICATES NEGATIVE NUMBERS.
R  INDICATES RECORD WAS SET OR TIED.
MM INDICATES DATA IS MISSING.
T  INDICATES TRACE AMOUNT.




$$
