000
CDUS41 KPHI 300634
CLIGED


CLIMATE REPORT
NATIONAL WEATHER SERVICE MOUNT HOLLY NJ
234 AM EDT WED JUL 30 2014


...................................

...THE GEORGETOWN DE CLIMATE SUMMARY FOR JULY 29 2014...

CLIMATE NORMAL PERIOD 1981 TO 2010
CLIMATE RECORD PERIOD 1948 TO 2014


WEATHER ITEM   OBSERVED TIME   RECORD YEAR NORMAL DEPARTURE LAST
                VALUE   (LST)  VALUE       VALUE  FROM      YEAR
                                                  NORMAL
..................................................................
TEMPERATURE (F)
 YESTERDAY
  MAXIMUM         78    309 PM  99    2011  86     -8       84
                                      1954
  MINIMUM         59   1143 PM  54    1977  68     -9       64
  AVERAGE         69                        77     -8       74

PRECIPITATION (IN)
  YESTERDAY        0.00          1.07 1969   0.13  -0.13     0.00
  MONTH TO DATE    7.02                      3.90   3.12     6.63
  SINCE JUN 1      8.79                      8.51   0.28    18.87
  SINCE JAN 1     25.98                     25.45   0.53    33.72

SNOWFALL (IN)
  YESTERDAY       MM            MM      MM  MM     MM       MM
  MONTH TO DATE   MM                        MM     MM       MM
  SINCE JUN 1     MM                        MM     MM       MM
  SINCE JUL 1     MM                        MM     MM       MM
  SNOW DEPTH      MM

DEGREE DAYS
 HEATING
  YESTERDAY        0                         0      0        0
  MONTH TO DATE    0                         0      0        0
  SINCE JUN 1      5                        13     -8        0
  SINCE JUL 1      0                         0      0        0

 COOLING
  YESTERDAY        4                        12     -8        9
  MONTH TO DATE  332                       343    -11      449
  SINCE JUN 1    586                       582      4      736
  SINCE JAN 1    687                       676     11      893
..................................................................


WIND (MPH)
  HIGHEST WIND SPEED    14   HIGHEST WIND DIRECTION     S (180)
  HIGHEST GUST SPEED    17   HIGHEST GUST DIRECTION     W (270)
  AVERAGE WIND SPEED     5.9


SKY COVER
  POSSIBLE SUNSHINE  MM
  AVERAGE SKY COVER 0.1


WEATHER CONDITIONS
 THE FOLLOWING WEATHER WAS RECORDED YESTERDAY.
  NO SIGNIFICANT WEATHER WAS OBSERVED.


RELATIVE HUMIDITY (PERCENT)
 HIGHEST    87           400 AM
 LOWEST     40           300 PM
 AVERAGE    64

..........................................................


THE GEORGETOWN DE CLIMATE NORMALS FOR TODAY
                         NORMAL    RECORD    YEAR
 MAXIMUM TEMPERATURE (F)   86        99      1949
 MINIMUM TEMPERATURE (F)   68        54      1981


SUNRISE AND SUNSET
JULY 30 2014..........SUNRISE   601 AM EDT   SUNSET   814 PM EDT
JULY 31 2014..........SUNRISE   602 AM EDT   SUNSET   813 PM EDT


-  INDICATES NEGATIVE NUMBERS.
R  INDICATES RECORD WAS SET OR TIED.
MM INDICATES DATA IS MISSING.
T  INDICATES TRACE AMOUNT.




$$
