000
CDUS41 KPHI 200549
CLIGED


CLIMATE REPORT
NATIONAL WEATHER SERVICE MOUNT HOLLY NJ
147 AM EDT WED SEP 20 2017


...................................

...THE GEORGETOWN DE CLIMATE SUMMARY FOR SEPTEMBER 19 2017...

CLIMATE NORMAL PERIOD 1981 TO 2010
CLIMATE RECORD PERIOD 1948 TO 2017


WEATHER ITEM   OBSERVED TIME   RECORD YEAR NORMAL DEPARTURE LAST
                VALUE   (LST)  VALUE       VALUE  FROM      YEAR
                                                  NORMAL
..................................................................
TEMPERATURE (F)
 YESTERDAY
  MAXIMUM         74   1151 AM  91    1978  77     -3       78
  MINIMUM         70    815 PM  37    1984  58     12       70
  AVERAGE         72                        67      5       74

PRECIPITATION (IN)
  YESTERDAY        0.56          2.78 2016   0.12   0.44     2.78
  MONTH TO DATE    2.18                      2.76  -0.58     3.26
  SINCE SEP 1      2.18                      2.76  -0.58     3.26
  SINCE JAN 1     36.19                     32.03   4.16    32.62

DEGREE DAYS
 HEATING
  YESTERDAY        0                         1     -1        0
  MONTH TO DATE    4                         9     -5        0
  SINCE SEP 1      4                         9     -5        0
  SINCE JUL 1      4                        10     -6        0

 COOLING
  YESTERDAY        7                         4      3        9
  MONTH TO DATE  101                       113    -12      187
  SINCE SEP 1    101                       113    -12      187
  SINCE JAN 1   1334                      1142    192     1401
..................................................................


WIND (MPH)
  HIGHEST WIND SPEED    23   HIGHEST WIND DIRECTION     N (20)
  HIGHEST GUST SPEED    34   HIGHEST GUST DIRECTION     N (20)
  AVERAGE WIND SPEED    12.1


SKY COVER
  POSSIBLE SUNSHINE  MM
  AVERAGE SKY COVER 1.0


WEATHER CONDITIONS
 THE FOLLOWING WEATHER WAS RECORDED YESTERDAY.
  HEAVY RAIN
  RAIN
  LIGHT RAIN
  FOG
  HAZE


RELATIVE HUMIDITY (PERCENT)
 HIGHEST    97           500 PM
 LOWEST     79          1000 AM
 AVERAGE    88

..........................................................


THE GEORGETOWN DE CLIMATE NORMALS FOR TODAY
                         NORMAL    RECORD    YEAR
 MAXIMUM TEMPERATURE (F)   77        90      1977
 MINIMUM TEMPERATURE (F)   57        39      1979


SUNRISE AND SUNSET
SEPTEMBER 20 2017.....SUNRISE   648 AM EDT   SUNSET   701 PM EDT
SEPTEMBER 21 2017.....SUNRISE   648 AM EDT   SUNSET   700 PM EDT


-  INDICATES NEGATIVE NUMBERS.
R  INDICATES RECORD WAS SET OR TIED.
MM INDICATES DATA IS MISSING.
T  INDICATES TRACE AMOUNT.




$$
