000
CDUS46 KOTX 190827
CLIGEG


CLIMATE REPORT
NATIONAL WEATHER SERVICE SPOKANE, WA
127 AM PDT SAT AUG 19 2017


...................................

...THE SPOKANE WA AIRPORT CLIMATE SUMMARY FOR AUGUST 18 2017...

CLIMATE NORMAL PERIOD 1981 TO 2010
CLIMATE RECORD PERIOD 1881 TO 2017


WEATHER ITEM   OBSERVED TIME   RECORD YEAR NORMAL DEPARTURE LAST
                VALUE   (LST)  VALUE       VALUE  FROM      YEAR
                                                  NORMAL
..................................................................
TEMPERATURE (F)
 YESTERDAY
  MAXIMUM         86    338 PM 101    1967  83      3       93
  MINIMUM         56    528 AM  41    1995  56      0       67
  AVERAGE         71                        69      2       80

PRECIPITATION (IN)
  YESTERDAY        0.00          0.91 1935   0.02  -0.02     0.00
  MONTH TO DATE    T                         0.33  -0.33     0.16
  SINCE OCT 1     23.26                     15.63   7.63    15.16
  SINCE JAN 1     13.97                      9.85   4.12     8.80

SNOWFALL (IN)
  YESTERDAY        0.0           0.0  2002   0.0    0.0      0.0
                                      2001
                                      1999
  MONTH TO DATE    0.0                       0.0    0.0      0.0
  SINCE JUN 1      0.0                       0.0    0.0      0.0
  SINCE JUL 1      0.0                       0.0    0.0      0.0
  SNOW DEPTH       0

DEGREE DAYS
 HEATING
  YESTERDAY        0                         1     -1        0
  MONTH TO DATE    2                        13    -11        9
  SINCE JUN 1     68                       181   -113      139
  SINCE JUL 1      2                        45    -43       29

 COOLING
  YESTERDAY        6                         5      1       15
  MONTH TO DATE  192                       116     76      133
  SINCE JUN 1    581                       345    236      399
  SINCE JAN 1    616                       359    257      411
..................................................................


WIND (MPH)
  HIGHEST WIND SPEED    23   HIGHEST WIND DIRECTION     W (250)
  HIGHEST GUST SPEED    29   HIGHEST GUST DIRECTION    SW (240)
  AVERAGE WIND SPEED    12.0


SKY COVER
  POSSIBLE SUNSHINE  MM
  AVERAGE SKY COVER 0.4


WEATHER CONDITIONS
 THE FOLLOWING WEATHER WAS RECORDED YESTERDAY.
  NO SIGNIFICANT WEATHER WAS OBSERVED.


RELATIVE HUMIDITY (PERCENT)
 HIGHEST    59           500 AM
 LOWEST     15           300 PM
 AVERAGE    37

..........................................................


THE SPOKANE WA AIRPORT CLIMATE NORMALS FOR TODAY
                         NORMAL    RECORD    YEAR
 MAXIMUM TEMPERATURE (F)   82       101      1942
 MINIMUM TEMPERATURE (F)   56        40      1907


SUNRISE AND SUNSET
AUGUST 19 2017........SUNRISE   552 AM PDT   SUNSET   755 PM PDT
AUGUST 20 2017........SUNRISE   553 AM PDT   SUNSET   753 PM PDT


-  INDICATES NEGATIVE NUMBERS.
R  INDICATES RECORD WAS SET OR TIED.
MM INDICATES DATA IS MISSING.
T  INDICATES TRACE AMOUNT.




$$
