000
CDUS46 KOTX 310829
CLIGEG


CLIMATE REPORT
NATIONAL WEATHER SERVICE SPOKANE, WA
128 AM PDT THU JUL 31 2014


...................................

...THE SPOKANE WA AIRPORT CLIMATE SUMMARY FOR JULY 30 2014...

CLIMATE NORMAL PERIOD 1981 TO 2010
CLIMATE RECORD PERIOD 1881 TO 2014


WEATHER ITEM   OBSERVED TIME   RECORD YEAR NORMAL DEPARTURE LAST
                VALUE   (LST)  VALUE       VALUE  FROM      YEAR
                                                  NORMAL
..................................................................
TEMPERATURE (F)
 YESTERDAY
  MAXIMUM         99    352 PM 102    1929  86     13       89
  MINIMUM         68    519 AM  41    2001  58     10       61
  AVERAGE         84                        72     12       75

PRECIPITATION (IN)
  YESTERDAY        0.00          0.31 1975   0.01  -0.01     0.00
  MONTH TO DATE    0.18                      0.62  -0.44      T
  SINCE OCT 1     11.75                     15.28  -3.53    14.15
  SINCE JAN 1      9.42                      9.50  -0.08     6.79

SNOWFALL (IN)
  YESTERDAY        0.0           0.0  2002   0.0    0.0      0.0
                                      2001
                                      2000
  MONTH TO DATE    0.0                       0.0    0.0      0.0
  SINCE JUN 1      0.0                       0.0    0.0      0.0
  SINCE JUL 1      0.0                       0.0    0.0      0.0
  SNOW DEPTH       0

DEGREE DAYS
 HEATING
  YESTERDAY        0                         0      0        0
  MONTH TO DATE    7                        31    -24        0
  SINCE JUN 1    113                       167    -54      140
  SINCE JUL 1      7                        31    -24        0

 COOLING
  YESTERDAY       19                         7     12       10
  MONTH TO DATE  329                       171    158      274
  SINCE JUN 1    343                       220    123      322
  SINCE JAN 1    349                       234    115      352
..................................................................


WIND (MPH)
  HIGHEST WIND SPEED    17   HIGHEST WIND DIRECTION    SW (230)
  HIGHEST GUST SPEED    23   HIGHEST GUST DIRECTION    SW (220)
  AVERAGE WIND SPEED     6.6


SKY COVER
  POSSIBLE SUNSHINE  MM
  AVERAGE SKY COVER 0.4


WEATHER CONDITIONS
 THE FOLLOWING WEATHER WAS RECORDED YESTERDAY.
  NO SIGNIFICANT WEATHER WAS OBSERVED.


RELATIVE HUMIDITY (PERCENT)
 HIGHEST    32           500 AM
 LOWEST     10           400 PM
 AVERAGE    21

..........................................................


THE SPOKANE WA AIRPORT CLIMATE NORMALS FOR TODAY
                         NORMAL    RECORD    YEAR
 MAXIMUM TEMPERATURE (F)   86       103      1929
 MINIMUM TEMPERATURE (F)   58        45      2006
                                             1945


SUNRISE AND SUNSET
JULY 31 2014..........SUNRISE   526 AM PDT   SUNSET   826 PM PDT
AUGUST  1 2014........SUNRISE   528 AM PDT   SUNSET   824 PM PDT


-  INDICATES NEGATIVE NUMBERS.
R  INDICATES RECORD WAS SET OR TIED.
MM INDICATES DATA IS MISSING.
T  INDICATES TRACE AMOUNT.




$$
