000
CDUS46 KOTX 210825
CLIGEG


CLIMATE REPORT
NATIONAL WEATHER SERVICE SPOKANE, WA
1221 AM PST SUN DEC 21 2014


...................................

...THE SPOKANE WA AIRPORT CLIMATE SUMMARY FOR DECEMBER 20 2014...

CLIMATE NORMAL PERIOD 1981 TO 2010
CLIMATE RECORD PERIOD 1881 TO 2014


WEATHER ITEM   OBSERVED TIME   RECORD YEAR NORMAL DEPARTURE LAST
                VALUE   (LST)  VALUE       VALUE  FROM      YEAR
                                                  NORMAL
..................................................................
TEMPERATURE (F)
 YESTERDAY
  MAXIMUM         46   1159 PM  54    1933  31     15       26
  MINIMUM         34    407 AM -18    2008  22     12       20
  AVERAGE         40                        26     14       23

PRECIPITATION (IN)
  YESTERDAY        0.50        0.83   1940  0.07   0.43     0.30
  MONTH TO DATE    1.48                     1.55  -0.07     0.54
  SINCE OCT 1      4.24                     5.03  -0.79     2.19
  SINCE JAN 1     14.50                    15.81  -1.31    11.22

SNOWFALL (IN)
  YESTERDAY        0.0         7.6    1987  0.5   -0.5      3.2
  MONTH TO DATE    0.6                      8.8   -8.2      3.4
  SINCE DEC 1      0.6                      8.8   -8.2      3.4
  SINCE JUL 1      1.1                     16.3  -15.2      6.5
  SNOW DEPTH       0

DEGREE DAYS
 HEATING
  YESTERDAY       25                        39    -14       42
  MONTH TO DATE  588                       745   -157      810
  SINCE DEC 1    588                       745   -157      810
  SINCE JUL 1   1957                      2412   -455     2465

 COOLING
  YESTERDAY        0                         0      0        0
  MONTH TO DATE    0                         0      0        0
  SINCE DEC 1      0                         0      0        0
  SINCE JAN 1    654                       450    204      709
..................................................................


WIND (MPH)
  HIGHEST WIND SPEED    25   HIGHEST WIND DIRECTION     S (200)
  HIGHEST GUST SPEED    33   HIGHEST GUST DIRECTION    SW (220)
  AVERAGE WIND SPEED     9.4


SKY COVER
  POSSIBLE SUNSHINE  MM
  AVERAGE SKY COVER 1.0


WEATHER CONDITIONS
 THE FOLLOWING WEATHER WAS RECORDED YESTERDAY.
  RAIN
  LIGHT RAIN
  FOG


RELATIVE HUMIDITY (PERCENT)
 HIGHEST   100           100 AM
 LOWEST     92           300 AM
 AVERAGE    96

..........................................................


THE SPOKANE WA AIRPORT CLIMATE NORMALS FOR TODAY
                         NORMAL    RECORD    YEAR
 MAXIMUM TEMPERATURE (F)   31        59      1933
 MINIMUM TEMPERATURE (F)   22       -10      1983


SUNRISE AND SUNSET
DECEMBER 21 2014......SUNRISE   736 AM PST   SUNSET   401 PM PST
DECEMBER 22 2014......SUNRISE   736 AM PST   SUNSET   402 PM PST


-  INDICATES NEGATIVE NUMBERS.
R  INDICATES RECORD WAS SET OR TIED.
MM INDICATES DATA IS MISSING.
T  INDICATES TRACE AMOUNT.

$$
