000
CDUS46 KOTX 280836
CLIGEG


CLIMATE REPORT
NATIONAL WEATHER SERVICE SPOKANE, WA
134 AM PDT FRI APR 28 2017


...................................

...THE SPOKANE WA AIRPORT CLIMATE SUMMARY FOR APRIL 27 2017...

CLIMATE NORMAL PERIOD 1981 TO 2010
CLIMATE RECORD PERIOD 1881 TO 2017


WEATHER ITEM   OBSERVED TIME   RECORD YEAR NORMAL DEPARTURE LAST
                VALUE   (LST)  VALUE       VALUE  FROM      YEAR
                                                  NORMAL
..................................................................
TEMPERATURE (F)
 YESTERDAY
  MAXIMUM         51    354 PM  86    1987  61    -10       65
  MINIMUM         36    523 AM  25    1970  39     -3       44
  AVERAGE         44                        50     -6       55

PRECIPITATION (IN)
  YESTERDAY        T             0.89 1962   0.04  -0.04      T
  MONTH TO DATE    1.60                      1.17   0.43     0.24
  SINCE OCT 1     21.24                     11.68   9.56    13.36
  SINCE JAN 1     11.95                      5.90   6.05     7.00

SNOWFALL (IN)
  YESTERDAY        0.0           T    2014   0.0    0.0      0.0
                                      1986
  MONTH TO DATE    0.5                       1.0   -0.5      0.0
  SINCE MAR 1      5.9                       4.5    1.4      0.6
  SINCE JUL 1     61.5                      44.8   16.7     34.2
  SNOW DEPTH       0

DEGREE DAYS
 HEATING
  YESTERDAY       21                        16      5       10
  MONTH TO DATE  508                       496     12      274
  SINCE MAR 1   1249                      1263    -14      957
  SINCE JUL 1   6242                      6092    150     5246

 COOLING
  YESTERDAY        0                         0      0        0
  MONTH TO DATE    0                         0      0        6
  SINCE MAR 1      0                         0      0        6
  SINCE JAN 1      0                         0      0        6
..................................................................


WIND (MPH)
  HIGHEST WIND SPEED    22   HIGHEST WIND DIRECTION     W (250)
  HIGHEST GUST SPEED    28   HIGHEST GUST DIRECTION    SW (220)
  AVERAGE WIND SPEED    12.7


SKY COVER
  POSSIBLE SUNSHINE  MM
  AVERAGE SKY COVER 0.7


WEATHER CONDITIONS
 THE FOLLOWING WEATHER WAS RECORDED YESTERDAY.
  LIGHT RAIN
  HAIL


RELATIVE HUMIDITY (PERCENT)
 HIGHEST    82           400 AM
 LOWEST     46          1100 AM
 AVERAGE    64

..........................................................


THE SPOKANE WA AIRPORT CLIMATE NORMALS FOR TODAY
                         NORMAL    RECORD    YEAR
 MAXIMUM TEMPERATURE (F)   61        88      1926
 MINIMUM TEMPERATURE (F)   39        24      1907


SUNRISE AND SUNSET
APRIL 28 2017.........SUNRISE   537 AM PDT   SUNSET   759 PM PDT
APRIL 29 2017.........SUNRISE   536 AM PDT   SUNSET   800 PM PDT


-  INDICATES NEGATIVE NUMBERS.
R  INDICATES RECORD WAS SET OR TIED.
MM INDICATES DATA IS MISSING.
T  INDICATES TRACE AMOUNT.




$$
