000
CDUS46 KOTX 180827
CLIGEG


CLIMATE REPORT
NATIONAL WEATHER SERVICE SPOKANE, WA
126 AM PDT THU SEP 18 2014


...................................

...THE SPOKANE WA AIRPORT CLIMATE SUMMARY FOR SEPTEMBER 17 2014...

CLIMATE NORMAL PERIOD 1981 TO 2010
CLIMATE RECORD PERIOD 1881 TO 2014


WEATHER ITEM   OBSERVED TIME   RECORD YEAR NORMAL DEPARTURE LAST
                VALUE   (LST)  VALUE       VALUE  FROM      YEAR
                                                  NORMAL
..................................................................
TEMPERATURE (F)
 YESTERDAY
  MAXIMUM         84    344 PM  93    1938  73     11       71
  MINIMUM         54    318 AM  25    1965  47      7       50
  AVERAGE         69                        60      9       61

PRECIPITATION (IN)
  YESTERDAY        0.00          1.14 1881   0.02  -0.02     0.17
  MONTH TO DATE    0.22                      0.36  -0.14     0.50
  SINCE OCT 1     12.55                     16.25  -3.70    15.33
  SINCE JAN 1     10.22                     10.47  -0.25     7.97

SNOWFALL (IN)
  YESTERDAY        0.0           0.0  2002   0.0    0.0      0.0
                                      2001
                                      1999
  MONTH TO DATE    0.0                       0.0    0.0      0.0
  SINCE SEP 1      0.0                       0.0    0.0      0.0
  SINCE JUL 1      0.0                       0.0    0.0      0.0
  SNOW DEPTH       0

DEGREE DAYS
 HEATING
  YESTERDAY        0                         6     -6        4
  MONTH TO DATE   68                        72     -4       15
  SINCE SEP 1     68                        72     -4       15
  SINCE JUL 1     80                       137    -57       22

 COOLING
  YESTERDAY        4                         1      3        0
  MONTH TO DATE   19                        30    -11      108
  SINCE SEP 1     19                        30    -11      108
  SINCE JAN 1    625                       441    184      709
..................................................................


WIND (MPH)
  HIGHEST WIND SPEED    10   HIGHEST WIND DIRECTION    NE (40)
  HIGHEST GUST SPEED    12   HIGHEST GUST DIRECTION     S (160)
  AVERAGE WIND SPEED     4.2


SKY COVER
  POSSIBLE SUNSHINE  MM
  AVERAGE SKY COVER 0.7


WEATHER CONDITIONS
 THE FOLLOWING WEATHER WAS RECORDED YESTERDAY.
  NO SIGNIFICANT WEATHER WAS OBSERVED.


RELATIVE HUMIDITY (PERCENT)
 HIGHEST    57           700 AM
 LOWEST     18           400 PM
 AVERAGE    38

..........................................................


THE SPOKANE WA AIRPORT CLIMATE NORMALS FOR TODAY
                         NORMAL    RECORD    YEAR
 MAXIMUM TEMPERATURE (F)   72        98      1938
 MINIMUM TEMPERATURE (F)   47        32      1978
                                             1965
                                             1942


SUNRISE AND SUNSET
SEPTEMBER 18 2014.....SUNRISE   632 AM PDT   SUNSET   656 PM PDT
SEPTEMBER 19 2014.....SUNRISE   633 AM PDT   SUNSET   654 PM PDT


-  INDICATES NEGATIVE NUMBERS.
R  INDICATES RECORD WAS SET OR TIED.
MM INDICATES DATA IS MISSING.
T  INDICATES TRACE AMOUNT.




$$
