000
CDUS46 KOTX 260826
CLIGEG


CLIMATE REPORT
NATIONAL WEATHER SERVICE SPOKANE, WA
1225 AM PST MON JAN 26 2015


...................................

...THE SPOKANE WA AIRPORT CLIMATE SUMMARY FOR JANUARY 25 2015...

CLIMATE NORMAL PERIOD 1981 TO 2010
CLIMATE RECORD PERIOD 1881 TO 2015


WEATHER ITEM   OBSERVED TIME   RECORD YEAR NORMAL DEPARTURE LAST
                VALUE   (LST)  VALUE       VALUE  FROM      YEAR
                                                  NORMAL
..................................................................
TEMPERATURE (F)
 YESTERDAY
  MAXIMUM         55R   123 PM  54    1935  36     19       29
  MINIMUM         37   1159 PM -22    1950  26     11       25
  AVERAGE         46                        31     15       27

PRECIPITATION (IN)
  YESTERDAY        0.00          0.87 1888   0.05  -0.05      T
  MONTH TO DATE    1.91                      1.50   0.41     0.59
  SINCE OCT 1      6.64                      7.28  -0.64     2.92
  SINCE JAN 1      1.91                      1.50   0.41     0.59

SNOWFALL (IN)
  YESTERDAY        0.0           5.7  1972   0.3   -0.3      0.1
  MONTH TO DATE   10.1                       9.8    0.3      2.9
  SINCE DEC 1     13.8                      24.4  -10.6      6.6
  SINCE JUL 1     14.3                      31.9  -17.6      9.7
  SNOW DEPTH       0

DEGREE DAYS
 HEATING
  YESTERDAY       19                        34    -15       38
  MONTH TO DATE  859                       895    -36      855
  SINCE DEC 1   1850                      2062   -212     2068
  SINCE JUL 1   3219                      3729   -510     3723

 COOLING
  YESTERDAY        0                         0      0        0
  MONTH TO DATE    0                         0      0        0
  SINCE DEC 1      0                         0      0        0
  SINCE JAN 1      0                         0      0        0
..................................................................


WIND (MPH)
  HIGHEST WIND SPEED    12   HIGHEST WIND DIRECTION    SW (210)
  HIGHEST GUST SPEED    14   HIGHEST GUST DIRECTION     S (200)
  AVERAGE WIND SPEED     5.6


SKY COVER
  POSSIBLE SUNSHINE  MM
  AVERAGE SKY COVER 0.9


WEATHER CONDITIONS
 THE FOLLOWING WEATHER WAS RECORDED YESTERDAY.
  FOG
  FOG W/VISIBILITY <= 1/4 MILE


RELATIVE HUMIDITY (PERCENT)
 HIGHEST   100           100 AM
 LOWEST     71           100 PM
 AVERAGE    86

..........................................................


THE SPOKANE WA AIRPORT CLIMATE NORMALS FOR TODAY
                         NORMAL    RECORD    YEAR
 MAXIMUM TEMPERATURE (F)   36        56      2003
 MINIMUM TEMPERATURE (F)   26       -16      1957


SUNRISE AND SUNSET
JANUARY 26 2015.......SUNRISE   724 AM PST   SUNSET   442 PM PST
JANUARY 27 2015.......SUNRISE   723 AM PST   SUNSET   443 PM PST


-  INDICATES NEGATIVE NUMBERS.
R  INDICATES RECORD WAS SET OR TIED.
MM INDICATES DATA IS MISSING.
T  INDICATES TRACE AMOUNT.




$$
