259
CDUS46 KOTX 240822
CLIGEG


CLIMATE REPORT
NATIONAL WEATHER SERVICE SPOKANE, WA
122 AM PDT TUE MAY 24 2016


...................................

...THE SPOKANE WA AIRPORT CLIMATE SUMMARY FOR MAY 23 2016...

CLIMATE NORMAL PERIOD 1981 TO 2010
CLIMATE RECORD PERIOD 1881 TO 2016


WEATHER ITEM   OBSERVED TIME   RECORD YEAR NORMAL DEPARTURE LAST
                VALUE   (LST)  VALUE       VALUE  FROM      YEAR
                                                  NORMAL
..................................................................
TEMPERATURE (F)
 YESTERDAY
  MAXIMUM         56    350 PM  90    2001  69    -13       83
  MINIMUM         45    520 AM  32    1964  46     -1       54
  AVERAGE         51                        57     -6       69

PRECIPITATION (IN)
  YESTERDAY        0.05          1.60 1948   0.06  -0.01     0.00
  MONTH TO DATE    0.73                      1.13  -0.40     0.51
  SINCE OCT 1     14.17                     12.92   1.25    11.15
  SINCE JAN 1      7.81                      7.14   0.67     6.42

SNOWFALL (IN)
  YESTERDAY        0.0           T    1993   0.0    0.0      0.0
  MONTH TO DATE    0.0                       0.1   -0.1      0.0
  SINCE MAR 1      0.6                       4.6   -4.0      1.9
  SINCE JUL 1     34.2                      44.9  -10.7     17.6
  SNOW DEPTH       0

DEGREE DAYS
 HEATING
  YESTERDAY       14                         8      6        0
  MONTH TO DATE  138                       260   -122      141
  SINCE MAR 1   1129                      1567   -438     1257
  SINCE JUL 1   5418                      6396   -978     5379

 COOLING
  YESTERDAY        0                         1     -1        4
  MONTH TO DATE    6                         2      4       13
  SINCE MAR 1     12                         2     10       13
  SINCE JAN 1     12                         2     10       13
..................................................................


WIND (MPH)
  HIGHEST WIND SPEED    21   HIGHEST WIND DIRECTION    SW (210)
  HIGHEST GUST SPEED    26   HIGHEST GUST DIRECTION    SW (210)
  AVERAGE WIND SPEED    11.7


SKY COVER
  POSSIBLE SUNSHINE  MM
  AVERAGE SKY COVER 1.0


WEATHER CONDITIONS
 THE FOLLOWING WEATHER WAS RECORDED YESTERDAY.
  LIGHT RAIN


RELATIVE HUMIDITY (PERCENT)
 HIGHEST    83           500 AM
 LOWEST     61          1200 AM
 AVERAGE    72

..........................................................


THE SPOKANE WA AIRPORT CLIMATE NORMALS FOR TODAY
                         NORMAL    RECORD    YEAR
 MAXIMUM TEMPERATURE (F)   69        95      1934
 MINIMUM TEMPERATURE (F)   46        32      2010


SUNRISE AND SUNSET
MAY 24 2016...........SUNRISE   502 AM PDT   SUNSET   833 PM PDT
MAY 25 2016...........SUNRISE   501 AM PDT   SUNSET   834 PM PDT


-  INDICATES NEGATIVE NUMBERS.
R  INDICATES RECORD WAS SET OR TIED.
MM INDICATES DATA IS MISSING.
T  INDICATES TRACE AMOUNT.




$$
