000
CDUS46 KOTX 061717
CLIGEG


CLIMATE REPORT
NATIONAL WEATHER SERVICE SPOKANE, WA
1230 AM PST TUE DEC 6 2016


...................................

...THE SPOKANE WA AIRPORT CLIMATE SUMMARY FOR DECEMBER 5 2016...

CLIMATE NORMAL PERIOD 1981 TO 2010
CLIMATE RECORD PERIOD 1881 TO 2016


WEATHER ITEM   OBSERVED TIME   RECORD YEAR NORMAL DEPARTURE LAST
                VALUE   (LST)  VALUE       VALUE  FROM      YEAR
                                                  NORMAL
..................................................................
TEMPERATURE (F)
 YESTERDAY
  MAXIMUM         31    338 PM  53    1944  34     -3       45
                                      1900
  MINIMUM         20    759 AM   0    1919  24     -4       30
  AVERAGE         26                        29     -3       38

PRECIPITATION (IN)
  YESTERDAY        T             0.75 2003   0.08  -0.08     0.01
  MONTH TO DATE    0.04                      0.42  -0.38     0.24
  SINCE OCT 1      7.84                      3.90   3.94     2.15
  SINCE JAN 1     16.85                     14.68   2.17     9.87

SNOWFALL (IN)
  YESTERDAY        T             3.8  2001   0.4   -0.4      0.0
                                      1956
  MONTH TO DATE    0.2                       2.0   -1.8      0.8
  SINCE DEC 1      0.2                       2.0   -1.8      0.8
  SINCE JUL 1      3.5                       9.5   -6.0      2.3
  SNOW DEPTH       0

DEGREE DAYS
 HEATING
  YESTERDAY       39                        36      3       27
  MONTH TO DATE  165                       178    -13      161
  SINCE DEC 1    165                       178    -13      161
  SINCE JUL 1   1498                      1845   -347     1595

 COOLING
  YESTERDAY        0                         0      0        0
  MONTH TO DATE    0                         0      0        0
  SINCE DEC 1      0                         0      0        0
  SINCE JAN 1    494                       450     44      828
..................................................................


WIND (MPH)
  HIGHEST WIND SPEED    15   HIGHEST WIND DIRECTION    SW (230)
  HIGHEST GUST SPEED    18   HIGHEST GUST DIRECTION    SW (230)
  AVERAGE WIND SPEED     7.2


SKY COVER
  POSSIBLE SUNSHINE  MM
  AVERAGE SKY COVER 0.6


WEATHER CONDITIONS
 THE FOLLOWING WEATHER WAS RECORDED YESTERDAY.
  LIGHT SNOW
  FOG


RELATIVE HUMIDITY (PERCENT)
 HIGHEST    92           900 AM
 LOWEST     60          1200 AM
 AVERAGE    76

..........................................................


THE SPOKANE WA AIRPORT CLIMATE NORMALS FOR TODAY
                         NORMAL    RECORD    YEAR
 MAXIMUM TEMPERATURE (F)   33        52      1946
 MINIMUM TEMPERATURE (F)   24        -3      1978


SUNRISE AND SUNSET
DECEMBER  6 2016......SUNRISE   724 AM PST   SUNSET   359 PM PST
DECEMBER  7 2016......SUNRISE   725 AM PST   SUNSET   359 PM PST


-  INDICATES NEGATIVE NUMBERS.
R  INDICATES RECORD WAS SET OR TIED.
MM INDICATES DATA IS MISSING.
T  INDICATES TRACE AMOUNT.




$$
