000
CDUS46 KOTX 280825
CLIGEG


CLIMATE REPORT
NATIONAL WEATHER SERVICE SPOKANE, WA
130 AM PDT SAT MAR 28 2015


...................................

...THE SPOKANE WA AIRPORT CLIMATE SUMMARY FOR MARCH 27 2015...

CLIMATE NORMAL PERIOD 1981 TO 2010
CLIMATE RECORD PERIOD 1881 TO 2015


WEATHER ITEM   OBSERVED TIME   RECORD YEAR NORMAL DEPARTURE LAST
                VALUE   (LST)  VALUE       VALUE  FROM      YEAR
                                                  NORMAL
..................................................................
TEMPERATURE (F)
 YESTERDAY
  MAXIMUM         70    405 PM  72    1889  52     18       50
  MINIMUM         42    812 AM  16    1944  34      8       37
  AVERAGE         56                        43     13       44

PRECIPITATION (IN)
  YESTERDAY        0.02          0.88 2005   0.05  -0.03     0.01
  MONTH TO DATE    2.19                      1.40   0.79     2.59
  SINCE OCT 1      9.87                     10.30  -0.43     7.74
  SINCE JAN 1      5.14                      4.52   0.62     5.41

SNOWFALL (IN)
  YESTERDAY        0.0           2.6  1979   0.1   -0.1      0.0
  MONTH TO DATE    0.9                       3.1   -2.2      5.8
  SINCE MAR 1      0.9                       3.1   -2.2      5.8
  SINCE JUL 1     16.6                      43.4  -26.8     37.6
  SNOW DEPTH       0

DEGREE DAYS
 HEATING
  YESTERDAY        9                        22    -13       21
  MONTH TO DATE  536                       682   -146      692
  SINCE MAR 1    536                       682   -146      692
  SINCE JUL 1   4658                      5511   -853     5735

 COOLING
  YESTERDAY        0                         0      0        0
  MONTH TO DATE    0                         0      0        0
  SINCE MAR 1      0                         0      0        0
  SINCE JAN 1      0                         0      0        0
..................................................................


WIND (MPH)
  HIGHEST WIND SPEED    29   HIGHEST WIND DIRECTION    SW (230)
  HIGHEST GUST SPEED    34   HIGHEST GUST DIRECTION    SW (220)
  AVERAGE WIND SPEED     8.2


SKY COVER
  POSSIBLE SUNSHINE  MM
  AVERAGE SKY COVER 0.5


WEATHER CONDITIONS
 THE FOLLOWING WEATHER WAS RECORDED YESTERDAY.
  LIGHT RAIN
  FOG
  FOG W/VISIBILITY <= 1/4 MILE


RELATIVE HUMIDITY (PERCENT)
 HIGHEST   100           300 AM
 LOWEST     44           300 PM
 AVERAGE    72

..........................................................


THE SPOKANE WA AIRPORT CLIMATE NORMALS FOR TODAY
                         NORMAL    RECORD    YEAR
 MAXIMUM TEMPERATURE (F)   53        72      1941
 MINIMUM TEMPERATURE (F)   34        15      1965
                                             1954


SUNRISE AND SUNSET
MARCH 28 2015.........SUNRISE   637 AM PDT   SUNSET   714 PM PDT
MARCH 29 2015.........SUNRISE   635 AM PDT   SUNSET   716 PM PDT


-  INDICATES NEGATIVE NUMBERS.
R  INDICATES RECORD WAS SET OR TIED.
MM INDICATES DATA IS MISSING.
T  INDICATES TRACE AMOUNT.




$$
