000
CDUS46 KOTX 070436
CLIGEG


CLIMATE REPORT
NATIONAL WEATHER SERVICE SPOKANE, WA
834 PM PST FRI MAR 6 2015


...................................

...THE SPOKANE WA AIRPORT CLIMATE SUMMARY FOR MARCH 6 2015...
VALID TODAY AS OF 0800 PM LOCAL TIME.

CLIMATE NORMAL PERIOD 1981 TO 2010
CLIMATE RECORD PERIOD 1881 TO 2015


WEATHER ITEM   OBSERVED TIME   RECORD YEAR NORMAL DEPARTURE LAST
                VALUE   (LST)  VALUE       VALUE  FROM      YEAR
                                                  NORMAL
..................................................................
TEMPERATURE (F)
 TODAY
  MAXIMUM         59    330 PM  62    1906  46     13       52
  MINIMUM         33    613 AM   2    1891  29      4       39
  AVERAGE         46                        37      9       46

PRECIPITATION (IN)
  TODAY            0.00          0.48 1966   0.05  -0.05     0.10
  MONTH TO DATE    0.04                      0.32  -0.28     1.62
  SINCE OCT 1      7.72                      9.22  -1.50     6.77
  SINCE JAN 1      2.99                      3.44  -0.45     4.44

DEGREE DAYS
 HEATING
  TODAY           19                        28     -9       19
  MONTH TO DATE  179                       171      8      199
  SINCE MAR 1    179                       171      8      199
  SINCE JUL 1   4301                      5000   -699     5242

 COOLING
  TODAY            0                         0      0        0
  MONTH TO DATE    0                         0      0        0
  SINCE MAR 1      0                         0      0        0
  SINCE JAN 1      0                         0      0        0
..................................................................


WIND (MPH)
  HIGHEST WIND SPEED    14   HIGHEST WIND DIRECTION    SW (230)
  HIGHEST GUST SPEED    17   HIGHEST GUST DIRECTION    SW (240)
  AVERAGE WIND SPEED     7.0


SKY COVER
  POSSIBLE SUNSHINE  MM
  AVERAGE SKY COVER 0.7


WEATHER CONDITIONS
 THE FOLLOWING WEATHER WAS RECORDED TODAY.
  NO SIGNIFICANT WEATHER WAS OBSERVED.


RELATIVE HUMIDITY (PERCENT)
 HIGHEST    64           500 AM
 LOWEST     30           100 PM
 AVERAGE    47

..........................................................


THE SPOKANE WA AIRPORT CLIMATE NORMALS FOR TOMORROW
                         NORMAL    RECORD    YEAR
 MAXIMUM TEMPERATURE (F)   46        64      1889
 MINIMUM TEMPERATURE (F)   29        14      1943
                                             1884


SUNRISE AND SUNSET
MARCH  6 2015.........SUNRISE   621 AM PST   SUNSET   542 PM PST
MARCH  7 2015.........SUNRISE   619 AM PST   SUNSET   544 PM PST


-  INDICATES NEGATIVE NUMBERS.
R  INDICATES RECORD WAS SET OR TIED.
MM INDICATES DATA IS MISSING.
T  INDICATES TRACE AMOUNT.




$$
