000
CDUS45 KRIW 270745
CLIGEY


CLIMATE REPORT
NATIONAL WEATHER SERVICE RIVERTON WY
127 AM MDT FRI MAR 27 2015


...................................

...THE GREYBULL WY CLIMATE SUMMARY FOR MARCH 26 2015...

CLIMATE NORMAL PERIOD 1981 TO 2010
CLIMATE RECORD PERIOD 1998 TO 2015


WEATHER ITEM   OBSERVED TIME   RECORD YEAR NORMAL DEPARTURE LAST
                VALUE   (LST)  VALUE       VALUE  FROM      YEAR
                                                  NORMAL
..................................................................
TEMPERATURE (F)
 YESTERDAY
  MAXIMUM         62    435 PM  74    2012  55      7       57
                                      2004
  MINIMUM         38    705 AM  14    2009  26     12       32
  AVERAGE         50                        41      9       45

PRECIPITATION (IN)
  YESTERDAY        0.00          0.37 2003   0.01  -0.01     0.00
  MONTH TO DATE    0.14                      0.30  -0.16     0.07
  SINCE MAR 1      0.14                      0.30  -0.16     0.07
  SINCE JAN 1      0.40                      0.71  -0.31     0.33

DEGREE DAYS
 HEATING
  YESTERDAY       15                        24     -9       20
  MONTH TO DATE  648                       753   -105      791
  SINCE MAR 1    648                       753   -105      791
  SINCE JUL 1   6292                      6724   -432     6678

 COOLING
  YESTERDAY        0                         0      0        0
  MONTH TO DATE    0                         0      0        0
  SINCE MAR 1      0                         0      0        0
  SINCE JAN 1      0                         0      0        0
..................................................................


WIND (MPH)
  HIGHEST WIND SPEED    15   HIGHEST WIND DIRECTION    NW (320)
  HIGHEST GUST SPEED    21   HIGHEST GUST DIRECTION     N (360)
  AVERAGE WIND SPEED     4.8


SKY COVER
  POSSIBLE SUNSHINE  MM
  AVERAGE SKY COVER 0.9


WEATHER CONDITIONS
 THE FOLLOWING WEATHER WAS RECORDED YESTERDAY.
  NO SIGNIFICANT WEATHER WAS OBSERVED.


RELATIVE HUMIDITY (PERCENT)
 HIGHEST    59           500 AM
 LOWEST     28           100 PM
 AVERAGE    44

..........................................................


THE GREYBULL WY CLIMATE NORMALS FOR TODAY
                         NORMAL    RECORD    YEAR
 MAXIMUM TEMPERATURE (F)   55        77      2007
 MINIMUM TEMPERATURE (F)   27        11      2009


SUNRISE AND SUNSET
MARCH 27 2015.........SUNRISE   703 AM MDT   SUNSET   733 PM MDT
MARCH 28 2015.........SUNRISE   701 AM MDT   SUNSET   735 PM MDT


-  INDICATES NEGATIVE NUMBERS.
R  INDICATES RECORD WAS SET OR TIED.
MM INDICATES DATA IS MISSING.
T  INDICATES TRACE AMOUNT.




$$
