000
CDUS45 KRIW 200740
CLIGEY


CLIMATE REPORT
NATIONAL WEATHER SERVICE RIVERTON WY
136 AM MDT WED AUG 20 2014


...................................

...THE GREYBULL WY CLIMATE SUMMARY FOR AUGUST 19 2014...

CLIMATE NORMAL PERIOD 1981 TO 2010
CLIMATE RECORD PERIOD 1998 TO 2014


WEATHER ITEM   OBSERVED TIME   RECORD YEAR NORMAL DEPARTURE LAST
                VALUE   (LST)  VALUE       VALUE  FROM      YEAR
                                                  NORMAL
..................................................................
TEMPERATURE (F)
 YESTERDAY
  MAXIMUM         92    141 PM  98    1999  89      3       97
  MINIMUM         54    517 AM  45    2012  54      0       57
  AVERAGE         73                        72      1       77

PRECIPITATION (IN)
  YESTERDAY        T             0.04 2009   0.01  -0.01     0.00
                                      2007
  MONTH TO DATE    0.30                      0.19   0.11      T
  SINCE JUN 1      1.45                      2.05  -0.60     0.72
  SINCE JAN 1      3.15                      5.22  -2.07     2.62

DEGREE DAYS
 HEATING
  YESTERDAY        0                         0      0        0
  MONTH TO DATE    0                         0      0        0
  SINCE JUN 1     56                        76    -20       36
  SINCE JUL 1      0                         6     -6        0

 COOLING
  YESTERDAY        8                         7      1       12
  MONTH TO DATE  192                       166     26      181
  SINCE JUN 1    585                       549     36      737
  SINCE JAN 1    627                       569     58      764
..................................................................


WIND (MPH)
  HIGHEST WIND SPEED    26   HIGHEST WIND DIRECTION     W (290)
  HIGHEST GUST SPEED    31   HIGHEST GUST DIRECTION     W (290)
  AVERAGE WIND SPEED     6.4


SKY COVER
  POSSIBLE SUNSHINE  MM
  AVERAGE SKY COVER 0.1


WEATHER CONDITIONS
 THE FOLLOWING WEATHER WAS RECORDED YESTERDAY.
  LIGHT RAIN


RELATIVE HUMIDITY (PERCENT)
 HIGHEST    72           500 AM
 LOWEST     10           300 PM
 AVERAGE    41

..........................................................


THE GREYBULL WY CLIMATE NORMALS FOR TODAY
                         NORMAL    RECORD    YEAR
 MAXIMUM TEMPERATURE (F)   89        95      2013
                                             2008
 MINIMUM TEMPERATURE (F)   54        50      2009
                                             2006
                                             2005


SUNRISE AND SUNSET
AUGUST 20 2014........SUNRISE   621 AM MDT   SUNSET   809 PM MDT
AUGUST 21 2014........SUNRISE   622 AM MDT   SUNSET   808 PM MDT


-  INDICATES NEGATIVE NUMBERS.
R  INDICATES RECORD WAS SET OR TIED.
MM INDICATES DATA IS MISSING.
T  INDICATES TRACE AMOUNT.




$$
