337
CDUS45 KRIW 280745
CLIGEY


CLIMATE REPORT
NATIONAL WEATHER SERVICE RIVERTON WY
127 AM MDT TUE MAR 28 2017


...................................

...THE GREYBULL WY CLIMATE SUMMARY FOR MARCH 27 2017...

CLIMATE NORMAL PERIOD 1981 TO 2010
CLIMATE RECORD PERIOD 1998 TO 2017


WEATHER ITEM   OBSERVED TIME   RECORD YEAR NORMAL DEPARTURE LAST
                VALUE   (LST)  VALUE       VALUE  FROM      YEAR
                                                  NORMAL
..................................................................
TEMPERATURE (F)
 YESTERDAY
  MAXIMUM         63    349 PM  77    2007  55      8       58
  MINIMUM         37    624 AM  11    2009  27     10       21
  AVERAGE         50                        41      9       40

PRECIPITATION (IN)
  YESTERDAY        0.00          0.10 2014   0.02  -0.02     0.00
  MONTH TO DATE    0.30                      0.32  -0.02     0.08
  SINCE MAR 1      0.30                      0.32  -0.02     0.08
  SINCE JAN 1      0.51                      0.73  -0.22     0.19

DEGREE DAYS
 HEATING
  YESTERDAY       15                        24     -9       25
  MONTH TO DATE  571                       777   -206      657
  SINCE MAR 1    571                       777   -206      657
  SINCE JUL 1   6612                      6748   -136     5810

 COOLING
  YESTERDAY        0                         0      0        0
  MONTH TO DATE    0                         0      0        0
  SINCE MAR 1      0                         0      0        0
  SINCE JAN 1      0                         0      0        0
..................................................................


WIND (MPH)
  HIGHEST WIND SPEED    25   HIGHEST WIND DIRECTION    NW (310)
  HIGHEST GUST SPEED    30   HIGHEST GUST DIRECTION    NW (320)
  AVERAGE WIND SPEED     7.7


SKY COVER
  POSSIBLE SUNSHINE  MM
  AVERAGE SKY COVER 0.2


WEATHER CONDITIONS
 THE FOLLOWING WEATHER WAS RECORDED YESTERDAY.
  NO SIGNIFICANT WEATHER WAS OBSERVED.


RELATIVE HUMIDITY (PERCENT)
 HIGHEST    79           700 AM
 LOWEST     20           300 PM
 AVERAGE    50

..........................................................


THE GREYBULL WY CLIMATE NORMALS FOR TODAY
                         NORMAL    RECORD    YEAR
 MAXIMUM TEMPERATURE (F)   55        80      2015
 MINIMUM TEMPERATURE (F)   27        15      2008


SUNRISE AND SUNSET
MARCH 28 2017.........SUNRISE   700 AM MDT   SUNSET   735 PM MDT
MARCH 29 2017.........SUNRISE   658 AM MDT   SUNSET   736 PM MDT


-  INDICATES NEGATIVE NUMBERS.
R  INDICATES RECORD WAS SET OR TIED.
MM INDICATES DATA IS MISSING.
T  INDICATES TRACE AMOUNT.




$$
