000
CDUS45 KRIW 230730
CLIGEY


CLIMATE REPORT
NATIONAL WEATHER SERVICE RIVERTON WY
129 AM MDT TUE MAY 23 2017


...................................

...THE GREYBULL WY CLIMATE SUMMARY FOR MAY 22 2017...

CLIMATE NORMAL PERIOD 1981 TO 2010
CLIMATE RECORD PERIOD 1998 TO 2017


WEATHER ITEM   OBSERVED TIME   RECORD YEAR NORMAL DEPARTURE LAST
                VALUE   (LST)  VALUE       VALUE  FROM      YEAR
                                                  NORMAL
..................................................................
TEMPERATURE (F)
 YESTERDAY
  MAXIMUM         64    558 PM  89    2006  72     -8       71
  MINIMUM         43   1159 PM  37    2007  45     -2       46
  AVERAGE         54                        58     -4       59

PRECIPITATION (IN)
  YESTERDAY        0.12          0.74 2007   0.06   0.06     0.00
  MONTH TO DATE    0.50                      1.01  -0.51     0.92
  SINCE MAR 1      1.31                      2.12  -0.81     1.74
  SINCE JAN 1      1.52                      2.53  -1.01     1.85

DEGREE DAYS
 HEATING
  YESTERDAY       11                         7      4        6
  MONTH TO DATE  184                       226    -42      184
  SINCE MAR 1   1345                      1654   -309     1379
  SINCE JUL 1   7386                      7625   -239     6532

 COOLING
  YESTERDAY        0                         1     -1        0
  MONTH TO DATE    8                         7      1       11
  SINCE MAR 1      8                         8      0       11
  SINCE JAN 1      8                         8      0       11
..................................................................


WIND (MPH)
  HIGHEST WIND SPEED    35   HIGHEST WIND DIRECTION    NW (300)
  HIGHEST GUST SPEED    43   HIGHEST GUST DIRECTION    NW (310)
  AVERAGE WIND SPEED    11.0


SKY COVER
  POSSIBLE SUNSHINE  MM
  AVERAGE SKY COVER 0.6


WEATHER CONDITIONS
 THE FOLLOWING WEATHER WAS RECORDED YESTERDAY.
  RAIN
  LIGHT RAIN


RELATIVE HUMIDITY (PERCENT)
 HIGHEST    80          1000 AM
 LOWEST     43           500 PM
 AVERAGE    62

..........................................................


THE GREYBULL WY CLIMATE NORMALS FOR TODAY
                         NORMAL    RECORD    YEAR
 MAXIMUM TEMPERATURE (F)   73        86      2014
 MINIMUM TEMPERATURE (F)   45        33      2002


SUNRISE AND SUNSET
MAY 23 2017...........SUNRISE   537 AM MDT   SUNSET   842 PM MDT
MAY 24 2017...........SUNRISE   536 AM MDT   SUNSET   843 PM MDT


-  INDICATES NEGATIVE NUMBERS.
R  INDICATES RECORD WAS SET OR TIED.
MM INDICATES DATA IS MISSING.
T  INDICATES TRACE AMOUNT.




$$
