000
CDUS45 KRIW 010736
CLIGEY


CLIMATE REPORT
NATIONAL WEATHER SERVICE RIVERTON WY
136 AM MDT SAT AUG 1 2015


...................................

...THE GREYBULL WY CLIMATE SUMMARY FOR JULY 31 2015...

CLIMATE NORMAL PERIOD 1981 TO 2010
CLIMATE RECORD PERIOD 1998 TO 2015


WEATHER ITEM   OBSERVED TIME   RECORD YEAR NORMAL DEPARTURE LAST
                VALUE   (LST)  VALUE       VALUE  FROM      YEAR
                                                  NORMAL
..................................................................
TEMPERATURE (F)
 YESTERDAY
  MAXIMUM         96    522 PM 101    2012  92      4       92
                                      2000
  MINIMUM         54    531 AM  49    2009  58     -4       57
  AVERAGE         75                        75      0       75

PRECIPITATION (IN)
  YESTERDAY        0.00          T    2011   0.02  -0.02     0.00
                                      2010
                                      2009
  MONTH TO DATE    T                         0.66  -0.66     0.21
  SINCE JUN 1      0.25                      1.86  -1.61     1.15
  SINCE JAN 1      1.83                      5.03  -3.20     2.85

DEGREE DAYS
 HEATING
  YESTERDAY        0                         0      0        0
  MONTH TO DATE    3                         1      2        0
  SINCE JUN 1      3                        76    -73       56
  SINCE JUL 1      3                         6     -3        0

 COOLING
  YESTERDAY       10                        10      0       10
  MONTH TO DATE  262                       277    -15      344
  SINCE JUN 1    507                       383    124      393
  SINCE JAN 1    512                       403    109      435
..................................................................


WIND (MPH)
  HIGHEST WIND SPEED    14   HIGHEST WIND DIRECTION     N (340)
  HIGHEST GUST SPEED    18   HIGHEST GUST DIRECTION     N (340)
  AVERAGE WIND SPEED     3.2


SKY COVER
  POSSIBLE SUNSHINE  MM
  AVERAGE SKY COVER 0.0


WEATHER CONDITIONS
 THE FOLLOWING WEATHER WAS RECORDED YESTERDAY.
  NO SIGNIFICANT WEATHER WAS OBSERVED.


RELATIVE HUMIDITY (PERCENT)
 HIGHEST    59           600 AM
 LOWEST      8           200 PM
 AVERAGE    34

..........................................................


THE GREYBULL WY CLIMATE NORMALS FOR TODAY
                         NORMAL    RECORD    YEAR
 MAXIMUM TEMPERATURE (F)   92       104      2008
 MINIMUM TEMPERATURE (F)   58        48      2009


SUNRISE AND SUNSET
AUGUST  1 2015........SUNRISE   559 AM MDT   SUNSET   838 PM MDT
AUGUST  2 2015........SUNRISE   600 AM MDT   SUNSET   836 PM MDT


-  INDICATES NEGATIVE NUMBERS.
R  INDICATES RECORD WAS SET OR TIED.
MM INDICATES DATA IS MISSING.
T  INDICATES TRACE AMOUNT.




$$
