000
CDUS45 KRIW 230739
CLIGEY


CLIMATE REPORT
NATIONAL WEATHER SERVICE RIVERTON WY
131 AM MDT TUE AUG 23 2016


...................................

...THE GREYBULL WY CLIMATE SUMMARY FOR AUGUST 22 2016...

CLIMATE NORMAL PERIOD 1981 TO 2010
CLIMATE RECORD PERIOD 1998 TO 2016


WEATHER ITEM   OBSERVED TIME   RECORD YEAR NORMAL DEPARTURE LAST
                VALUE   (LST)  VALUE       VALUE  FROM      YEAR
                                                  NORMAL
..................................................................
TEMPERATURE (F)
 YESTERDAY
  MAXIMUM         94    414 PM  98    2011  88      6       71
                                      2010
                                      2006
  MINIMUM         53    622 AM  46    2015  53      0       46
  AVERAGE         74                        71      3       59

PRECIPITATION (IN)
  YESTERDAY        0.00          0.24 2007   0.02  -0.02     0.00
                                      2007
                                      2014
  MONTH TO DATE    0.31                      0.24   0.07     0.08
  SINCE JUN 1      0.57                      2.10  -1.53     0.33
  SINCE JAN 1      2.86                      5.27  -2.41     1.91

DEGREE DAYS
 HEATING
  YESTERDAY        0                         0      0        6
  MONTH TO DATE    9                         0      9       20
  SINCE JUN 1     16                        76    -60       23
  SINCE JUL 1     11                         6      5       23

 COOLING
  YESTERDAY        9                         6      3        0
  MONTH TO DATE  203                       185     18      172
  SINCE JUN 1    788                       568    220      679
  SINCE JAN 1    799                       588    211      684
..................................................................


WIND (MPH)
  HIGHEST WIND SPEED    21   HIGHEST WIND DIRECTION    NW (310)
  HIGHEST GUST SPEED    25   HIGHEST GUST DIRECTION     W (270)
  AVERAGE WIND SPEED     7.4


SKY COVER
  POSSIBLE SUNSHINE  MM
  AVERAGE SKY COVER 0.1


WEATHER CONDITIONS
 THE FOLLOWING WEATHER WAS RECORDED YESTERDAY.
  HAZE


RELATIVE HUMIDITY (PERCENT)
 HIGHEST    50           600 AM
 LOWEST      5           700 PM
 AVERAGE    28

..........................................................


THE GREYBULL WY CLIMATE NORMALS FOR TODAY
                         NORMAL    RECORD    YEAR
 MAXIMUM TEMPERATURE (F)   88        98      2006
 MINIMUM TEMPERATURE (F)   53        38      2015


SUNRISE AND SUNSET
AUGUST 23 2016........SUNRISE   625 AM MDT   SUNSET   804 PM MDT
AUGUST 24 2016........SUNRISE   626 AM MDT   SUNSET   802 PM MDT


-  INDICATES NEGATIVE NUMBERS.
R  INDICATES RECORD WAS SET OR TIED.
MM INDICATES DATA IS MISSING.
T  INDICATES TRACE AMOUNT.




$$
