000
CDUS45 KRIW 300032
CLIGEY


CLIMATE REPORT
NATIONAL WEATHER SERVICE RIVERTON WY
630 PM MDT FRI APR 29 2016


...................................

...THE GREYBULL WY CLIMATE SUMMARY FOR APRIL 29 2016...
VALID TODAY AS OF 0500 PM LOCAL TIME.

CLIMATE NORMAL PERIOD 1981 TO 2010
CLIMATE RECORD PERIOD 1998 TO 2016


WEATHER ITEM   OBSERVED TIME   RECORD YEAR NORMAL DEPARTURE LAST
                VALUE   (LST)  VALUE       VALUE  FROM      YEAR
                                                  NORMAL
..................................................................
TEMPERATURE (F)
 TODAY
  MAXIMUM         53        MM  88    2007  65    -12       81
  MINIMUM         40        MM  24    2005  37      3       37
  AVERAGE         47

PRECIPITATION (IN)
  TODAY            0.00          0.70 2009   0.03  -0.03     0.00
  MONTH TO DATE    0.46                      0.68  -0.22     0.08
  SINCE MAR 1      0.82                      1.08  -0.26     0.22
  SINCE JAN 1      0.93                      1.49  -0.56     0.48

DEGREE DAYS
 HEATING
  TODAY           18                        14      4        6
  MONTH TO DATE  430                       543   -113      487
  SINCE MAR 1   1178                      1414   -236     1190
  SINCE JUL 1   6331                      7385  -1054     6834

 COOLING
  TODAY            0                         0      0        0
  MONTH TO DATE    0                         0      0        0
  SINCE MAR 1      0                         0      0        0
  SINCE JAN 1      0                         0      0        0
..................................................................


WIND (MPH)
  HIGHEST WIND SPEED     9   HIGHEST WIND DIRECTION    SW (210)
  HIGHEST GUST SPEED    MM   HIGHEST GUST DIRECTION    MM
  AVERAGE WIND SPEED     5.5


SKY COVER
  POSSIBLE SUNSHINE  MM
  AVERAGE SKY COVER 1.0


WEATHER CONDITIONS
 THE FOLLOWING WEATHER WAS RECORDED TODAY.
  NO SIGNIFICANT WEATHER WAS OBSERVED.


RELATIVE HUMIDITY (PERCENT)
 HIGHEST    70          1200 AM
 LOWEST     35           100 PM
 AVERAGE    53

..........................................................


THE GREYBULL WY CLIMATE NORMALS FOR TOMORROW
                         NORMAL    RECORD    YEAR
 MAXIMUM TEMPERATURE (F)   65        77      2007
 MINIMUM TEMPERATURE (F)   37        22      2004


SUNRISE AND SUNSET
APRIL 29 2016.........SUNRISE   605 AM MDT   SUNSET   815 PM MDT
APRIL 30 2016.........SUNRISE   603 AM MDT   SUNSET   816 PM MDT


-  INDICATES NEGATIVE NUMBERS.
R  INDICATES RECORD WAS SET OR TIED.
MM INDICATES DATA IS MISSING.
T  INDICATES TRACE AMOUNT.




$$
