000
CDUS45 KRIW 240750
CLIGEY


CLIMATE REPORT
NATIONAL WEATHER SERVICE RIVERTON WY
1248 AM MST MON NOV 24 2014


...................................

...THE GREYBULL WY CLIMATE SUMMARY FOR NOVEMBER 23 2014...

CLIMATE NORMAL PERIOD 1981 TO 2010
CLIMATE RECORD PERIOD 1998 TO 2014


WEATHER ITEM   OBSERVED TIME   RECORD YEAR NORMAL DEPARTURE LAST
                VALUE   (LST)  VALUE       VALUE  FROM      YEAR
                                                  NORMAL
..................................................................
TEMPERATURE (F)
 YESTERDAY
  MAXIMUM         40    319 PM  56    1998  38      2       23
  MINIMUM         18    409 AM -14    2003  14      4       -3
  AVERAGE         29                        26      3       10

PRECIPITATION (IN)
  YESTERDAY        0.00          0.69 2002   0.01  -0.01     0.00
  MONTH TO DATE    0.09                      0.22  -0.13      T
  SINCE SEP 1      0.96                      1.70  -0.74     2.23
  SINCE JAN 1      4.82                      7.15  -2.33     4.85

DEGREE DAYS
 HEATING
  YESTERDAY       36                        39     -3       55
  MONTH TO DATE  977                       744    233      727
  SINCE SEP 1   1519                      1545    -26     1536
  SINCE JUL 1   1546                      1566    -20     1536

 COOLING
  YESTERDAY        0                         0      0        0
  MONTH TO DATE    0                         0      0        0
  SINCE SEP 1     43                        36      7       96
  SINCE JAN 1    698                       669     29     1005
..................................................................


WIND (MPH)
  HIGHEST WIND SPEED    33   HIGHEST WIND DIRECTION    NW (330)
  HIGHEST GUST SPEED    40   HIGHEST GUST DIRECTION    NW (320)
  AVERAGE WIND SPEED    10.0


SKY COVER
  POSSIBLE SUNSHINE  MM
  AVERAGE SKY COVER 0.5


WEATHER CONDITIONS
 THE FOLLOWING WEATHER WAS RECORDED YESTERDAY.
  NO SIGNIFICANT WEATHER WAS OBSERVED.


RELATIVE HUMIDITY (PERCENT)
 HIGHEST   100           200 AM
 LOWEST     40           300 PM
 AVERAGE    70

..........................................................


THE GREYBULL WY CLIMATE NORMALS FOR TODAY
                         NORMAL    RECORD    YEAR
 MAXIMUM TEMPERATURE (F)   37        54      1998
 MINIMUM TEMPERATURE (F)   13       -14      2010


SUNRISE AND SUNSET
NOVEMBER 24 2014......SUNRISE   720 AM MST   SUNSET   437 PM MST
NOVEMBER 25 2014......SUNRISE   722 AM MST   SUNSET   437 PM MST


-  INDICATES NEGATIVE NUMBERS.
R  INDICATES RECORD WAS SET OR TIED.
MM INDICATES DATA IS MISSING.
T  INDICATES TRACE AMOUNT.




$$
