000
CDUS45 KRIW 050735
CLIGEY


CLIMATE REPORT
NATIONAL WEATHER SERVICE RIVERTON WY
134 AM MDT SAT SEP 5 2015


...................................

...THE GREYBULL WY CLIMATE SUMMARY FOR SEPTEMBER 4 2015...

CLIMATE NORMAL PERIOD 1981 TO 2010
CLIMATE RECORD PERIOD 1998 TO 2015


WEATHER ITEM   OBSERVED TIME   RECORD YEAR NORMAL DEPARTURE LAST
                VALUE   (LST)  VALUE       VALUE  FROM      YEAR
                                                  NORMAL
..................................................................
TEMPERATURE (F)
 YESTERDAY
  MAXIMUM         85    331 PM  98    2007  82      3       70
  MINIMUM         53    558 AM  38    2006  48      5       49
  AVERAGE         69                        65      4       60

PRECIPITATION (IN)
  YESTERDAY        T             0.05 2002   0.02  -0.02     0.00
  MONTH TO DATE    T                         0.11  -0.11     0.00
  SINCE SEP 1      T                         0.11  -0.11     0.00
  SINCE JAN 1      1.92                      5.56  -3.64     3.86

DEGREE DAYS
 HEATING
  YESTERDAY        0                         3     -3        5
  MONTH TO DATE    0                        10    -10        8
  SINCE SEP 1      0                        10    -10        8
  SINCE JUL 1     28                        31     -3       35

 COOLING
  YESTERDAY        4                         3      1        0
  MONTH TO DATE   31                        13     18        5
  SINCE SEP 1     31                        13     18        5
  SINCE JAN 1    780                       646    134      660
..................................................................


WIND (MPH)
  HIGHEST WIND SPEED    29   HIGHEST WIND DIRECTION     N (350)
  HIGHEST GUST SPEED    35   HIGHEST GUST DIRECTION     N (350)
  AVERAGE WIND SPEED    13.0


SKY COVER
  POSSIBLE SUNSHINE  MM
  AVERAGE SKY COVER 0.1


WEATHER CONDITIONS
 THE FOLLOWING WEATHER WAS RECORDED YESTERDAY.
  THUNDERSTORM
  LIGHT RAIN


RELATIVE HUMIDITY (PERCENT)
 HIGHEST    72           500 AM
 LOWEST     24           300 PM
 AVERAGE    48

..........................................................


THE GREYBULL WY CLIMATE NORMALS FOR TODAY
                         NORMAL    RECORD    YEAR
 MAXIMUM TEMPERATURE (F)   82        96      2013
 MINIMUM TEMPERATURE (F)   48        40      2008


SUNRISE AND SUNSET
SEPTEMBER  5 2015.....SUNRISE   639 AM MDT   SUNSET   742 PM MDT
SEPTEMBER  6 2015.....SUNRISE   640 AM MDT   SUNSET   740 PM MDT


-  INDICATES NEGATIVE NUMBERS.
R  INDICATES RECORD WAS SET OR TIED.
MM INDICATES DATA IS MISSING.
T  INDICATES TRACE AMOUNT.




$$
