000
CDUS45 KRIW 050746
CLIGEY


CLIMATE REPORT
NATIONAL WEATHER SERVICE RIVERTON WY
141 AM MDT SUN JUL 5 2015


...................................

...THE GREYBULL WY CLIMATE SUMMARY FOR JULY 4 2015...

CLIMATE NORMAL PERIOD 1981 TO 2010
CLIMATE RECORD PERIOD 1998 TO 2015


WEATHER ITEM   OBSERVED TIME   RECORD YEAR NORMAL DEPARTURE LAST
                VALUE   (LST)  VALUE       VALUE  FROM      YEAR
                                                  NORMAL
..................................................................
TEMPERATURE (F)
 YESTERDAY
  MAXIMUM        100    445 PM 101    2002  88     12       95
  MINIMUM         65    514 AM  49    2005  56      9       57
  AVERAGE         83                        72     11       76

PRECIPITATION (IN)
  YESTERDAY        0.00          0.03 2013   0.03  -0.03      T
  MONTH TO DATE    0.00                      0.12  -0.12      T
  SINCE JUN 1      0.25                      1.32  -1.07     0.94
  SINCE JAN 1      1.83                      4.49  -2.66     2.64

DEGREE DAYS
 HEATING
  YESTERDAY        0                         0      0        0
  MONTH TO DATE    0                         1     -1        0
  SINCE JUN 1      0                        71    -71       56
  SINCE JUL 1      0                         1     -1        0

 COOLING
  YESTERDAY       18                         7     11       11
  MONTH TO DATE   61                        28     33       29
  SINCE JUN 1    306                       134    172       78
  SINCE JAN 1    311                       154    157      120
..................................................................


WIND (MPH)
  HIGHEST WIND SPEED    13   HIGHEST WIND DIRECTION     N (340)
  HIGHEST GUST SPEED    16   HIGHEST GUST DIRECTION    NE (30)
  AVERAGE WIND SPEED     4.4


SKY COVER
  POSSIBLE SUNSHINE  MM
  AVERAGE SKY COVER 0.0


WEATHER CONDITIONS
 THE FOLLOWING WEATHER WAS RECORDED YESTERDAY.
  NO SIGNIFICANT WEATHER WAS OBSERVED.


RELATIVE HUMIDITY (PERCENT)
 HIGHEST    60           500 AM
 LOWEST     10           400 PM
 AVERAGE    35

..........................................................


THE GREYBULL WY CLIMATE NORMALS FOR TODAY
                         NORMAL    RECORD    YEAR
 MAXIMUM TEMPERATURE (F)   88       102      2001
 MINIMUM TEMPERATURE (F)   56        48      2000


SUNRISE AND SUNSET
JULY  5 2015..........SUNRISE   534 AM MDT   SUNSET   900 PM MDT
JULY  6 2015..........SUNRISE   534 AM MDT   SUNSET   859 PM MDT


-  INDICATES NEGATIVE NUMBERS.
R  INDICATES RECORD WAS SET OR TIED.
MM INDICATES DATA IS MISSING.
T  INDICATES TRACE AMOUNT.




$$
