000
CDUS43 KIND 010532
CLIGEZ


CLIMATE REPORT
NATIONAL WEATHER SERVICE INDIANAPOLIS IN
131 AM EDT WED OCT 1 2014


...................................

...THE SHELBYVILLE IN CLIMATE SUMMARY FOR SEPTEMBER 30 2014...

CLIMATE NORMAL PERIOD 1981 TO 2010
CLIMATE RECORD PERIOD 9999 TO 9999


WEATHER ITEM   OBSERVED TIME   NORMAL DEPARTURE LAST
                VALUE   (LST)  VALUE  FROM      YEAR
                                      NORMAL
......................................................
TEMPERATURE (F)
 YESTERDAY
  MAXIMUM         74    211 PM  72      2       MM
  MINIMUM         51   1159 PM  47      4       MM
  AVERAGE         63            60      3       MM

PRECIPITATION (IN)
  YESTERDAY        0.00          0.12  -0.12    MM
  MONTH TO DATE    2.72          3.17  -0.45     2.03
  SINCE SEP 1      2.72          3.17  -0.45     2.03
  SINCE JAN 1     29.63         33.45  -3.82    23.44

DEGREE DAYS
 HEATING
  YESTERDAY        2             7     -5       MM
  MONTH TO DATE   65            79    -14       31
  SINCE SEP 1     65            79    -14       31
  SINCE JUL 1     70            85    -15       39

 COOLING
  YESTERDAY        0             1     -1       MM
  MONTH TO DATE   97            93      4      159
  SINCE SEP 1     97            93      4      159
  SINCE JAN 1   1067           899    168     1144
......................................................


WIND (MPH)
  HIGHEST WIND SPEED    12   HIGHEST WIND DIRECTION     N (360)
  HIGHEST GUST SPEED    16   HIGHEST GUST DIRECTION     N (350)
  AVERAGE WIND SPEED     5.5


SKY COVER
  AVERAGE SKY COVER 0.3


WEATHER CONDITIONS
 THE FOLLOWING WEATHER WAS RECORDED YESTERDAY.
  FOG
  FOG W/VISIBILITY <= 1/4 MILE


RELATIVE HUMIDITY (PERCENT)
 HIGHEST    93           700 AM
 LOWEST     53           200 PM
 AVERAGE    73

..........................................................


THE SHELBYVILLE IN CLIMATE NORMALS FOR TODAY
                         NORMAL
 MAXIMUM TEMPERATURE (F)   72
 MINIMUM TEMPERATURE (F)   47


SUNRISE AND SUNSET
OCTOBER  1 2014.......SUNRISE   739 AM EDT   SUNSET   726 PM EDT
OCTOBER  2 2014.......SUNRISE   740 AM EDT   SUNSET   724 PM EDT


-  INDICATES NEGATIVE NUMBERS.
R  INDICATES RECORD WAS SET OR TIED.
MM INDICATES DATA IS MISSING.
T  INDICATES TRACE AMOUNT.




$$
