000
CDUS43 KIND 220541
CLIGEZ


CLIMATE REPORT
NATIONAL WEATHER SERVICE INDIANAPOLIS IN
1240 AM EST MON JAN 22 2018


...................................

...THE SHELBYVILLE IN CLIMATE SUMMARY FOR JANUARY 21 2018...

CLIMATE NORMAL PERIOD 1981 TO 2010
CLIMATE RECORD PERIOD 9999 TO 9999


WEATHER ITEM   OBSERVED TIME   NORMAL DEPARTURE LAST
                VALUE   (LST)  VALUE  FROM      YEAR
                                      NORMAL
......................................................
TEMPERATURE (F)
 YESTERDAY
  MAXIMUM         52    442 PM  36     16       63
  MINIMUM         39   1222 AM  21     18       48
  AVERAGE         46            29     17       56

PRECIPITATION (IN)
  YESTERDAY        0.01          0.05  -0.04     0.00
  MONTH TO DATE    1.94          1.82   0.12     4.03
  SINCE DEC 1      3.06          5.09  -2.03     6.22
  SINCE JAN 1      1.94          1.82   0.12     4.03

DEGREE DAYS
 HEATING
  YESTERDAY       19            36    -17        9
  MONTH TO DATE  926           756    170      610
  SINCE DEC 1   1995          1785    210     1639
  SINCE JUL 1   2888          2860     28     2325

 COOLING
  YESTERDAY        0             0      0        0
  MONTH TO DATE    0             0      0        0
  SINCE DEC 1      0             0      0        0
  SINCE JAN 1      0             0      0        0
......................................................


WIND (MPH)
  HIGHEST WIND SPEED    16   HIGHEST WIND DIRECTION     S (180)
  HIGHEST GUST SPEED    20   HIGHEST GUST DIRECTION     S (190)
  AVERAGE WIND SPEED     9.6


SKY COVER
  AVERAGE SKY COVER 0.9


WEATHER CONDITIONS
 THE FOLLOWING WEATHER WAS RECORDED YESTERDAY.
  LIGHT RAIN
  FOG


RELATIVE HUMIDITY (PERCENT)
 HIGHEST    93           400 AM
 LOWEST     80           200 PM
 AVERAGE    87

..........................................................


THE SHELBYVILLE IN CLIMATE NORMALS FOR TODAY
                         NORMAL
 MAXIMUM TEMPERATURE (F)   36
 MINIMUM TEMPERATURE (F)   21


SUNRISE AND SUNSET
JANUARY 22 2018.......SUNRISE   759 AM EST   SUNSET   551 PM EST
JANUARY 23 2018.......SUNRISE   758 AM EST   SUNSET   553 PM EST


-  INDICATES NEGATIVE NUMBERS.
R  INDICATES RECORD WAS SET OR TIED.
MM INDICATES DATA IS MISSING.
T  INDICATES TRACE AMOUNT.




$$
