000
CDUS43 KIND 280546
CLIGEZ


CLIMATE REPORT
NATIONAL WEATHER SERVICE INDIANAPOLIS IN
146 AM EDT THU MAY 28 2015


...................................

...THE SHELBYVILLE IN CLIMATE SUMMARY FOR MAY 27 2015...

CLIMATE NORMAL PERIOD 1981 TO 2010
CLIMATE RECORD PERIOD 9999 TO 9999


WEATHER ITEM   OBSERVED TIME   NORMAL DEPARTURE LAST
                VALUE   (LST)  VALUE  FROM      YEAR
                                      NORMAL
......................................................
TEMPERATURE (F)
 YESTERDAY
  MAXIMUM         83    116 PM  77      6       89
  MINIMUM         64    559 AM  56      8       68
  AVERAGE         74            66      8       79

PRECIPITATION (IN)
  YESTERDAY        0.00          0.14  -0.14     0.00
  MONTH TO DATE    1.80          4.73  -2.93     4.13
  SINCE MAR 1     10.33         12.48  -2.15    11.59
  SINCE JAN 1     13.35         17.23  -3.88    15.47

DEGREE DAYS
 HEATING
  YESTERDAY        0             2     -2        0
  MONTH TO DATE   59           128    -69      103
  SINCE MAR 1   1113          1225   -112     1204
  SINCE JUL 1   5554          5388    166     5702

 COOLING
  YESTERDAY        9             4      5       14
  MONTH TO DATE  147            54     93      108
  SINCE MAR 1    155            67     88      118
  SINCE JAN 1    155            67     88      118
......................................................


WIND (MPH)
  HIGHEST WIND SPEED    25   HIGHEST WIND DIRECTION    SW (220)
  HIGHEST GUST SPEED    31   HIGHEST GUST DIRECTION    SW (230)
  AVERAGE WIND SPEED    11.0


SKY COVER
  AVERAGE SKY COVER 0.2


WEATHER CONDITIONS
 THE FOLLOWING WEATHER WAS RECORDED YESTERDAY.
  NO SIGNIFICANT WEATHER WAS OBSERVED.


RELATIVE HUMIDITY (PERCENT)
 HIGHEST    87           400 AM
 LOWEST     51           100 PM
 AVERAGE    69

..........................................................


THE SHELBYVILLE IN CLIMATE NORMALS FOR TODAY
                         NORMAL
 MAXIMUM TEMPERATURE (F)   77
 MINIMUM TEMPERATURE (F)   56


SUNRISE AND SUNSET
MAY 28 2015...........SUNRISE   620 AM EDT   SUNSET   902 PM EDT
MAY 29 2015...........SUNRISE   619 AM EDT   SUNSET   902 PM EDT


-  INDICATES NEGATIVE NUMBERS.
R  INDICATES RECORD WAS SET OR TIED.
MM INDICATES DATA IS MISSING.
T  INDICATES TRACE AMOUNT.




$$
