000
CDUS43 KIND 220531
CLIGEZ


CLIMATE REPORT
NATIONAL WEATHER SERVICE INDIANAPOLIS IN
131 AM EDT MON SEP 22 2014


...................................

...THE SHELBYVILLE IN CLIMATE SUMMARY FOR SEPTEMBER 21 2014...

CLIMATE NORMAL PERIOD 1981 TO 2010
CLIMATE RECORD PERIOD 9999 TO 9999


WEATHER ITEM   OBSERVED TIME   NORMAL DEPARTURE LAST
                VALUE   (LST)  VALUE  FROM      YEAR
                                      NORMAL
......................................................
TEMPERATURE (F)
 YESTERDAY
  MAXIMUM         76    248 PM  76      0       75
  MINIMUM         53   1022 PM  51      2       53
  AVERAGE         65            64      1       64

PRECIPITATION (IN)
  YESTERDAY        0.08          0.10  -0.02     0.24
  MONTH TO DATE    2.72          2.23   0.49     2.03
  SINCE SEP 1      2.72          2.23   0.49     2.03
  SINCE JAN 1     29.63         32.51  -2.88    23.44

DEGREE DAYS
 HEATING
  YESTERDAY        0             4     -4        1
  MONTH TO DATE   47            32     15       18
  SINCE SEP 1     47            32     15       18
  SINCE JUL 1     52            38     14       26

 COOLING
  YESTERDAY        0             2     -2        0
  MONTH TO DATE   79            79      0      150
  SINCE SEP 1     79            79      0      150
  SINCE JAN 1   1049           885    164     1135
......................................................


WIND (MPH)
  HIGHEST WIND SPEED    25   HIGHEST WIND DIRECTION     W (290)
  HIGHEST GUST SPEED    34   HIGHEST GUST DIRECTION     W (290)
  AVERAGE WIND SPEED    12.7


SKY COVER
  AVERAGE SKY COVER 0.4


WEATHER CONDITIONS
 THE FOLLOWING WEATHER WAS RECORDED YESTERDAY.
  LIGHT RAIN
  FOG


RELATIVE HUMIDITY (PERCENT)
 HIGHEST    84           600 AM
 LOWEST     38           100 PM
 AVERAGE    61

..........................................................


THE SHELBYVILLE IN CLIMATE NORMALS FOR TODAY
                         NORMAL
 MAXIMUM TEMPERATURE (F)   76
 MINIMUM TEMPERATURE (F)   51


SUNRISE AND SUNSET
SEPTEMBER 22 2014.....SUNRISE   731 AM EDT   SUNSET   740 PM EDT
SEPTEMBER 23 2014.....SUNRISE   732 AM EDT   SUNSET   739 PM EDT


-  INDICATES NEGATIVE NUMBERS.
R  INDICATES RECORD WAS SET OR TIED.
MM INDICATES DATA IS MISSING.
T  INDICATES TRACE AMOUNT.




$$
