000
CDUS43 KFGF 050634
CLIGFK


CLIMATE REPORT
NATIONAL WEATHER SERVICE EASTERN NORTH DAKOTA/GRAND FORKS
133 AM CDT THU MAY 5 2016


...................................

...THE GRAND FORKS INTL AP ND CLIMATE SUMMARY FOR MAY 4 2016...

CLIMATE NORMAL PERIOD 1981 TO 2010
CLIMATE RECORD PERIOD 1941 TO 2016


WEATHER ITEM   OBSERVED TIME   RECORD YEAR NORMAL DEPARTURE LAST
                VALUE   (LST)  VALUE       VALUE  FROM      YEAR
                                                  NORMAL
..................................................................
TEMPERATURE (F)
 YESTERDAY
  MAXIMUM         72    442 PM  95    1985  64      8       70
  MINIMUM         33    516 AM  21    1921  37     -4       31
  AVERAGE         53                        51      2       51

PRECIPITATION (IN)
  YESTERDAY        0.00          1.40 1905   0.07  -0.07     0.00
  MONTH TO DATE    0.00                      0.26  -0.26     0.02
  SINCE MAR 1      2.11                      2.23  -0.12     1.06
  SINCE JAN 1      2.69                      3.30  -0.61     1.88

SNOWFALL (IN)
  YESTERDAY        0.0           0.3  1979   0.0    0.0      0.0
  MONTH TO DATE    0.0                       0.0    0.0      0.0
  SINCE MAR 1      2.5                      10.1   -7.6      2.7
  SINCE JUL 1     28.4                      47.3  -18.9     17.0
  SNOW DEPTH       0

DEGREE DAYS
 HEATING
  YESTERDAY       12                        15     -3       14
  MONTH TO DATE   51                        61    -10       32
  SINCE MAR 1   1664                      1989   -325     1690
  SINCE JUL 1   7643                      9139  -1496     8607

 COOLING
  YESTERDAY        0                         0      0        0
  MONTH TO DATE    0                         0      0        0
  SINCE MAR 1      0                         1     -1        0
  SINCE JAN 1      0                         1     -1        0
..................................................................


WIND (MPH)
  HIGHEST WIND SPEED    12   HIGHEST WIND DIRECTION     S (180)
  HIGHEST GUST SPEED    14   HIGHEST GUST DIRECTION     N (340)
  AVERAGE WIND SPEED     6.6


SKY COVER
  POSSIBLE SUNSHINE  MM
  AVERAGE SKY COVER 0.3


WEATHER CONDITIONS
 THE FOLLOWING WEATHER WAS RECORDED YESTERDAY.
  NO SIGNIFICANT WEATHER WAS OBSERVED.


RELATIVE HUMIDITY (PERCENT)
 HIGHEST    82           400 AM
 LOWEST     22           400 PM
 AVERAGE    52

..........................................................


THE GRAND FORKS INTL AP ND CLIMATE NORMALS FOR TODAY
                         NORMAL    RECORD    YEAR
 MAXIMUM TEMPERATURE (F)   65        96      1926
 MINIMUM TEMPERATURE (F)   37        20      2008
                                             1929


SUNRISE AND SUNSET
MAY  5 2016...........SUNRISE   603 AM CDT   SUNSET   848 PM CDT
MAY  6 2016...........SUNRISE   602 AM CDT   SUNSET   849 PM CDT


-  INDICATES NEGATIVE NUMBERS.
R  INDICATES RECORD WAS SET OR TIED.
MM INDICATES DATA IS MISSING.
T  INDICATES TRACE AMOUNT.




$$
