000
CDUS43 KFGF 290634
CLIGFK


CLIMATE REPORT
NATIONAL WEATHER SERVICE EASTERN NORTH DAKOTA/GRAND FORKS
134 AM CDT THU SEP 29 2016


...................................

...THE GRAND FORKS INTL AP ND CLIMATE SUMMARY FOR SEPTEMBER 28 2016...

CLIMATE NORMAL PERIOD 1981 TO 2010
CLIMATE RECORD PERIOD 1941 TO 2016


WEATHER ITEM   OBSERVED TIME   RECORD YEAR NORMAL DEPARTURE LAST
                VALUE   (LST)  VALUE       VALUE  FROM      YEAR
                                                  NORMAL
..................................................................
TEMPERATURE (F)
 YESTERDAY
  MAXIMUM         62    502 PM  88    2011  64     -2       65
  MINIMUM         37    652 AM  18    1942  39     -2       37
  AVERAGE         50                        51     -1       51

PRECIPITATION (IN)
  YESTERDAY        0.00          1.00 2013   0.07  -0.07     0.00
  MONTH TO DATE    4.16                      1.92   2.24     0.84
  SINCE SEP 1      4.16                      1.92   2.24     0.84
  SINCE JAN 1     22.68                     17.15   5.53    17.65

SNOWFALL (IN)
  YESTERDAY        0.0          MM      MM   0.0    0.0      0.0
  MONTH TO DATE    0.0                       0.0    0.0      0.0
  SINCE SEP 1      0.0                       0.0    0.0      0.0
  SINCE JUL 1      0.0                       0.0    0.0      0.0
  SNOW DEPTH       0

DEGREE DAYS
 HEATING
  YESTERDAY       15                        14      1       14
  MONTH TO DATE  149                       239    -90      118
  SINCE SEP 1    149                       239    -90      118
  SINCE JUL 1    177                       321   -144      182

 COOLING
  YESTERDAY        0                         0      0        0
  MONTH TO DATE   26                        24      2       72
  SINCE SEP 1     26                        24      2       72
  SINCE JAN 1    430                       376     54      469
..................................................................


WIND (MPH)
  HIGHEST WIND SPEED    10   HIGHEST WIND DIRECTION    NE (40)
  HIGHEST GUST SPEED    12   HIGHEST GUST DIRECTION     N (10)
  AVERAGE WIND SPEED     3.5


SKY COVER
  POSSIBLE SUNSHINE  MM
  AVERAGE SKY COVER 0.4


WEATHER CONDITIONS
 THE FOLLOWING WEATHER WAS RECORDED YESTERDAY.
  FOG


RELATIVE HUMIDITY (PERCENT)
 HIGHEST    93           900 PM
 LOWEST     56           400 PM
 AVERAGE    75

..........................................................


THE GRAND FORKS INTL AP ND CLIMATE NORMALS FOR TODAY
                         NORMAL    RECORD    YEAR
 MAXIMUM TEMPERATURE (F)   63        85      2012
                                             1943
 MINIMUM TEMPERATURE (F)   39        21      1945


SUNRISE AND SUNSET
SEPTEMBER 29 2016.....SUNRISE   726 AM CDT   SUNSET   711 PM CDT
SEPTEMBER 30 2016.....SUNRISE   727 AM CDT   SUNSET   709 PM CDT


-  INDICATES NEGATIVE NUMBERS.
R  INDICATES RECORD WAS SET OR TIED.
MM INDICATES DATA IS MISSING.
T  INDICATES TRACE AMOUNT.




$$
