000
CDUS43 KFGF 060656
CLIGFK


CLIMATE REPORT
NATIONAL WEATHER SERVICE EASTERN NORTH DAKOTA/GRAND FORKS
1255 AM CST TUE DEC 6 2016


...................................

...THE GRAND FORKS INTL AP ND CLIMATE SUMMARY FOR DECEMBER 5 2016...

CLIMATE NORMAL PERIOD 1981 TO 2010
CLIMATE RECORD PERIOD 1941 TO 2016


WEATHER ITEM   OBSERVED TIME   RECORD YEAR NORMAL DEPARTURE LAST
                VALUE   (LST)  VALUE       VALUE  FROM      YEAR
                                                  NORMAL
..................................................................
TEMPERATURE (F)
 YESTERDAY
  MAXIMUM         32    538 PM  50    1988  24      8       45
  MINIMUM         26    930 AM -19    2007   7     19       21
  AVERAGE         29                        15     14       33

PRECIPITATION (IN)
  YESTERDAY        0.21          0.34 1960   0.02   0.19     0.00
  MONTH TO DATE    0.28                      0.10   0.18     0.26
  SINCE DEC 1      0.28                      0.10   0.18     0.26
  SINCE JAN 1     25.40                     20.30   5.10    20.51

SNOWFALL (IN)
  YESTERDAY        4.5 R         3.4  1960   0.3    4.2      0.0
  MONTH TO DATE    4.8                       1.6    3.2      4.3
  SINCE DEC 1      4.8                       1.6    3.2      4.3
  SINCE JUL 1      5.9                      10.8   -4.9      7.0
  SNOW DEPTH       0

DEGREE DAYS
 HEATING
  YESTERDAY       36                        50    -14       32
  MONTH TO DATE  172                       244    -72      200
  SINCE DEC 1    172                       244    -72      200
  SINCE JUL 1   1640                      2443   -803     1865

 COOLING
  YESTERDAY        0                         0      0        0
  MONTH TO DATE    0                         0      0        0
  SINCE DEC 1      0                         0      0        0
  SINCE JAN 1    434                       379     55      476
..................................................................


WIND (MPH)
  HIGHEST WIND SPEED    21   HIGHEST WIND DIRECTION    NE (30)
  HIGHEST GUST SPEED    25   HIGHEST GUST DIRECTION    NE (30)
  AVERAGE WIND SPEED    10.4


SKY COVER
  POSSIBLE SUNSHINE  MM
  AVERAGE SKY COVER 1.0


WEATHER CONDITIONS
 THE FOLLOWING WEATHER WAS RECORDED YESTERDAY.
  HEAVY SNOW
  SNOW
  LIGHT SNOW
  FOG
  FOG W/VISIBILITY <= 1/4 MILE


RELATIVE HUMIDITY (PERCENT)
 HIGHEST    92           100 AM
 LOWEST     78           300 PM
 AVERAGE    85

..........................................................


THE GRAND FORKS INTL AP ND CLIMATE NORMALS FOR TODAY
                         NORMAL    RECORD    YEAR
 MAXIMUM TEMPERATURE (F)   23        43      1974
 MINIMUM TEMPERATURE (F)    6       -26      1972


SUNRISE AND SUNSET
DECEMBER  6 2016......SUNRISE   804 AM CST   SUNSET   436 PM CST
DECEMBER  7 2016......SUNRISE   805 AM CST   SUNSET   436 PM CST


-  INDICATES NEGATIVE NUMBERS.
R  INDICATES RECORD WAS SET OR TIED.
MM INDICATES DATA IS MISSING.
T  INDICATES TRACE AMOUNT.




$$
