173
CDUS43 KFGF 200633
CLIGFK


CLIMATE REPORT
NATIONAL WEATHER SERVICE EASTERN NORTH DAKOTA/GRAND FORKS
133 AM CDT SUN AUG 20 2017


...................................

...THE GRAND FORKS INTL AP ND CLIMATE SUMMARY FOR AUGUST 19 2017...

CLIMATE NORMAL PERIOD 1981 TO 2010
CLIMATE RECORD PERIOD 1948 TO 2017


WEATHER ITEM   OBSERVED TIME   RECORD YEAR NORMAL DEPARTURE LAST
                VALUE   (LST)  VALUE       VALUE  FROM      YEAR
                                                  NORMAL
..................................................................
TEMPERATURE (F)
 YESTERDAY
  MAXIMUM         88    238 PM  96    1976  80      8       76
  MINIMUM         54    605 AM  37    2004  54      0       53
  AVERAGE         71                        67      4       65

PRECIPITATION (IN)
  YESTERDAY        0.00          0.69 2005   0.10  -0.10     0.00
  MONTH TO DATE    0.98                      1.76  -0.78     3.15
  SINCE JUN 1      6.72                      8.39  -1.67    11.75
  SINCE JAN 1     10.87                     14.11  -3.24    18.14

SNOWFALL (IN)
  YESTERDAY        0.0          MM      MM   0.0    0.0      0.0
  MONTH TO DATE    0.0                       0.0    0.0      0.0
  SINCE JUN 1      0.0                       0.0    0.0      0.0
  SINCE JUL 1      0.0                       0.0    0.0      0.0
  SNOW DEPTH       0

DEGREE DAYS
 HEATING
  YESTERDAY        0                         2     -2        0
  MONTH TO DATE    2                        22    -20        0
  SINCE JUN 1     55                       153    -98       66
  SINCE JUL 1     10                        50    -40       12

 COOLING
  YESTERDAY        6                         4      2        0
  MONTH TO DATE   42                        87    -45      111
  SINCE JUN 1    353                       303     50      356
  SINCE JAN 1    355                       320     35      378
..................................................................


WIND (MPH)
  HIGHEST WIND SPEED    24   HIGHEST WIND DIRECTION     S (190)
  HIGHEST GUST SPEED    29   HIGHEST GUST DIRECTION     S (190)
  AVERAGE WIND SPEED    11.9


SKY COVER
  POSSIBLE SUNSHINE  MM
  AVERAGE SKY COVER 0.2


WEATHER CONDITIONS
 THE FOLLOWING WEATHER WAS RECORDED YESTERDAY.
  NO SIGNIFICANT WEATHER WAS OBSERVED.


RELATIVE HUMIDITY (PERCENT)
 HIGHEST    93           200 AM
 LOWEST     39           200 PM
 AVERAGE    66

..........................................................


THE GRAND FORKS INTL AP ND CLIMATE NORMALS FOR TODAY
                         NORMAL    RECORD    YEAR
 MAXIMUM TEMPERATURE (F)   80       100      1976
 MINIMUM TEMPERATURE (F)   54        32      2004


SUNRISE AND SUNSET
AUGUST 20 2017........SUNRISE   631 AM CDT   SUNSET   832 PM CDT
AUGUST 21 2017........SUNRISE   632 AM CDT   SUNSET   830 PM CDT


-  INDICATES NEGATIVE NUMBERS.
R  INDICATES RECORD WAS SET OR TIED.
MM INDICATES DATA IS MISSING.
T  INDICATES TRACE AMOUNT.




$$
