000
CDUS43 KFGF 030642
CLIGFK


CLIMATE REPORT
NATIONAL WEATHER SERVICE EASTERN NORTH DAKOTA/GRAND FORKS
140 AM CDT FRI JUL 3 2015


...................................

...THE GRAND FORKS INTL AP ND CLIMATE SUMMARY FOR JULY 2 2015...

CLIMATE NORMAL PERIOD 1981 TO 2010
CLIMATE RECORD PERIOD 1941 TO 2015


WEATHER ITEM   OBSERVED TIME   RECORD YEAR NORMAL DEPARTURE LAST
                VALUE   (LST)  VALUE       VALUE  FROM      YEAR
                                                  NORMAL
..................................................................
TEMPERATURE (F)
 YESTERDAY
  MAXIMUM         80    305 PM  94    1949  80      0       74
  MINIMUM         57    514 AM  41    1945  56      1       46
  AVERAGE         69                        68      1       60

PRECIPITATION (IN)
  YESTERDAY        T             2.00 1979   0.12  -0.12     0.00
  MONTH TO DATE    T                         0.24  -0.24     0.08
  SINCE JUN 1      2.51                      3.72  -1.21     6.68
  SINCE JAN 1      8.82                      9.44  -0.62    13.86

SNOWFALL (IN)
  YESTERDAY        0.0          MM      MM   0.0    0.0      0.0
  MONTH TO DATE    0.0                       0.0    0.0      0.0
  SINCE JUN 1      0.0                       0.0    0.0      0.0
  SINCE JUL 1      0.0                       0.0    0.0      0.0
  SNOW DEPTH       0

DEGREE DAYS
 HEATING
  YESTERDAY        0                         1     -1        5
  MONTH TO DATE    0                         3     -3       12
  SINCE JUN 1     58                       106    -48       58
  SINCE JUL 1      0                         3     -3       12

 COOLING
  YESTERDAY        4                         4      0        0
  MONTH TO DATE    6                         8     -2        0
  SINCE JUN 1     71                        83    -12       67
  SINCE JAN 1     77                       100    -23      120
..................................................................


WIND (MPH)
  HIGHEST WIND SPEED    16   HIGHEST WIND DIRECTION    SW (220)
  HIGHEST GUST SPEED    21   HIGHEST GUST DIRECTION     S (200)
  AVERAGE WIND SPEED     8.0


SKY COVER
  POSSIBLE SUNSHINE  MM
  AVERAGE SKY COVER 0.3


WEATHER CONDITIONS
 THE FOLLOWING WEATHER WAS RECORDED YESTERDAY.
  THUNDERSTORM
  LIGHT RAIN
  FOG
  HAZE


RELATIVE HUMIDITY (PERCENT)
 HIGHEST    93           500 AM
 LOWEST     58           300 PM
 AVERAGE    76

..........................................................


THE GRAND FORKS INTL AP ND CLIMATE NORMALS FOR TODAY
                         NORMAL    RECORD    YEAR
 MAXIMUM TEMPERATURE (F)   80        93      1959
 MINIMUM TEMPERATURE (F)   56        30      1972


SUNRISE AND SUNSET
JULY  3 2015..........SUNRISE   535 AM CDT   SUNSET   931 PM CDT
JULY  4 2015..........SUNRISE   535 AM CDT   SUNSET   931 PM CDT


-  INDICATES NEGATIVE NUMBERS.
R  INDICATES RECORD WAS SET OR TIED.
MM INDICATES DATA IS MISSING.
T  INDICATES TRACE AMOUNT.




$$
