000
CDUS43 KFGF 210643
CLIGFK


CLIMATE REPORT
NATIONAL WEATHER SERVICE EASTERN NORTH DAKOTA/GRAND FORKS
1242 AM CST SAT JAN 21 2017


...................................

...THE GRAND FORKS INTL AP ND CLIMATE SUMMARY FOR JANUARY 20 2017...

CLIMATE NORMAL PERIOD 1981 TO 2010
CLIMATE RECORD PERIOD 1941 TO 2017


WEATHER ITEM   OBSERVED TIME   RECORD YEAR NORMAL DEPARTURE LAST
                VALUE   (LST)  VALUE       VALUE  FROM      YEAR
                                                  NORMAL
..................................................................
TEMPERATURE (F)
 YESTERDAY
  MAXIMUM         37    729 PM  49    1944  16     21       24
  MINIMUM         35    959 PM -35    1970  -4     39       12
  AVERAGE         36                         6     30       18

PRECIPITATION (IN)
  YESTERDAY        0.00          0.21 1976   0.02  -0.02     0.00
  MONTH TO DATE    0.42                      0.37   0.05     0.28
  SINCE DEC 1      2.03                      0.98   1.05     1.34
  SINCE JAN 1      0.42                      0.37   0.05     0.28

SNOWFALL (IN)
  YESTERDAY        0.0           2.1  1976   0.4   -0.4      0.0
  MONTH TO DATE    7.1                       7.3   -0.2      4.3
  SINCE DEC 1     32.2                      18.0   14.2     19.6
  SINCE JUL 1     33.3                      27.2    6.1     22.3
  SNOW DEPTH       9

DEGREE DAYS
 HEATING
  YESTERDAY       29                        59    -30       47
  MONTH TO DATE 1217                      1172     45     1201
  SINCE DEC 1   2821                      2832    -11     2589
  SINCE JUL 1   4289                      5031   -742     4254

 COOLING
  YESTERDAY        0                         0      0        0
  MONTH TO DATE    0                         0      0        0
  SINCE DEC 1      0                         0      0        0
  SINCE JAN 1      0                         0      0        0
..................................................................


WIND (MPH)
  HIGHEST WIND SPEED    16   HIGHEST WIND DIRECTION    SE (150)
  HIGHEST GUST SPEED    19   HIGHEST GUST DIRECTION     S (160)
  AVERAGE WIND SPEED    10.4


SKY COVER
  POSSIBLE SUNSHINE  MM
  AVERAGE SKY COVER 1.0


WEATHER CONDITIONS
 THE FOLLOWING WEATHER WAS RECORDED YESTERDAY.
  FOG


RELATIVE HUMIDITY (PERCENT)
 HIGHEST    92           100 AM
 LOWEST     89          1200 AM
 AVERAGE    91

..........................................................


THE GRAND FORKS INTL AP ND CLIMATE NORMALS FOR TODAY
                         NORMAL    RECORD    YEAR
 MAXIMUM TEMPERATURE (F)   17        45      1942
 MINIMUM TEMPERATURE (F)   -4       -35      1970


SUNRISE AND SUNSET
JANUARY 21 2017.......SUNRISE   808 AM CST   SUNSET   512 PM CST
JANUARY 22 2017.......SUNRISE   807 AM CST   SUNSET   514 PM CST


-  INDICATES NEGATIVE NUMBERS.
R  INDICATES RECORD WAS SET OR TIED.
MM INDICATES DATA IS MISSING.
T  INDICATES TRACE AMOUNT.




$$
