000
CDUS43 KFGF 230636
CLIGFK


CLIMATE REPORT
NATIONAL WEATHER SERVICE EASTERN NORTH DAKOTA/GRAND FORKS
135 AM CDT SAT AUG 23 2014


...................................

...THE GRAND FORKS INTL AP ND CLIMATE SUMMARY FOR AUGUST 22 2014...

CLIMATE NORMAL PERIOD 1981 TO 2010
CLIMATE RECORD PERIOD 1941 TO 2014


WEATHER ITEM   OBSERVED TIME   RECORD YEAR NORMAL DEPARTURE LAST
                VALUE   (LST)  VALUE       VALUE  FROM      YEAR
                                                  NORMAL
..................................................................
TEMPERATURE (F)
 YESTERDAY
  MAXIMUM         73    509 PM  99    1947  79     -6       81
  MINIMUM         63   1159 PM  40    1967  53     10       46
  AVERAGE         68                        66      2       64

PRECIPITATION (IN)
  YESTERDAY        T             0.83 1992   0.10  -0.10     0.00
  MONTH TO DATE    1.27                      2.05  -0.78     0.23
  SINCE JUN 1     11.57                      8.68   2.89     5.41
  SINCE JAN 1     18.75                     14.40   4.35    13.58

SNOWFALL (IN)
  YESTERDAY        0.0          MM      MM   0.0    0.0      0.0
  MONTH TO DATE    0.0                       0.0    0.0      0.0
  SINCE JUN 1      0.0                       0.0    0.0      0.0
  SINCE JUL 1      0.0                       0.0    0.0      0.0
  SNOW DEPTH       0

DEGREE DAYS
 HEATING
  YESTERDAY        0                         2     -2        1
  MONTH TO DATE    0                        28    -28       53
  SINCE JUN 1     75                       159    -84      159
  SINCE JUL 1     29                        56    -27       82

 COOLING
  YESTERDAY        3                         3      0        0
  MONTH TO DATE  117                        97     20       57
  SINCE JUN 1    295                       313    -18      336
  SINCE JAN 1    348                       330     18      345
..................................................................


WIND (MPH)
  HIGHEST WIND SPEED    17   HIGHEST WIND DIRECTION     N (360)
  HIGHEST GUST SPEED    23   HIGHEST GUST DIRECTION     N (360)
  AVERAGE WIND SPEED    11.3


SKY COVER
  POSSIBLE SUNSHINE  MM
  AVERAGE SKY COVER 0.9


WEATHER CONDITIONS
 THE FOLLOWING WEATHER WAS RECORDED YESTERDAY.
  LIGHT RAIN
  FOG


RELATIVE HUMIDITY (PERCENT)
 HIGHEST   100           300 AM
 LOWEST     73           400 PM
 AVERAGE    87

..........................................................


THE GRAND FORKS INTL AP ND CLIMATE NORMALS FOR TODAY
                         NORMAL    RECORD    YEAR
 MAXIMUM TEMPERATURE (F)   79        95      1948
 MINIMUM TEMPERATURE (F)   53        35      1942


SUNRISE AND SUNSET
AUGUST 23 2014........SUNRISE   635 AM CDT   SUNSET   827 PM CDT
AUGUST 24 2014........SUNRISE   636 AM CDT   SUNSET   825 PM CDT


-  INDICATES NEGATIVE NUMBERS.
R  INDICATES RECORD WAS SET OR TIED.
MM INDICATES DATA IS MISSING.
T  INDICATES TRACE AMOUNT.




$$
