000
CDUS43 KFGF 010639
CLIGFK


CLIMATE REPORT
NATIONAL WEATHER SERVICE EASTERN NORTH DAKOTA/GRAND FORKS
136 AM CDT FRI AUG 1 2014


...................................

...THE GRAND FORKS INTL AP ND CLIMATE SUMMARY FOR JULY 31 2014...

CLIMATE NORMAL PERIOD 1981 TO 2010
CLIMATE RECORD PERIOD 1941 TO 2014


WEATHER ITEM   OBSERVED TIME   RECORD YEAR NORMAL DEPARTURE LAST
                VALUE   (LST)  VALUE       VALUE  FROM      YEAR
                                                  NORMAL
..................................................................
TEMPERATURE (F)
 YESTERDAY
  MAXIMUM         84    435 PM  96    1957  82      2       75
  MINIMUM         57    438 AM  43    1985  56      1       53
  AVERAGE         71                        69      2       64

PRECIPITATION (IN)
  YESTERDAY        0.00          1.95 2001   0.08  -0.08     0.01
  MONTH TO DATE    3.70                      3.15   0.55     2.08
  SINCE JUN 1     10.30                      6.63   3.67     5.18
  SINCE JAN 1     17.48                     12.35   5.13    13.35

SNOWFALL (IN)
  YESTERDAY        0.0          MM      MM   0.0    0.0      0.0
  MONTH TO DATE    0.0                       0.0    0.0      0.0
  SINCE JUN 1      0.0                       0.0    0.0      0.0
  SINCE JUL 1      0.0                       0.0    0.0      0.0
  SNOW DEPTH       0

DEGREE DAYS
 HEATING
  YESTERDAY        0                         1     -1        1
  MONTH TO DATE   29                        32     -3       29
  SINCE JUN 1     75                       131    -56      106
  SINCE JUL 1     29                        28      1       29

 COOLING
  YESTERDAY        6                         5      1        0
  MONTH TO DATE  111                       141    -30      166
  SINCE JUN 1    178                       216    -38      279
  SINCE JAN 1    231                       233     -2      288
..................................................................


WIND (MPH)
  HIGHEST WIND SPEED     8   HIGHEST WIND DIRECTION    NW (310)
  HIGHEST GUST SPEED    12   HIGHEST GUST DIRECTION    NW (330)
  AVERAGE WIND SPEED     2.9


SKY COVER
  POSSIBLE SUNSHINE  MM
  AVERAGE SKY COVER 0.1


WEATHER CONDITIONS
 THE FOLLOWING WEATHER WAS RECORDED YESTERDAY.
  NO SIGNIFICANT WEATHER WAS OBSERVED.


RELATIVE HUMIDITY (PERCENT)
 HIGHEST    93           300 AM
 LOWEST     44           400 PM
 AVERAGE    69

..........................................................


THE GRAND FORKS INTL AP ND CLIMATE NORMALS FOR TODAY
                         NORMAL    RECORD    YEAR
 MAXIMUM TEMPERATURE (F)   82       100      1989
 MINIMUM TEMPERATURE (F)   56        44      1972


SUNRISE AND SUNSET
AUGUST  1 2014........SUNRISE   605 AM CDT   SUNSET   904 PM CDT
AUGUST  2 2014........SUNRISE   606 AM CDT   SUNSET   903 PM CDT


-  INDICATES NEGATIVE NUMBERS.
R  INDICATES RECORD WAS SET OR TIED.
MM INDICATES DATA IS MISSING.
T  INDICATES TRACE AMOUNT.




$$
