000
CDUS43 KFGF 040636
CLIGFK


CLIMATE REPORT
NATIONAL WEATHER SERVICE EASTERN NORTH DAKOTA/GRAND FORKS
1236 AM CST WED MAR 4 2015


...................................

...THE GRAND FORKS INTL AP ND CLIMATE SUMMARY FOR MARCH 3 2015...

CLIMATE NORMAL PERIOD 1981 TO 2010
CLIMATE RECORD PERIOD 1941 TO 2015


WEATHER ITEM   OBSERVED TIME   RECORD YEAR NORMAL DEPARTURE LAST
                VALUE   (LST)  VALUE       VALUE  FROM      YEAR
                                                  NORMAL
..................................................................
TEMPERATURE (F)
 YESTERDAY
  MAXIMUM         25    211 AM  58    2000  27     -2        5
  MINIMUM         -2   1102 PM -19    2014   9    -11      -19
  AVERAGE         12                        18     -6       -7

PRECIPITATION (IN)
  YESTERDAY        T             0.68 1966   0.03  -0.03     0.08
  MONTH TO DATE    T                         0.09  -0.09     0.08
  SINCE MAR 1      T                         0.09  -0.09     0.08
  SINCE JAN 1      0.82                      1.16  -0.34     1.15

SNOWFALL (IN)
  YESTERDAY        T            MM      MM   0.3   -0.3      1.0
  MONTH TO DATE    T                         0.9   -0.9      1.0
  SINCE MAR 1      T                         0.9   -0.9      1.0
  SINCE JUL 1     14.3                      38.1  -23.8     46.7
  SNOW DEPTH       2

DEGREE DAYS
 HEATING
  YESTERDAY       53                        47      6       72
  MONTH TO DATE  161                       141     20      231
  SINCE MAR 1    161                       141     20      231
  SINCE JUL 1   7078                      7291   -213     8126

 COOLING
  YESTERDAY        0                         0      0        0
  MONTH TO DATE    0                         0      0        0
  SINCE MAR 1      0                         0      0        0
  SINCE JAN 1      0                         0      0        0
..................................................................


WIND (MPH)
  HIGHEST WIND SPEED    30   HIGHEST WIND DIRECTION    NW (320)
  HIGHEST GUST SPEED    37   HIGHEST GUST DIRECTION    NW (300)
  AVERAGE WIND SPEED    18.7


SKY COVER
  POSSIBLE SUNSHINE  MM
  AVERAGE SKY COVER 0.7


WEATHER CONDITIONS
 THE FOLLOWING WEATHER WAS RECORDED YESTERDAY.
  LIGHT SNOW
  HAZE


RELATIVE HUMIDITY (PERCENT)
 HIGHEST    74          1200 AM
 LOWEST     58          1200 PM
 AVERAGE    66

..........................................................


THE GRAND FORKS INTL AP ND CLIMATE NORMALS FOR TODAY
                         NORMAL    RECORD    YEAR
 MAXIMUM TEMPERATURE (F)   28        53      2000
 MINIMUM TEMPERATURE (F)   10       -22      1960


SUNRISE AND SUNSET
MARCH  4 2015.........SUNRISE   704 AM CST   SUNSET   617 PM CST
MARCH  5 2015.........SUNRISE   702 AM CST   SUNSET   619 PM CST


-  INDICATES NEGATIVE NUMBERS.
R  INDICATES RECORD WAS SET OR TIED.
MM INDICATES DATA IS MISSING.
T  INDICATES TRACE AMOUNT.




$$
