000
CDUS41 KALY 230628
CLIGFL


CLIMATE REPORT
NATIONAL WEATHER SERVICE ALBANY NY
227 AM EDT SAT AUG 23 2014


...................................

...THE GLENS FALLS NY CLIMATE SUMMARY FOR AUGUST 22 2014...

CLIMATE NORMAL PERIOD 1981 TO 2010
CLIMATE RECORD PERIOD 1949 TO 2014


WEATHER ITEM   OBSERVED TIME   RECORD YEAR NORMAL DEPARTURE LAST
                VALUE   (LST)  VALUE       VALUE  FROM      YEAR
                                                  NORMAL
..................................................................
TEMPERATURE (F)
 YESTERDAY
  MAXIMUM         66   1216 PM  93    1976  78    -12       85
  MINIMUM         62   1159 PM  36    1982  54      8       57
  AVERAGE         64                        66     -2       71

PRECIPITATION (IN)
  YESTERDAY        0.16          2.13 2010   0.10   0.06      T
  MONTH TO DATE    2.20                      2.75  -0.55     1.89
  SINCE JUN 1     12.30                     10.39   1.91    12.31
  SINCE JAN 1     25.41                     24.88   0.53    24.24

DEGREE DAYS
 HEATING
  YESTERDAY        1                         2     -1        0
  MONTH TO DATE   13                        24    -11       25
  SINCE JUN 1     46                       135    -89      119
  SINCE JUL 1     14                        45    -31       30

 COOLING
  YESTERDAY        0                         3     -3        6
  MONTH TO DATE   56                        82    -26       49
  SINCE JUN 1    289                       290     -1      412
  SINCE JAN 1    309                       302      7      445
..................................................................


WIND (MPH)
  HIGHEST WIND SPEED     9   HIGHEST WIND DIRECTION    NE (50)
  HIGHEST GUST SPEED    13   HIGHEST GUST DIRECTION    NE (50)
  AVERAGE WIND SPEED     5.5


SKY COVER
  AVERAGE SKY COVER 1.0



RELATIVE HUMIDITY (PERCENT)
 HIGHEST    MM
 LOWEST     MM
 AVERAGE    MM

..........................................................


THE GLENS FALLS NY CLIMATE NORMALS FOR TODAY
                         NORMAL    RECORD    YEAR
 MAXIMUM TEMPERATURE (F)   78        86      1972
 MINIMUM TEMPERATURE (F)   54        41      1988


SUNRISE AND SUNSET
AUGUST 23 2014........SUNRISE   608 AM EDT   SUNSET   745 PM EDT
AUGUST 24 2014........SUNRISE   610 AM EDT   SUNSET   743 PM EDT


-  INDICATES NEGATIVE NUMBERS.
R  INDICATES RECORD WAS SET OR TIED.
MM INDICATES DATA IS MISSING.
T  INDICATES TRACE AMOUNT.




$$
