000
CDUS41 KALY 262147
CLIGFL


CLIMATE REPORT
NATIONAL WEATHER SERVICE ALBANY NY
446 PM EST MON JAN 26 2015


...................................

...THE GLENS FALLS NY CLIMATE SUMMARY FOR JANUARY 26 2015...
VALID TODAY AS OF 0400 PM LOCAL TIME.

CLIMATE NORMAL PERIOD 1981 TO 2010
CLIMATE RECORD PERIOD 1949 TO 2015


WEATHER ITEM   OBSERVED TIME   RECORD YEAR NORMAL DEPARTURE LAST
                VALUE   (LST)  VALUE       VALUE  FROM      YEAR
                                                  NORMAL
..................................................................
TEMPERATURE (F)
 TODAY
  MAXIMUM         19    240 PM  57    1950  29    -10       18
  MINIMUM          2    148 AM -28    1994   7     -5        4
  AVERAGE         11                        18     -7       11

PRECIPITATION (IN)
  TODAY            0.00          2.01 1986   0.09  -0.09      T
  MONTH TO DATE    1.39                      2.42  -1.03     1.93
  SINCE DEC 1      5.47                      5.47   0.00     4.32
  SINCE JAN 1      1.39                      2.42  -1.03     1.93

DEGREE DAYS
 HEATING
  TODAY           54                        47      7       54
  MONTH TO DATE 1268                      1225     43     1246
  SINCE DEC 1   2339                      2465   -126     2506
  SINCE JUL 1   3800                      4163   -363     4185

 COOLING
  TODAY            0                         0      0        0
  MONTH TO DATE    0                         0      0        0
  SINCE DEC 1      0                         0      0        0
  SINCE JAN 1      0                         0      0        0
..................................................................


WIND (MPH)
  HIGHEST WIND SPEED    14   HIGHEST WIND DIRECTION     N (360)
  HIGHEST GUST SPEED    17   HIGHEST GUST DIRECTION     N (350)
  AVERAGE WIND SPEED     6.2


SKY COVER
  AVERAGE SKY COVER 0.5



RELATIVE HUMIDITY (PERCENT)
 HIGHEST    79           200 AM
 LOWEST     47           100 PM
 AVERAGE    63

..........................................................


THE GLENS FALLS NY CLIMATE NORMALS FOR TOMORROW
                         NORMAL    RECORD    YEAR
 MAXIMUM TEMPERATURE (F)   29        57      1974
 MINIMUM TEMPERATURE (F)    7       -35      1994


SUNRISE AND SUNSET
JANUARY 26 2015.......SUNRISE   716 AM EST   SUNSET   458 PM EST
JANUARY 27 2015.......SUNRISE   716 AM EST   SUNSET   459 PM EST


-  INDICATES NEGATIVE NUMBERS.
R  INDICATES RECORD WAS SET OR TIED.
MM INDICATES DATA IS MISSING.
T  INDICATES TRACE AMOUNT.




$$
