000
CDUS41 KALY 010632
CLIGFL


CLIMATE REPORT
NATIONAL WEATHER SERVICE ALBANY NY
227 AM EDT SAT NOV 1 2014


...................................

...THE GLENS FALLS NY CLIMATE SUMMARY FOR OCTOBER 31 2014...

CLIMATE NORMAL PERIOD 1981 TO 2010
CLIMATE RECORD PERIOD 1949 TO 2014


WEATHER ITEM   OBSERVED TIME   RECORD YEAR NORMAL DEPARTURE LAST
                VALUE   (LST)  VALUE       VALUE  FROM      YEAR
                                                  NORMAL
..................................................................
TEMPERATURE (F)
 YESTERDAY
  MAXIMUM         51    351 PM  70    1974  53     -2       60
  MINIMUM         27    549 AM  16    2002  31     -4       27
  AVERAGE         39                        42     -3       44

PRECIPITATION (IN)
  YESTERDAY        0.00          0.74 1994   0.11  -0.11     0.43
  MONTH TO DATE    3.29                      3.51  -0.22     2.21
  SINCE SEP 1      4.42                      6.89  -2.47     4.64
  SINCE JAN 1     30.46                     32.70  -2.24    29.91

DEGREE DAYS
 HEATING
  YESTERDAY       26                        23      3       21
  MONTH TO DATE  405                       570   -165      484
  SINCE SEP 1    582                       789   -207      731
  SINCE JUL 1    597                       855   -258      769

 COOLING
  YESTERDAY        0                         0      0        0
  MONTH TO DATE    7                         1      6        0
  SINCE SEP 1     54                        25     29       43
  SINCE JAN 1    392                       352     40      537
..................................................................


WIND (MPH)
  HIGHEST WIND SPEED    12   HIGHEST WIND DIRECTION     N (20)
  HIGHEST GUST SPEED    15   HIGHEST GUST DIRECTION     N (20)
  AVERAGE WIND SPEED     2.9


SKY COVER
  AVERAGE SKY COVER 0.3



RELATIVE HUMIDITY (PERCENT)
 HIGHEST    92           100 AM
 LOWEST     46          1200 PM
 AVERAGE    69

..........................................................


THE GLENS FALLS NY CLIMATE NORMALS FOR TODAY
                         NORMAL    RECORD    YEAR
 MAXIMUM TEMPERATURE (F)   52        78      1974
 MINIMUM TEMPERATURE (F)   31        19      1968


SUNRISE AND SUNSET
NOVEMBER  1 2014......SUNRISE   730 AM EDT   SUNSET   546 PM EDT
NOVEMBER  2 2014......SUNRISE   631 AM EST   SUNSET   445 PM EST


-  INDICATES NEGATIVE NUMBERS.
R  INDICATES RECORD WAS SET OR TIED.
MM INDICATES DATA IS MISSING.
T  INDICATES TRACE AMOUNT.




$$
