000
CDUS41 KALY 222149
CLIGFL


CLIMATE REPORT
NATIONAL WEATHER SERVICE ALBANY NY
448 PM EST THU FEB 22 2018


...................................

...THE GLENS FALLS NY CLIMATE SUMMARY FOR FEBRUARY 22 2018...
VALID TODAY AS OF 0400 PM LOCAL TIME.

CLIMATE NORMAL PERIOD 1981 TO 2010
CLIMATE RECORD PERIOD 1949 TO 2018


WEATHER ITEM   OBSERVED TIME   RECORD YEAR NORMAL DEPARTURE LAST
                VALUE   (LST)  VALUE       VALUE  FROM      YEAR
                                                  NORMAL
..................................................................
TEMPERATURE (F)
 TODAY
  MAXIMUM         39    122 AM  63    1981  35      4       56
  MINIMUM         27    226 PM -12    2011  12     15       33
  AVERAGE         33                        23     10       45

PRECIPITATION (IN)
  TODAY            0.08          1.89 1974   0.07   0.01     0.00
  MONTH TO DATE    1.76                      1.60   0.16     1.85
  SINCE DEC 1      6.35                      7.51  -1.16     6.90
  SINCE JAN 1      4.03                      4.46  -0.43     4.03

DEGREE DAYS
 HEATING
  TODAY           32                        42    -10       20
  MONTH TO DATE  884                       979    -95      828
  SINCE DEC 1   3702                      3677     25     3081
  SINCE JUL 1   5113                      5375   -262     4397

 COOLING
  TODAY            0                         0      0        0
  MONTH TO DATE    0                         0      0        0
  SINCE DEC 1      0                         0      0        0
  SINCE JAN 1      0                         0      0        0
..................................................................


WIND (MPH)
  HIGHEST WIND SPEED    16   HIGHEST WIND DIRECTION     N (360)
  HIGHEST GUST SPEED    24   HIGHEST GUST DIRECTION     N (360)
  AVERAGE WIND SPEED     8.1


SKY COVER
  AVERAGE SKY COVER 0.9



RELATIVE HUMIDITY (PERCENT)
 HIGHEST    92           200 PM
 LOWEST     49           900 AM
 AVERAGE    71

..........................................................


THE GLENS FALLS NY CLIMATE NORMALS FOR TOMORROW
                         NORMAL    RECORD    YEAR
 MAXIMUM TEMPERATURE (F)   35        68      2017
 MINIMUM TEMPERATURE (F)   12       -20      2015


SUNRISE AND SUNSET
FEBRUARY 22 2018......SUNRISE   642 AM EST   SUNSET   534 PM EST
FEBRUARY 23 2018......SUNRISE   640 AM EST   SUNSET   536 PM EST


-  INDICATES NEGATIVE NUMBERS.
R  INDICATES RECORD WAS SET OR TIED.
MM INDICATES DATA IS MISSING.
T  INDICATES TRACE AMOUNT.




$$
