000
CDUS41 KALY 280622
CLIGFL


CLIMATE REPORT
NATIONAL WEATHER SERVICE ALBANY NY
221 AM EDT MON JUL 28 2014


...................................

...THE GLENS FALLS NY CLIMATE SUMMARY FOR JULY 27 2014...

CLIMATE NORMAL PERIOD 1981 TO 2010
CLIMATE RECORD PERIOD 1949 TO 2014


WEATHER ITEM   OBSERVED TIME   RECORD YEAR NORMAL DEPARTURE LAST
                VALUE   (LST)  VALUE       VALUE  FROM      YEAR
                                                  NORMAL
..................................................................
TEMPERATURE (F)
 YESTERDAY
  MAXIMUM         81    324 PM  96    1949  81      0       82
  MINIMUM         61    454 AM  43    2001  57      4       51
  AVERAGE         71                        69      2       67

PRECIPITATION (IN)
  YESTERDAY        0.50          1.87 1978   0.13   0.37     0.00
  MONTH TO DATE    4.46                      3.54   0.92     4.70
  SINCE JUN 1      8.86                      7.09   1.77    10.39
  SINCE JAN 1     21.97                     21.58   0.39    22.32

DEGREE DAYS
 HEATING
  YESTERDAY        0                         1     -1        0
  MONTH TO DATE    1                        27    -26        5
  SINCE JUN 1     33                       117    -84       94
  SINCE JUL 1      1                        27    -26        5

 COOLING
  YESTERDAY        6                         5      1        2
  MONTH TO DATE  153                       127     26      251
  SINCE JUN 1    227                       196     31      351
  SINCE JAN 1    247                       208     39      384
..................................................................


WIND (MPH)
  HIGHEST WIND SPEED    15   HIGHEST WIND DIRECTION     S (160)
  HIGHEST GUST SPEED    18   HIGHEST GUST DIRECTION    SE (150)
  AVERAGE WIND SPEED     4.9


SKY COVER
  AVERAGE SKY COVER 0.6



RELATIVE HUMIDITY (PERCENT)
 HIGHEST   100           500 AM
 LOWEST     56           700 PM
 AVERAGE    78

..........................................................


THE GLENS FALLS NY CLIMATE NORMALS FOR TODAY
                         NORMAL    RECORD    YEAR
 MAXIMUM TEMPERATURE (F)   81        96      1949
 MINIMUM TEMPERATURE (F)   57        43      2001


SUNRISE AND SUNSET
JULY 28 2014..........SUNRISE   540 AM EDT   SUNSET   821 PM EDT
JULY 29 2014..........SUNRISE   541 AM EDT   SUNSET   820 PM EDT


-  INDICATES NEGATIVE NUMBERS.
R  INDICATES RECORD WAS SET OR TIED.
MM INDICATES DATA IS MISSING.
T  INDICATES TRACE AMOUNT.




$$
