000
CDUS41 KALY 300640
CLIGFL


CLIMATE REPORT
NATIONAL WEATHER SERVICE ALBANY NY
240 AM EDT SAT MAY 30 2015


...................................

...THE GLENS FALLS NY CLIMATE SUMMARY FOR MAY 29 2015...

CLIMATE NORMAL PERIOD 1981 TO 2010
CLIMATE RECORD PERIOD 1949 TO 2015


WEATHER ITEM   OBSERVED TIME   RECORD YEAR NORMAL DEPARTURE LAST
                VALUE   (LST)  VALUE       VALUE  FROM      YEAR
                                                  NORMAL
..................................................................
TEMPERATURE (F)
 YESTERDAY
  MAXIMUM         81    223 PM  88    2012  72      9       69
  MINIMUM         51    454 AM  30    1967  47      4       39
  AVERAGE         66                        59      7       54

PRECIPITATION (IN)
  YESTERDAY        0.00          2.27 1984   0.11  -0.11     0.00
  MONTH TO DATE    1.47                      3.37  -1.90     2.72
  SINCE MAR 1      4.12                      9.31  -5.19     8.26
  SINCE JAN 1      6.17                     14.25  -8.08    12.79

DEGREE DAYS
 HEATING
  YESTERDAY        0                         6     -6       11
  MONTH TO DATE  128                       298   -170      210
  SINCE MAR 1   1910                      1954    -44     2114
  SINCE JUL 1   7591                      7574     17     7883

 COOLING
  YESTERDAY        1                         1      0        0
  MONTH TO DATE   69                         6     63       20
  SINCE MAR 1     69                         7     62       20
  SINCE JAN 1     69                         7     62       20
..................................................................


WIND (MPH)
  HIGHEST WIND SPEED    12   HIGHEST WIND DIRECTION    SE (140)
  HIGHEST GUST SPEED    15   HIGHEST GUST DIRECTION     S (160)
  AVERAGE WIND SPEED     2.7


SKY COVER
  AVERAGE SKY COVER 0.0



RELATIVE HUMIDITY (PERCENT)
 HIGHEST    93           300 AM
 LOWEST     37           200 PM
 AVERAGE    65

..........................................................


THE GLENS FALLS NY CLIMATE NORMALS FOR TODAY
                         NORMAL    RECORD    YEAR
 MAXIMUM TEMPERATURE (F)   72        91      1987
 MINIMUM TEMPERATURE (F)   47        27      1967


SUNRISE AND SUNSET
MAY 30 2015...........SUNRISE   518 AM EDT   SUNSET   826 PM EDT
MAY 31 2015...........SUNRISE   518 AM EDT   SUNSET   827 PM EDT


-  INDICATES NEGATIVE NUMBERS.
R  INDICATES RECORD WAS SET OR TIED.
MM INDICATES DATA IS MISSING.
T  INDICATES TRACE AMOUNT.




$$
