000
CDUS41 KALY 260625
CLIGFL


CLIMATE REPORT
NATIONAL WEATHER SERVICE ALBANY NY
224 AM EDT MON JUN 26 2017


...................................

...THE GLENS FALLS NY CLIMATE SUMMARY FOR JUNE 25 2017...

CLIMATE NORMAL PERIOD 1981 TO 2010
CLIMATE RECORD PERIOD 1949 TO 2017


WEATHER ITEM   OBSERVED TIME   RECORD YEAR NORMAL DEPARTURE LAST
                VALUE   (LST)  VALUE       VALUE  FROM      YEAR
                                                  NORMAL
..................................................................
TEMPERATURE (F)
 YESTERDAY
  MAXIMUM         79    212 PM  92    2005  79      0       86
  MINIMUM         53    353 AM  37    1979  55     -2       51
  AVERAGE         66                        67     -1       69

PRECIPITATION (IN)
  YESTERDAY        0.08          1.23 1977   0.13  -0.05     0.00
  MONTH TO DATE    2.81                      2.96  -0.15     2.43
  SINCE JUN 1      2.81                      2.96  -0.15     2.43
  SINCE JAN 1     19.15                     17.45   1.70    14.05

DEGREE DAYS
 HEATING
  YESTERDAY        0                         1     -1        0
  MONTH TO DATE   74                        84    -10       44
  SINCE JUN 1     74                        84    -10       44
  SINCE JUL 1   6391                      7670  -1279     5927

 COOLING
  YESTERDAY        1                         3     -2        4
  MONTH TO DATE   83                        51     32       68
  SINCE JUN 1     83                        51     32       68
  SINCE JAN 1    104                        63     41      124
..................................................................


WIND (MPH)
  HIGHEST WIND SPEED    25   HIGHEST WIND DIRECTION    NW (300)
  HIGHEST GUST SPEED    34   HIGHEST GUST DIRECTION    NW (300)
  AVERAGE WIND SPEED     7.2


SKY COVER
  AVERAGE SKY COVER 0.2



RELATIVE HUMIDITY (PERCENT)
 HIGHEST    93           400 AM
 LOWEST     33           500 PM
 AVERAGE    63

..........................................................


THE GLENS FALLS NY CLIMATE NORMALS FOR TODAY
                         NORMAL    RECORD    YEAR
 MAXIMUM TEMPERATURE (F)   79        95      1952
 MINIMUM TEMPERATURE (F)   55        38      1979


SUNRISE AND SUNSET
JUNE 26 2017..........SUNRISE   516 AM EDT   SUNSET   839 PM EDT
JUNE 27 2017..........SUNRISE   516 AM EDT   SUNSET   839 PM EDT


-  INDICATES NEGATIVE NUMBERS.
R  INDICATES RECORD WAS SET OR TIED.
MM INDICATES DATA IS MISSING.
T  INDICATES TRACE AMOUNT.




$$
