000
CDUS41 KALY 010627
CLIGFL


CLIMATE REPORT
NATIONAL WEATHER SERVICE ALBANY NY
226 AM EDT MON SEP 1 2014


...................................

...THE GLENS FALLS NY CLIMATE SUMMARY FOR AUGUST 31 2014...

CLIMATE NORMAL PERIOD 1981 TO 2010
CLIMATE RECORD PERIOD 1949 TO 2014


WEATHER ITEM   OBSERVED TIME   RECORD YEAR NORMAL DEPARTURE LAST
                VALUE   (LST)  VALUE       VALUE  FROM      YEAR
                                                  NORMAL
..................................................................
TEMPERATURE (F)
 YESTERDAY
  MAXIMUM         76   1049 AM  92    1953  76      0       80
  MINIMUM         67    526 AM  34    1965  52     15       67
  AVERAGE         72                        64      8       74

PRECIPITATION (IN)
  YESTERDAY        0.63          1.83 2005   0.10   0.53     0.84
  MONTH TO DATE    2.83                      3.68  -0.85     2.92
  SINCE JUN 1     12.93                     11.32   1.61    13.34
  SINCE JAN 1     26.04                     25.81   0.23    25.27

DEGREE DAYS
 HEATING
  YESTERDAY        0                         3     -3        0
  MONTH TO DATE   14                        45    -31       33
  SINCE JUN 1     47                       156   -109      127
  SINCE JUL 1     15                        66    -51       38

 COOLING
  YESTERDAY        7                         2      5        9
  MONTH TO DATE   85                       107    -22       98
  SINCE JUN 1    318                       315      3      461
  SINCE JAN 1    338                       327     11      494
..................................................................


WIND (MPH)
  HIGHEST WIND SPEED    14   HIGHEST WIND DIRECTION     S (200)
  HIGHEST GUST SPEED    18   HIGHEST GUST DIRECTION    SW (210)
  AVERAGE WIND SPEED     5.9


SKY COVER
  AVERAGE SKY COVER 0.8



RELATIVE HUMIDITY (PERCENT)
 HIGHEST   100           900 PM
 LOWEST     73          1200 AM
 AVERAGE    87

..........................................................


THE GLENS FALLS NY CLIMATE NORMALS FOR TODAY
                         NORMAL    RECORD    YEAR
 MAXIMUM TEMPERATURE (F)   76        91      1953
 MINIMUM TEMPERATURE (F)   52        38      1967


SUNRISE AND SUNSET
SEPTEMBER  1 2014.....SUNRISE   618 AM EDT   SUNSET   730 PM EDT
SEPTEMBER  2 2014.....SUNRISE   619 AM EDT   SUNSET   728 PM EDT


-  INDICATES NEGATIVE NUMBERS.
R  INDICATES RECORD WAS SET OR TIED.
MM INDICATES DATA IS MISSING.
T  INDICATES TRACE AMOUNT.




$$
