000
CDUS41 KALY 250624
CLIGFL


CLIMATE REPORT
NATIONAL WEATHER SERVICE ALBANY NY
223 AM EDT SAT JUN 25 2016


...................................

...THE GLENS FALLS NY CLIMATE SUMMARY FOR JUNE 24 2016...

CLIMATE NORMAL PERIOD 1981 TO 2010
CLIMATE RECORD PERIOD 1949 TO 2016


WEATHER ITEM   OBSERVED TIME   RECORD YEAR NORMAL DEPARTURE LAST
                VALUE   (LST)  VALUE       VALUE  FROM      YEAR
                                                  NORMAL
..................................................................
TEMPERATURE (F)
 YESTERDAY
  MAXIMUM         81    448 PM  91    2013  79      2       81
  MINIMUM         49    436 AM  37    2007  54     -5       58
  AVERAGE         65                        66     -1       70

PRECIPITATION (IN)
  YESTERDAY        0.00          1.20 1952   0.11  -0.11     0.00
  MONTH TO DATE    2.43                      2.83  -0.40     4.89
  SINCE JUN 1      2.43                      2.83  -0.40     4.89
  SINCE JAN 1     14.05                     17.32  -3.27    12.20

DEGREE DAYS
 HEATING
  YESTERDAY        0                         2     -2        0
  MONTH TO DATE   44                        83    -39       70
  SINCE JUN 1     44                        83    -39       70
  SINCE JUL 1   5927                      7669  -1742     7667

 COOLING
  YESTERDAY        0                         3     -3        5
  MONTH TO DATE   64                        48     16       65
  SINCE JUN 1     64                        48     16       65
  SINCE JAN 1    120                        60     60      141
..................................................................


WIND (MPH)
  HIGHEST WIND SPEED     9   HIGHEST WIND DIRECTION     E (110)
  HIGHEST GUST SPEED    12   HIGHEST GUST DIRECTION     E (90)
  AVERAGE WIND SPEED     2.4


SKY COVER
  AVERAGE SKY COVER 0.0



RELATIVE HUMIDITY (PERCENT)
 HIGHEST    89           100 AM
 LOWEST     33           400 PM
 AVERAGE    61

..........................................................


THE GLENS FALLS NY CLIMATE NORMALS FOR TODAY
                         NORMAL    RECORD    YEAR
 MAXIMUM TEMPERATURE (F)   79        92      2005
 MINIMUM TEMPERATURE (F)   55        37      1979


SUNRISE AND SUNSET
JUNE 25 2016..........SUNRISE   515 AM EDT   SUNSET   839 PM EDT
JUNE 26 2016..........SUNRISE   516 AM EDT   SUNSET   839 PM EDT


-  INDICATES NEGATIVE NUMBERS.
R  INDICATES RECORD WAS SET OR TIED.
MM INDICATES DATA IS MISSING.
T  INDICATES TRACE AMOUNT.




$$
