000
CDUS44 KSHV 180753
CLIGGG


CLIMATE REPORT
NATIONAL WEATHER SERVICE SHREVEPORT, LA
252 AM CDT WED OCT 18 2017


...................................

...THE LONGVIEW CLIMATE SUMMARY FOR OCTOBER 17 2017...

CLIMATE NORMAL PERIOD 1981 TO 2010
CLIMATE RECORD PERIOD 1902 TO 2017


WEATHER ITEM   OBSERVED TIME   RECORD YEAR NORMAL DEPARTURE LAST
                VALUE   (LST)  VALUE       VALUE  FROM      YEAR
                                                  NORMAL
..................................................................
TEMPERATURE (F)
 YESTERDAY
  MAXIMUM         77    404 PM  92    1938  78     -1       88
  MINIMUM         41    610 AM  37    2001  54    -13       70
  AVERAGE         59                        66     -7       79

PRECIPITATION (IN)
  YESTERDAY        0.00          2.39 1994   0.16  -0.16     0.00
  MONTH TO DATE    0.26                      2.56  -2.30     0.62
  SINCE DEC 1     40.61                     41.04  -0.43    47.69
  SINCE JAN 1     35.81                     36.55  -0.74    41.63

SNOWFALL (IN)
  YESTERDAY        0.0
  MONTH TO DATE    0.0
  SINCE SEP 1      0.0
  SINCE JUL 1      0.0
  SNOW DEPTH       0

DEGREE DAYS
 HEATING
  YESTERDAY        6                         3      3        0
  MONTH TO DATE    8                        26    -18        2
  SINCE SEP 1      8                        32    -24        2
  SINCE JUL 1      8                        32    -24        2

 COOLING
  YESTERDAY        0                         3     -3       14
  MONTH TO DATE  155                        78     77      136
  SINCE SEP 1    523                       417    106      558
  SINCE JAN 1   2591                      2357    234     2603
..................................................................


WIND (MPH)
  HIGHEST WIND SPEED    13   HIGHEST WIND DIRECTION    SE (140)
  HIGHEST GUST SPEED    14   HIGHEST GUST DIRECTION     E (110)
  AVERAGE WIND SPEED     2.6


SKY COVER
  POSSIBLE SUNSHINE  MM
  AVERAGE SKY COVER 0.0


WEATHER CONDITIONS
 THE FOLLOWING WEATHER WAS RECORDED YESTERDAY.
  NO SIGNIFICANT WEATHER WAS OBSERVED.


RELATIVE HUMIDITY (PERCENT)
 HIGHEST    93           600 AM
 LOWEST     26           400 PM
 AVERAGE    60

..........................................................


THE LONGVIEW CLIMATE NORMALS FOR TODAY
                         NORMAL    RECORD    YEAR
 MAXIMUM TEMPERATURE (F)   78        93      1934
 MINIMUM TEMPERATURE (F)   53        36      1948


SUNRISE AND SUNSET
OCTOBER 18 2017.......SUNRISE   725 AM CDT   SUNSET   642 PM CDT
OCTOBER 19 2017.......SUNRISE   726 AM CDT   SUNSET   641 PM CDT


-  INDICATES NEGATIVE NUMBERS.
R  INDICATES RECORD WAS SET OR TIED.
MM INDICATES DATA IS MISSING.
T  INDICATES TRACE AMOUNT.




$$
