000
CDUS44 KSHV 300803
CLIGGG


CLIMATE REPORT
NATIONAL WEATHER SERVICE SHREVEPORT, LA
257 AM CDT SUN APR 30 2017


...................................

...THE LONGVIEW CLIMATE SUMMARY FOR APRIL 29 2017...

CLIMATE NORMAL PERIOD 1981 TO 2010
CLIMATE RECORD PERIOD 1902 TO 2017


WEATHER ITEM   OBSERVED TIME   RECORD YEAR NORMAL DEPARTURE LAST
                VALUE   (LST)  VALUE       VALUE  FROM      YEAR
                                                  NORMAL
..................................................................
TEMPERATURE (F)
 YESTERDAY
  MAXIMUM         83   1013 AM  92    1938  80      3       80
  MINIMUM         59   1159 PM  41    1921  57      2       67
  AVERAGE         71                        68      3       74

PRECIPITATION (IN)
  YESTERDAY        0.62          3.56 1963   0.12   0.50     3.53
  MONTH TO DATE    6.56                      3.09   3.47     8.70
  SINCE DEC 1     21.78                     19.29   2.49    29.69
  SINCE JAN 1     16.98                     14.80   2.18    23.63

SNOWFALL (IN)
  YESTERDAY        0.0
  MONTH TO DATE    0.0
  SINCE MAR 1      0.0
  SINCE JUL 1      0.0
  SNOW DEPTH       0

DEGREE DAYS
 HEATING
  YESTERDAY        0                         1     -1        0
  MONTH TO DATE   33                        88    -55       49
  SINCE MAR 1    180                       343   -163      190
  SINCE JUL 1   1281                      2247   -966     1639

 COOLING
  YESTERDAY        6                         5      1        9
  MONTH TO DATE  140                        82     58       89
  SINCE MAR 1    238                       109    129      127
  SINCE JAN 1    309                       121    188      133
..................................................................


WIND (MPH)
  HIGHEST WIND SPEED    30   HIGHEST WIND DIRECTION     S (170)
  HIGHEST GUST SPEED    40   HIGHEST GUST DIRECTION     S (160)
  AVERAGE WIND SPEED    17.7


SKY COVER
  POSSIBLE SUNSHINE  MM
  AVERAGE SKY COVER 1.0


WEATHER CONDITIONS
 THE FOLLOWING WEATHER WAS RECORDED YESTERDAY.
  THUNDERSTORM
  HEAVY RAIN
  RAIN
  LIGHT RAIN
  FOG
  HAZE


RELATIVE HUMIDITY (PERCENT)
 HIGHEST   100           400 AM
 LOWEST     79          1200 AM
 AVERAGE    90

..........................................................


THE LONGVIEW CLIMATE NORMALS FOR TODAY
                         NORMAL    RECORD    YEAR
 MAXIMUM TEMPERATURE (F)   80        95      1943
 MINIMUM TEMPERATURE (F)   58        37      1908


SUNRISE AND SUNSET
APRIL 30 2017.........SUNRISE   633 AM CDT   SUNSET   759 PM CDT
MAY  1 2017...........SUNRISE   632 AM CDT   SUNSET   800 PM CDT


-  INDICATES NEGATIVE NUMBERS.
R  INDICATES RECORD WAS SET OR TIED.
MM INDICATES DATA IS MISSING.
T  INDICATES TRACE AMOUNT.




$$
