000
CDUS44 KSHV 270744
CLIGGG


CLIMATE REPORT
NATIONAL WEATHER SERVICE SHREVEPORT, LA
242 AM CDT TUE SEP 27 2016


...................................

...THE LONGVIEW CLIMATE SUMMARY FOR SEPTEMBER 26 2016...

CLIMATE NORMAL PERIOD 1981 TO 2010
CLIMATE RECORD PERIOD 1902 TO 2016


WEATHER ITEM   OBSERVED TIME   RECORD YEAR NORMAL DEPARTURE LAST
                VALUE   (LST)  VALUE       VALUE  FROM      YEAR
                                                  NORMAL
..................................................................
TEMPERATURE (F)
 YESTERDAY
  MAXIMUM         79    255 PM  99    1938  84     -5       93
  MINIMUM         67   1159 PM  44    2000  61      6       60
  AVERAGE         73                        72      1       77

PRECIPITATION (IN)
  YESTERDAY        0.28          2.69 1960   0.14   0.14     0.00
  MONTH TO DATE    0.31                      2.83  -2.52     0.04
  SINCE DEC 1     47.07                     37.97   9.10    45.74
  SINCE JAN 1     41.01                     33.48   7.53    43.44

SNOWFALL (IN)
  YESTERDAY        0.0
  MONTH TO DATE    0.0
  SINCE SEP 1      0.0
  SINCE JUL 1      0.0
  SNOW DEPTH       0

DEGREE DAYS
 HEATING
  YESTERDAY        0                         0      0        0
  MONTH TO DATE    0                         0      0        0
  SINCE SEP 1      0                         0      0        0
  SINCE JUL 1      0                         0      0        0

 COOLING
  YESTERDAY        8                         8      0       12
  MONTH TO DATE  408                       310     98      416
  SINCE SEP 1    408                       310     98      416
  SINCE JAN 1   2453                      2250    203     2588
..................................................................


WIND (MPH)
  HIGHEST WIND SPEED    13   HIGHEST WIND DIRECTION    NE (30)
  HIGHEST GUST SPEED    17   HIGHEST GUST DIRECTION    NE (30)
  AVERAGE WIND SPEED     5.9


SKY COVER
  POSSIBLE SUNSHINE  MM
  AVERAGE SKY COVER 0.9


WEATHER CONDITIONS
 THE FOLLOWING WEATHER WAS RECORDED YESTERDAY.
  RAIN
  LIGHT RAIN
  FOG


RELATIVE HUMIDITY (PERCENT)
 HIGHEST   100           300 AM
 LOWEST     66           900 PM
 AVERAGE    83

..........................................................


THE LONGVIEW CLIMATE NORMALS FOR TODAY
                         NORMAL    RECORD    YEAR
 MAXIMUM TEMPERATURE (F)   84        99      1910
 MINIMUM TEMPERATURE (F)   60        45      2000


SUNRISE AND SUNSET
SEPTEMBER 27 2016.....SUNRISE   711 AM CDT   SUNSET   708 PM CDT
SEPTEMBER 28 2016.....SUNRISE   711 AM CDT   SUNSET   707 PM CDT


-  INDICATES NEGATIVE NUMBERS.
R  INDICATES RECORD WAS SET OR TIED.
MM INDICATES DATA IS MISSING.
T  INDICATES TRACE AMOUNT.




$$
