000
CDUS44 KSHV 020852
CLIGGG


CLIMATE REPORT
NATIONAL WEATHER SERVICE SHREVEPORT, LA
252 AM CST MON MAR 2 2015


...................................

...THE LONGVIEW CLIMATE SUMMARY FOR MARCH 1 2015...

CLIMATE NORMAL PERIOD 1981 TO 2010
CLIMATE RECORD PERIOD 1902 TO 2015


WEATHER ITEM   OBSERVED TIME   RECORD YEAR NORMAL DEPARTURE LAST
                VALUE   (LST)  VALUE       VALUE  FROM      YEAR
                                                  NORMAL
..................................................................
TEMPERATURE (F)
 YESTERDAY
  MAXIMUM         44   1105 PM  85    1950  65    -21       78
  MINIMUM         37    741 AM  22    1968  43     -6       58
  AVERAGE         41                        54    -13       68

PRECIPITATION (IN)
  YESTERDAY        0.07          3.75 1934   0.14  -0.07     0.00
  MONTH TO DATE    0.07                      0.14  -0.07     0.00
  SINCE DEC 1     11.18                     11.99  -0.81     7.13
  SINCE JAN 1      8.88                      7.50   1.38     2.98

SNOWFALL (IN)
  YESTERDAY        0.0
  MONTH TO DATE    0.0
  SINCE MAR 1      0.0
  SINCE JUL 1      2.9
  SNOW DEPTH       0

DEGREE DAYS
 HEATING
  YESTERDAY       24                        12     12        0
  MONTH TO DATE   24                        12     12        0
  SINCE MAR 1     24                        12     12        0
  SINCE JUL 1   2002                      1916     86     2124

 COOLING
  YESTERDAY        0                         1     -1        3
  MONTH TO DATE    0                         1     -1        3
  SINCE MAR 1      0                         1     -1        3
  SINCE JAN 1      0                        13    -13        8
..................................................................


WIND (MPH)
  HIGHEST WIND SPEED     9   HIGHEST WIND DIRECTION     N (340)
  HIGHEST GUST SPEED    12   HIGHEST GUST DIRECTION     N (340)
  AVERAGE WIND SPEED     5.4


SKY COVER
  POSSIBLE SUNSHINE  MM
  AVERAGE SKY COVER 1.0


WEATHER CONDITIONS
 THE FOLLOWING WEATHER WAS RECORDED YESTERDAY.
  RAIN
  LIGHT RAIN
  FOG


RELATIVE HUMIDITY (PERCENT)
 HIGHEST    96          1100 PM
 LOWEST     70          1200 AM
 AVERAGE    83

..........................................................


THE LONGVIEW CLIMATE NORMALS FOR TODAY
                         NORMAL    RECORD    YEAR
 MAXIMUM TEMPERATURE (F)   66        85      1972
 MINIMUM TEMPERATURE (F)   43        17      1980


SUNRISE AND SUNSET
MARCH  2 2015.........SUNRISE   645 AM CST   SUNSET   617 PM CST
MARCH  3 2015.........SUNRISE   644 AM CST   SUNSET   618 PM CST


-  INDICATES NEGATIVE NUMBERS.
R  INDICATES RECORD WAS SET OR TIED.
MM INDICATES DATA IS MISSING.
T  INDICATES TRACE AMOUNT.




$$
