000
CDUS45 KGGW 171231
CLIGGW


CLIMATE REPORT
NATIONAL WEATHER SERVICE GLASGOW MT
631 AM MDT THU AUG 17 2017


...................................

...THE GLASGOW MT CLIMATE SUMMARY FOR AUGUST 17 2017...
VALID AS OF 0600 AM LOCAL TIME.

CLIMATE NORMAL PERIOD 1981 TO 2010
CLIMATE RECORD PERIOD 1893 TO 2017


WEATHER ITEM   OBSERVED TIME   RECORD YEAR NORMAL DEPARTURE LAST
                VALUE   (LST)  VALUE       VALUE  FROM      YEAR
                                                  NORMAL
..................................................................
TEMPERATURE (F)
 TODAY
  MINIMUM         51    431 AM  38    2002  56     -5       61
                                      1895

PRECIPITATION (IN)
  TODAY            0.00          0.87 1918   0.04  -0.04     0.00
  MONTH TO DATE    0.26                      0.74  -0.48     0.27
  SINCE OCT 1      7.23                     10.22  -2.99    18.39
  SINCE JAN 1      3.70                      8.67  -4.97    15.41

SNOWFALL (IN)
  TODAY            0.0           T    1949   0.0    0.0      0.0
  MONTH TO DATE    0.0                       0.0    0.0      0.0
  SINCE JUN 1      0.0                       0.0    0.0      0.0
  SINCE JUL 1      0.0                       0.0    0.0      0.0
  SNOW DEPTH       0

DEGREE DAYS
 HEATING
  TODAY            8                         1      7        0
  MONTH TO DATE   14                         9      5        0
  SINCE JUN 1     61                       132    -71       40
  SINCE JUL 1     14                        27    -13        8

 COOLING
  TODAY            0                         6     -6       14
  MONTH TO DATE   37                       129    -92      109
  SINCE JUN 1    500                       411     89      344
  SINCE JAN 1    515                       428     87      355
..................................................................





WEATHER CONDITIONS
 THE FOLLOWING WEATHER WAS RECORDED TODAY.
  NO SIGNIFICANT WEATHER WAS OBSERVED.


RELATIVE HUMIDITY (PERCENT)
 HIGHEST    71           400 AM

..........................................................


THE GLASGOW MT CLIMATE NORMALS FOR TOMORROW
                         NORMAL    RECORD    YEAR
 MAXIMUM TEMPERATURE (F)   85       107      1948
 MINIMUM TEMPERATURE (F)   56        40      1905


SUNRISE AND SUNSET
AUGUST 17 2017........SUNRISE   604 AM MDT   SUNSET   816 PM MDT
AUGUST 18 2017........SUNRISE   605 AM MDT   SUNSET   814 PM MDT


-  INDICATES NEGATIVE NUMBERS.
R  INDICATES RECORD WAS SET OR TIED.
MM INDICATES DATA IS MISSING.
T  INDICATES TRACE AMOUNT.

$$
