000
CDUS45 KGGW 280745
CLIGGW


CLIMATE REPORT
NATIONAL WEATHER SERVICE GLASGOW MT
1244 AM MST SAT FEB 28 2015


...................................

...THE GLASGOW MT CLIMATE SUMMARY FOR FEBRUARY 27 2015...

CLIMATE NORMAL PERIOD 1981 TO 2010
CLIMATE RECORD PERIOD 1893 TO 2015


WEATHER ITEM   OBSERVED TIME   RECORD YEAR NORMAL DEPARTURE LAST
                VALUE   (LST)  VALUE       VALUE  FROM      YEAR
                                                  NORMAL
..................................................................
TEMPERATURE (F)
 YESTERDAY
  MAXIMUM         23    247 PM  74    1932  34    -11       24
  MINIMUM         -1    723 AM -40    1922  14    -15       -2
  AVERAGE         11                        24    -13       11

PRECIPITATION (IN)
  YESTERDAY        0.00          0.29 2004   0.01  -0.01     0.00
  MONTH TO DATE    0.26                      0.25   0.01     0.22
  SINCE OCT 1      2.32                      2.17   0.15     1.80
  SINCE JAN 1      1.06                      0.62   0.44     0.35

SNOWFALL (IN)
  YESTERDAY        0.0           5.5  1952   0.1   -0.1      0.0
  MONTH TO DATE    3.0                       4.2   -1.2      3.9
  SINCE DEC 1     23.7                      20.2    3.5     20.1
  SINCE JUL 1     35.1                      26.8    8.3     23.8
  SNOW DEPTH       T  (12Z/5AM MST)

DEGREE DAYS
 HEATING
  YESTERDAY       54                        41     13       54
  MONTH TO DATE 1228                      1240    -12     1450
  SINCE DEC 1   3949                      4336   -387     4671
  SINCE JUL 1   6034                      6329   -295     6582

 COOLING
  YESTERDAY        0                         0      0        0
  MONTH TO DATE    0                         0      0        0
  SINCE DEC 1      0                         0      0        0
  SINCE JAN 1      0                         0      0        0
..................................................................


WIND (MPH)
  HIGHEST WIND SPEED    18   HIGHEST WIND DIRECTION    SE (120)
  HIGHEST GUST SPEED    20   HIGHEST GUST DIRECTION    SE (130)
  AVERAGE WIND SPEED    10.1


SKY COVER
  POSSIBLE SUNSHINE  MM
  AVERAGE SKY COVER 0.1


WEATHER CONDITIONS
 THE FOLLOWING WEATHER WAS RECORDED YESTERDAY.
  NO SIGNIFICANT WEATHER WAS OBSERVED.


RELATIVE HUMIDITY (PERCENT)
 HIGHEST    79           100 AM
 LOWEST     47           300 PM
 AVERAGE    63

..........................................................


THE GLASGOW MT CLIMATE NORMALS FOR TODAY
                         NORMAL    RECORD    YEAR
 MAXIMUM TEMPERATURE (F)   34        65      1992
 MINIMUM TEMPERATURE (F)   14       -37      1962


SUNRISE AND SUNSET
FEBRUARY 28 2015......SUNRISE   650 AM MST   SUNSET   549 PM MST
MARCH  1 2015.........SUNRISE   648 AM MST   SUNSET   551 PM MST


-  INDICATES NEGATIVE NUMBERS.
R  INDICATES RECORD WAS SET OR TIED.
MM INDICATES DATA IS MISSING.
T  INDICATES TRACE AMOUNT.




$$
