000
CDUS45 KGGW 261230
CLIGGW


CLIMATE REPORT
NATIONAL WEATHER SERVICE GLASGOW MT
630 AM MDT TUE MAY 26 2015


...................................

...THE GLASGOW MT CLIMATE SUMMARY FOR MAY 26 2015...
VALID AS OF 0600 AM LOCAL TIME.

CLIMATE NORMAL PERIOD 1981 TO 2010
CLIMATE RECORD PERIOD 1893 TO 2015


WEATHER ITEM   OBSERVED TIME   RECORD YEAR NORMAL DEPARTURE LAST
                VALUE   (LST)  VALUE       VALUE  FROM      YEAR
                                                  NORMAL
..................................................................
TEMPERATURE (F)
 TODAY
  MINIMUM         50    400 AM  27    1904  46      4       57

PRECIPITATION (IN)
  TODAY            0.00          1.34 1915   0.07  -0.07     0.02
  MONTH TO DATE    0.73                      1.51  -0.78     1.27
  SINCE OCT 1      4.99                      4.96   0.03     4.71
  SINCE JAN 1      3.73                      3.41   0.32     3.26

SNOWFALL (IN)
  TODAY            0.0           T    1965   0.0    0.0      0.0
  MONTH TO DATE    0.0                       1.2   -1.2       T
  SINCE MAR 1      8.1                       7.8    0.3      6.6
  SINCE JUL 1     43.2                      34.8    8.4     30.4
  SNOW DEPTH       0

DEGREE DAYS
 HEATING
  TODAY           13                         8      5        0
  MONTH TO DATE  322                       290     32      329
  SINCE MAR 1   1663                      1927   -264     2150
  SINCE JUL 1   7747                      8297   -550     8798

 COOLING
  TODAY            0                         1     -1        6
  MONTH TO DATE    0                         6     -6       23
  SINCE MAR 1      0                         7     -7       23
  SINCE JAN 1      0                         7     -7       23
..................................................................





WEATHER CONDITIONS
 THE FOLLOWING WEATHER WAS RECORDED TODAY.
  NO SIGNIFICANT WEATHER WAS OBSERVED.


RELATIVE HUMIDITY (PERCENT)
 HIGHEST    80           400 AM

..........................................................


THE GLASGOW MT CLIMATE NORMALS FOR TOMORROW
                         NORMAL    RECORD    YEAR
 MAXIMUM TEMPERATURE (F)   71        96      1934
                                             1919
 MINIMUM TEMPERATURE (F)   46        28      1947


SUNRISE AND SUNSET
MAY 26 2015...........SUNRISE   515 AM MDT   SUNSET   853 PM MDT
MAY 27 2015...........SUNRISE   514 AM MDT   SUNSET   854 PM MDT


-  INDICATES NEGATIVE NUMBERS.
R  INDICATES RECORD WAS SET OR TIED.
MM INDICATES DATA IS MISSING.
T  INDICATES TRACE AMOUNT.




$$
