000
CDUS45 KGGW 020814
CLIGGW


CLIMATE REPORT
NATIONAL WEATHER SERVICE GLASGOW MT
214 AM MDT MON MAY 2 2016


...................................

...THE GLASGOW MT CLIMATE SUMMARY FOR MAY 1 2016...

CLIMATE NORMAL PERIOD 1981 TO 2010
CLIMATE RECORD PERIOD 1893 TO 2016


WEATHER ITEM   OBSERVED TIME   RECORD YEAR NORMAL DEPARTURE LAST
                VALUE   (LST)  VALUE       VALUE  FROM      YEAR
                                                  NORMAL
..................................................................
TEMPERATURE (F)
 YESTERDAY
  MAXIMUM         67    232 PM  89    1901  64      3       73
  MINIMUM         34    455 AM  18    1913  37     -3       41
  AVERAGE         51                        50      1       57

PRECIPITATION (IN)
  YESTERDAY        0.00          1.72 2008   0.04  -0.04     0.00
  MONTH TO DATE    0.00                      0.04  -0.04     0.00
  SINCE OCT 1      6.73                      3.49   3.24     4.26
  SINCE JAN 1      3.75                      1.94   1.81     3.00

SNOWFALL (IN)
  YESTERDAY        0.0           2.4  1967   0.1   -0.1      0.0
  MONTH TO DATE    0.0                       0.1   -0.1      0.0
  SINCE MAR 1      6.1                       6.7   -0.6      8.1
  SINCE JUL 1     27.6                      33.7   -6.1     43.2
  SNOW DEPTH       0

DEGREE DAYS
 HEATING
  YESTERDAY       14                        15     -1        8
  MONTH TO DATE   14                        15     -1        8
  SINCE MAR 1   1337                      1652   -315     1349
  SINCE JUL 1   6802                      8022  -1220     7433

 COOLING
  YESTERDAY        0                         0      0        0
  MONTH TO DATE    0                         0      0        0
  SINCE MAR 1      0                         1     -1        0
  SINCE JAN 1      0                         1     -1        0
..................................................................


WIND (MPH)
  HIGHEST WIND SPEED    13   HIGHEST WIND DIRECTION     W (280)
  HIGHEST GUST SPEED    19   HIGHEST GUST DIRECTION     W (260)
  AVERAGE WIND SPEED     5.0


SKY COVER
  POSSIBLE SUNSHINE  MM
  AVERAGE SKY COVER 0.0


WEATHER CONDITIONS
 THE FOLLOWING WEATHER WAS RECORDED YESTERDAY.
  NO SIGNIFICANT WEATHER WAS OBSERVED.


RELATIVE HUMIDITY (PERCENT)
 HIGHEST    85           600 AM
 LOWEST     26           100 PM
 AVERAGE    56

..........................................................


THE GLASGOW MT CLIMATE NORMALS FOR TODAY
                         NORMAL    RECORD    YEAR
 MAXIMUM TEMPERATURE (F)   64        90      1901
 MINIMUM TEMPERATURE (F)   37        18      1954


SUNRISE AND SUNSET
MAY  2 2016...........SUNRISE   545 AM MDT   SUNSET   822 PM MDT
MAY  3 2016...........SUNRISE   544 AM MDT   SUNSET   824 PM MDT


-  INDICATES NEGATIVE NUMBERS.
R  INDICATES RECORD WAS SET OR TIED.
MM INDICATES DATA IS MISSING.
T  INDICATES TRACE AMOUNT.




$$
