000
CDUS45 KGGW 050745
CLIGGW


CLIMATE REPORT
NATIONAL WEATHER SERVICE GLASGOW MT
144 AM MDT SUN JUL 5 2015


...................................

...THE GLASGOW MT CLIMATE SUMMARY FOR JULY 4 2015...

CLIMATE NORMAL PERIOD 1981 TO 2010
CLIMATE RECORD PERIOD 1893 TO 2015


WEATHER ITEM   OBSERVED TIME   RECORD YEAR NORMAL DEPARTURE LAST
                VALUE   (LST)  VALUE       VALUE  FROM      YEAR
                                                  NORMAL
..................................................................
TEMPERATURE (F)
 YESTERDAY
  MAXIMUM         96    118 PM 106    1937  82     14       92
  MINIMUM         62    352 AM  38    1915  55      7       60
  AVERAGE         79                        69     10       76

PRECIPITATION (IN)
  YESTERDAY        0.05          1.28 2002   0.07  -0.02     0.00
  MONTH TO DATE    0.05                      0.26  -0.21     0.00
  SINCE OCT 1      8.21                      7.96   0.25     7.10
  SINCE JAN 1      6.95                      6.41   0.54     5.65

SNOWFALL (IN)
  YESTERDAY        0.0           0.0  2002   0.0    0.0      0.0
                                      2001
                                      2000
  MONTH TO DATE    0.0                       0.0    0.0      0.0
  SINCE JUN 1      0.0                       0.0    0.0      0.0
  SINCE JUL 1      0.0                       0.0    0.0      0.0
  SNOW DEPTH       0

DEGREE DAYS
 HEATING
  YESTERDAY        0                         1     -1        0
  MONTH TO DATE    0                         4     -4        0
  SINCE JUN 1     46                       109    -63      108
  SINCE JUL 1      0                         4     -4        0

 COOLING
  YESTERDAY       14                         5      9       11
  MONTH TO DATE   34                        19     15       20
  SINCE JUN 1    161                        94     67       40
  SINCE JAN 1    161                       111     50       74
..................................................................


WIND (MPH)
  HIGHEST WIND SPEED    26   HIGHEST WIND DIRECTION     N (20)
  HIGHEST GUST SPEED    33   HIGHEST GUST DIRECTION     N (20)
  AVERAGE WIND SPEED    12.7


SKY COVER
  POSSIBLE SUNSHINE  MM
  AVERAGE SKY COVER 0.0


WEATHER CONDITIONS
 THE FOLLOWING WEATHER WAS RECORDED YESTERDAY.
  THUNDERSTORM
  RAIN
  LIGHT RAIN
  HAZE


RELATIVE HUMIDITY (PERCENT)
 HIGHEST    78           400 AM
 LOWEST     24          1200 PM
 AVERAGE    51

..........................................................


THE GLASGOW MT CLIMATE NORMALS FOR TODAY
                         NORMAL    RECORD    YEAR
 MAXIMUM TEMPERATURE (F)   83       108      1937
                                             1936
 MINIMUM TEMPERATURE (F)   55        39      1918


SUNRISE AND SUNSET
JULY  5 2015..........SUNRISE   513 AM MDT   SUNSET   909 PM MDT
JULY  6 2015..........SUNRISE   514 AM MDT   SUNSET   909 PM MDT


-  INDICATES NEGATIVE NUMBERS.
R  INDICATES RECORD WAS SET OR TIED.
MM INDICATES DATA IS MISSING.
T  INDICATES TRACE AMOUNT.




$$
