000
CDUS45 KGGW 310024
CLIGGW


CLIMATE REPORT
NATIONAL WEATHER SERVICE GLASGOW MT
624 PM MDT THU OCT 30 2014


...................................

...THE GLASGOW MT CLIMATE SUMMARY FOR OCTOBER 30 2014...
VALID TODAY AS OF 0500 PM LOCAL TIME.

CLIMATE NORMAL PERIOD 1981 TO 2010
CLIMATE RECORD PERIOD 1893 TO 2014


WEATHER ITEM   OBSERVED TIME   RECORD YEAR NORMAL DEPARTURE LAST
                VALUE   (LST)  VALUE       VALUE  FROM      YEAR
                                                  NORMAL
..................................................................
TEMPERATURE (F)
 TODAY
  MAXIMUM         37        MM  83    1950  50    -13       48
  MINIMUM         28    200 AM  -6    1991  27      1       23
  AVERAGE         33                        38     -5       36

PRECIPITATION (IN)
  TODAY            0.00          0.33 1943   0.02  -0.02     0.00
  MONTH TO DATE    0.41                      0.74  -0.33     0.24
  SINCE OCT 1      0.41                      0.74  -0.33     0.24
  SINCE JAN 1     14.15                     10.85   3.30    14.66

SNOWFALL (IN)
  TODAY            0.0           2.0  2006   0.0    0.0      0.0
                                      1919
  MONTH TO DATE    T                         1.2   -1.2      0.1
  SINCE SEP 1      T                         1.4   -1.4      0.1
  SINCE JUL 1      T                         1.4   -1.4      0.1
  SNOW DEPTH       0

DEGREE DAYS
 HEATING
  TODAY           32                        27      5       29
  MONTH TO DATE  464                       603   -139      642
  SINCE SEP 1    695                       844   -149      765
  SINCE JUL 1    748                       897   -149      780

 COOLING
  TODAY            0                         0      0        0
  MONTH TO DATE    0                         0      0        0
  SINCE SEP 1     23                        37    -14       86
  SINCE JAN 1    495                       532    -37      563
..................................................................


WIND (MPH)
  HIGHEST WIND SPEED    16   HIGHEST WIND DIRECTION    SE (120)
  HIGHEST GUST SPEED    MM   HIGHEST GUST DIRECTION    MM
  AVERAGE WIND SPEED     8.6


SKY COVER
  POSSIBLE SUNSHINE  MM
  AVERAGE SKY COVER 0.8


WEATHER CONDITIONS
 THE FOLLOWING WEATHER WAS RECORDED TODAY.
  NO SIGNIFICANT WEATHER WAS OBSERVED.


RELATIVE HUMIDITY (PERCENT)
 HIGHEST    92           100 AM
 LOWEST     70          1200 PM
 AVERAGE    81

..........................................................


THE GLASGOW MT CLIMATE NORMALS FOR TOMORROW
                         NORMAL    RECORD    YEAR
 MAXIMUM TEMPERATURE (F)   49        79      1999
 MINIMUM TEMPERATURE (F)   26        -6      1935


SUNRISE AND SUNSET
OCTOBER 30 2014.......SUNRISE   749 AM MDT   SUNSET   551 PM MDT
OCTOBER 31 2014.......SUNRISE   751 AM MDT   SUNSET   549 PM MDT


-  INDICATES NEGATIVE NUMBERS.
R  INDICATES RECORD WAS SET OR TIED.
MM INDICATES DATA IS MISSING.
T  INDICATES TRACE AMOUNT.




$$
