000
CDUS45 KGGW 220741
CLIGGW


CLIMATE REPORT
NATIONAL WEATHER SERVICE GLASGOW MT
140 AM MDT TUE JUL 22 2014


...................................

...THE GLASGOW MT CLIMATE SUMMARY FOR JULY 21 2014...

CLIMATE NORMAL PERIOD 1981 TO 2010
CLIMATE RECORD PERIOD 1893 TO 2014


WEATHER ITEM   OBSERVED TIME   RECORD YEAR NORMAL DEPARTURE LAST
                VALUE   (LST)  VALUE       VALUE  FROM      YEAR
                                                  NORMAL
..................................................................
TEMPERATURE (F)
 YESTERDAY
  MAXIMUM         83    232 PM 108    1936  86     -3       86
  MINIMUM         59    413 AM  36    1896  58      1       60
  AVERAGE         71                        72     -1       73

PRECIPITATION (IN)
  YESTERDAY        T             1.15 1923   0.05  -0.05     0.00
  MONTH TO DATE    0.54                      1.29  -0.75     0.73
  SINCE OCT 1      7.64                      8.99  -1.35    14.39
  SINCE JAN 1      6.19                      7.44  -1.25    12.19

SNOWFALL (IN)
  YESTERDAY        0.0           T    1999   0.0    0.0      0.0
  MONTH TO DATE    0.0                       0.0    0.0      0.0
  SINCE JUN 1      0.0                       0.0    0.0      0.0
  SINCE JUL 1      0.0                       0.0    0.0      0.0
  SNOW DEPTH       0

DEGREE DAYS
 HEATING
  YESTERDAY        0                         0      0        0
  MONTH TO DATE    4                        15    -11        3
  SINCE JUN 1    112                       120     -8       87
  SINCE JUL 1      4                        15    -11        3

 COOLING
  YESTERDAY        6                         8     -2        8
  MONTH TO DATE  137                       127     10      145
  SINCE JUN 1    157                       202    -45      194
  SINCE JAN 1    191                       219    -28      203
..................................................................


WIND (MPH)
  HIGHEST WIND SPEED    25   HIGHEST WIND DIRECTION    NW (310)
  HIGHEST GUST SPEED    32   HIGHEST GUST DIRECTION    NW (320)
  AVERAGE WIND SPEED     7.0


SKY COVER
  POSSIBLE SUNSHINE  MM
  AVERAGE SKY COVER 0.3


WEATHER CONDITIONS
 THE FOLLOWING WEATHER WAS RECORDED YESTERDAY.
  LIGHT RAIN


RELATIVE HUMIDITY (PERCENT)
 HIGHEST    84           100 AM
 LOWEST     33           300 PM
 AVERAGE    59

..........................................................


THE GLASGOW MT CLIMATE NORMALS FOR TODAY
                         NORMAL    RECORD    YEAR
 MAXIMUM TEMPERATURE (F)   87       103      2007
                                             1963
 MINIMUM TEMPERATURE (F)   58        45      1950
                                             1926
                                             1913


SUNRISE AND SUNSET
JULY 22 2014..........SUNRISE   530 AM MDT   SUNSET   856 PM MDT
JULY 23 2014..........SUNRISE   531 AM MDT   SUNSET   854 PM MDT


-  INDICATES NEGATIVE NUMBERS.
R  INDICATES RECORD WAS SET OR TIED.
MM INDICATES DATA IS MISSING.
T  INDICATES TRACE AMOUNT.




$$
