000
CDUS45 KGGW 250028
CLIGGW


CLIMATE REPORT
NATIONAL WEATHER SERVICE GLASGOW MT
527 PM MST FRI NOV 24 2017


...................................

...THE GLASGOW MT CLIMATE SUMMARY FOR NOVEMBER 24 2017...
VALID TODAY AS OF 0500 PM LOCAL TIME.

CLIMATE NORMAL PERIOD 1981 TO 2010
CLIMATE RECORD PERIOD 1893 TO 2017


WEATHER ITEM   OBSERVED TIME   RECORD YEAR NORMAL DEPARTURE LAST
                VALUE   (LST)  VALUE       VALUE  FROM      YEAR
                                                  NORMAL
..................................................................
TEMPERATURE (F)
 TODAY
  MAXIMUM         50    239 PM  61    1923  35     15       48
                                      1920
  MINIMUM         34    804 AM -19    1985  15     19       24
  AVERAGE         42                        25     17       36

PRECIPITATION (IN)
  TODAY            T             0.50 1896   0.01  -0.01     0.00
  MONTH TO DATE    0.17                      0.33  -0.16     0.06
  SINCE OCT 1      1.08                      1.08   0.00     3.17
  SINCE JAN 1      5.92                     11.19  -5.27    20.50

SNOWFALL (IN)
  TODAY            0.0           5.0  1896   0.2   -0.2      0.0
  MONTH TO DATE    0.9                       3.9   -3.0       T
  SINCE SEP 1      1.6                       5.4   -3.8      0.4
  SINCE JUL 1      1.6                       5.4   -3.8      0.4
  SNOW DEPTH       0

DEGREE DAYS
 HEATING
  TODAY           23                        40    -17       29
  MONTH TO DATE  918                       817    101      544
  SINCE SEP 1   1765                      1688     77     1383
  SINCE JUL 1   1772                      1741     31     1417

 COOLING
  TODAY            0                         0      0        0
  MONTH TO DATE    0                         0      0        0
  SINCE SEP 1     54                        38     16       29
  SINCE JAN 1    684                       533    151      434
..................................................................


WIND (MPH)
  HIGHEST WIND SPEED    18   HIGHEST WIND DIRECTION     W (280)
  HIGHEST GUST SPEED    29   HIGHEST GUST DIRECTION     W (290)
  AVERAGE WIND SPEED    11.0


SKY COVER
  POSSIBLE SUNSHINE  MM
  AVERAGE SKY COVER 0.3


WEATHER CONDITIONS
 THE FOLLOWING WEATHER WAS RECORDED TODAY.
  LIGHT RAIN


RELATIVE HUMIDITY (PERCENT)
 HIGHEST   100           800 AM
 LOWEST     42           300 PM
 AVERAGE    71

..........................................................


THE GLASGOW MT CLIMATE NORMALS FOR TOMORROW
                         NORMAL    RECORD    YEAR
 MAXIMUM TEMPERATURE (F)   34        62      1949
 MINIMUM TEMPERATURE (F)   14       -20      1985


SUNRISE AND SUNSET
NOVEMBER 24 2017......SUNRISE   727 AM MST   SUNSET   419 PM MST
NOVEMBER 25 2017......SUNRISE   729 AM MST   SUNSET   418 PM MST


-  INDICATES NEGATIVE NUMBERS.
R  INDICATES RECORD WAS SET OR TIED.
MM INDICATES DATA IS MISSING.
T  INDICATES TRACE AMOUNT.


SNOW DEPTH TAKEN AT 12Z (5AM MST)

$$
