000
CDUS45 KGGW 101231
CLIGGW


CLIMATE REPORT
NATIONAL WEATHER SERVICE GLASGOW MT
531 AM MST WED FEB 10 2016


...................................

...THE GLASGOW MT CLIMATE SUMMARY FOR FEBRUARY 10 2016...
VALID AS OF 0500 AM LOCAL TIME.

CLIMATE NORMAL PERIOD 1981 TO 2010
CLIMATE RECORD PERIOD 1893 TO 2016


WEATHER ITEM   OBSERVED TIME   RECORD YEAR NORMAL DEPARTURE LAST
                VALUE   (LST)  VALUE       VALUE  FROM      YEAR
                                                  NORMAL
..................................................................
TEMPERATURE (F)
 TODAY
  MINIMUM         31    509 AM -50    1899   8     23       16

PRECIPITATION (IN)
  TODAY            0.00          0.15 1902   0.01  -0.01      T
  MONTH TO DATE    0.02                      0.08  -0.06     0.22
  SINCE OCT 1      3.34                      2.00   1.34     2.28
  SINCE JAN 1      0.36                      0.45  -0.09     1.02

SNOWFALL (IN)
  TODAY            0.0           2.8  1979   0.2   -0.2       T
  MONTH TO DATE    0.2                       1.6   -1.4      2.6
  SINCE DEC 1     18.6                      17.6    1.0     23.3
  SINCE JUL 1     19.6                      24.2   -4.6     34.7
  SNOW DEPTH       T  (12Z / 5 AM MST)

DEGREE DAYS
 HEATING
  TODAY           31                        47    -16       40
  MONTH TO DATE  373                       484   -111      466
  SINCE DEC 1   3215                      3580   -365     3187
  SINCE JUL 1   4877                      5573   -696     5272

 COOLING
  TODAY            0                         0      0        0
  MONTH TO DATE    0                         0      0        0
  SINCE DEC 1      0                         0      0        0
  SINCE JAN 1      0                         0      0        0
..................................................................





WEATHER CONDITIONS
 THE FOLLOWING WEATHER WAS RECORDED TODAY.
  NO SIGNIFICANT WEATHER WAS OBSERVED.


RELATIVE HUMIDITY (PERCENT)
 HIGHEST    78           200 AM

..........................................................


THE GLASGOW MT CLIMATE NORMALS FOR TOMORROW
                         NORMAL    RECORD    YEAR
 MAXIMUM TEMPERATURE (F)   28        59      1921
 MINIMUM TEMPERATURE (F)    8       -46      1905
                                             1899


SUNRISE AND SUNSET
FEBRUARY 10 2016......SUNRISE   722 AM MST   SUNSET   520 PM MST
FEBRUARY 11 2016......SUNRISE   721 AM MST   SUNSET   522 PM MST


-  INDICATES NEGATIVE NUMBERS.
R  INDICATES RECORD WAS SET OR TIED.
MM INDICATES DATA IS MISSING.
T  INDICATES TRACE AMOUNT.




$$
