000
CDUS45 KGGW 060017
CLIGGW


CLIMATE REPORT
NATIONAL WEATHER SERVICE GLASGOW MT
516 PM MST MON DEC 5 2016


...................................

...THE GLASGOW MT CLIMATE SUMMARY FOR DECEMBER 5 2016...
VALID TODAY AS OF 0500 PM LOCAL TIME.

CLIMATE NORMAL PERIOD 1981 TO 2010
CLIMATE RECORD PERIOD 1893 TO 2016


WEATHER ITEM   OBSERVED TIME   RECORD YEAR NORMAL DEPARTURE LAST
                VALUE   (LST)  VALUE       VALUE  FROM      YEAR
                                                  NORMAL
..................................................................
TEMPERATURE (F)
 TODAY
  MAXIMUM         31   1218 AM  57    1939  29      2       49
  MINIMUM          6    515 PM -29    1972  10     -4       21
  AVERAGE         19                        20     -1       35

PRECIPITATION (IN)
  TODAY            0.03          0.52 1927   0.01   0.02     0.00
  MONTH TO DATE    0.10                      0.06   0.04     0.00
  SINCE OCT 1      3.27                      1.21   2.06     2.27
  SINCE JAN 1     20.60                     11.32   9.28    12.33

SNOWFALL (IN)
  TODAY            1.1           4.6  1927   0.2    0.9      0.0
  MONTH TO DATE    1.7                       1.0    0.7      0.0
  SINCE DEC 1      1.7                       1.0    0.7      0.0
  SINCE JUL 1      2.1                       7.6   -5.5      1.0
  SNOW DEPTH       0 (AS OF 12Z / 5AM MST)
DEGREE DAYS
 HEATING
  TODAY           46                        46      0       30
  MONTH TO DATE  189                       224    -35      178
  SINCE DEC 1    189                       224    -35      178
  SINCE JUL 1   1808                      2217   -409     1840

 COOLING
  TODAY            0                         0      0        0
  MONTH TO DATE    0                         0      0        0
  SINCE DEC 1      0                         0      0        0
  SINCE JAN 1    434                       533    -99      619
..................................................................


WIND (MPH)
  HIGHEST WIND SPEED    38   HIGHEST WIND DIRECTION    NW (310)
  HIGHEST GUST SPEED    44   HIGHEST GUST DIRECTION    NW (300)
  AVERAGE WIND SPEED    27.5


SKY COVER
  POSSIBLE SUNSHINE  MM
  AVERAGE SKY COVER 0.9


WEATHER CONDITIONS
 THE FOLLOWING WEATHER WAS RECORDED TODAY.
  LIGHT SNOW
  FOG


RELATIVE HUMIDITY (PERCENT)
 HIGHEST    92          1200 AM
 LOWEST     66          1200 PM
 AVERAGE    79

..........................................................


THE GLASGOW MT CLIMATE NORMALS FOR TOMORROW
                         NORMAL    RECORD    YEAR
 MAXIMUM TEMPERATURE (F)   29        53      1991
                                             1953
 MINIMUM TEMPERATURE (F)    9       -33      1936


SUNRISE AND SUNSET
DECEMBER  5 2016......SUNRISE   742 AM MST   SUNSET   413 PM MST
DECEMBER  6 2016......SUNRISE   743 AM MST   SUNSET   413 PM MST


-  INDICATES NEGATIVE NUMBERS.
R  INDICATES RECORD WAS SET OR TIED.
MM INDICATES DATA IS MISSING.
T  INDICATES TRACE AMOUNT.




$$
