000
CDUS45 KGGW 221333
CLIGGW


CLIMATE REPORT
NATIONAL WEATHER SERVICE GLASGOW MT
631 AM MST THU FEB 22 2018


...................................

...THE GLASGOW MT CLIMATE SUMMARY FOR FEBRUARY 22 2018...
VALID AS OF 0600 AM LOCAL TIME.

CLIMATE NORMAL PERIOD 1981 TO 2010
CLIMATE RECORD PERIOD 1893 TO 2018


WEATHER ITEM   OBSERVED TIME   RECORD YEAR NORMAL DEPARTURE LAST
                VALUE   (LST)  VALUE       VALUE  FROM      YEAR
                                                  NORMAL
..................................................................
TEMPERATURE (F)
 TODAY
  MINIMUM        -15    600 AM -34    1918  12    -27       24

PRECIPITATION (IN)
  TODAY            0.00          0.44 2012   0.02  -0.02     0.07
  MONTH TO DATE    0.76                      0.20   0.56     0.49
  SINCE OCT 1      2.93                      2.12   0.81     4.49
  SINCE JAN 1      1.13                      0.57   0.56     0.96

SNOWFALL (IN)
  TODAY            0.0           3.5  1982   0.1   -0.1      0.6
  MONTH TO DATE   16.3                       3.4   12.9      7.6
  SINCE DEC 1     36.6                      19.4   17.2     29.5
  SINCE JUL 1     38.2                      26.0   12.2     29.9
  SNOW DEPTH       6

DEGREE DAYS
 HEATING
  TODAY           77                        43     34       36
  MONTH TO DATE 1469                      1029    440      916
  SINCE DEC 1   4615                      4125    490     4230
  SINCE JUL 1   6550                      6118    432     5849

 COOLING
  TODAY            0                         0      0        0
  MONTH TO DATE    0                         0      0        0
  SINCE DEC 1      0                         0      0        0
  SINCE JAN 1      0                         0      0        0
..................................................................





WEATHER CONDITIONS
 THE FOLLOWING WEATHER WAS RECORDED TODAY.
  NO SIGNIFICANT WEATHER WAS OBSERVED.


RELATIVE HUMIDITY (PERCENT)
 HIGHEST    91           600 AM

..........................................................


THE GLASGOW MT CLIMATE NORMALS FOR TOMORROW
                         NORMAL    RECORD    YEAR
 MAXIMUM TEMPERATURE (F)   32        59      1976
 MINIMUM TEMPERATURE (F)   12       -27      1917


SUNRISE AND SUNSET
FEBRUARY 22 2018......SUNRISE   701 AM MST   SUNSET   540 PM MST
FEBRUARY 23 2018......SUNRISE   659 AM MST   SUNSET   542 PM MST


-  INDICATES NEGATIVE NUMBERS.
R  INDICATES RECORD WAS SET OR TIED.
MM INDICATES DATA IS MISSING.
T  INDICATES TRACE AMOUNT.


SNOW DEPTH TAKEN AT 12Z (5 AM)


$$
