000
CDUS45 KGGW 231231
CLIGGW


CLIMATE REPORT
NATIONAL WEATHER SERVICE GLASGOW MT
630 AM MDT SAT AUG 23 2014


...................................

...THE GLASGOW MT CLIMATE SUMMARY FOR AUGUST 23 2014...
VALID AS OF 0600 AM LOCAL TIME.

CLIMATE NORMAL PERIOD 1981 TO 2010
CLIMATE RECORD PERIOD 1893 TO 2014


WEATHER ITEM   OBSERVED TIME   RECORD YEAR NORMAL DEPARTURE LAST
                VALUE   (LST)  VALUE       VALUE  FROM      YEAR
                                                  NORMAL
..................................................................
TEMPERATURE (F)
 TODAY
  MINIMUM         56    500 AM  28    1928  55      1       65

PRECIPITATION (IN)
  TODAY            0.42          0.84 1932   0.03   0.39     0.00
  MONTH TO DATE    2.17                      0.95   1.22     0.15
  SINCE OCT 1      9.85                     10.43  -0.58    14.76
  SINCE JAN 1      8.40                      8.88  -0.48    12.56

SNOWFALL (IN)
  TODAY            0.0           0.0  2002   0.0    0.0      0.0
                                      2001
                                      2000
  MONTH TO DATE    0.0                       0.0    0.0      0.0
  SINCE JUN 1      0.0                       0.0    0.0      0.0
  SINCE JUL 1      0.0                       0.0    0.0      0.0
  SNOW DEPTH       0

DEGREE DAYS
 HEATING
  TODAY            6                         1      5        0
  MONTH TO DATE    8                        15     -7        5
  SINCE JUN 1    120                       138    -18       99
  SINCE JUL 1     12                        33    -21       15

 COOLING
  TODAY            0                         5     -5       15
  MONTH TO DATE  189                       163     26      145
  SINCE JUN 1    426                       445    -19      366
  SINCE JAN 1    460                       462     -2      375
..................................................................





WEATHER CONDITIONS
 THE FOLLOWING WEATHER WAS RECORDED TODAY.
  HEAVY RAIN
  RAIN
  LIGHT RAIN
  FOG


RELATIVE HUMIDITY (PERCENT)
 HIGHEST    93           400 AM

..........................................................


THE GLASGOW MT CLIMATE NORMALS FOR TOMORROW
                         NORMAL    RECORD    YEAR
 MAXIMUM TEMPERATURE (F)   82       103      1926
 MINIMUM TEMPERATURE (F)   54        31      1934


SUNRISE AND SUNSET
AUGUST 23 2014........SUNRISE   612 AM MDT   SUNSET   805 PM MDT
AUGUST 24 2014........SUNRISE   613 AM MDT   SUNSET   803 PM MDT


-  INDICATES NEGATIVE NUMBERS.
R  INDICATES RECORD WAS SET OR TIED.
MM INDICATES DATA IS MISSING.
T  INDICATES TRACE AMOUNT.




$$
