000
CDUS45 KGGW 230017
CLIGGW


CLIMATE REPORT
NATIONAL WEATHER SERVICE GLASGOW MT
616 PM MDT MON MAY 22 2017


...................................

...THE GLASGOW MT CLIMATE SUMMARY FOR MAY 22 2017...
VALID TODAY AS OF 0500 PM LOCAL TIME.

CLIMATE NORMAL PERIOD 1981 TO 2010
CLIMATE RECORD PERIOD 1893 TO 2017


WEATHER ITEM   OBSERVED TIME   RECORD YEAR NORMAL DEPARTURE LAST
                VALUE   (LST)  VALUE       VALUE  FROM      YEAR
                                                  NORMAL
..................................................................
TEMPERATURE (F)
 TODAY
  MAXIMUM         71    347 PM  99    1980  69      2       71
  MINIMUM         44    202 AM  28    1903  45     -1       47
  AVERAGE         58                        57      1       59

PRECIPITATION (IN)
  TODAY            0.06          1.77 1948   0.07  -0.01     0.00
  MONTH TO DATE    0.58                      1.22  -0.64     3.82
  SINCE OCT 1      6.14                      4.67   1.47    10.55
  SINCE JAN 1      2.61                      3.12  -0.51     7.57

SNOWFALL (IN)
  TODAY            0.0           1.3  2002   0.1   -0.1      0.0
  MONTH TO DATE    0.0                       1.1   -1.1      0.0
  SINCE MAR 1      6.2                       7.7   -1.5      6.1
  SINCE JUL 1     37.7                      34.7    3.0     27.6
  SNOW DEPTH       0

DEGREE DAYS
 HEATING
  TODAY            7                         9     -2        6
  MONTH TO DATE  210                       258    -48      191
  SINCE MAR 1   1747                      1895   -148     1514
  SINCE JUL 1   7854                      8265   -411     6979

 COOLING
  TODAY            0                         1     -1        0
  MONTH TO DATE   15                         2     13       11
  SINCE MAR 1     15                         3     12       11
  SINCE JAN 1     15                         3     12       11
..................................................................


WIND (MPH)
  HIGHEST WIND SPEED    31   HIGHEST WIND DIRECTION    NW (330)
  HIGHEST GUST SPEED    44   HIGHEST GUST DIRECTION     N (350)
  AVERAGE WIND SPEED    14.3


SKY COVER
  POSSIBLE SUNSHINE  MM
  AVERAGE SKY COVER 0.4


WEATHER CONDITIONS
 THE FOLLOWING WEATHER WAS RECORDED TODAY.
  LIGHT RAIN


RELATIVE HUMIDITY (PERCENT)
 HIGHEST    93          1200 AM
 LOWEST     23           200 PM
 AVERAGE    58

..........................................................


THE GLASGOW MT CLIMATE NORMALS FOR TOMORROW
                         NORMAL    RECORD    YEAR
 MAXIMUM TEMPERATURE (F)   70        98      1980
                                             1951
 MINIMUM TEMPERATURE (F)   45        27      1903


SUNRISE AND SUNSET
MAY 22 2017...........SUNRISE   519 AM MDT   SUNSET   849 PM MDT
MAY 23 2017...........SUNRISE   518 AM MDT   SUNSET   850 PM MDT


-  INDICATES NEGATIVE NUMBERS.
R  INDICATES RECORD WAS SET OR TIED.
MM INDICATES DATA IS MISSING.
T  INDICATES TRACE AMOUNT.




$$
