000
CDUS45 KGJT 290737 CCA
CLIGJT

CLIMATE REPORT
NATIONAL WEATHER SERVICE GRAND JUNCTION CO
129 AM MDT WED MAR 29 2017


...................................

...THE GRAND JUNCTION CO CLIMATE SUMMARY FOR MARCH 28 2017...

CLIMATE NORMAL PERIOD 1981 TO 2010
CLIMATE RECORD PERIOD 1893 TO 2017


WEATHER ITEM   OBSERVED TIME   RECORD YEAR NORMAL DEPARTURE LAST
                VALUE   (LST)  VALUE       VALUE  FROM      YEAR
                                                  NORMAL
..................................................................
TEMPERATURE (F)
 YESTERDAY
  MAXIMUM         53    405 PM  78    2015  60     -7       64
  MINIMUM         41   1159 PM  11    1975  34      7       41
  AVERAGE         47                        47      0       53

PRECIPITATION (IN)
  YESTERDAY        0.05          0.78 1992   0.04   0.00     0.00
  MONTH TO DATE    0.21                      0.82  -0.62     0.79
  SINCE MAR 1      0.21                      0.82  -0.62     0.79
  SINCE JAN 1      1.76                      1.94  -0.19     2.16

SNOWFALL (IN)
  YESTERDAY        0.0           4.3  1949   0.1   -0.1      0.0
  MONTH TO DATE    T                         2.4   -2.4      1.1
  SINCE MAR 1      T                         2.4   -2.4      1.1
  SINCE JUL 1     13.9                      17.9   -4.0     28.5
  SNOW DEPTH       0

DEGREE DAYS
 HEATING
  YESTERDAY       18                        18      0       12
  MONTH TO DATE  400                       599   -199      541
  SINCE MAR 1    400                       599   -199      541
  SINCE JUL 1   4047                      4978   -931     5019

 COOLING
  YESTERDAY        0                         0      0        0
  MONTH TO DATE    0                         0      0        0
  SINCE MAR 1      0                         0      0        0
  SINCE JAN 1      0                         0      0        0
..................................................................


WIND (MPH)
  HIGHEST WIND SPEED    18   HIGHEST WIND DIRECTION     N (360)
  HIGHEST GUST SPEED    23   HIGHEST GUST DIRECTION    NW (330)
  AVERAGE WIND SPEED     7.8


SKY COVER
  POSSIBLE SUNSHINE  MM
  AVERAGE SKY COVER 0.8


WEATHER CONDITIONS
 THE FOLLOWING WEATHER WAS RECORDED YESTERDAY.
  LIGHT RAIN


RELATIVE HUMIDITY (PERCENT)
 HIGHEST   100           200 AM
 LOWEST     54           400 PM
 AVERAGE    77

..........................................................


THE GRAND JUNCTION CO CLIMATE NORMALS FOR TODAY
                         NORMAL    RECORD    YEAR
 MAXIMUM TEMPERATURE (F)   60        77      1986
                                             1943
 MINIMUM TEMPERATURE (F)   34        14      1977


SUNRISE AND SUNSET
MARCH 29 2017.........SUNRISE   703 AM MDT   SUNSET   735 PM MDT
MARCH 30 2017.........SUNRISE   701 AM MDT   SUNSET   736 PM MDT


-  INDICATES NEGATIVE NUMBERS.
R  INDICATES RECORD WAS SET OR TIED.
MM INDICATES DATA IS MISSING.
T  INDICATES TRACE AMOUNT.




$$
