000
CDUS45 KGJT 240753
CLIGJT


CLIMATE REPORT
NATIONAL WEATHER SERVICE GRAND JUNCTION CO
1247 AM MST FRI NOV 24 2017


...................................

...THE GRAND JUNCTION CO CLIMATE SUMMARY FOR NOVEMBER 23 2017...

CLIMATE NORMAL PERIOD 1981 TO 2010
CLIMATE RECORD PERIOD 1893 TO 2017


WEATHER ITEM   OBSERVED TIME   RECORD YEAR NORMAL DEPARTURE LAST
                VALUE   (LST)  VALUE       VALUE  FROM      YEAR
                                                  NORMAL
..................................................................
TEMPERATURE (F)
 YESTERDAY
  MAXIMUM         61    322 PM  62    1939  46     15       53
  MINIMUM         34    352 AM   4    2003  25      9       29
  AVERAGE         48                        35     13       41

PRECIPITATION (IN)
  YESTERDAY        0.00          0.71 1895   0.02  -0.02     0.01
  MONTH TO DATE    0.01                      0.58  -0.57     0.75
  SINCE SEP 1      1.03                      2.83  -1.80     1.79
  SINCE JAN 1      5.04                      8.68  -3.64     8.04

SNOWFALL (IN)
  YESTERDAY        0.0           1.2  2013   0.0    0.0      0.0
  MONTH TO DATE    T                         1.3   -1.3      0.1
  SINCE SEP 1      T                         1.7   -1.7      0.1
  SINCE JUL 1      T                         1.7   -1.7      0.1
  SNOW DEPTH       0

DEGREE DAYS
 HEATING
  YESTERDAY       17                        30    -13       24
  MONTH TO DATE  443                       558   -115      383
  SINCE SEP 1    974                      1003    -29      658
  SINCE JUL 1    974                      1006    -32      658

 COOLING
  YESTERDAY        0                         0      0        0
  MONTH TO DATE    0                         0      0        0
  SINCE SEP 1    183                       106     77      131
  SINCE JAN 1   1479                      1125    354     1245
..................................................................


WIND (MPH)
  HIGHEST WIND SPEED    12   HIGHEST WIND DIRECTION     E (110)
  HIGHEST GUST SPEED    13   HIGHEST GUST DIRECTION    SE (120)
  AVERAGE WIND SPEED     4.4


SKY COVER
  POSSIBLE SUNSHINE  MM
  AVERAGE SKY COVER 0.0


WEATHER CONDITIONS
 THE FOLLOWING WEATHER WAS RECORDED YESTERDAY.
  NO SIGNIFICANT WEATHER WAS OBSERVED.


RELATIVE HUMIDITY (PERCENT)
 HIGHEST    82           400 AM
 LOWEST     39           200 PM
 AVERAGE    61

..........................................................


THE GRAND JUNCTION CO CLIMATE NORMALS FOR TODAY
                         NORMAL    RECORD    YEAR
 MAXIMUM TEMPERATURE (F)   46        64      1965
                                             1897
 MINIMUM TEMPERATURE (F)   24         4      1931


SUNRISE AND SUNSET
NOVEMBER 24 2017......SUNRISE   707 AM MST   SUNSET   454 PM MST
NOVEMBER 25 2017......SUNRISE   709 AM MST   SUNSET   454 PM MST


-  INDICATES NEGATIVE NUMBERS.
R  INDICATES RECORD WAS SET OR TIED.
MM INDICATES DATA IS MISSING.
T  INDICATES TRACE AMOUNT.




$$
