000
CDUS45 KGJT 010729
CLIGJT


CLIMATE REPORT
NATIONAL WEATHER SERVICE GRAND JUNCTION CO
126 AM MDT FRI AUG 1 2014


...................................

...THE GRAND JUNCTION CO CLIMATE SUMMARY FOR JULY 31 2014...

CLIMATE NORMAL PERIOD 1981 TO 2010
CLIMATE RECORD PERIOD 1893 TO 2014


WEATHER ITEM   OBSERVED TIME   RECORD YEAR NORMAL DEPARTURE LAST
                VALUE   (LST)  VALUE       VALUE  FROM      YEAR
                                                  NORMAL
..................................................................
TEMPERATURE (F)
 YESTERDAY
  MAXIMUM         87    424 PM 102    2002  92     -5       94
                                      1900
  MINIMUM         58R   501 AM  58    1909  64     -6       66
                                      1896
  AVERAGE         73                        78     -5       80

PRECIPITATION (IN)
  YESTERDAY        0.00          0.32 2010   0.03  -0.03     0.00
  MONTH TO DATE    1.02                      0.61   0.41     1.37
  SINCE JUN 1      1.15                      1.07   0.08     1.38
  SINCE JAN 1      4.93                      4.90   0.03     4.79

SNOWFALL (IN)
  YESTERDAY        0.0           0.0  2013   0.0    0.0      0.0
  MONTH TO DATE    0.0                       0.0    0.0      0.0
  SINCE JUN 1      0.0                       0.0    0.0      0.0
  SINCE JUL 1      0.0                       0.0    0.0      0.0
  SNOW DEPTH       0

DEGREE DAYS
 HEATING
  YESTERDAY        0                         0      0        0
  MONTH TO DATE    0                         0      0        0
  SINCE JUN 1     19                        23     -4        5
  SINCE JUL 1      0                         1     -1        0

 COOLING
  YESTERDAY        8                        13     -5       15
  MONTH TO DATE  450                       410     40      453
  SINCE JUN 1    648                       641      7      767
  SINCE JAN 1    707                       692     15      822
..................................................................


WIND (MPH)
  HIGHEST WIND SPEED    15   HIGHEST WIND DIRECTION     W (260)
  HIGHEST GUST SPEED    19   HIGHEST GUST DIRECTION     W (270)
  AVERAGE WIND SPEED     5.0


SKY COVER
  POSSIBLE SUNSHINE  MM
  AVERAGE SKY COVER 0.1


WEATHER CONDITIONS
 THE FOLLOWING WEATHER WAS RECORDED YESTERDAY.
  THUNDERSTORM


RELATIVE HUMIDITY (PERCENT)
 HIGHEST    90           400 AM
 LOWEST     27           500 PM
 AVERAGE    59

..........................................................


THE GRAND JUNCTION CO CLIMATE NORMALS FOR TODAY
                         NORMAL    RECORD    YEAR
 MAXIMUM TEMPERATURE (F)   92       102      2008
                                             1938
                                             1902
 MINIMUM TEMPERATURE (F)   64        51      1903


SUNRISE AND SUNSET
AUGUST  1 2014........SUNRISE   615 AM MDT   SUNSET   826 PM MDT
AUGUST  2 2014........SUNRISE   616 AM MDT   SUNSET   825 PM MDT


-  INDICATES NEGATIVE NUMBERS.
R  INDICATES RECORD WAS SET OR TIED.
MM INDICATES DATA IS MISSING.
T  INDICATES TRACE AMOUNT.




$$
