000
CDUS45 KGJT 182331
CLIGJT


CLIMATE REPORT
NATIONAL WEATHER SERVICE GRAND JUNCTION CO
528 PM MDT THU SEP 18 2014


...................................

...THE GRAND JUNCTION CO CLIMATE SUMMARY FOR SEPTEMBER 18 2014...
VALID TODAY AS OF 0500 PM LOCAL TIME.

CLIMATE NORMAL PERIOD 1981 TO 2010
CLIMATE RECORD PERIOD 1893 TO 2014


WEATHER ITEM   OBSERVED TIME   RECORD YEAR NORMAL DEPARTURE LAST
                VALUE   (LST)  VALUE       VALUE  FROM      YEAR
                                                  NORMAL
..................................................................
TEMPERATURE (F)
 TODAY
  MAXIMUM         87    337 PM  95    1895  79      8       82
  MINIMUM         56    615 AM  31    1971  51      5       59
  AVERAGE         72                        65      7       71

PRECIPITATION (IN)
  TODAY            0.00          1.05 1965   0.05  -0.05     0.06
  MONTH TO DATE    0.44                      0.70  -0.26     2.37
  SINCE SEP 1      0.44                      0.70  -0.26     2.37
  SINCE JAN 1      8.53                      6.55   1.98     8.34

SNOWFALL (IN)
  TODAY            0.0           3.1  1965   0.0    0.0      0.0
  MONTH TO DATE    0.0                       0.0    0.0      0.0
  SINCE SEP 1      0.0                       0.0    0.0      0.0
  SINCE JUL 1      0.0                       0.0    0.0      0.0
  SNOW DEPTH       0

DEGREE DAYS
 HEATING
  TODAY            0                         3     -3        0
  MONTH TO DATE   10                        21    -11       11
  SINCE SEP 1     10                        21    -11       11
  SINCE JUL 1     15                        24     -9       11

 COOLING
  TODAY            7                         3      4        6
  MONTH TO DATE   71                        86    -15      132
  SINCE SEP 1     71                        86    -15      132
  SINCE JAN 1    997                      1105   -108     1258
..................................................................


WIND (MPH)
  HIGHEST WIND SPEED    14   HIGHEST WIND DIRECTION     W (270)
  HIGHEST GUST SPEED    17   HIGHEST GUST DIRECTION     W (280)
  AVERAGE WIND SPEED     6.7


SKY COVER
  POSSIBLE SUNSHINE  MM
  AVERAGE SKY COVER 0.0


WEATHER CONDITIONS
 THE FOLLOWING WEATHER WAS RECORDED TODAY.
  NO SIGNIFICANT WEATHER WAS OBSERVED.


RELATIVE HUMIDITY (PERCENT)
 HIGHEST    51           600 AM
 LOWEST     25          1200 PM
 AVERAGE    38

..........................................................


THE GRAND JUNCTION CO CLIMATE NORMALS FOR TOMORROW
                         NORMAL    RECORD    YEAR
 MAXIMUM TEMPERATURE (F)   79        94      2010
                                             1935
 MINIMUM TEMPERATURE (F)   51        30      1971


SUNRISE AND SUNSET
SEPTEMBER 18 2014.....SUNRISE   658 AM MDT   SUNSET   718 PM MDT
SEPTEMBER 19 2014.....SUNRISE   659 AM MDT   SUNSET   716 PM MDT


-  INDICATES NEGATIVE NUMBERS.
R  INDICATES RECORD WAS SET OR TIED.
MM INDICATES DATA IS MISSING.
T  INDICATES TRACE AMOUNT.




$$
