000
CDUS45 KGJT 280741
CLIGJT


CLIMATE REPORT
NATIONAL WEATHER SERVICE GRAND JUNCTION CO
140 AM MDT THU JUL 28 2016


...................................

...THE GRAND JUNCTION CO CLIMATE SUMMARY FOR JULY 27 2016...

CLIMATE NORMAL PERIOD 1981 TO 2010
CLIMATE RECORD PERIOD 1893 TO 2016


WEATHER ITEM   OBSERVED TIME   RECORD YEAR NORMAL DEPARTURE LAST
                VALUE   (LST)  VALUE       VALUE  FROM      YEAR
                                                  NORMAL
..................................................................
TEMPERATURE (F)
 YESTERDAY
  MAXIMUM        100    428 PM 102    1969  93      7       95
                                      1960
  MINIMUM         63    441 AM  56    2002  64     -1       64
                                      2001
                                      1993
  AVERAGE         82                        78      4       80

PRECIPITATION (IN)
  YESTERDAY        0.00          0.61 1910   0.03  -0.03     0.00
  MONTH TO DATE    0.60                      0.51   0.09     1.25
  SINCE JUN 1      0.73                      0.97  -0.24     2.44
  SINCE JAN 1      5.70                      4.80   0.90     7.54

SNOWFALL (IN)
  YESTERDAY        0.0           0.0  2001   0.0    0.0      0.0
  MONTH TO DATE    0.0                       0.0    0.0       T
  SINCE JUN 1      0.0                       0.0    0.0       T
  SINCE JUL 1      0.0                       0.0    0.0       T
  SNOW DEPTH       0

DEGREE DAYS
 HEATING
  YESTERDAY        0                         0      0        0
  MONTH TO DATE    0                         0      0        0
  SINCE JUN 1      1                        22    -21       12
  SINCE JUL 1      0                         0      0        0

 COOLING
  YESTERDAY       17                        13      4       15
  MONTH TO DATE  373                       360     13      241
  SINCE JUN 1    723                       591    132      531
  SINCE JAN 1    736                       642     94      539
..................................................................


WIND (MPH)
  HIGHEST WIND SPEED    17   HIGHEST WIND DIRECTION     W (280)
  HIGHEST GUST SPEED    23   HIGHEST GUST DIRECTION     W (270)
  AVERAGE WIND SPEED     7.5


SKY COVER
  POSSIBLE SUNSHINE  MM
  AVERAGE SKY COVER 0.0


WEATHER CONDITIONS
 THE FOLLOWING WEATHER WAS RECORDED YESTERDAY.
  NO SIGNIFICANT WEATHER WAS OBSERVED.


RELATIVE HUMIDITY (PERCENT)
 HIGHEST    44           500 AM
 LOWEST      9           600 PM
 AVERAGE    27

..........................................................


THE GRAND JUNCTION CO CLIMATE NORMALS FOR TODAY
                         NORMAL    RECORD    YEAR
 MAXIMUM TEMPERATURE (F)   93       104      1995
 MINIMUM TEMPERATURE (F)   64        52      2004


SUNRISE AND SUNSET
JULY 28 2016..........SUNRISE   612 AM MDT   SUNSET   829 PM MDT
JULY 29 2016..........SUNRISE   612 AM MDT   SUNSET   828 PM MDT


-  INDICATES NEGATIVE NUMBERS.
R  INDICATES RECORD WAS SET OR TIED.
MM INDICATES DATA IS MISSING.
T  INDICATES TRACE AMOUNT.




$$
