000
CDUS44 KJAN 190814
CLIGLH


CLIMATE REPORT
NATIONAL WEATHER SERVICE JACKSON MS
212 AM CST FRI JAN 19 2018


...................................

...THE GREENVILLE CLIMATE SUMMARY FOR JANUARY 18 2018...

CLIMATE NORMAL PERIOD 1981 TO 2010
CLIMATE RECORD PERIOD 1903 TO 2018


WEATHER ITEM   OBSERVED TIME   RECORD YEAR NORMAL DEPARTURE LAST
                VALUE   (LST)  VALUE       VALUE  FROM      YEAR
                                                  NORMAL
..................................................................
TEMPERATURE (F)
 YESTERDAY
  MAXIMUM         35    420 PM  77    1950  52    -17       60
                                      1907
  MINIMUM         11    644 AM   5    1930  32    -21       50
  AVERAGE         23                        42    -19       55

PRECIPITATION (IN)
  YESTERDAY        0.00          2.26 1913   0.17  -0.17     0.76
  MONTH TO DATE    1.28                      2.72  -1.44     2.37
  SINCE DEC 1      6.14                      8.34  -2.20     5.23
  SINCE JAN 1      1.28                      2.72  -1.44     2.37

SNOWFALL (IN)
  YESTERDAY        0.0

DEGREE DAYS
 HEATING
  YESTERDAY       42                        23     19       10
  MONTH TO DATE  574                       411    163      270
  SINCE DEC 1   1193                      1033    160      824
  SINCE JUL 1   1607                      1495    112     1093

 COOLING
  YESTERDAY        0                         0      0        0
  MONTH TO DATE    0                         0      0       11
  SINCE DEC 1      4                         3      1       23
  SINCE JAN 1      0                         0      0       11
..................................................................


WIND (MPH)
  HIGHEST WIND SPEED     8   HIGHEST WIND DIRECTION     S (180)
  HIGHEST GUST SPEED    10   HIGHEST GUST DIRECTION    SE (150)
  AVERAGE WIND SPEED     3.4


SKY COVER
  POSSIBLE SUNSHINE  MM
  AVERAGE SKY COVER 0.0


WEATHER CONDITIONS
 THE FOLLOWING WEATHER WAS RECORDED YESTERDAY.
  NO SIGNIFICANT WEATHER WAS OBSERVED.


RELATIVE HUMIDITY (PERCENT)
 HIGHEST    88           800 AM
 LOWEST     49           100 PM
 AVERAGE    69

..........................................................


THE GREENVILLE CLIMATE NORMALS FOR TODAY
                         NORMAL    RECORD    YEAR
 MAXIMUM TEMPERATURE (F)   52        84      1907
 MINIMUM TEMPERATURE (F)   32         4      1940


SUNRISE AND SUNSET
JANUARY 19 2018.......SUNRISE   707 AM CST   SUNSET   523 PM CST
JANUARY 20 2018.......SUNRISE   706 AM CST   SUNSET   524 PM CST


-  INDICATES NEGATIVE NUMBERS.
R  INDICATES RECORD WAS SET OR TIED.
MM INDICATES DATA IS MISSING.
T  INDICATES TRACE AMOUNT.




$$
