000
CDUS44 KJAN 172205
CLIGLH


CLIMATE REPORT
NATIONAL WEATHER SERVICE JACKSON MS
404 PM CST TUE JAN 17 2017


...................................

...THE GREENVILLE CLIMATE SUMMARY FOR JANUARY 17 2017...
VALID TODAY AS OF 0400 PM LOCAL TIME.

CLIMATE NORMAL PERIOD 1981 TO 2010
CLIMATE RECORD PERIOD 1920 TO 2017


WEATHER ITEM   OBSERVED TIME   RECORD YEAR NORMAL DEPARTURE LAST
                VALUE   (LST)  VALUE       VALUE  FROM      YEAR
                                                  NORMAL
..................................................................
TEMPERATURE (F)
 TODAY
  MAXIMUM         67    241 AM  75    1943  52     15       48
                                      1937
                                      1936
  MINIMUM         54    259 PM   4    1948  32     22       29
  AVERAGE         61                        42     19       39

PRECIPITATION (IN)
  TODAY            0.47          1.60 1990   0.17   0.30     0.00
                                      1987
  MONTH TO DATE    1.56                      2.55  -0.99     1.23
  SINCE DEC 1      4.42                      8.17  -3.75     5.04
  SINCE JAN 1      1.56                      2.55  -0.99     1.23

SNOWFALL (IN)
  TODAY            0.0

DEGREE DAYS
 HEATING
  TODAY            4                        23    -19       26
  MONTH TO DATE  259                       388   -129      372
  SINCE DEC 1    813                      1010   -197      706
  SINCE JUL 1   1082                      1472   -390      956

 COOLING
  TODAY            0                         0      0        0
  MONTH TO DATE   11                         0     11        0
  SINCE DEC 1     23                         3     20       35
  SINCE JAN 1     11                         0     11        0
..................................................................


WIND (MPH)
  HIGHEST WIND SPEED    21   HIGHEST WIND DIRECTION    NW (300)
  HIGHEST GUST SPEED    25   HIGHEST GUST DIRECTION    NW (300)
  AVERAGE WIND SPEED     8.1


SKY COVER
  POSSIBLE SUNSHINE  MM
  AVERAGE SKY COVER 1.0


WEATHER CONDITIONS
 THE FOLLOWING WEATHER WAS RECORDED TODAY.
  HEAVY RAIN
  RAIN
  LIGHT RAIN
  FOG


RELATIVE HUMIDITY (PERCENT)
 HIGHEST    93           300 PM
 LOWEST     80           800 AM
 AVERAGE    87

..........................................................


THE GREENVILLE CLIMATE NORMALS FOR TOMORROW
                         NORMAL    RECORD    YEAR
 MAXIMUM TEMPERATURE (F)   52        77      1950
 MINIMUM TEMPERATURE (F)   32         5      1930


SUNRISE AND SUNSET
JANUARY 17 2017.......SUNRISE   707 AM CST   SUNSET   521 PM CST
JANUARY 18 2017.......SUNRISE   707 AM CST   SUNSET   522 PM CST


-  INDICATES NEGATIVE NUMBERS.
R  INDICATES RECORD WAS SET OR TIED.
MM INDICATES DATA IS MISSING.
T  INDICATES TRACE AMOUNT.




$$
