000
CDUS44 KJAN 200914
CLIGLH


CLIMATE REPORT
NATIONAL WEATHER SERVICE JACKSON MS
412 AM CDT WED AUG 20 2014


...................................

...THE GREENVILLE CLIMATE SUMMARY FOR AUGUST 19 2014...

CLIMATE NORMAL PERIOD 1981 TO 2010
CLIMATE RECORD PERIOD 1920 TO 2014


WEATHER ITEM   OBSERVED TIME   RECORD YEAR NORMAL DEPARTURE LAST
                VALUE   (LST)  VALUE       VALUE  FROM      YEAR
                                                  NORMAL
..................................................................
TEMPERATURE (F)
 YESTERDAY
  MAXIMUM         MM        MM 102    1925  92     MM       90
  MINIMUM         69        MM  60    1943  71     -2       64
  AVERAGE         MM                        82     MM       77

PRECIPITATION (IN)
  YESTERDAY        0.00          2.97 1923   0.08  -0.08     0.00
  MONTH TO DATE    2.71                      1.24   1.47     0.78
  SINCE JUN 1     14.40                      9.08   5.32     4.02
  SINCE JAN 1     38.53                     33.34   5.19    28.98

SNOWFALL (IN)
  YESTERDAY        0.0

DEGREE DAYS
 HEATING
  YESTERDAY       MM                         0     MM        0
  MONTH TO DATE    0                         0      0        0
  SINCE JUN 1      0                         0      0        0
  SINCE JUL 1      0                         0      0        0

 COOLING
  YESTERDAY       MM                        17     MM       12
  MONTH TO DATE  264                       323    -59      311
  SINCE JUN 1   1128                      1270   -142     1247
  SINCE JAN 1   1443                      1592   -149     1530
..................................................................


WIND (MPH)
  HIGHEST WIND SPEED    MM   HIGHEST WIND DIRECTION    MM
  HIGHEST GUST SPEED    MM   HIGHEST GUST DIRECTION    MM
  AVERAGE WIND SPEED    MM


SKY COVER
  POSSIBLE SUNSHINE  MM
  AVERAGE SKY COVER 0.0


WEATHER CONDITIONS
 THE FOLLOWING WEATHER WAS RECORDED YESTERDAY.
  FOG


RELATIVE HUMIDITY (PERCENT)
 HIGHEST    97           300 AM
 LOWEST     90           100 AM
 AVERAGE    94

..........................................................


THE GREENVILLE CLIMATE NORMALS FOR TODAY
                         NORMAL    RECORD    YEAR
 MAXIMUM TEMPERATURE (F)   92       105      1925
 MINIMUM TEMPERATURE (F)   71        59      1940


SUNRISE AND SUNSET
AUGUST 20 2014........SUNRISE   630 AM CDT   SUNSET   744 PM CDT
AUGUST 21 2014........SUNRISE   630 AM CDT   SUNSET   743 PM CDT


-  INDICATES NEGATIVE NUMBERS.
R  INDICATES RECORD WAS SET OR TIED.
MM INDICATES DATA IS MISSING.
T  INDICATES TRACE AMOUNT.




$$
