000
CDUS44 KJAN 310704
CLIGLH


CLIMATE REPORT
NATIONAL WEATHER SERVICE JACKSON MS
202 AM CDT FRI JUL 31 2015


...................................

...THE GREENVILLE CLIMATE SUMMARY FOR JULY 30 2015...

CLIMATE NORMAL PERIOD 1981 TO 2010
CLIMATE RECORD PERIOD 1920 TO 2015


WEATHER ITEM   OBSERVED TIME   RECORD YEAR NORMAL DEPARTURE LAST
                VALUE   (LST)  VALUE       VALUE  FROM      YEAR
                                                  NORMAL
..................................................................
TEMPERATURE (F)
 YESTERDAY
  MAXIMUM         95    145 PM 108    1986  92      3       85
  MINIMUM         72   1159 PM  61    2014  72      0       61
  AVERAGE         84                        82      2       73

PRECIPITATION (IN)
  YESTERDAY        0.00          2.20 1996   0.09  -0.09      T
  MONTH TO DATE    4.08                      3.72   0.36     5.20
  SINCE JUN 1      5.60                      7.76  -2.16    11.57
  SINCE JAN 1     25.57                     32.02  -6.45    35.70

SNOWFALL (IN)
  YESTERDAY        0.0

DEGREE DAYS
 HEATING
  YESTERDAY        0                         0      0        0
  MONTH TO DATE    0                         0      0        0
  SINCE JUN 1      0                         0      0        0
  SINCE JUL 1      0                         0      0        0

 COOLING
  YESTERDAY       19                        17      2        8
  MONTH TO DATE  584                       508     76      391
  SINCE JUN 1   1060                       928    132      853
  SINCE JAN 1   1441                      1250    191     1168
..................................................................


WIND (MPH)
  HIGHEST WIND SPEED    17   HIGHEST WIND DIRECTION     N (10)
  HIGHEST GUST SPEED    22   HIGHEST GUST DIRECTION     N (350)
  AVERAGE WIND SPEED     8.8


SKY COVER
  POSSIBLE SUNSHINE  MM
  AVERAGE SKY COVER 0.1


WEATHER CONDITIONS
 THE FOLLOWING WEATHER WAS RECORDED YESTERDAY.
  NO SIGNIFICANT WEATHER WAS OBSERVED.


RELATIVE HUMIDITY (PERCENT)
 HIGHEST    97           400 AM
 LOWEST     55           600 PM
 AVERAGE    76

..........................................................


THE GREENVILLE CLIMATE NORMALS FOR TODAY
                         NORMAL    RECORD    YEAR
 MAXIMUM TEMPERATURE (F)   92       104      1980
 MINIMUM TEMPERATURE (F)   72        58      1971


SUNRISE AND SUNSET
JULY 31 2015..........SUNRISE   616 AM CDT   SUNSET   805 PM CDT
AUGUST  1 2015........SUNRISE   616 AM CDT   SUNSET   804 PM CDT


-  INDICATES NEGATIVE NUMBERS.
R  INDICATES RECORD WAS SET OR TIED.
MM INDICATES DATA IS MISSING.
T  INDICATES TRACE AMOUNT.




$$
