000
CDUS44 KJAN 240726
CLIGLH


CLIMATE REPORT
NATIONAL WEATHER SERVICE JACKSON MS
223 AM CDT THU AUG 24 2017


...................................

...THE GREENVILLE CLIMATE SUMMARY FOR AUGUST 23 2017...

CLIMATE NORMAL PERIOD 1981 TO 2010
CLIMATE RECORD PERIOD 1903 TO 2017


WEATHER ITEM   OBSERVED TIME   RECORD YEAR NORMAL DEPARTURE LAST
                VALUE   (LST)  VALUE       VALUE  FROM      YEAR
                                                  NORMAL
..................................................................
TEMPERATURE (F)
 YESTERDAY
  MAXIMUM         91    138 PM 102    1983  92     -1       92
  MINIMUM         73   1159 PM  55    1956  70      3       72
  AVERAGE         82                        81      1       82

PRECIPITATION (IN)
  YESTERDAY        0.00          2.17 1970   0.11  -0.11      T
  MONTH TO DATE    4.28                      1.66   2.62     6.43
  SINCE JUN 1     11.11                      9.50   1.61    12.83
  SINCE JAN 1     27.49                     33.76  -6.27    41.36

SNOWFALL (IN)
  YESTERDAY        0.0

DEGREE DAYS
 HEATING
  YESTERDAY        0                         0      0        0
  MONTH TO DATE    0                         0      0        0
  SINCE JUN 1      0                         0      0        0
  SINCE JUL 1      0                         0      0        0

 COOLING
  YESTERDAY       17                        16      1       17
  MONTH TO DATE  375                       387    -12      417
  SINCE JUN 1   1257                      1334    -77     1512
  SINCE JAN 1   1654                      1656     -2     1854
..................................................................


WIND (MPH)
  HIGHEST WIND SPEED    15   HIGHEST WIND DIRECTION    NE (30)
  HIGHEST GUST SPEED    19   HIGHEST GUST DIRECTION     N (10)
  AVERAGE WIND SPEED     6.8


SKY COVER
  POSSIBLE SUNSHINE  MM
  AVERAGE SKY COVER 0.2


WEATHER CONDITIONS
 THE FOLLOWING WEATHER WAS RECORDED YESTERDAY.
  THUNDERSTORM


RELATIVE HUMIDITY (PERCENT)
 HIGHEST    93           200 AM
 LOWEST     56           200 PM
 AVERAGE    75

..........................................................


THE GREENVILLE CLIMATE NORMALS FOR TODAY
                         NORMAL    RECORD    YEAR
 MAXIMUM TEMPERATURE (F)   92       102      1983
 MINIMUM TEMPERATURE (F)   70        57      2009


SUNRISE AND SUNSET
AUGUST 24 2017........SUNRISE   633 AM CDT   SUNSET   739 PM CDT
AUGUST 25 2017........SUNRISE   633 AM CDT   SUNSET   738 PM CDT


-  INDICATES NEGATIVE NUMBERS.
R  INDICATES RECORD WAS SET OR TIED.
MM INDICATES DATA IS MISSING.
T  INDICATES TRACE AMOUNT.




$$
