000
CDUS44 KJAN 182215
CLIGLH


CLIMATE REPORT
NATIONAL WEATHER SERVICE JACKSON MS
413 PM CST THU DEC 18 2014


...................................

...THE GREENVILLE CLIMATE SUMMARY FOR DECEMBER 18 2014...
VALID TODAY AS OF 0400 PM LOCAL TIME.

CLIMATE NORMAL PERIOD 1981 TO 2010
CLIMATE RECORD PERIOD 1920 TO 2014


WEATHER ITEM   OBSERVED TIME   RECORD YEAR NORMAL DEPARTURE LAST
                VALUE   (LST)  VALUE       VALUE  FROM      YEAR
                                                  NORMAL
..................................................................
TEMPERATURE (F)
 TODAY
  MAXIMUM         51    359 PM  77    1939  54     -3       63
  MINIMUM         41    450 AM  17    1979  35      6       34
                                      1964
  AVERAGE         46                        44      2       49

PRECIPITATION (IN)
  TODAY            0.08          1.68 1961   0.18  -0.10     0.00
  MONTH TO DATE    1.48                      3.53  -2.05     3.49
  SINCE DEC 1      1.48                      3.53  -2.05     3.49
  SINCE JAN 1     50.40                     50.55  -0.15    51.80

SNOWFALL (IN)
  TODAY            0.0

DEGREE DAYS
 HEATING
  TODAY           19                        21     -2       16
  MONTH TO DATE  286                       342    -56      381
  SINCE DEC 1    286                       342    -56      381
  SINCE JUL 1    826                       804     22      915

 COOLING
  TODAY            0                         0      0        0
  MONTH TO DATE    0                         0      0        6
  SINCE DEC 1      0                         0      0        6
  SINCE JAN 1   2177                      2186     -9     2253
..................................................................


WIND (MPH)
  HIGHEST WIND SPEED    13   HIGHEST WIND DIRECTION     E (90)
  HIGHEST GUST SPEED    17   HIGHEST GUST DIRECTION     E (100)
  AVERAGE WIND SPEED     6.6


SKY COVER
  POSSIBLE SUNSHINE  MM
  AVERAGE SKY COVER 1.0


WEATHER CONDITIONS
 THE FOLLOWING WEATHER WAS RECORDED TODAY.
  RAIN
  LIGHT RAIN
  FOG


RELATIVE HUMIDITY (PERCENT)
 HIGHEST    89           600 AM
 LOWEST     74           100 PM
 AVERAGE    82

..........................................................


THE GREENVILLE CLIMATE NORMALS FOR TOMORROW
                         NORMAL    RECORD    YEAR
 MAXIMUM TEMPERATURE (F)   53        76      1978
 MINIMUM TEMPERATURE (F)   35        11      1963


SUNRISE AND SUNSET
DECEMBER 18 2014......SUNRISE   702 AM CST   SUNSET   459 PM CST
DECEMBER 19 2014......SUNRISE   703 AM CST   SUNSET   459 PM CST


-  INDICATES NEGATIVE NUMBERS.
R  INDICATES RECORD WAS SET OR TIED.
MM INDICATES DATA IS MISSING.
T  INDICATES TRACE AMOUNT.




$$
