000
CDUS44 KJAN 250703
CLIGLH


CLIMATE REPORT
NATIONAL WEATHER SERVICE JACKSON MS
159 AM CDT SUN JUN 25 2017


...................................

...THE GREENVILLE CLIMATE SUMMARY FOR JUNE 24 2017...

CLIMATE NORMAL PERIOD 1981 TO 2010
CLIMATE RECORD PERIOD 1903 TO 2017


WEATHER ITEM   OBSERVED TIME   RECORD YEAR NORMAL DEPARTURE LAST
                VALUE   (LST)  VALUE       VALUE  FROM      YEAR
                                                  NORMAL
..................................................................
TEMPERATURE (F)
 YESTERDAY
  MAXIMUM         85    123 PM  99    1984  91     -6       96
                                      1977
                                      1954
  MINIMUM         69   1156 PM  60    1958  71     -2       76
  AVERAGE         77                        81     -4       86

PRECIPITATION (IN)
  YESTERDAY        0.00          2.83 1980   0.16  -0.16     0.00
  MONTH TO DATE    4.39                      3.04   1.35     1.25
  SINCE JUN 1      4.39                      3.04   1.35     1.25
  SINCE JAN 1     20.77                     27.30  -6.53    29.78

SNOWFALL (IN)
  YESTERDAY        0.0

DEGREE DAYS
 HEATING
  YESTERDAY        0                         0      0        0
  MONTH TO DATE    0                         0      0        0
  SINCE JUN 1      0                         0      0        0
  SINCE JUL 1   1830                      2774   -944     1925

 COOLING
  YESTERDAY       12                        16     -4       21
  MONTH TO DATE  293                       323    -30      388
  SINCE JUN 1    293                       323    -30      388
  SINCE JAN 1    690                       645     45      730
..................................................................


WIND (MPH)
  HIGHEST WIND SPEED    15   HIGHEST WIND DIRECTION     N (350)
  HIGHEST GUST SPEED    17   HIGHEST GUST DIRECTION     N (340)
  AVERAGE WIND SPEED     7.5


SKY COVER
  POSSIBLE SUNSHINE  MM
  AVERAGE SKY COVER 0.2


WEATHER CONDITIONS
 THE FOLLOWING WEATHER WAS RECORDED YESTERDAY.
  NO SIGNIFICANT WEATHER WAS OBSERVED.


RELATIVE HUMIDITY (PERCENT)
 HIGHEST    97           100 AM
 LOWEST     58          1200 PM
 AVERAGE    78

..........................................................


THE GREENVILLE CLIMATE NORMALS FOR TODAY
                         NORMAL    RECORD    YEAR
 MAXIMUM TEMPERATURE (F)   91       100      1930
                                             1914
 MINIMUM TEMPERATURE (F)   71        55      1974


SUNRISE AND SUNSET
JUNE 25 2017..........SUNRISE   556 AM CDT   SUNSET   818 PM CDT
JUNE 26 2017..........SUNRISE   556 AM CDT   SUNSET   818 PM CDT


-  INDICATES NEGATIVE NUMBERS.
R  INDICATES RECORD WAS SET OR TIED.
MM INDICATES DATA IS MISSING.
T  INDICATES TRACE AMOUNT.




$$
