830
CDUS44 KJAN 222107
CLIGLH


CLIMATE REPORT
NATIONAL WEATHER SERVICE JACKSON MS
406 PM CDT SUN OCT 22 2017


...................................

...THE GREENVILLE CLIMATE SUMMARY FOR OCTOBER 22 2017...
VALID TODAY AS OF 0400 PM LOCAL TIME.

CLIMATE NORMAL PERIOD 1981 TO 2010
CLIMATE RECORD PERIOD 1903 TO 2017


WEATHER ITEM   OBSERVED TIME   RECORD YEAR NORMAL DEPARTURE LAST
                VALUE   (LST)  VALUE       VALUE  FROM      YEAR
                                                  NORMAL
..................................................................
TEMPERATURE (F)
 TODAY
  MAXIMUM         74   1204 AM  92    1941  75     -1       73
                                      1939
  MINIMUM         61    832 AM  30    1917  51     10       38
  AVERAGE         68                        63      5       56

PRECIPITATION (IN)
  TODAY            0.21          1.97 1994   0.16   0.05     0.00
  MONTH TO DATE    0.65                      3.26  -2.61     0.20
  SINCE SEP 1      2.37                      6.34  -3.97     0.88
  SINCE JAN 1     31.56                     40.90  -9.34    42.77

SNOWFALL (IN)
  TODAY            0.0

DEGREE DAYS
 HEATING
  TODAY            0                         5     -5        9
  MONTH TO DATE   21                        55    -34       17
  SINCE SEP 1     24                        61    -37       17
  SINCE JUL 1     24                        61    -37       17

 COOLING
  TODAY            3                         2      1        0
  MONTH TO DATE  146                        77     69      148
  SINCE SEP 1    456                       378     78      602
  SINCE JAN 1   2199                      2157     42     2614
..................................................................


WIND (MPH)
  HIGHEST WIND SPEED    25   HIGHEST WIND DIRECTION    NW (320)
  HIGHEST GUST SPEED    36   HIGHEST GUST DIRECTION    NW (300)
  AVERAGE WIND SPEED    10.1


SKY COVER
  POSSIBLE SUNSHINE  MM
  AVERAGE SKY COVER 0.8


WEATHER CONDITIONS
 THE FOLLOWING WEATHER WAS RECORDED TODAY.
  THUNDERSTORM
  HEAVY RAIN
  RAIN
  LIGHT RAIN


RELATIVE HUMIDITY (PERCENT)
 HIGHEST    90           900 AM
 LOWEST     73           200 AM
 AVERAGE    82

..........................................................


THE GREENVILLE CLIMATE NORMALS FOR TOMORROW
                         NORMAL    RECORD    YEAR
 MAXIMUM TEMPERATURE (F)   75        93      1939
 MINIMUM TEMPERATURE (F)   50        31      1917


SUNRISE AND SUNSET
OCTOBER 22 2017.......SUNRISE   714 AM CDT   SUNSET   622 PM CDT
OCTOBER 23 2017.......SUNRISE   715 AM CDT   SUNSET   621 PM CDT


-  INDICATES NEGATIVE NUMBERS.
R  INDICATES RECORD WAS SET OR TIED.
MM INDICATES DATA IS MISSING.
T  INDICATES TRACE AMOUNT.




$$
