000
CDUS44 KHGX 292116
CLIGLS


CLIMATE REPORT
NATIONAL WEATHER SERVICE HOUSTON/GALVESTON TX
416 PM CDT SUN MAY 29 2016


...................................

...THE GALVESTON CLIMATE SUMMARY FOR MAY 29 2016...
VALID TODAY AS OF 400 PM LOCAL TIME.

CLIMATE NORMAL PERIOD 1981 TO 2010
CLIMATE RECORD PERIOD 1875 TO 2016


WEATHER ITEM   OBSERVED TIME   RECORD YEAR NORMAL DEPARTURE LAST
                VALUE   (LST)  VALUE       VALUE  FROM      YEAR
                                                  NORMAL
..................................................................
TEMPERATURE (F)
 TODAY
  MAXIMUM         84    255 PM  90    1959  86     -2       84
  MINIMUM         76    523 AM  64    1992  75      1       72
                                      1881
  AVERAGE         80                        81     -1       78

PRECIPITATION (IN)
  TODAY            0.00          2.86 1914   0.19  -0.19     0.14
  MONTH TO DATE    7.66                      3.92   3.74     3.01
  SINCE MAR 1     16.57                     10.13   6.44    16.00
  SINCE JAN 1     20.53                     16.90   3.63    22.14

SNOWFALL (IN)
  TODAY            0.0          MM      MM  MM     MM        0.0
  MONTH TO DATE    0.0                      MM     MM        0.0
  SINCE MAR 1      0.0                      MM     MM        0.0
  SINCE JUL 1      0.0                       0.0    0.0      0.0
  SNOW DEPTH       0

DEGREE DAYS
 HEATING
  TODAY            0                         0      0        0
  MONTH TO DATE    0                         0      0        0
  SINCE MAR 1     41                       121    -80      120
  SINCE JUL 1    745                      1009   -264     1182

 COOLING
  TODAY           15                        16     -1       13
  MONTH TO DATE  334                       362    -28      390
  SINCE MAR 1    626                       588     38      667
  SINCE JAN 1    638                       605     33      673
..................................................................


WIND (MPH)
  RESULTANT WIND SPEED   7   RESULTANT WIND DIRECTION  SE (130)
  HIGHEST WIND SPEED    16   HIGHEST WIND DIRECTION    SE (120)
  HIGHEST GUST SPEED    20   HIGHEST GUST DIRECTION    SE (120)
  AVERAGE WIND SPEED     7.0


SKY COVER
  AVERAGE SKY COVER 0.3


WEATHER CONDITIONS
 THE FOLLOWING WEATHER WAS RECORDED TODAY.
  NO SIGNIFICANT WEATHER WAS OBSERVED.


RELATIVE HUMIDITY (PERCENT)
 HIGHEST    94           300 AM
 LOWEST     74           200 PM
 AVERAGE    84

..........................................................


THE GALVESTON CLIMATE NORMALS FOR TOMORROW
                         NORMAL    RECORD    YEAR
 MAXIMUM TEMPERATURE (F)   86        91      2011
                                             1911
 MINIMUM TEMPERATURE (F)   75        57      1889


SUNRISE AND SUNSET
MAY 29 2016...........SUNRISE   621 AM CDT   SUNSET   813 PM CDT
MAY 30 2016...........SUNRISE   621 AM CDT   SUNSET   814 PM CDT


-  INDICATES NEGATIVE NUMBERS.
R  INDICATES RECORD WAS SET OR TIED.
MM INDICATES DATA IS MISSING.
T  INDICATES TRACE AMOUNT.




$$
