794
CDUS44 KHGX 292125
CLIGLS


CLIMATE REPORT
NATIONAL WEATHER SERVICE HOUSTON/GALVESTON TX
423 PM CDT WED JUN 29 2016


...................................

...THE GALVESTON CLIMATE SUMMARY FOR JUNE 29 2016...
VALID TODAY AS OF 0400 PM LOCAL TIME.

CLIMATE NORMAL PERIOD 1981 TO 2010
CLIMATE RECORD PERIOD 1875 TO 2016


WEATHER ITEM   OBSERVED TIME   RECORD YEAR NORMAL DEPARTURE LAST
                VALUE   (LST)  VALUE       VALUE  FROM      YEAR
                                                  NORMAL
..................................................................
TEMPERATURE (F)
 TODAY
  MAXIMUM         89    153 PM  95    2011  89      0       90
                                      1875
  MINIMUM         77    633 AM  68    1923  79     -2       80
  AVERAGE         83                        84     -1       85

PRECIPITATION (IN)
  TODAY            0.00          3.26 1953   0.18  -0.18      T
  MONTH TO DATE    7.55                      5.51   2.04     2.65
  SINCE JUN 1      7.55                      5.51   2.04     2.65
  SINCE JAN 1     28.08                     22.81   5.27    24.83

SNOWFALL (IN)
  TODAY            0.0          MM      MM  MM     MM        0.0
  MONTH TO DATE    0.0                      MM     MM        0.0
  SINCE JUN 1      0.0                      MM     MM        0.0
  SINCE JUL 1      0.0                       0.0    0.0      0.0
  SNOW DEPTH       0

DEGREE DAYS
 HEATING
  TODAY            0                         0      0        0
  MONTH TO DATE    0                         0      0        0
  SINCE JUN 1      0                         0      0        0
  SINCE JUL 1    745                      1009   -264     1182

 COOLING
  TODAY           18                        19     -1       20
  MONTH TO DATE  511                       517     -6      533
  SINCE JUN 1    511                       517     -6      533
  SINCE JAN 1   1178                      1152     26     1235
..................................................................


WIND (MPH)
  RESULTANT WIND SPEED   5   RESULTANT WIND DIRECTION   N (340)
  HIGHEST WIND SPEED    15   HIGHEST WIND DIRECTION     N (360)
  HIGHEST GUST SPEED    18   HIGHEST GUST DIRECTION     N (360)
  AVERAGE WIND SPEED     7.6


SKY COVER
  AVERAGE SKY COVER 0.1


WEATHER CONDITIONS
 THE FOLLOWING WEATHER WAS RECORDED TODAY.
  NO SIGNIFICANT WEATHER WAS OBSERVED.


RELATIVE HUMIDITY (PERCENT)
 HIGHEST    94           600 AM
 LOWEST     68           200 PM
 AVERAGE    81

..........................................................


THE GALVESTON CLIMATE NORMALS FOR TOMORROW
                         NORMAL    RECORD    YEAR
 MAXIMUM TEMPERATURE (F)   89        98      2013
 MINIMUM TEMPERATURE (F)   79        69      1950


SUNRISE AND SUNSET
JUNE 29 2016..........SUNRISE   623 AM CDT   SUNSET   823 PM CDT
JUNE 30 2016..........SUNRISE   624 AM CDT   SUNSET   823 PM CDT


-  INDICATES NEGATIVE NUMBERS.
R  INDICATES RECORD WAS SET OR TIED.
MM INDICATES DATA IS MISSING.
T  INDICATES TRACE AMOUNT.




$$
