000
CDUS44 KHGX 300733
CLIGLS


CLIMATE REPORT
NATIONAL WEATHER SERVICE HOUSTON/GALVESTON TX
233 AM CDT SAT AUG 30 2014


...................................

...THE GALVESTON CLIMATE SUMMARY FOR AUGUST 29 2014...

CLIMATE NORMAL PERIOD 1981 TO 2010
CLIMATE RECORD PERIOD 1875 TO 2014


WEATHER ITEM   OBSERVED TIME   RECORD YEAR NORMAL DEPARTURE LAST
                VALUE   (LST)  VALUE       VALUE  FROM      YEAR
                                                  NORMAL
..................................................................
TEMPERATURE (F)
 YESTERDAY
  MAXIMUM         85   1144 AM  98    2011  90     -5       92
  MINIMUM         77    346 PM  70    1986  79     -2       79
                                      1980
                                      1953
  AVERAGE         81                        84     -3       86

PRECIPITATION (IN)
  YESTERDAY        0.35          4.61 1953   0.24   0.11     0.00
  MONTH TO DATE    4.63                      4.00   0.63     3.85
  SINCE JUN 1      7.24                     13.49  -6.25     9.51
  SINCE JAN 1     15.93                     30.79 -14.86    24.23

SNOWFALL (IN)
  YESTERDAY        0.0          MM      MM  MM     MM        0.0
  MONTH TO DATE    0.0                      MM     MM        0.0
  SINCE JUN 1      0.0                      MM     MM        0.0
  SINCE JUL 1      0.0                      MM     MM        0.0
  SNOW DEPTH       0

DEGREE DAYS
 HEATING
  YESTERDAY        0                         0      0        0
  MONTH TO DATE    0                         0      0        0
  SINCE JUN 1      0                         0      0        0
  SINCE JUL 1      0                         0      0        0

 COOLING
  YESTERDAY       16                        20     -4       21
  MONTH TO DATE  606                       580     26      582
  SINCE JUN 1   1784                      1719     65     1805
  SINCE JAN 1   2292                      2354    -62     2356
..................................................................


WIND (MPH)
  RESULTANT WIND SPEED  11   RESULTANT WIND DIRECTION   E (110)
  HIGHEST WIND SPEED    23   HIGHEST WIND DIRECTION    SE (150)
  HIGHEST GUST SPEED    28   HIGHEST GUST DIRECTION    SE (140)
  AVERAGE WIND SPEED    11.9


SKY COVER
  AVERAGE SKY COVER 0.5


WEATHER CONDITIONS
 THE FOLLOWING WEATHER WAS RECORDED YESTERDAY.
  THUNDERSTORM
  HEAVY RAIN
  RAIN
  LIGHT RAIN
  FOG


RELATIVE HUMIDITY (PERCENT)
 HIGHEST    91
 LOWEST     74
 AVERAGE    83

..........................................................


THE GALVESTON CLIMATE NORMALS FOR TODAY
                         NORMAL    RECORD    YEAR
 MAXIMUM TEMPERATURE (F)   90        97      2012
                                             1999
                                             1954
 MINIMUM TEMPERATURE (F)   79        70      1946
                                             1899
                                             1893


SUNRISE AND SUNSET
AUGUST 30 2014........SUNRISE   656 AM CDT   SUNSET   744 PM CDT
AUGUST 31 2014........SUNRISE   657 AM CDT   SUNSET   742 PM CDT


-  INDICATES NEGATIVE NUMBERS.
R  INDICATES RECORD WAS SET OR TIED.
MM INDICATES DATA IS MISSING.
T  INDICATES TRACE AMOUNT.




$$
