000
CDUS44 KHGX 012120
CLIGLS


CLIMATE REPORT
NATIONAL WEATHER SERVICE HOUSTON/GALVESTON TX
419 PM CDT WED OCT 1 2014


...................................

...THE GALVESTON CLIMATE SUMMARY FOR OCTOBER 1 2014...
VALID TODAY AS OF 400 PM LOCAL TIME.

CLIMATE NORMAL PERIOD 1981 TO 2010
CLIMATE RECORD PERIOD 1875 TO 2014


WEATHER ITEM   OBSERVED TIME   RECORD YEAR NORMAL DEPARTURE LAST
                VALUE   (LST)  VALUE       VALUE  FROM      YEAR
                                                  NORMAL
..................................................................
TEMPERATURE (F)
 TODAY
  MAXIMUM         87    223 PM  91    1938  84      3       82
  MINIMUM         79    716 AM  56    1985  72      7       72
  AVERAGE         83                        78      5       77

PRECIPITATION (IN)
  TODAY            0.00          4.73 1933   0.21  -0.21     0.84
  MONTH TO DATE    0.00                      0.21  -0.21     0.84
  SINCE SEP 1      6.11                      6.24  -0.13     5.90
  SINCE JAN 1     22.36                     37.42 -15.06    30.13

SNOWFALL (IN)
  TODAY            0.0           0.0  2002  MM     MM        0.0
                                      2001
  MONTH TO DATE    0.0                      MM     MM        0.0
  SINCE SEP 1      0.0                      MM     MM        0.0
  SINCE JUL 1      0.0                      MM     MM        0.0
  SNOW DEPTH       0

DEGREE DAYS
 HEATING
  TODAY            0                         0      0        0
  MONTH TO DATE    0                         0      0        0
  SINCE SEP 1      0                         0      0        0
  SINCE JUL 1      0                         0      0        0

 COOLING
  TODAY           18                        13      5       12
  MONTH TO DATE   18                        13      5       12
  SINCE SEP 1    523                       512     11      554
  SINCE JAN 1   2850                      2906    -56     2948
..................................................................


WIND (MPH)
  RESULTANT WIND SPEED   8   RESULTANT WIND DIRECTION   S (170)
  HIGHEST WIND SPEED    15   HIGHEST WIND DIRECTION     S (170)
  HIGHEST GUST SPEED    19   HIGHEST GUST DIRECTION     S (180)
  AVERAGE WIND SPEED     8.7


SKY COVER
  AVERAGE SKY COVER 0.1


WEATHER CONDITIONS
 THE FOLLOWING WEATHER WAS RECORDED TODAY.
  NO SIGNIFICANT WEATHER WAS OBSERVED.


RELATIVE HUMIDITY (PERCENT)
 HIGHEST   100           600 AM
 LOWEST     72          1200 PM
 AVERAGE    86

..........................................................


THE GALVESTON CLIMATE NORMALS FOR TOMORROW
                         NORMAL    RECORD    YEAR
 MAXIMUM TEMPERATURE (F)   84        94      1952
                                             1938
 MINIMUM TEMPERATURE (F)   72        56      1961


SUNRISE AND SUNSET
OCTOBER  1 2014.......SUNRISE   713 AM CDT   SUNSET   705 PM CDT
OCTOBER  2 2014.......SUNRISE   713 AM CDT   SUNSET   704 PM CDT


-  INDICATES NEGATIVE NUMBERS.
R  INDICATES RECORD WAS SET OR TIED.
MM INDICATES DATA IS MISSING.
T  INDICATES TRACE AMOUNT.




$$
