000
CDUS44 KHGX 190746
CLIGLS


CLIMATE REPORT
NATIONAL WEATHER SERVICE HOUSTON/GALVESTON TX
236 AM CDT SAT APR 19 2014


...................................

...THE GALVESTON CLIMATE SUMMARY FOR APRIL 18 2014...

CLIMATE NORMAL PERIOD 1981 TO 2010
CLIMATE RECORD PERIOD 1875 TO 2014


WEATHER ITEM   OBSERVED TIME   RECORD YEAR NORMAL DEPARTURE LAST
                VALUE   (LST)  VALUE       VALUE  FROM      YEAR
                                                  NORMAL
..................................................................
TEMPERATURE (F)
 YESTERDAY
  MAXIMUM         76    509 PM  85    1988  76      0       74
  MINIMUM         58    550 AM  44    1901  65     -7       56
  AVERAGE         67                        71     -4       65

PRECIPITATION (IN)
  YESTERDAY        0.00          3.80 1938   0.12  -0.12     0.24
  MONTH TO DATE    0.10                      1.95  -1.85     2.66
  SINCE MAR 1      1.92                      5.11  -3.19     3.38
  SINCE JAN 1      4.97                     11.88  -6.91    12.80

SNOWFALL (IN)
  YESTERDAY        0.0          MM      MM  MM     MM        0.0
  MONTH TO DATE    0.0                      MM     MM        0.0
  SINCE MAR 1      0.0                      MM     MM        0.0
  SINCE JUL 1      T                        MM     MM        0.0
  SNOW DEPTH       0

DEGREE DAYS
 HEATING
  YESTERDAY        0                         0      0        0
  MONTH TO DATE   20                        16      4       24
  SINCE MAR 1    186                       119     67      124
  SINCE JUL 1   1425                      1007    418      734

 COOLING
  YESTERDAY        2                         6     -4        0
  MONTH TO DATE   57                        84    -27       71
  SINCE MAR 1     78                       137    -59      139
  SINCE JAN 1     85                       154    -69      175
..................................................................


WIND (MPH)
  RESULTANT WIND SPEED   7   RESULTANT WIND DIRECTION   N (20)
  HIGHEST WIND SPEED    17   HIGHEST WIND DIRECTION     N (350)
  HIGHEST GUST SPEED    20   HIGHEST GUST DIRECTION     N (350)
  AVERAGE WIND SPEED     9.0


SKY COVER
  AVERAGE SKY COVER 0.3


WEATHER CONDITIONS
 THE FOLLOWING WEATHER WAS RECORDED YESTERDAY.
  NO SIGNIFICANT WEATHER WAS OBSERVED.


RELATIVE HUMIDITY (PERCENT)
 HIGHEST    90
 LOWEST     50
 AVERAGE    70

..........................................................


THE GALVESTON CLIMATE NORMALS FOR TODAY
                         NORMAL    RECORD    YEAR
 MAXIMUM TEMPERATURE (F)   77        83      2011
                                             1965
 MINIMUM TEMPERATURE (F)   65        48      1953


SUNRISE AND SUNSET
APRIL 19 2014.........SUNRISE   649 AM CDT   SUNSET   748 PM CDT
APRIL 20 2014.........SUNRISE   648 AM CDT   SUNSET   749 PM CDT


-  INDICATES NEGATIVE NUMBERS.
R  INDICATES RECORD WAS SET OR TIED.
MM INDICATES DATA IS MISSING.
T  INDICATES TRACE AMOUNT.




$$
