000
CDUS44 KHGX 212121
CLIGLS


CLIMATE REPORT
NATIONAL WEATHER SERVICE HOUSTON/GALVESTON TX
421 PM CDT SUN SEP 21 2014


...................................

...THE GALVESTON CLIMATE SUMMARY FOR SEPTEMBER 21 2014...
VALID TODAY AS OF 400 PM LOCAL TIME.

CLIMATE NORMAL PERIOD 1981 TO 2010
CLIMATE RECORD PERIOD 1875 TO 2014


WEATHER ITEM   OBSERVED TIME   RECORD YEAR NORMAL DEPARTURE LAST
                VALUE   (LST)  VALUE       VALUE  FROM      YEAR
                                                  NORMAL
..................................................................
TEMPERATURE (F)
 TODAY
  MAXIMUM         86    259 PM  96    2005  87     -1       78
  MINIMUM         79    645 AM  56    1983  75      4       72
  AVERAGE         83                        81      2       75

PRECIPITATION (IN)
  TODAY            0.00          5.39 1940   0.14  -0.14     0.78
  MONTH TO DATE    5.22                      4.52   0.70     4.77
  SINCE SEP 1      5.22                      4.52   0.70     4.77
  SINCE JAN 1     21.47                     35.70 -14.23    29.00

SNOWFALL (IN)
  TODAY            0.0          MM      MM  MM     MM       MM
  MONTH TO DATE    0.0                      MM     MM        0.0
  SINCE SEP 1      0.0                      MM     MM        0.0
  SINCE JUL 1      0.0                      MM     MM        0.0
  SNOW DEPTH       0

DEGREE DAYS
 HEATING
  TODAY            0                         0      0        0
  MONTH TO DATE    0                         0      0        0
  SINCE SEP 1      0                         0      0        0
  SINCE JUL 1      0                         0      0        0

 COOLING
  TODAY           18                        16      2       10
  MONTH TO DATE  377                       369      8      390
  SINCE SEP 1    377                       369      8      390
  SINCE JAN 1   2704                      2763    -59     2784
..................................................................


WIND (MPH)
  RESULTANT WIND SPEED  11   RESULTANT WIND DIRECTION   E (70)
  HIGHEST WIND SPEED    16   HIGHEST WIND DIRECTION    NE (50)
  HIGHEST GUST SPEED    22   HIGHEST GUST DIRECTION    NE (50)
  AVERAGE WIND SPEED    11.4


SKY COVER
  AVERAGE SKY COVER 0.1


WEATHER CONDITIONS
 THE FOLLOWING WEATHER WAS RECORDED TODAY.
  NO SIGNIFICANT WEATHER WAS OBSERVED.


RELATIVE HUMIDITY (PERCENT)
 HIGHEST    91           800 AM
 LOWEST     57           300 PM
 AVERAGE    74

..........................................................


THE GALVESTON CLIMATE NORMALS FOR TOMORROW
                         NORMAL    RECORD    YEAR
 MAXIMUM TEMPERATURE (F)   86        95      2005
 MINIMUM TEMPERATURE (F)   75        60      1983


SUNRISE AND SUNSET
SEPTEMBER 21 2014.....SUNRISE   707 AM CDT   SUNSET   717 PM CDT
SEPTEMBER 22 2014.....SUNRISE   708 AM CDT   SUNSET   716 PM CDT


-  INDICATES NEGATIVE NUMBERS.
R  INDICATES RECORD WAS SET OR TIED.
MM INDICATES DATA IS MISSING.
T  INDICATES TRACE AMOUNT.




$$
