000
CDUS44 KHGX 310718
CLIGLS


CLIMATE REPORT
NATIONAL WEATHER SERVICE HOUSTON/GALVESTON TX
218 AM CDT THU JUL 31 2014


...................................

...THE GALVESTON CLIMATE SUMMARY FOR JULY 30 2014...

CLIMATE NORMAL PERIOD 1981 TO 2010
CLIMATE RECORD PERIOD 1875 TO 2014


WEATHER ITEM   OBSERVED TIME   RECORD YEAR NORMAL DEPARTURE LAST
                VALUE   (LST)  VALUE       VALUE  FROM      YEAR
                                                  NORMAL
..................................................................
TEMPERATURE (F)
 YESTERDAY
  MAXIMUM         91    204 PM  95    1991  90      1       91
                                      1876
                                      1875
  MINIMUM         81    542 AM  70    1879  80      1       82
  AVERAGE         86                        85      1       87

PRECIPITATION (IN)
  YESTERDAY        0.00          1.94 1894   0.06  -0.06     0.00
  MONTH TO DATE    1.08                      3.74  -2.66     2.40
  SINCE JUN 1      2.61                      9.43  -6.82     5.66
  SINCE JAN 1     11.30                     26.73 -15.43    20.38

SNOWFALL (IN)
  YESTERDAY        0.0          MM      MM  MM     MM        0.0
  MONTH TO DATE    0.0                      MM     MM        0.0
  SINCE JUN 1      0.0                      MM     MM        0.0
  SINCE JUL 1      0.0                      MM     MM        0.0
  SNOW DEPTH       0

DEGREE DAYS
 HEATING
  YESTERDAY        0                         0      0        0
  MONTH TO DATE    0                         0      0        0
  SINCE JUN 1      0                         0      0        0
  SINCE JUL 1      0                         0      0        0

 COOLING
  YESTERDAY       21                        20      1       22
  MONTH TO DATE  600                       584     16      608
  SINCE JUN 1   1158                      1119     39     1202
  SINCE JAN 1   1666                      1754    -88     1753
..................................................................


WIND (MPH)
  RESULTANT WIND SPEED   7   RESULTANT WIND DIRECTION  SE (120)
  HIGHEST WIND SPEED    16   HIGHEST WIND DIRECTION    SE (140)
  HIGHEST GUST SPEED    21   HIGHEST GUST DIRECTION    SE (140)
  AVERAGE WIND SPEED     8.0


SKY COVER
  AVERAGE SKY COVER 0.2


WEATHER CONDITIONS
 THE FOLLOWING WEATHER WAS RECORDED YESTERDAY.
  HAZE


RELATIVE HUMIDITY (PERCENT)
 HIGHEST    85
 LOWEST     56
 AVERAGE    71

..........................................................


THE GALVESTON CLIMATE NORMALS FOR TODAY
                         NORMAL    RECORD    YEAR
 MAXIMUM TEMPERATURE (F)   90        95      2010
                                             1930
                                             1875
 MINIMUM TEMPERATURE (F)   80        70      1951


SUNRISE AND SUNSET
JULY 31 2014..........SUNRISE   639 AM CDT   SUNSET   812 PM CDT
AUGUST  1 2014........SUNRISE   640 AM CDT   SUNSET   811 PM CDT


-  INDICATES NEGATIVE NUMBERS.
R  INDICATES RECORD WAS SET OR TIED.
MM INDICATES DATA IS MISSING.
T  INDICATES TRACE AMOUNT.




$$
