000
CDUS44 KHGX 280733
CLIGLS


CLIMATE REPORT
NATIONAL WEATHER SERVICE HOUSTON/GALVESTON TX
232 AM CDT TUE APR 28 2015


...................................

...THE GALVESTON CLIMATE SUMMARY FOR APRIL 27 2015...

CLIMATE NORMAL PERIOD 1981 TO 2010
CLIMATE RECORD PERIOD 1875 TO 2015


WEATHER ITEM   OBSERVED TIME   RECORD YEAR NORMAL DEPARTURE LAST
                VALUE   (LST)  VALUE       VALUE  FROM      YEAR
                                                  NORMAL
..................................................................
TEMPERATURE (F)
 YESTERDAY
  MAXIMUM         77    647 AM  95    2011  78     -1       81
  MINIMUM         70    800 AM  52    1920  68      2       74
  AVERAGE         74                        73      1       78

PRECIPITATION (IN)
  YESTERDAY        0.01          4.32 1914   0.06  -0.05     0.00
  MONTH TO DATE    5.30                      2.77   2.53     0.10
  SINCE MAR 1     12.99                      5.93   7.06     1.92
  SINCE JAN 1     19.13                     12.70   6.43     4.97

SNOWFALL (IN)
  YESTERDAY        0.0          MM      MM  MM     MM        0.0
  MONTH TO DATE    0.0                      MM     MM        0.0
  SINCE MAR 1      0.0                      MM     MM        0.0
  SINCE JUL 1      0.0                      MM     MM         T
  SNOW DEPTH       0

DEGREE DAYS
 HEATING
  YESTERDAY        0                         0      0        0
  MONTH TO DATE    0                        16    -16       20
  SINCE MAR 1    120                       119      1      186
  SINCE JUL 1   1182                      1007    175     1425

 COOLING
  YESTERDAY        9                         8      1       13
  MONTH TO DATE  221                       147     74      126
  SINCE MAR 1    267                       200     67      147
  SINCE JAN 1    273                       217     56      154
..................................................................


WIND (MPH)
  RESULTANT WIND SPEED  11   RESULTANT WIND DIRECTION  NE (60)
  HIGHEST WIND SPEED    23   HIGHEST WIND DIRECTION    NE (60)
  HIGHEST GUST SPEED    29   HIGHEST GUST DIRECTION     E (70)
  AVERAGE WIND SPEED    13.8


SKY COVER
  AVERAGE SKY COVER 1.0


WEATHER CONDITIONS
 THE FOLLOWING WEATHER WAS RECORDED YESTERDAY.
  THUNDERSTORM
  LIGHT RAIN
  FOG


RELATIVE HUMIDITY (PERCENT)
 HIGHEST   100
 LOWEST     79
 AVERAGE    90

..........................................................


THE GALVESTON CLIMATE NORMALS FOR TODAY
                         NORMAL    RECORD    YEAR
 MAXIMUM TEMPERATURE (F)   79        87      1987
 MINIMUM TEMPERATURE (F)   68        56      1997


SUNRISE AND SUNSET
APRIL 28 2015.........SUNRISE   641 AM CDT   SUNSET   754 PM CDT
APRIL 29 2015.........SUNRISE   640 AM CDT   SUNSET   754 PM CDT


-  INDICATES NEGATIVE NUMBERS.
R  INDICATES RECORD WAS SET OR TIED.
MM INDICATES DATA IS MISSING.
T  INDICATES TRACE AMOUNT.




$$
