000
CDUS44 KHGX 250719
CLIGLS


CLIMATE REPORT
NATIONAL WEATHER SERVICE HOUSTON/GALVESTON TX
118 AM CST SAT FEB 25 2017


...................................

...THE GALVESTON CLIMATE SUMMARY FOR FEBRUARY 24 2017...

CLIMATE NORMAL PERIOD 1981 TO 2010
CLIMATE RECORD PERIOD 1875 TO 2017


WEATHER ITEM   OBSERVED TIME   RECORD YEAR NORMAL DEPARTURE LAST
                VALUE   (LST)  VALUE       VALUE  FROM      YEAR
                                                  NORMAL
..................................................................
TEMPERATURE (F)
 YESTERDAY
  MAXIMUM         76R  1219 PM  76    1937  66     10       64
  MINIMUM         64   1159 PM  27    1914  52     12       48
  AVERAGE         70                        59     11       56

PRECIPITATION (IN)
  YESTERDAY        0.00          2.11 1959   0.10  -0.10     0.00
  MONTH TO DATE    3.38                      2.19   1.19     0.89
  SINCE DEC 1     15.35                      9.91   5.44     7.45
  SINCE JAN 1      4.27                      6.39  -2.12     3.96

SNOWFALL (IN)
  YESTERDAY        0.0           T    1914  MM     MM        0.0
  MONTH TO DATE    0.0                      MM     MM        0.0
  SINCE DEC 1      0.0                       0.0    0.0      0.0
  SINCE JUL 1      0.0                       0.0    0.0      0.0
  SNOW DEPTH       0

DEGREE DAYS
 HEATING
  YESTERDAY        0                         6     -6        9
  MONTH TO DATE   27                       194   -167      131
  SINCE DEC 1    295                       760   -465      621
  SINCE JUL 1    307                       863   -556      674

 COOLING
  YESTERDAY        5                         1      4        0
  MONTH TO DATE   91                         4     87        9
  SINCE DEC 1    238                        28    210       60
  SINCE JAN 1    160                         9    151       10
..................................................................


WIND (MPH)
  RESULTANT WIND SPEED   5   RESULTANT WIND DIRECTION   S (170)
  HIGHEST WIND SPEED    30   HIGHEST WIND DIRECTION     N (360)
  HIGHEST GUST SPEED    38   HIGHEST GUST DIRECTION     N (340)
  AVERAGE WIND SPEED    12.2


SKY COVER
  AVERAGE SKY COVER 0.3


WEATHER CONDITIONS
 THE FOLLOWING WEATHER WAS RECORDED YESTERDAY.
  NO SIGNIFICANT WEATHER WAS OBSERVED.


RELATIVE HUMIDITY (PERCENT)
 HIGHEST    93
 LOWEST     41
 AVERAGE    67

..........................................................


THE GALVESTON CLIMATE NORMALS FOR TODAY
                         NORMAL    RECORD    YEAR
 MAXIMUM TEMPERATURE (F)   66        79      2001
 MINIMUM TEMPERATURE (F)   53        27      1960


SUNRISE AND SUNSET
FEBRUARY 25 2017......SUNRISE   649 AM CST   SUNSET   617 PM CST
FEBRUARY 26 2017......SUNRISE   648 AM CST   SUNSET   617 PM CST


-  INDICATES NEGATIVE NUMBERS.
R  INDICATES RECORD WAS SET OR TIED.
MM INDICATES DATA IS MISSING.
T  INDICATES TRACE AMOUNT.




$$
