000
CDUS44 KHGX 030818
CLIGLS


CLIMATE REPORT
NATIONAL WEATHER SERVICE HOUSTON/GALVESTON TX
217 AM CST TUE MAR 3 2015


...................................

...THE GALVESTON CLIMATE SUMMARY FOR MARCH 2 2015...

CLIMATE NORMAL PERIOD 1981 TO 2010
CLIMATE RECORD PERIOD 1875 TO 2015


WEATHER ITEM   OBSERVED TIME   RECORD YEAR NORMAL DEPARTURE LAST
                VALUE   (LST)  VALUE       VALUE  FROM      YEAR
                                                  NORMAL
..................................................................
TEMPERATURE (F)
 YESTERDAY
  MAXIMUM         58   1012 PM  77    1940  67     -9       72
  MINIMUM         50    859 AM  26    1980  54     -4       42
  AVERAGE         54                        60     -6       57

PRECIPITATION (IN)
  YESTERDAY        0.01          1.22 2005   0.12  -0.11     0.32
  MONTH TO DATE    0.26                      0.24   0.02     0.32
  SINCE MAR 1      0.26                      0.24   0.02     0.32
  SINCE JAN 1      6.40                      7.01  -0.61     3.37

SNOWFALL (IN)
  YESTERDAY        0.0          MM      MM  MM     MM       MM
  MONTH TO DATE    0.0                      MM     MM        0.0
  SINCE MAR 1      0.0                      MM     MM        0.0
  SINCE JUL 1      0.0                      MM     MM         T
  SNOW DEPTH       0

DEGREE DAYS
 HEATING
  YESTERDAY       11                         5      6        8
  MONTH TO DATE   16                        11      5        8
  SINCE MAR 1     16                        11      5        8
  SINCE JUL 1   1078                       899    179     1247

 COOLING
  YESTERDAY        0                         1     -1        0
  MONTH TO DATE    0                         2     -2        1
  SINCE MAR 1      0                         2     -2        1
  SINCE JAN 1      6                        19    -13        8
..................................................................


WIND (MPH)
  RESULTANT WIND SPEED  10   RESULTANT WIND DIRECTION   N (0)
  HIGHEST WIND SPEED    17   HIGHEST WIND DIRECTION     N (350)
  HIGHEST GUST SPEED    20   HIGHEST GUST DIRECTION     N (350)
  AVERAGE WIND SPEED    10.9


SKY COVER
  AVERAGE SKY COVER 1.0


WEATHER CONDITIONS
 THE FOLLOWING WEATHER WAS RECORDED YESTERDAY.
  LIGHT RAIN
  FOG
  FOG W/VISIBILITY <= 1/4 MILE


RELATIVE HUMIDITY (PERCENT)
 HIGHEST   100
 LOWEST     93
 AVERAGE    97

..........................................................


THE GALVESTON CLIMATE NORMALS FOR TODAY
                         NORMAL    RECORD    YEAR
 MAXIMUM TEMPERATURE (F)   68        80      2000
 MINIMUM TEMPERATURE (F)   54        27      1943


SUNRISE AND SUNSET
MARCH  3 2015.........SUNRISE   643 AM CST   SUNSET   620 PM CST
MARCH  4 2015.........SUNRISE   642 AM CST   SUNSET   621 PM CST


-  INDICATES NEGATIVE NUMBERS.
R  INDICATES RECORD WAS SET OR TIED.
MM INDICATES DATA IS MISSING.
T  INDICATES TRACE AMOUNT.




$$
