000
CDUS44 KHGX 292136
CLIGLS


CLIMATE REPORT
NATIONAL WEATHER SERVICE HOUSTON/GALVESTON TX
433 PM CDT FRI MAY 29 2015


...................................

...THE GALVESTON CLIMATE SUMMARY FOR MAY 29 2015...
VALID TODAY AS OF 400 PM LOCAL TIME.

CLIMATE NORMAL PERIOD 1981 TO 2010
CLIMATE RECORD PERIOD 1875 TO 2015


WEATHER ITEM   OBSERVED TIME   RECORD YEAR NORMAL DEPARTURE LAST
                VALUE   (LST)  VALUE       VALUE  FROM      YEAR
                                                  NORMAL
..................................................................
TEMPERATURE (F)
 TODAY
  MAXIMUM         84    226 PM  90    1959  86     -2       85
  MINIMUM         72    758 AM  64    1992  75     -3       73
                                      1881
  AVERAGE         78                        81     -3       79

PRECIPITATION (IN)
  TODAY            0.14          2.86 1914   0.19  -0.05     0.00
  MONTH TO DATE    3.01                      3.92  -0.91     3.29
  SINCE MAR 1     16.00                     10.13   5.87     5.21
  SINCE JAN 1     22.14                     16.90   5.24     8.26

SNOWFALL (IN)
  TODAY            0.0          MM      MM  MM     MM        0.0
  MONTH TO DATE    0.0                      MM     MM        0.0
  SINCE MAR 1      0.0                      MM     MM        0.0
  SINCE JUL 1      0.0                      MM     MM         T
  SNOW DEPTH       0

DEGREE DAYS
 HEATING
  TODAY            0                         0      0        0
  MONTH TO DATE    0                         0      0        0
  SINCE MAR 1    120                       121     -1      186
  SINCE JUL 1   1182                      1009    173     1425

 COOLING
  TODAY           13                        16     -3       14
  MONTH TO DATE  390                       362     28      290
  SINCE MAR 1    667                       588     79      471
  SINCE JAN 1    673                       605     68      478
..................................................................


WIND (MPH)
  RESULTANT WIND SPEED  13   RESULTANT WIND DIRECTION   S (160)
  HIGHEST WIND SPEED    26   HIGHEST WIND DIRECTION     W (270)
  HIGHEST GUST SPEED    33   HIGHEST GUST DIRECTION     W (270)
  AVERAGE WIND SPEED    14.1


SKY COVER
  AVERAGE SKY COVER 0.5


WEATHER CONDITIONS
 THE FOLLOWING WEATHER WAS RECORDED TODAY.
  THUNDERSTORM
  LIGHT RAIN
  FOG


RELATIVE HUMIDITY (PERCENT)
 HIGHEST    93           800 AM
 LOWEST     74          1100 AM
 AVERAGE    84

..........................................................


THE GALVESTON CLIMATE NORMALS FOR TOMORROW
                         NORMAL    RECORD    YEAR
 MAXIMUM TEMPERATURE (F)   86        91      2011
                                             1911
 MINIMUM TEMPERATURE (F)   75        57      1889


SUNRISE AND SUNSET
MAY 29 2015...........SUNRISE   621 AM CDT   SUNSET   813 PM CDT
MAY 30 2015...........SUNRISE   621 AM CDT   SUNSET   813 PM CDT


-  INDICATES NEGATIVE NUMBERS.
R  INDICATES RECORD WAS SET OR TIED.
MM INDICATES DATA IS MISSING.
T  INDICATES TRACE AMOUNT.


$$
