000
CDUS44 KHGX 250720
CLIGLS


CLIMATE REPORT
NATIONAL WEATHER SERVICE HOUSTON/GALVESTON TX
219 AM CDT SAT OCT 25 2014


...................................

...THE GALVESTON CLIMATE SUMMARY FOR OCTOBER 24 2014...

CLIMATE NORMAL PERIOD 1981 TO 2010
CLIMATE RECORD PERIOD 1875 TO 2014


WEATHER ITEM   OBSERVED TIME   RECORD YEAR NORMAL DEPARTURE LAST
                VALUE   (LST)  VALUE       VALUE  FROM      YEAR
                                                  NORMAL
..................................................................
TEMPERATURE (F)
 YESTERDAY
  MAXIMUM         77    340 PM  86    1941  79     -2       80
                                      1894
  MINIMUM         62    622 AM  49    1908  66     -4       63
  AVERAGE         70                        72     -2       72

PRECIPITATION (IN)
  YESTERDAY        0.00          4.17 1883   0.16  -0.16     0.00
  MONTH TO DATE    1.75                      4.55  -2.80     3.14
  SINCE SEP 1      7.86                     10.58  -2.72     8.20
  SINCE JAN 1     24.11                     41.76 -17.65    32.43

SNOWFALL (IN)
  YESTERDAY        0.0           0.0  2002  MM     MM        0.0
                                      2001
  MONTH TO DATE    0.0                      MM     MM        0.0
  SINCE SEP 1      0.0                      MM     MM        0.0
  SINCE JUL 1      0.0                      MM     MM        0.0
  SNOW DEPTH       0

DEGREE DAYS
 HEATING
  YESTERDAY        0                         0      0        0
  MONTH TO DATE    0                         0      0        0
  SINCE SEP 1      0                         0      0        0
  SINCE JUL 1      0                         0      0        0

 COOLING
  YESTERDAY        5                         8     -3        7
  MONTH TO DATE  288                       252     36      248
  SINCE SEP 1    793                       751     42      790
  SINCE JAN 1   3120                      3145    -25     3184
..................................................................


WIND (MPH)
  RESULTANT WIND SPEED   7   RESULTANT WIND DIRECTION   N (20)
  HIGHEST WIND SPEED    13   HIGHEST WIND DIRECTION     N (10)
  HIGHEST GUST SPEED    16   HIGHEST GUST DIRECTION     N (350)
  AVERAGE WIND SPEED     7.4


SKY COVER
  AVERAGE SKY COVER 0.0


WEATHER CONDITIONS
 THE FOLLOWING WEATHER WAS RECORDED YESTERDAY.
  NO SIGNIFICANT WEATHER WAS OBSERVED.


RELATIVE HUMIDITY (PERCENT)
 HIGHEST    90
 LOWEST     43
 AVERAGE    67

..........................................................


THE GALVESTON CLIMATE NORMALS FOR TODAY
                         NORMAL    RECORD    YEAR
 MAXIMUM TEMPERATURE (F)   78        86      2004
 MINIMUM TEMPERATURE (F)   66        49      1945


SUNRISE AND SUNSET
OCTOBER 25 2014.......SUNRISE   727 AM CDT   SUNSET   639 PM CDT
OCTOBER 26 2014.......SUNRISE   728 AM CDT   SUNSET   638 PM CDT


-  INDICATES NEGATIVE NUMBERS.
R  INDICATES RECORD WAS SET OR TIED.
MM INDICATES DATA IS MISSING.
T  INDICATES TRACE AMOUNT.




$$
