000
CDUS44 KHGX 012223
CLIGLS


CLIMATE REPORT
NATIONAL WEATHER SERVICE HOUSTON/GALVESTON TX
423 PM CST SUN FEB 1 2015


...................................

...THE GALVESTON CLIMATE SUMMARY FOR FEBRUARY 1 2015...
VALID TODAY AS OF 400 PM LOCAL TIME.

CLIMATE NORMAL PERIOD 1981 TO 2010
CLIMATE RECORD PERIOD 1875 TO 2015


WEATHER ITEM   OBSERVED TIME   RECORD YEAR NORMAL DEPARTURE LAST
                VALUE   (LST)  VALUE       VALUE  FROM      YEAR
                                                  NORMAL
..................................................................
TEMPERATURE (F)
 TODAY
  MAXIMUM         72    256 PM  73    1989  62     10       69
                                      1975
  MINIMUM         60    731 AM  17    1951  49     11       58
  AVERAGE         66                        56     10       64

PRECIPITATION (IN)
  TODAY            T             6.29 1952   0.09  -0.09     0.00
  MONTH TO DATE    T                         0.09  -0.09     0.00
  SINCE DEC 1      9.31                      7.81   1.50     2.01
  SINCE JAN 1      5.44                      4.29   1.15     1.36

SNOWFALL (IN)
  TODAY            0.0           0.1  1994  MM     MM        0.0
  MONTH TO DATE    0.0                      MM     MM        0.0
  SINCE DEC 1      0.0                      MM     MM         T
  SINCE JUL 1      0.0                      MM     MM         T
  SNOW DEPTH       0

DEGREE DAYS
 HEATING
  TODAY            0                         9     -9        1
  MONTH TO DATE    0                         9     -9        1
  SINCE DEC 1    618                       575     43      767
  SINCE JUL 1    769                       678     91      945

 COOLING
  TODAY            1                         0      1        0
  MONTH TO DATE    1                         0      1        0
  SINCE DEC 1     22                        24     -2       13
  SINCE JAN 1      1                         5     -4        0
..................................................................


WIND (MPH)
  RESULTANT WIND SPEED   9   RESULTANT WIND DIRECTION   S (170)
  HIGHEST WIND SPEED    20   HIGHEST WIND DIRECTION    SW (210)
  HIGHEST GUST SPEED    25   HIGHEST GUST DIRECTION    SW (210)
  AVERAGE WIND SPEED    10.4


SKY COVER
  AVERAGE SKY COVER 0.4


WEATHER CONDITIONS
 THE FOLLOWING WEATHER WAS RECORDED TODAY.
  LIGHT RAIN
  FOG


RELATIVE HUMIDITY (PERCENT)
 HIGHEST   100          1200 AM
 LOWEST     84          1100 AM
 AVERAGE    92

..........................................................


THE GALVESTON CLIMATE NORMALS FOR TOMORROW
                         NORMAL    RECORD    YEAR
 MAXIMUM TEMPERATURE (F)   62        79      2006
 MINIMUM TEMPERATURE (F)   49        18      1951


SUNRISE AND SUNSET
FEBRUARY  1 2015......SUNRISE   709 AM CST   SUNSET   558 PM CST
FEBRUARY  2 2015......SUNRISE   708 AM CST   SUNSET   559 PM CST


-  INDICATES NEGATIVE NUMBERS.
R  INDICATES RECORD WAS SET OR TIED.
MM INDICATES DATA IS MISSING.
T  INDICATES TRACE AMOUNT.




$$
