000
CDUS42 KJAX 182227
CLIGNV


CLIMATE REPORT
NATIONAL WEATHER SERVICE JACKSONVILLE FL
526 PM EST SUN FEB 18 2018


...................................

...THE GAINESVILLE CLIMATE SUMMARY FOR FEBRUARY 18 2018...
VALID TODAY AS OF 0500 PM LOCAL TIME.

CLIMATE NORMAL PERIOD 1981 TO 2010
CLIMATE RECORD PERIOD 1890 TO 2018


WEATHER ITEM   OBSERVED TIME   RECORD YEAR NORMAL DEPARTURE LAST
                VALUE   (LST)  VALUE       VALUE  FROM      YEAR
                                                  NORMAL
..................................................................
TEMPERATURE (F)
 TODAY
  MAXIMUM         84    151 PM  85    1962  70     14       71
  MINIMUM         61    319 AM  18    1900  46     15       44
  AVERAGE         73                        58     15       58

PRECIPITATION (IN)
  TODAY            0.00          2.58 1940   0.12  -0.12     0.03
  MONTH TO DATE    1.55                      2.01  -0.46     0.25
  SINCE DEC 1      8.52                      7.80   0.72     4.39
  SINCE JAN 1      5.87                      5.32   0.55     1.70

SNOWFALL (IN)
  TODAY            0.0           0.0    MM   0.0    0.0      0.0
  MONTH TO DATE    0.0                       0.0    0.0      0.0
  SINCE DEC 1      0.0                       0.0    0.0      0.0
  SINCE JUL 1      0.0                       0.0    0.0      0.0
  SNOW DEPTH       0

DEGREE DAYS
 HEATING
  TODAY            0                         8     -8        7
  MONTH TO DATE   58                       161   -103       78
  SINCE DEC 1    769                       802    -33      391
  SINCE JUL 1    903                       963    -60      497

 COOLING
  TODAY            8                         1      7        0
  MONTH TO DATE   51                        14     37        9
  SINCE DEC 1     92                        48     44      131
  SINCE JAN 1     59                        26     33       55
..................................................................


WIND (MPH)
  HIGHEST WIND SPEED    10   HIGHEST WIND DIRECTION     E (110)
  HIGHEST GUST SPEED    12   HIGHEST GUST DIRECTION    SE (120)
  AVERAGE WIND SPEED     3.6


SKY COVER
  POSSIBLE SUNSHINE  MM
  AVERAGE SKY COVER 0.5


WEATHER CONDITIONS
 THE FOLLOWING WEATHER WAS RECORDED TODAY.
  FOG


RELATIVE HUMIDITY (PERCENT)
 HIGHEST   100           100 AM
 LOWEST     46           400 PM
 AVERAGE    73

..........................................................


THE GAINESVILLE CLIMATE NORMALS FOR TOMORROW
                         NORMAL    RECORD    YEAR
 MAXIMUM TEMPERATURE (F)   70        88      1924
 MINIMUM TEMPERATURE (F)   46        23      1958


SUNRISE AND SUNSET
FEBRUARY 18 2018......SUNRISE   706 AM EST   SUNSET   620 PM EST
FEBRUARY 19 2018......SUNRISE   705 AM EST   SUNSET   621 PM EST


-  INDICATES NEGATIVE NUMBERS.
R  INDICATES RECORD WAS SET OR TIED.
MM INDICATES DATA IS MISSING.
T  INDICATES TRACE AMOUNT.




$$
