000
CDUS42 KJAX 260531
CLIGNV


CLIMATE REPORT
NATIONAL WEATHER SERVICE JACKSONVILLE FL
1231 AM EST MON JAN 26 2015


...................................

...THE GAINESVILLE CLIMATE SUMMARY FOR JANUARY 25 2015...

CLIMATE NORMAL PERIOD 1981 TO 2010
CLIMATE RECORD PERIOD 1890 TO 2015


WEATHER ITEM   OBSERVED TIME   RECORD YEAR NORMAL DEPARTURE LAST
                VALUE   (LST)  VALUE       VALUE  FROM      YEAR
                                                  NORMAL
..................................................................
TEMPERATURE (F)
 YESTERDAY
  MAXIMUM         62    436 PM  85    1950  67     -5       63
  MINIMUM         33    753 AM  16    1905  43    -10       38
  AVERAGE         48                        55     -7       51

PRECIPITATION (IN)
  YESTERDAY        0.00          1.84 2011   0.12  -0.12      T
  MONTH TO DATE    3.09                      2.60   0.49     4.59
  SINCE DEC 1      6.47                      5.08   1.39     8.38
  SINCE JAN 1      3.09                      2.60   0.49     4.59

SNOWFALL (IN)
  YESTERDAY        0.0           0.0    MM   0.0    0.0      0.0
  MONTH TO DATE    0.0                       0.0    0.0      0.0
  SINCE DEC 1      0.0                       0.0    0.0      0.0
  SINCE JUL 1      0.0                       0.0    0.0      0.0
  SNOW DEPTH       0

DEGREE DAYS
 HEATING
  YESTERDAY       17                        11      6       14
  MONTH TO DATE  250                       283    -33      361
  SINCE DEC 1    464                       579   -115      533
  SINCE JUL 1    729                       740    -11      626

 COOLING
  YESTERDAY        0                         0      0        0
  MONTH TO DATE   14                         0     14       10
  SINCE DEC 1     50                        22     28       65
  SINCE JAN 1     14                         0     14       10
..................................................................


WIND (MPH)
  HIGHEST WIND SPEED    14   HIGHEST WIND DIRECTION     W (250)
  HIGHEST GUST SPEED    19   HIGHEST GUST DIRECTION     W (250)
  AVERAGE WIND SPEED     5.6


SKY COVER
  POSSIBLE SUNSHINE  MM
  AVERAGE SKY COVER 0.0


WEATHER CONDITIONS
 THE FOLLOWING WEATHER WAS RECORDED YESTERDAY.
  NO SIGNIFICANT WEATHER WAS OBSERVED.


RELATIVE HUMIDITY (PERCENT)
 HIGHEST    96           800 AM
 LOWEST     39           200 PM
 AVERAGE    68

..........................................................


THE GAINESVILLE CLIMATE NORMALS FOR TODAY
                         NORMAL    RECORD    YEAR
 MAXIMUM TEMPERATURE (F)   67        85      1950
                                             1949
 MINIMUM TEMPERATURE (F)   43        18      1905


SUNRISE AND SUNSET
JANUARY 26 2015.......SUNRISE   722 AM EST   SUNSET   602 PM EST
JANUARY 27 2015.......SUNRISE   721 AM EST   SUNSET   602 PM EST


-  INDICATES NEGATIVE NUMBERS.
R  INDICATES RECORD WAS SET OR TIED.
MM INDICATES DATA IS MISSING.
T  INDICATES TRACE AMOUNT.




$$
