000
CDUS42 KJAX 240531
CLIGNV


CLIMATE REPORT
NATIONAL WEATHER SERVICE JACKSONVILLE FL
131 AM EDT TUE MAY 24 2016


...................................

...THE GAINESVILLE CLIMATE SUMMARY FOR MAY 23 2016...

CLIMATE NORMAL PERIOD 1981 TO 2010
CLIMATE RECORD PERIOD 1890 TO 2016


WEATHER ITEM   OBSERVED TIME   RECORD YEAR NORMAL DEPARTURE LAST
                VALUE   (LST)  VALUE       VALUE  FROM      YEAR
                                                  NORMAL
..................................................................
TEMPERATURE (F)
 YESTERDAY
  MAXIMUM         86    425 PM  98    1899  88     -2       88
  MINIMUM         57    533 AM  47    1993  64     -7       67
  AVERAGE         72                        76     -4       78

PRECIPITATION (IN)
  YESTERDAY        0.00          2.08 1916   0.09  -0.09     0.00
  MONTH TO DATE    4.03                      1.59   2.44     2.53
  SINCE MAR 1      8.04                      8.59  -0.55     6.92
  SINCE JAN 1     14.89                     15.10  -0.21    12.18

SNOWFALL (IN)
  YESTERDAY        0.0           0.0    MM   0.0    0.0      0.0
  MONTH TO DATE    0.0                       0.0    0.0      0.0
  SINCE MAR 1      0.0                       0.0    0.0      0.0
  SINCE JUL 1      0.0                       0.0    0.0      0.0
  SNOW DEPTH       0

DEGREE DAYS
 HEATING
  YESTERDAY        0                         0      0        0
  MONTH TO DATE    4                         0      4        2
  SINCE MAR 1     87                       180    -93       62
  SINCE JUL 1    852                      1214   -362     1213

 COOLING
  YESTERDAY        7                        11     -4       13
  MONTH TO DATE  220                       205     15      226
  SINCE MAR 1    488                       380    108      611
  SINCE JAN 1    513                       412    101      626
..................................................................


WIND (MPH)
  HIGHEST WIND SPEED    13   HIGHEST WIND DIRECTION     E (90)
  HIGHEST GUST SPEED    15   HIGHEST GUST DIRECTION     E (100)
  AVERAGE WIND SPEED     1.9


SKY COVER
  POSSIBLE SUNSHINE  MM
  AVERAGE SKY COVER 0.1


WEATHER CONDITIONS
 THE FOLLOWING WEATHER WAS RECORDED YESTERDAY.
  NO SIGNIFICANT WEATHER WAS OBSERVED.


RELATIVE HUMIDITY (PERCENT)
 HIGHEST    93           400 AM
 LOWEST     34           100 PM
 AVERAGE    64

..........................................................


THE GAINESVILLE CLIMATE NORMALS FOR TODAY
                         NORMAL    RECORD    YEAR
 MAXIMUM TEMPERATURE (F)   88        98      1893
 MINIMUM TEMPERATURE (F)   65        50      2001


SUNRISE AND SUNSET
MAY 24 2016...........SUNRISE   631 AM EDT   SUNSET   821 PM EDT
MAY 25 2016...........SUNRISE   631 AM EDT   SUNSET   821 PM EDT


-  INDICATES NEGATIVE NUMBERS.
R  INDICATES RECORD WAS SET OR TIED.
MM INDICATES DATA IS MISSING.
T  INDICATES TRACE AMOUNT.




$$
