000
CDUS42 KJAX 180533
CLIGNV


CLIMATE REPORT
NATIONAL WEATHER SERVICE JACKSONVILLE FL
1233 AM EST THU DEC 18 2014


...................................

...THE GAINESVILLE CLIMATE SUMMARY FOR DECEMBER 17 2014...

CLIMATE NORMAL PERIOD 1981 TO 2010
CLIMATE RECORD PERIOD 1890 TO 2014


WEATHER ITEM   OBSERVED TIME   RECORD YEAR NORMAL DEPARTURE LAST
                VALUE   (LST)  VALUE       VALUE  FROM      YEAR
                                                  NORMAL
..................................................................
TEMPERATURE (F)
 YESTERDAY
  MAXIMUM         69    321 PM  85    1956  68      1       68
  MINIMUM         43   1142 PM  25    1968  44     -1       34
                                      1901
  AVERAGE         56                        56      0       51

PRECIPITATION (IN)
  YESTERDAY        0.00          4.62 2005   0.07  -0.07     0.00
  MONTH TO DATE    0.03                      1.27  -1.24     2.45
  SINCE DEC 1      0.03                      1.27  -1.24     2.45
  SINCE JAN 1     48.39                     46.20   2.19    45.74

SNOWFALL (IN)
  YESTERDAY        0.0           0.0    MM   0.0    0.0      0.0
  MONTH TO DATE    0.0                       0.0    0.0      0.0
  SINCE DEC 1      0.0                       0.0    0.0      0.0
  SINCE JUL 1      0.0                       0.0    0.0      0.0
  SNOW DEPTH       0

DEGREE DAYS
 HEATING
  YESTERDAY        9                        10     -1       14
  MONTH TO DATE  146                       145      1       80
  SINCE DEC 1    146                       145      1       80
  SINCE JUL 1    411                       306    105      173

 COOLING
  YESTERDAY        0                         1     -1        0
  MONTH TO DATE   20                        17      3       33
  SINCE DEC 1     20                        17      3       33
  SINCE JAN 1   2583                      2633    -50     2858
..................................................................


WIND (MPH)
  HIGHEST WIND SPEED    12   HIGHEST WIND DIRECTION     W (270)
  HIGHEST GUST SPEED    14   HIGHEST GUST DIRECTION     W (270)
  AVERAGE WIND SPEED     4.6


SKY COVER
  POSSIBLE SUNSHINE  MM
  AVERAGE SKY COVER 0.0


WEATHER CONDITIONS
 THE FOLLOWING WEATHER WAS RECORDED YESTERDAY.
  NO SIGNIFICANT WEATHER WAS OBSERVED.


RELATIVE HUMIDITY (PERCENT)
 HIGHEST   100           100 AM
 LOWEST     37           300 PM
 AVERAGE    69

..........................................................


THE GAINESVILLE CLIMATE NORMALS FOR TODAY
                         NORMAL    RECORD    YEAR
 MAXIMUM TEMPERATURE (F)   67        84      1967
                                             1931
                                             1924
 MINIMUM TEMPERATURE (F)   44        25      1901


SUNRISE AND SUNSET
DECEMBER 18 2014......SUNRISE   718 AM EST   SUNSET   533 PM EST
DECEMBER 19 2014......SUNRISE   719 AM EST   SUNSET   533 PM EST


-  INDICATES NEGATIVE NUMBERS.
R  INDICATES RECORD WAS SET OR TIED.
MM INDICATES DATA IS MISSING.
T  INDICATES TRACE AMOUNT.




$$
