000
CDUS42 KJAX 050532
CLIGNV


CLIMATE REPORT
NATIONAL WEATHER SERVICE JACKSONVILLE FL
132 AM EDT SUN JUL 5 2015


...................................

...THE GAINESVILLE CLIMATE SUMMARY FOR JULY 4 2015...

CLIMATE NORMAL PERIOD 1981 TO 2010
CLIMATE RECORD PERIOD 1890 TO 2015


WEATHER ITEM   OBSERVED TIME   RECORD YEAR NORMAL DEPARTURE LAST
                VALUE   (LST)  VALUE       VALUE  FROM      YEAR
                                                  NORMAL
..................................................................
TEMPERATURE (F)
 YESTERDAY
  MAXIMUM         90   1139 AM  99    1997  91     -1       90
                                      1931
                                      1902
  MINIMUM         69    551 AM  64    1975  71     -2       70
  AVERAGE         80                        81     -1       80

PRECIPITATION (IN)
  YESTERDAY        0.53          1.84 1944   0.22   0.31     0.03
  MONTH TO DATE    0.74                      0.86  -0.12     1.12
  SINCE JUN 1      4.35                      7.98  -3.63     5.64
  SINCE JAN 1     16.54                     23.97  -7.43    26.18

SNOWFALL (IN)
  YESTERDAY        0.0           0.0    MM   0.0    0.0      0.0
  MONTH TO DATE    0.0                       0.0    0.0      0.0
  SINCE JUN 1      0.0                       0.0    0.0      0.0
  SINCE JUL 1      0.0                       0.0    0.0      0.0
  SNOW DEPTH       0

DEGREE DAYS
 HEATING
  YESTERDAY        0                         0      0        0
  MONTH TO DATE    0                         0      0        0
  SINCE JUN 1      0                         0      0        0
  SINCE JUL 1      0                         0      0        0

 COOLING
  YESTERDAY       15                        16     -1       15
  MONTH TO DATE   64                        64      0       66
  SINCE JUN 1    553                       503     50      494
  SINCE JAN 1   1289                      1013    276      995
..................................................................


WIND (MPH)
  HIGHEST WIND SPEED    30   HIGHEST WIND DIRECTION    SW (220)
  HIGHEST GUST SPEED    38   HIGHEST GUST DIRECTION     S (190)
  AVERAGE WIND SPEED     5.0


SKY COVER
  POSSIBLE SUNSHINE  MM
  AVERAGE SKY COVER 0.2


WEATHER CONDITIONS
 THE FOLLOWING WEATHER WAS RECORDED YESTERDAY.
  THUNDERSTORM
  HEAVY RAIN
  RAIN
  LIGHT RAIN
  FOG


RELATIVE HUMIDITY (PERCENT)
 HIGHEST    97           400 AM
 LOWEST     63          1100 AM
 AVERAGE    80

..........................................................


THE GAINESVILLE CLIMATE NORMALS FOR TODAY
                         NORMAL    RECORD    YEAR
 MAXIMUM TEMPERATURE (F)   91        99      1902
 MINIMUM TEMPERATURE (F)   71        64      1947


SUNRISE AND SUNSET
JULY  5 2015..........SUNRISE   634 AM EDT   SUNSET   833 PM EDT
JULY  6 2015..........SUNRISE   634 AM EDT   SUNSET   833 PM EDT


-  INDICATES NEGATIVE NUMBERS.
R  INDICATES RECORD WAS SET OR TIED.
MM INDICATES DATA IS MISSING.
T  INDICATES TRACE AMOUNT.




$$
