000
CDUS42 KJAX 180529
CLIGNV


CLIMATE REPORT
NATIONAL WEATHER SERVICE JACKSONVILLE FL
128 AM EDT FRI AUG 18 2017


...................................

...THE GAINESVILLE CLIMATE SUMMARY FOR AUGUST 17 2017...

CLIMATE NORMAL PERIOD 1981 TO 2010
CLIMATE RECORD PERIOD 1890 TO 2017


WEATHER ITEM   OBSERVED TIME   RECORD YEAR NORMAL DEPARTURE LAST
                VALUE   (LST)  VALUE       VALUE  FROM      YEAR
                                                  NORMAL
..................................................................
TEMPERATURE (F)
 YESTERDAY
  MAXIMUM         92   1231 PM  97    1954  90      2       94
                                      1918
                                      1916
  MINIMUM         75   1100 PM  66    1937  72      3       72
  AVERAGE         84                        81      3       83

PRECIPITATION (IN)
  YESTERDAY        0.06          3.17 1968   0.21  -0.15     0.00
  MONTH TO DATE    4.12                      3.49   0.63     2.27
  SINCE JUN 1     37.68                     16.68  21.00    13.75
  SINCE JAN 1     47.38                     32.67  14.71    28.69

SNOWFALL (IN)
  YESTERDAY        0.0           0.0    MM   0.0    0.0      0.0
  MONTH TO DATE    0.0                       0.0    0.0      0.0
  SINCE JUN 1      0.0                       0.0    0.0      0.0
  SINCE JUL 1      0.0                       0.0    0.0      0.0
  SNOW DEPTH       0

DEGREE DAYS
 HEATING
  YESTERDAY        0                         0      0        0
  MONTH TO DATE    0                         0      0        0
  SINCE JUN 1      0                         0      0        0
  SINCE JUL 1      0                         0      0        0

 COOLING
  YESTERDAY       19                        16      3       18
  MONTH TO DATE  286                       272     14      294
  SINCE JUN 1   1239                      1213     26     1378
  SINCE JAN 1   1922                      1723    199     1983
..................................................................


WIND (MPH)
  HIGHEST WIND SPEED    14   HIGHEST WIND DIRECTION     W (290)
  HIGHEST GUST SPEED    18   HIGHEST GUST DIRECTION    NW (300)
  AVERAGE WIND SPEED     2.5


SKY COVER
  POSSIBLE SUNSHINE  MM
  AVERAGE SKY COVER 0.2


WEATHER CONDITIONS
 THE FOLLOWING WEATHER WAS RECORDED YESTERDAY.
  THUNDERSTORM
  LIGHT RAIN


RELATIVE HUMIDITY (PERCENT)
 HIGHEST   100           600 AM
 LOWEST     59           100 PM
 AVERAGE    80

..........................................................


THE GAINESVILLE CLIMATE NORMALS FOR TODAY
                         NORMAL    RECORD    YEAR
 MAXIMUM TEMPERATURE (F)   90        98      1954
 MINIMUM TEMPERATURE (F)   72        66      1925


SUNRISE AND SUNSET
AUGUST 18 2017........SUNRISE   659 AM EDT   SUNSET   806 PM EDT
AUGUST 19 2017........SUNRISE   659 AM EDT   SUNSET   805 PM EDT


-  INDICATES NEGATIVE NUMBERS.
R  INDICATES RECORD WAS SET OR TIED.
MM INDICATES DATA IS MISSING.
T  INDICATES TRACE AMOUNT.




$$
