000
CDUS42 KJAX 272128
CLIGNV


CLIMATE REPORT
NATIONAL WEATHER SERVICE JACKSONVILLE FL
527 PM EDT WED JUL 27 2016


...................................

...THE GAINESVILLE CLIMATE SUMMARY FOR JULY 27 2016...
VALID TODAY AS OF 0500 PM LOCAL TIME.

CLIMATE NORMAL PERIOD 1981 TO 2010
CLIMATE RECORD PERIOD 1890 TO 2016


WEATHER ITEM   OBSERVED TIME   RECORD YEAR NORMAL DEPARTURE LAST
                VALUE   (LST)  VALUE       VALUE  FROM      YEAR
                                                  NORMAL
..................................................................
TEMPERATURE (F)
 TODAY
  MAXIMUM         97    330 PM 101    1893  91      6       91
  MINIMUM         71    556 AM  67    1989  72     -1       74
                                      1988
                                      1980
  AVERAGE         84                        81      3       83

PRECIPITATION (IN)
  TODAY            0.00          2.49 1895   0.18  -0.18      T
  MONTH TO DATE    1.48                      5.34  -3.86     7.36
  SINCE JUN 1     11.47                     12.46  -0.99    10.97
  SINCE JAN 1     26.41                     28.45  -2.04    23.16

SNOWFALL (IN)
  TODAY            0.0           0.0    MM   0.0    0.0      0.0
  MONTH TO DATE    0.0                       0.0    0.0      0.0
  SINCE JUN 1      0.0                       0.0    0.0      0.0
  SINCE JUL 1      0.0                       0.0    0.0      0.0
  SNOW DEPTH       0

DEGREE DAYS
 HEATING
  TODAY            0                         0      0        0
  MONTH TO DATE    0                         0      0        0
  SINCE JUN 1      0                         0      0        0
  SINCE JUL 1      0                         0      0        0

 COOLING
  TODAY           19                        16      3       18
  MONTH TO DATE  503                       432     71      470
  SINCE JUN 1   1003                       871    132      959
  SINCE JAN 1   1608                      1381    227     1695
..................................................................


WIND (MPH)
  HIGHEST WIND SPEED    12   HIGHEST WIND DIRECTION     W (260)
  HIGHEST GUST SPEED    13   HIGHEST GUST DIRECTION     W (250)
  AVERAGE WIND SPEED     2.2


SKY COVER
  POSSIBLE SUNSHINE  MM
  AVERAGE SKY COVER 0.0


WEATHER CONDITIONS
 THE FOLLOWING WEATHER WAS RECORDED TODAY.
  NO SIGNIFICANT WEATHER WAS OBSERVED.


RELATIVE HUMIDITY (PERCENT)
 HIGHEST    93           200 AM
 LOWEST     42           300 PM
 AVERAGE    68

..........................................................


THE GAINESVILLE CLIMATE NORMALS FOR TOMORROW
                         NORMAL    RECORD    YEAR
 MAXIMUM TEMPERATURE (F)   91        97      2010
                                             1981
                                             1977
 MINIMUM TEMPERATURE (F)   72        63      1920


SUNRISE AND SUNSET
JULY 27 2016..........SUNRISE   646 AM EDT   SUNSET   825 PM EDT
JULY 28 2016..........SUNRISE   647 AM EDT   SUNSET   824 PM EDT


-  INDICATES NEGATIVE NUMBERS.
R  INDICATES RECORD WAS SET OR TIED.
MM INDICATES DATA IS MISSING.
T  INDICATES TRACE AMOUNT.




$$
