583
CDUS42 KJAX 300527
CLIGNV


CLIMATE REPORT
NATIONAL WEATHER SERVICE JACKSONVILLE FL
126 AM EDT THU MAR 30 2017


...................................

...THE GAINESVILLE CLIMATE SUMMARY FOR MARCH 29 2017...

CLIMATE NORMAL PERIOD 1981 TO 2010
CLIMATE RECORD PERIOD 1890 TO 2017


WEATHER ITEM   OBSERVED TIME   RECORD YEAR NORMAL DEPARTURE LAST
                VALUE   (LST)  VALUE       VALUE  FROM      YEAR
                                                  NORMAL
..................................................................
TEMPERATURE (F)
 YESTERDAY
  MAXIMUM         89    317 PM  94    1907  77     12       77
  MINIMUM         53    421 AM  33    1955  52      1       60
  AVERAGE         71                        64      7       69

PRECIPITATION (IN)
  YESTERDAY        0.00          2.68 1970   0.13  -0.13     0.00
  MONTH TO DATE    0.67                      4.08  -3.41     2.35
  SINCE MAR 1      0.67                      4.08  -3.41     2.35
  SINCE JAN 1      2.51                     10.59  -8.08     9.20

SNOWFALL (IN)
  YESTERDAY        0.0           0.0    MM   0.0    0.0      0.0
  MONTH TO DATE    0.0                       0.0    0.0      0.0
  SINCE MAR 1      0.0                       0.0    0.0      0.0
  SINCE JUL 1      0.0                       0.0    0.0      0.0
  SNOW DEPTH       0

DEGREE DAYS
 HEATING
  YESTERDAY        0                         3     -3        0
  MONTH TO DATE  125                       132     -7       74
  SINCE MAR 1    125                       132     -7       74
  SINCE JUL 1    628                      1166   -538      839

 COOLING
  YESTERDAY        6                         2      4        4
  MONTH TO DATE   57                        52      5      114
  SINCE MAR 1     57                        52      5      114
  SINCE JAN 1    141                        84     57      139
..................................................................


WIND (MPH)
  HIGHEST WIND SPEED    13   HIGHEST WIND DIRECTION     W (270)
  HIGHEST GUST SPEED    15   HIGHEST GUST DIRECTION     W (270)
  AVERAGE WIND SPEED     3.4


SKY COVER
  POSSIBLE SUNSHINE  MM
  AVERAGE SKY COVER 0.2


WEATHER CONDITIONS
 THE FOLLOWING WEATHER WAS RECORDED YESTERDAY.
  FOG
  FOG W/VISIBILITY <= 1/4 MILE


RELATIVE HUMIDITY (PERCENT)
 HIGHEST   100           500 AM
 LOWEST     28           200 PM
 AVERAGE    64

..........................................................


THE GAINESVILLE CLIMATE NORMALS FOR TODAY
                         NORMAL    RECORD    YEAR
 MAXIMUM TEMPERATURE (F)   77        94      1907
 MINIMUM TEMPERATURE (F)   52        34      1964


SUNRISE AND SUNSET
MARCH 30 2017.........SUNRISE   721 AM EDT   SUNSET   747 PM EDT
MARCH 31 2017.........SUNRISE   719 AM EDT   SUNSET   747 PM EDT


-  INDICATES NEGATIVE NUMBERS.
R  INDICATES RECORD WAS SET OR TIED.
MM INDICATES DATA IS MISSING.
T  INDICATES TRACE AMOUNT.




$$
