000
CDUS42 KJAX 272127
CLIGNV


CLIMATE REPORT
NATIONAL WEATHER SERVICE JACKSONVILLE FL
526 PM EDT TUE JUN 27 2017


...................................

...THE GAINESVILLE CLIMATE SUMMARY FOR JUNE 27 2017...
VALID TODAY AS OF 0500 PM LOCAL TIME.

CLIMATE NORMAL PERIOD 1981 TO 2010
CLIMATE RECORD PERIOD 1890 TO 2017


WEATHER ITEM   OBSERVED TIME   RECORD YEAR NORMAL DEPARTURE LAST
                VALUE   (LST)  VALUE       VALUE  FROM      YEAR
                                                  NORMAL
..................................................................
TEMPERATURE (F)
 TODAY
  MAXIMUM         88    119 PM 104    1952  91     -3       94
  MINIMUM         72    356 AM  63    1936  71      1       70
  AVERAGE         80                        81     -1       82

PRECIPITATION (IN)
  TODAY            1.38          5.56 1892   0.27   1.11      T
  MONTH TO DATE   15.76                      6.30   9.46     8.06
  SINCE JUN 1     15.76                      6.30   9.46     8.06
  SINCE JAN 1     25.46                     22.29   3.17    23.00

SNOWFALL (IN)
  TODAY            0.0           0.0    MM   0.0    0.0      0.0
  MONTH TO DATE    0.0                       0.0    0.0      0.0
  SINCE JUN 1      0.0                       0.0    0.0      0.0
  SINCE JUL 1      0.0                       0.0    0.0      0.0
  SNOW DEPTH       0

DEGREE DAYS
 HEATING
  TODAY            0                         0      0        0
  MONTH TO DATE    0                         0      0        0
  SINCE JUN 1      0                         0      0        0
  SINCE JUL 1    646                      1218   -572      852

 COOLING
  TODAY           15                        16     -1       17
  MONTH TO DATE  381                       391    -10      449
  SINCE JUN 1    381                       391    -10      449
  SINCE JAN 1   1064                       901    163     1054
..................................................................


WIND (MPH)
  HIGHEST WIND SPEED    14   HIGHEST WIND DIRECTION    NW (330)
  HIGHEST GUST SPEED    19   HIGHEST GUST DIRECTION     W (260)
  AVERAGE WIND SPEED     2.5


SKY COVER
  POSSIBLE SUNSHINE  MM
  AVERAGE SKY COVER 0.4


WEATHER CONDITIONS
 THE FOLLOWING WEATHER WAS RECORDED TODAY.
  THUNDERSTORM
  HEAVY RAIN
  RAIN
  LIGHT RAIN
  FOG


RELATIVE HUMIDITY (PERCENT)
 HIGHEST   100           400 AM
 LOWEST     61           100 PM
 AVERAGE    81

..........................................................


THE GAINESVILLE CLIMATE NORMALS FOR TOMORROW
                         NORMAL    RECORD    YEAR
 MAXIMUM TEMPERATURE (F)   91       103      1950
 MINIMUM TEMPERATURE (F)   71        61      1892


SUNRISE AND SUNSET
JUNE 27 2017..........SUNRISE   631 AM EDT   SUNSET   833 PM EDT
JUNE 28 2017..........SUNRISE   631 AM EDT   SUNSET   833 PM EDT


-  INDICATES NEGATIVE NUMBERS.
R  INDICATES RECORD WAS SET OR TIED.
MM INDICATES DATA IS MISSING.
T  INDICATES TRACE AMOUNT.




$$
