000
CDUS42 KJAX 192127
CLIGNV


CLIMATE REPORT
NATIONAL WEATHER SERVICE JACKSONVILLE FL
527 PM EDT FRI SEP 19 2014


...................................

...THE GAINESVILLE CLIMATE SUMMARY FOR SEPTEMBER 19 2014...
VALID TODAY AS OF 0500 PM LOCAL TIME.

CLIMATE NORMAL PERIOD 1981 TO 2010
CLIMATE RECORD PERIOD 1890 TO 2014


WEATHER ITEM   OBSERVED TIME   RECORD YEAR NORMAL DEPARTURE LAST
                VALUE   (LST)  VALUE       VALUE  FROM      YEAR
                                                  NORMAL
..................................................................
TEMPERATURE (F)
 TODAY
  MAXIMUM         82    346 PM  97    1972  87     -5       90
                                      1925
  MINIMUM         68    247 AM  53    1981  69     -1       69
  AVERAGE         75                        78     -3       80

PRECIPITATION (IN)
  TODAY            0.01          1.58 1913   0.15  -0.14     0.01
  MONTH TO DATE    3.85                      2.97   0.88     0.72
  SINCE SEP 1      3.85                      2.97   0.88     0.72
  SINCE JAN 1     40.91                     38.54   2.37    37.42

SNOWFALL (IN)
  TODAY            0.0           0.0    MM   0.0    0.0      0.0
  MONTH TO DATE    0.0                       0.0    0.0      0.0
  SINCE SEP 1      0.0                       0.0    0.0      0.0
  SINCE JUL 1      0.0                       0.0    0.0      0.0
  SNOW DEPTH       0

DEGREE DAYS
 HEATING
  TODAY            0                         0      0        0
  MONTH TO DATE    0                         0      0        0
  SINCE SEP 1      0                         0      0        0
  SINCE JUL 1      0                         0      0        0

 COOLING
  TODAY           10                        13     -3       15
  MONTH TO DATE  287                       269     18      301
  SINCE SEP 1    287                       269     18      301
  SINCE JAN 1   2233                      2213     20     2363
..................................................................


WIND (MPH)
  HIGHEST WIND SPEED     9   HIGHEST WIND DIRECTION     N (20)
  HIGHEST GUST SPEED    13   HIGHEST GUST DIRECTION    NE (30)
  AVERAGE WIND SPEED     1.9


SKY COVER
  POSSIBLE SUNSHINE  MM
  AVERAGE SKY COVER 0.1


WEATHER CONDITIONS
 THE FOLLOWING WEATHER WAS RECORDED TODAY.
  LIGHT RAIN


RELATIVE HUMIDITY (PERCENT)
 HIGHEST   100           100 AM
 LOWEST     74           400 PM
 AVERAGE    87

..........................................................


THE GAINESVILLE CLIMATE NORMALS FOR TOMORROW
                         NORMAL    RECORD    YEAR
 MAXIMUM TEMPERATURE (F)   87        96      1925
 MINIMUM TEMPERATURE (F)   68        49      1981


SUNRISE AND SUNSET
SEPTEMBER 19 2014.....SUNRISE   716 AM EDT   SUNSET   729 PM EDT
SEPTEMBER 20 2014.....SUNRISE   716 AM EDT   SUNSET   728 PM EDT


-  INDICATES NEGATIVE NUMBERS.
R  INDICATES RECORD WAS SET OR TIED.
MM INDICATES DATA IS MISSING.
T  INDICATES TRACE AMOUNT.




$$
