000
CDUS42 KJAX 200528
CLIGNV


CLIMATE REPORT
NATIONAL WEATHER SERVICE JACKSONVILLE FL
128 AM EDT FRI OCT 20 2017


...................................

...THE GAINESVILLE CLIMATE SUMMARY FOR OCTOBER 19 2017...

CLIMATE NORMAL PERIOD 1981 TO 2010
CLIMATE RECORD PERIOD 1890 TO 2017


WEATHER ITEM   OBSERVED TIME   RECORD YEAR NORMAL DEPARTURE LAST
                VALUE   (LST)  VALUE       VALUE  FROM      YEAR
                                                  NORMAL
..................................................................
TEMPERATURE (F)
 YESTERDAY
  MAXIMUM         82    253 PM  90    1980  81      1       86
                                      1972
  MINIMUM         64    452 AM  36    1927  60      4       60
  AVERAGE         73                        70      3       73

PRECIPITATION (IN)
  YESTERDAY        0.02          5.10 1944   0.09  -0.07     0.00
  MONTH TO DATE    1.46                      2.05  -0.59     1.65
  SINCE SEP 1     16.74                      6.47  10.27     9.62
  SINCE JAN 1     65.79                     42.04  23.75    39.34

SNOWFALL (IN)
  YESTERDAY        0.0           0.0    MM   0.0    0.0      0.0
  MONTH TO DATE    0.0                       0.0    0.0      0.0
  SINCE SEP 1      0.0                       0.0    0.0      0.0
  SINCE JUL 1      0.0                       0.0    0.0      0.0
  SNOW DEPTH       0

DEGREE DAYS
 HEATING
  YESTERDAY        0                         1     -1        0
  MONTH TO DATE    0                         7     -7        0
  SINCE SEP 1      0                         7     -7        0
  SINCE JUL 1      0                         7     -7        0

 COOLING
  YESTERDAY        8                         6      2        8
  MONTH TO DATE  235                       154     81      195
  SINCE SEP 1    640                       550     90      652
  SINCE JAN 1   2800                      2494    306     2895
..................................................................


WIND (MPH)
  HIGHEST WIND SPEED    20   HIGHEST WIND DIRECTION    NE (50)
  HIGHEST GUST SPEED    27   HIGHEST GUST DIRECTION    NE (60)
  AVERAGE WIND SPEED    10.1


SKY COVER
  POSSIBLE SUNSHINE  MM
  AVERAGE SKY COVER 0.4


WEATHER CONDITIONS
 THE FOLLOWING WEATHER WAS RECORDED YESTERDAY.
  NO SIGNIFICANT WEATHER WAS OBSERVED.


RELATIVE HUMIDITY (PERCENT)
 HIGHEST   100           300 AM
 LOWEST     58           300 PM
 AVERAGE    79

..........................................................


THE GAINESVILLE CLIMATE NORMALS FOR TODAY
                         NORMAL    RECORD    YEAR
 MAXIMUM TEMPERATURE (F)   80        91      2006
 MINIMUM TEMPERATURE (F)   59        38      1989


SUNRISE AND SUNSET
OCTOBER 20 2017.......SUNRISE   734 AM EDT   SUNSET   653 PM EDT
OCTOBER 21 2017.......SUNRISE   735 AM EDT   SUNSET   652 PM EDT


-  INDICATES NEGATIVE NUMBERS.
R  INDICATES RECORD WAS SET OR TIED.
MM INDICATES DATA IS MISSING.
T  INDICATES TRACE AMOUNT.




$$
