000
CDUS42 KJAX 112228
CLIGNV


CLIMATE REPORT
NATIONAL WEATHER SERVICE JACKSONVILLE FL
527 PM EST MON DEC 11 2017


...................................

...THE GAINESVILLE CLIMATE SUMMARY FOR DECEMBER 11 2017...
VALID TODAY AS OF 0500 PM LOCAL TIME.

CLIMATE NORMAL PERIOD 1981 TO 2010
CLIMATE RECORD PERIOD 1890 TO 2017


WEATHER ITEM   OBSERVED TIME   RECORD YEAR NORMAL DEPARTURE LAST
                VALUE   (LST)  VALUE       VALUE  FROM      YEAR
                                                  NORMAL
..................................................................
TEMPERATURE (F)
 TODAY
  MAXIMUM         61    324 PM  84    1971  69     -8       77
                                      1931
  MINIMUM         28    614 AM  23    1981  45    -17       46
                                      1937
  AVERAGE         45                        57    -12       62

PRECIPITATION (IN)
  TODAY            0.00          1.21 1967   0.08  -0.08     0.00
  MONTH TO DATE    2.62                      0.82   1.80     1.64
  SINCE DEC 1      2.62                      0.82   1.80     1.64
  SINCE JAN 1     71.28                     45.75  25.53    41.00

SNOWFALL (IN)
  TODAY            0.0           0.0    MM   0.0    0.0      0.0
  MONTH TO DATE    0.0                       0.0    0.0      0.0
  SINCE DEC 1      0.0                       0.0    0.0      0.0
  SINCE JUL 1      0.0                       0.0    0.0      0.0
  SNOW DEPTH       0

DEGREE DAYS
 HEATING
  TODAY           20                         9     11        3
  MONTH TO DATE   92                        88      4       56
  SINCE DEC 1     92                        88      4       56
  SINCE JUL 1    226                       249    -23      162

 COOLING
  TODAY            0                         1     -1        0
  MONTH TO DATE    7                        11     -4       15
  SINCE DEC 1      7                        11     -4       15
  SINCE JAN 1   2895                      2627    268     3049
..................................................................


WIND (MPH)
  HIGHEST WIND SPEED    12   HIGHEST WIND DIRECTION     W (250)
  HIGHEST GUST SPEED    22   HIGHEST GUST DIRECTION     W (280)
  AVERAGE WIND SPEED     5.1


SKY COVER
  POSSIBLE SUNSHINE  MM
  AVERAGE SKY COVER 0.0


WEATHER CONDITIONS
 THE FOLLOWING WEATHER WAS RECORDED TODAY.
  NO SIGNIFICANT WEATHER WAS OBSERVED.


RELATIVE HUMIDITY (PERCENT)
 HIGHEST   100           300 AM
 LOWEST     27           200 PM
 AVERAGE    64

..........................................................


THE GAINESVILLE CLIMATE NORMALS FOR TOMORROW
                         NORMAL    RECORD    YEAR
 MAXIMUM TEMPERATURE (F)   68        85      1949
 MINIMUM TEMPERATURE (F)   45        16      1934


SUNRISE AND SUNSET
DECEMBER 11 2017......SUNRISE   714 AM EST   SUNSET   531 PM EST
DECEMBER 12 2017......SUNRISE   715 AM EST   SUNSET   531 PM EST


-  INDICATES NEGATIVE NUMBERS.
R  INDICATES RECORD WAS SET OR TIED.
MM INDICATES DATA IS MISSING.
T  INDICATES TRACE AMOUNT.




$$
