000
CDUS42 KJAX 070531
CLIGNV


CLIMATE REPORT
NATIONAL WEATHER SERVICE JACKSONVILLE FL
1231 AM EST SUN FEB 7 2016


...................................

...THE GAINESVILLE CLIMATE SUMMARY FOR FEBRUARY 6 2016...

CLIMATE NORMAL PERIOD 1981 TO 2010
CLIMATE RECORD PERIOD 1890 TO 2016


WEATHER ITEM   OBSERVED TIME   RECORD YEAR NORMAL DEPARTURE LAST
                VALUE   (LST)  VALUE       VALUE  FROM      YEAR
                                                  NORMAL
..................................................................
TEMPERATURE (F)
 YESTERDAY
  MAXIMUM         58    128 PM  88    1957  68    -10       62
  MINIMUM         42   1159 PM  21    2009  44     -2       37
  AVERAGE         50                        56     -6       50

PRECIPITATION (IN)
  YESTERDAY        0.30          1.74 1936   0.11   0.19     0.00
  MONTH TO DATE    3.52                      0.66   2.86     0.61
  SINCE DEC 1      8.22                      6.45   1.77     7.23
  SINCE JAN 1      6.25                      3.97   2.28     3.85

SNOWFALL (IN)
  YESTERDAY        0.0           T    1988   0.0    0.0      0.0
  MONTH TO DATE    0.0                       0.0    0.0      0.0
  SINCE DEC 1      0.0                       0.0    0.0      0.0
  SINCE JUL 1      0.0                       0.0    0.0      0.0
  SNOW DEPTH       0

DEGREE DAYS
 HEATING
  YESTERDAY       15                         9      6       15
  MONTH TO DATE   38                        59    -21       78
  SINCE DEC 1    496                       700   -204      628
  SINCE JUL 1    535                       861   -326      893

 COOLING
  YESTERDAY        0                         1     -1        0
  MONTH TO DATE   14                         2     12        0
  SINCE DEC 1    162                        36    126       50
  SINCE JAN 1     16                        14      2       14
..................................................................


WIND (MPH)
  HIGHEST WIND SPEED    18   HIGHEST WIND DIRECTION    NE (40)
  HIGHEST GUST SPEED    25   HIGHEST GUST DIRECTION    NE (30)
  AVERAGE WIND SPEED    10.6


SKY COVER
  POSSIBLE SUNSHINE  MM
  AVERAGE SKY COVER 0.9


WEATHER CONDITIONS
 THE FOLLOWING WEATHER WAS RECORDED YESTERDAY.
  RAIN
  LIGHT RAIN
  FOG


RELATIVE HUMIDITY (PERCENT)
 HIGHEST   100           700 PM
 LOWEST     64          1000 AM
 AVERAGE    82

..........................................................


THE GAINESVILLE CLIMATE NORMALS FOR TODAY
                         NORMAL    RECORD    YEAR
 MAXIMUM TEMPERATURE (F)   68        86      1957
 MINIMUM TEMPERATURE (F)   44        25      1912


SUNRISE AND SUNSET
FEBRUARY  7 2016......SUNRISE   715 AM EST   SUNSET   611 PM EST
FEBRUARY  8 2016......SUNRISE   715 AM EST   SUNSET   612 PM EST


-  INDICATES NEGATIVE NUMBERS.
R  INDICATES RECORD WAS SET OR TIED.
MM INDICATES DATA IS MISSING.
T  INDICATES TRACE AMOUNT.




$$
