000
CDUS42 KJAX 180533
CLIGNV


CLIMATE REPORT
NATIONAL WEATHER SERVICE JACKSONVILLE
132 AM EDT FRI APR 18 2014


...................................

...THE GAINESVILLE CLIMATE SUMMARY FOR APRIL 17 2014...

CLIMATE NORMAL PERIOD 1981 TO 2010
CLIMATE RECORD PERIOD 1890 TO 2014


WEATHER ITEM   OBSERVED TIME   RECORD YEAR NORMAL DEPARTURE LAST
                VALUE   (LST)  VALUE       VALUE  FROM      YEAR
                                                  NORMAL
..................................................................
TEMPERATURE (F)
 YESTERDAY
  MAXIMUM         75   1235 PM  90    1945  81     -6       84
                                      1930
                                      1927
  MINIMUM         53    617 AM  32    1962  55     -2       63
  AVERAGE         64                        68     -4       74

PRECIPITATION (IN)
  YESTERDAY        0.00          1.34 1991   0.08  -0.08     0.00
  MONTH TO DATE    1.23                      1.64  -0.41     2.47
  SINCE MAR 1      6.73                      5.97   0.76     3.45
  SINCE JAN 1     16.30                     12.48   3.82     5.42

SNOWFALL (IN)
  YESTERDAY        0.0           0.0    MM   0.0    0.0      0.0
  MONTH TO DATE    0.0                       0.0    0.0      0.0
  SINCE MAR 1      0.0                       0.0    0.0      0.0
  SINCE JUL 1      0.0                       0.0    0.0      0.0
  SNOW DEPTH       0

DEGREE DAYS
 HEATING
  YESTERDAY        1                         1      0        0
  MONTH TO DATE   15                        32    -17        9
  SINCE MAR 1    178                       169      9      289
  SINCE JUL 1   1088                      1203   -115     1021

 COOLING
  YESTERDAY        0                         4     -4        9
  MONTH TO DATE   59                        55      4       96
  SINCE MAR 1     84                       109    -25      114
  SINCE JAN 1    121                       141    -20      214
..................................................................


WIND (MPH)
  HIGHEST WIND SPEED    21   HIGHEST WIND DIRECTION     E (70)
  HIGHEST GUST SPEED    28   HIGHEST GUST DIRECTION    NE (60)
  AVERAGE WIND SPEED    10.9


SKY COVER
  POSSIBLE SUNSHINE  MM
  AVERAGE SKY COVER 0.9


WEATHER CONDITIONS
 THE FOLLOWING WEATHER WAS RECORDED YESTERDAY.
  FOG


RELATIVE HUMIDITY (PERCENT)
 HIGHEST    93           300 AM
 LOWEST     64           100 PM
 AVERAGE    79

..........................................................


THE GAINESVILLE CLIMATE NORMALS FOR TODAY
                         NORMAL    RECORD    YEAR
 MAXIMUM TEMPERATURE (F)   81        91      1967
                                             1960
                                             1930
 MINIMUM TEMPERATURE (F)   55        40      2001
                                             1999


SUNRISE AND SUNSET
APRIL 18 2014.........SUNRISE   659 AM EDT   SUNSET   758 PM EDT
APRIL 19 2014.........SUNRISE   658 AM EDT   SUNSET   758 PM EDT


-  INDICATES NEGATIVE NUMBERS.
R  INDICATES RECORD WAS SET OR TIED.
MM INDICATES DATA IS MISSING.
T  INDICATES TRACE AMOUNT.




$$
