000
CDUS42 KJAX 230530
CLIGNV


CLIMATE REPORT
NATIONAL WEATHER SERVICE JACKSONVILLE FL
130 AM EDT THU OCT 23 2014


...................................

...THE GAINESVILLE CLIMATE SUMMARY FOR OCTOBER 22 2014...

CLIMATE NORMAL PERIOD 1981 TO 2010
CLIMATE RECORD PERIOD 1890 TO 2014


WEATHER ITEM   OBSERVED TIME   RECORD YEAR NORMAL DEPARTURE LAST
                VALUE   (LST)  VALUE       VALUE  FROM      YEAR
                                                  NORMAL
..................................................................
TEMPERATURE (F)
 YESTERDAY
  MAXIMUM         79    253 PM  90    2006  80     -1       82
                                      1979
                                      1934
  MINIMUM         54    516 AM  38    1989  58     -4       71
                                      1976
                                      1925
  AVERAGE         67                        69     -2       77

PRECIPITATION (IN)
  YESTERDAY        0.00          1.65 1941   0.08  -0.08     0.03
  MONTH TO DATE    0.57                      2.28  -1.71     0.08
  SINCE SEP 1      7.85                      6.70   1.15     3.28
  SINCE JAN 1     44.91                     42.27   2.64    39.98

SNOWFALL (IN)
  YESTERDAY        0.0           0.0    MM   0.0    0.0      0.0
  MONTH TO DATE    0.0                       0.0    0.0      0.0
  SINCE SEP 1      0.0                       0.0    0.0      0.0
  SINCE JUL 1      0.0                       0.0    0.0      0.0
  SNOW DEPTH       0

DEGREE DAYS
 HEATING
  YESTERDAY        0                         1     -1        0
  MONTH TO DATE    5                        10     -5        0
  SINCE SEP 1      5                        10     -5        0
  SINCE JUL 1      5                        10     -5        0

 COOLING
  YESTERDAY        2                         5     -3       12
  MONTH TO DATE  159                       171    -12      222
  SINCE SEP 1    566                       567     -1      661
  SINCE JAN 1   2512                      2511      1     2723
..................................................................


WIND (MPH)
  HIGHEST WIND SPEED    14   HIGHEST WIND DIRECTION    NE (30)
  HIGHEST GUST SPEED    17   HIGHEST GUST DIRECTION    NE (30)
  AVERAGE WIND SPEED     5.1


SKY COVER
  POSSIBLE SUNSHINE  MM
  AVERAGE SKY COVER 0.0


WEATHER CONDITIONS
 THE FOLLOWING WEATHER WAS RECORDED YESTERDAY.
  NO SIGNIFICANT WEATHER WAS OBSERVED.


RELATIVE HUMIDITY (PERCENT)
 HIGHEST    97           200 AM
 LOWEST     42           300 PM
 AVERAGE    70

..........................................................


THE GAINESVILLE CLIMATE NORMALS FOR TODAY
                         NORMAL    RECORD    YEAR
 MAXIMUM TEMPERATURE (F)   80        90      1927
                                             1919
 MINIMUM TEMPERATURE (F)   58        42      2011
                                             2006


SUNRISE AND SUNSET
OCTOBER 23 2014.......SUNRISE   736 AM EDT   SUNSET   650 PM EDT
OCTOBER 24 2014.......SUNRISE   737 AM EDT   SUNSET   649 PM EDT


-  INDICATES NEGATIVE NUMBERS.
R  INDICATES RECORD WAS SET OR TIED.
MM INDICATES DATA IS MISSING.
T  INDICATES TRACE AMOUNT.




$$
