000
CDUS42 KJAX 280531
CLIGNV


CLIMATE REPORT
NATIONAL WEATHER SERVICE JACKSONVILLE FL
1230 AM EST SAT FEB 28 2015


...................................

...THE GAINESVILLE CLIMATE SUMMARY FOR FEBRUARY 27 2015...

CLIMATE NORMAL PERIOD 1981 TO 2010
CLIMATE RECORD PERIOD 1890 TO 2015


WEATHER ITEM   OBSERVED TIME   RECORD YEAR NORMAL DEPARTURE LAST
                VALUE   (LST)  VALUE       VALUE  FROM      YEAR
                                                  NORMAL
..................................................................
TEMPERATURE (F)
 YESTERDAY
  MAXIMUM         58    355 PM  87    2011  72    -14       58
                                      1997
                                      1971
  MINIMUM         45    808 AM  25    1974  47     -2       44
  AVERAGE         52                        60     -8       51

PRECIPITATION (IN)
  YESTERDAY        0.00          4.40 1939   0.12  -0.12      T
  MONTH TO DATE    1.91                      3.08  -1.17     4.37
  SINCE DEC 1      8.53                      8.87  -0.34    13.36
  SINCE JAN 1      5.15                      6.39  -1.24     9.57

SNOWFALL (IN)
  YESTERDAY        0.0           0.0    MM   0.0    0.0      0.0
  MONTH TO DATE    0.0                       0.0    0.0      0.0
  SINCE DEC 1      0.0                       0.0    0.0      0.0
  SINCE JUL 1      0.0                       0.0    0.0      0.0
  SNOW DEPTH       0

DEGREE DAYS
 HEATING
  YESTERDAY       13                         7      6       14
  MONTH TO DATE  325                       226     99      180
  SINCE DEC 1    875                       867      8      802
  SINCE JUL 1   1140                      1028    112      895

 COOLING
  YESTERDAY        0                         1     -1        0
  MONTH TO DATE    1                        23    -22       27
  SINCE DEC 1     51                        57     -6       92
  SINCE JAN 1     15                        35    -20       37
..................................................................


WIND (MPH)
  HIGHEST WIND SPEED    18   HIGHEST WIND DIRECTION     N (20)
  HIGHEST GUST SPEED    24   HIGHEST GUST DIRECTION    NE (40)
  AVERAGE WIND SPEED    10.4


SKY COVER
  POSSIBLE SUNSHINE  MM
  AVERAGE SKY COVER 0.4


WEATHER CONDITIONS
 THE FOLLOWING WEATHER WAS RECORDED YESTERDAY.
  NO SIGNIFICANT WEATHER WAS OBSERVED.


RELATIVE HUMIDITY (PERCENT)
 HIGHEST    89           700 AM
 LOWEST     47           300 PM
 AVERAGE    68

..........................................................


THE GAINESVILLE CLIMATE NORMALS FOR TODAY
                         NORMAL    RECORD    YEAR
 MAXIMUM TEMPERATURE (F)   72        87      1997
 MINIMUM TEMPERATURE (F)   47        25      2002


SUNRISE AND SUNSET
FEBRUARY 28 2015......SUNRISE   656 AM EST   SUNSET   628 PM EST
MARCH  1 2015.........SUNRISE   655 AM EST   SUNSET   628 PM EST


-  INDICATES NEGATIVE NUMBERS.
R  INDICATES RECORD WAS SET OR TIED.
MM INDICATES DATA IS MISSING.
T  INDICATES TRACE AMOUNT.




$$
