889
CDUS45 KMSO 272234
CLIGPI


CLIMATE REPORT
NATIONAL WEATHER SERVICE MISSOULA, MT
433 PM MDT MON MAR 27 2017


...................................

...THE KALISPELL MT CLIMATE SUMMARY FOR MARCH 27 2017...
VALID TODAY AS OF 0400 PM LOCAL TIME.

CLIMATE NORMAL PERIOD 1981 TO 2010
CLIMATE RECORD PERIOD 1894 TO 2017


WEATHER ITEM   OBSERVED TIME   RECORD YEAR NORMAL DEPARTURE LAST
                VALUE   (LST)  VALUE       VALUE  FROM      YEAR
                                                  NORMAL
..................................................................
TEMPERATURE (F)
 TODAY
  MAXIMUM         45   1214 PM  72    1986  50     -5       47
  MINIMUM         37    712 AM   1    1944  28      9       25
  AVERAGE         41                        39      2       36

PRECIPITATION (IN)
  TODAY            0.17          1.00 1936   0.04   0.13     0.06
  MONTH TO DATE    2.48                      0.95   1.53     1.22
  SINCE OCT 1     13.46                      7.25   6.21     7.57
  SINCE JAN 1      6.23                      3.25   2.98     3.52

SNOWFALL (IN)
  TODAY            0.0
  MONTH TO DATE   10.0
  SINCE JAN 1     53.0
  SINCE JUL 1     88.3
  SNOW DEPTH       0

DEGREE DAYS
 HEATING
  TODAY           24                        26     -2       29
  MONTH TO DATE  794                       818    -24      729
  SINCE MAR 1    794                       818    -24      729
  SINCE JUL 1   6994                      6670    324     6031

 COOLING
  TODAY            0                         0      0        0
  MONTH TO DATE    0                         0      0        0
  SINCE MAR 1      0                         0      0        0
  SINCE JAN 1      0                         0      0        0
..................................................................


WIND (MPH)
  HIGHEST WIND SPEED    15   HIGHEST WIND DIRECTION    SE (150)
  HIGHEST GUST SPEED    21   HIGHEST GUST DIRECTION     S (160)
  AVERAGE WIND SPEED     5.3


SKY COVER
  POSSIBLE SUNSHINE  MM
  AVERAGE SKY COVER 1.0


WEATHER CONDITIONS
 THE FOLLOWING WEATHER WAS RECORDED TODAY.
  RAIN
  LIGHT RAIN
  FOG


RELATIVE HUMIDITY (PERCENT)
 HIGHEST   100           300 AM
 LOWEST     83          1200 PM
 AVERAGE    92

..........................................................


THE KALISPELL MT CLIMATE NORMALS FOR TOMORROW
                         NORMAL    RECORD    YEAR
 MAXIMUM TEMPERATURE (F)   50        65      1986
 MINIMUM TEMPERATURE (F)   29         1      1954


SUNRISE AND SUNSET
MARCH 27 2017.........SUNRISE   725 AM MDT   SUNSET   801 PM MDT
MARCH 28 2017.........SUNRISE   723 AM MDT   SUNSET   802 PM MDT


-  INDICATES NEGATIVE NUMBERS.
R  INDICATES RECORD WAS SET OR TIED.
MM INDICATES DATA IS MISSING.
T  INDICATES TRACE AMOUNT.




$$
