000
CDUS45 KMSO 230740
CLIGPI


CLIMATE REPORT
NATIONAL WEATHER SERVICE MISSOULA, MT
140 AM MDT SAT AUG 23 2014


...................................

...THE KALISPELL MT CLIMATE SUMMARY FOR AUGUST 22 2014...

CLIMATE NORMAL PERIOD 1981 TO 2010
CLIMATE RECORD PERIOD 1894 TO 2014


WEATHER ITEM   OBSERVED TIME   RECORD YEAR NORMAL DEPARTURE LAST
                VALUE   (LST)  VALUE       VALUE  FROM      YEAR
                                                  NORMAL
..................................................................
TEMPERATURE (F)
 YESTERDAY
  MAXIMUM         64    432 PM  96    1969  80    -16       84
  MINIMUM         54   1133 AM  33    2000  46      8       41
  AVERAGE         59                        63     -4       63

PRECIPITATION (IN)
  YESTERDAY        0.05          0.64 1992   0.03   0.02     0.00
  MONTH TO DATE    1.15                      0.66   0.49     0.93
  SINCE OCT 1     18.48                     15.28   3.20    15.63
  SINCE JAN 1     14.03                     11.28   2.75    10.25

SNOWFALL (IN)
  YESTERDAY        0.0
  MONTH TO DATE    0.0
  SINCE JAN 1     38.2
  SINCE JUL 1      0.0
  SNOW DEPTH       0

DEGREE DAYS
 HEATING
  YESTERDAY        6                         4      2        2
  MONTH TO DATE   17                        54    -37       17
  SINCE JUN 1    284                       347    -63      222
  SINCE JUL 1     31                       131   -100       36

 COOLING
  YESTERDAY        0                         1     -1        0
  MONTH TO DATE   85                        53     32       81
  SINCE JUN 1    215                       133     82      222
  SINCE JAN 1    215                       136     79      222
..................................................................


WIND (MPH)
  HIGHEST WIND SPEED    22   HIGHEST WIND DIRECTION    NE (30)
  HIGHEST GUST SPEED    28   HIGHEST GUST DIRECTION    NE (30)
  AVERAGE WIND SPEED    12.3


SKY COVER
  POSSIBLE SUNSHINE  MM
  AVERAGE SKY COVER 0.9


WEATHER CONDITIONS
 THE FOLLOWING WEATHER WAS RECORDED YESTERDAY.
  LIGHT RAIN
  FOG


RELATIVE HUMIDITY (PERCENT)
 HIGHEST    83          1100 AM
 LOWEST     51           600 PM
 AVERAGE    67

..........................................................


THE KALISPELL MT CLIMATE NORMALS FOR TODAY
                         NORMAL    RECORD    YEAR
 MAXIMUM TEMPERATURE (F)   80        98      1969
 MINIMUM TEMPERATURE (F)   45        31      1962


SUNRISE AND SUNSET
AUGUST 23 2014........SUNRISE   642 AM MDT   SUNSET   836 PM MDT
AUGUST 24 2014........SUNRISE   644 AM MDT   SUNSET   834 PM MDT


-  INDICATES NEGATIVE NUMBERS.
R  INDICATES RECORD WAS SET OR TIED.
MM INDICATES DATA IS MISSING.
T  INDICATES TRACE AMOUNT.




$$
