167
CDUS45 KMSO 300743
CLIGPI


CLIMATE REPORT
NATIONAL WEATHER SERVICE MISSOULA, MT
137 AM MDT MON MAY 30 2016


...................................

...THE KALISPELL MT CLIMATE SUMMARY FOR MAY 29 2016...

CLIMATE NORMAL PERIOD 1981 TO 2010
CLIMATE RECORD PERIOD 1894 TO 2016


WEATHER ITEM   OBSERVED TIME   RECORD YEAR NORMAL DEPARTURE LAST
                VALUE   (LST)  VALUE       VALUE  FROM      YEAR
                                                  NORMAL
..................................................................
TEMPERATURE (F)
 YESTERDAY
  MAXIMUM         67    504 PM  94    1986  68     -1       77
  MINIMUM         33    456 AM  28    1951  42     -9       42
  AVERAGE         50                        55     -5       60

PRECIPITATION (IN)
  YESTERDAY        0.02          0.53 1938   0.09  -0.07     0.01
  MONTH TO DATE    3.10                      1.81   1.29     0.12
  SINCE OCT 1     12.32                     10.44   1.88    11.74
  SINCE JAN 1      8.27                      6.44   1.83     5.66

SNOWFALL (IN)
  YESTERDAY        0.0
  MONTH TO DATE    0.0
  SINCE JAN 1     14.6
  SINCE JUL 1     41.4
  SNOW DEPTH       0

DEGREE DAYS
 HEATING
  YESTERDAY       15                        10      5        5
  MONTH TO DATE  336                       393    -57      330
  SINCE MAR 1   1629                      1952   -323     1754
  SINCE JUL 1   6931                      7804   -873     7204

 COOLING
  YESTERDAY        0                         0      0        0
  MONTH TO DATE    0                         0      0        0
  SINCE MAR 1      0                         0      0        0
  SINCE JAN 1      0                         0      0        0
..................................................................


WIND (MPH)
  HIGHEST WIND SPEED    29   HIGHEST WIND DIRECTION    SW (220)
  HIGHEST GUST SPEED    38   HIGHEST GUST DIRECTION    SW (210)
  AVERAGE WIND SPEED     6.2


SKY COVER
  POSSIBLE SUNSHINE  MM
  AVERAGE SKY COVER 0.3


WEATHER CONDITIONS
 THE FOLLOWING WEATHER WAS RECORDED YESTERDAY.
  LIGHT RAIN


RELATIVE HUMIDITY (PERCENT)
 HIGHEST   100           200 AM
 LOWEST     45           500 PM
 AVERAGE    73

..........................................................


THE KALISPELL MT CLIMATE NORMALS FOR TODAY
                         NORMAL    RECORD    YEAR
 MAXIMUM TEMPERATURE (F)   68        95      1936
 MINIMUM TEMPERATURE (F)   42        26      2001


SUNRISE AND SUNSET
MAY 30 2016...........SUNRISE   542 AM MDT   SUNSET   928 PM MDT
MAY 31 2016...........SUNRISE   541 AM MDT   SUNSET   929 PM MDT


-  INDICATES NEGATIVE NUMBERS.
R  INDICATES RECORD WAS SET OR TIED.
MM INDICATES DATA IS MISSING.
T  INDICATES TRACE AMOUNT.




$$
