454
CDUS45 KMSO 190738
CLIGPI


CLIMATE REPORT
NATIONAL WEATHER SERVICE MISSOULA, MT
1238 AM MST SUN NOV 19 2017


...................................

...THE KALISPELL MT CLIMATE SUMMARY FOR NOVEMBER 18 2017...

CLIMATE NORMAL PERIOD 1981 TO 2010
CLIMATE RECORD PERIOD 1894 TO 2017


WEATHER ITEM   OBSERVED TIME   RECORD YEAR NORMAL DEPARTURE LAST
                VALUE   (LST)  VALUE       VALUE  FROM      YEAR
                                                  NORMAL
..................................................................
TEMPERATURE (F)
 YESTERDAY
  MAXIMUM         42   1215 PM  65    2008  38      4       39
  MINIMUM         23   1159 PM -10    1903  24     -1       22
  AVERAGE         33                        31      2       31

PRECIPITATION (IN)
  YESTERDAY        0.00          0.67 1959   0.05  -0.05     0.00
  MONTH TO DATE    0.81                      0.85  -0.04     0.34
  SINCE OCT 1      2.04                      1.86   0.18     5.20
  SINCE JAN 1     13.89                     14.85  -0.96    18.29

SNOWFALL (IN)
  YESTERDAY        0.0
  MONTH TO DATE    8.3
  SINCE JAN 1     62.8
  SINCE JUL 1      8.3
  SNOW DEPTH       0

DEGREE DAYS
 HEATING
  YESTERDAY       32                        34     -2       34
  MONTH TO DATE  623                       561     62      430
  SINCE SEP 1   1649                      1599     50     1439
  SINCE JUL 1   1698                      1769    -71     1586

 COOLING
  YESTERDAY        0                         0      0        0
  MONTH TO DATE    0                         0      0        0
  SINCE SEP 1      4                         4      0        1
  SINCE JAN 1    228                       147     81      157
..................................................................


WIND (MPH)
  HIGHEST WIND SPEED    17   HIGHEST WIND DIRECTION    SW (220)
  HIGHEST GUST SPEED    21   HIGHEST GUST DIRECTION    SW (210)
  AVERAGE WIND SPEED     6.3


SKY COVER
  POSSIBLE SUNSHINE  MM
  AVERAGE SKY COVER 0.8


WEATHER CONDITIONS
 THE FOLLOWING WEATHER WAS RECORDED YESTERDAY.
  NO SIGNIFICANT WEATHER WAS OBSERVED.


RELATIVE HUMIDITY (PERCENT)
 HIGHEST    88          1100 PM
 LOWEST     49          1200 PM
 AVERAGE    69

..........................................................


THE KALISPELL MT CLIMATE NORMALS FOR TODAY
                         NORMAL    RECORD    YEAR
 MAXIMUM TEMPERATURE (F)   38        59      1897
 MINIMUM TEMPERATURE (F)   24       -12      1921


SUNRISE AND SUNSET
NOVEMBER 19 2017......SUNRISE   751 AM MST   SUNSET   454 PM MST
NOVEMBER 20 2017......SUNRISE   752 AM MST   SUNSET   453 PM MST


-  INDICATES NEGATIVE NUMBERS.
R  INDICATES RECORD WAS SET OR TIED.
MM INDICATES DATA IS MISSING.
T  INDICATES TRACE AMOUNT.




$$
