000
CDUS45 KMSO 300738
CLIGPI


CLIMATE REPORT
NATIONAL WEATHER SERVICE MISSOULA, MT
1237 AM MST FRI JAN 30 2015


...................................

...THE KALISPELL MT CLIMATE SUMMARY FOR JANUARY 29 2015...

CLIMATE NORMAL PERIOD 1981 TO 2010
CLIMATE RECORD PERIOD 1894 TO 2015


WEATHER ITEM   OBSERVED TIME   RECORD YEAR NORMAL DEPARTURE LAST
                VALUE   (LST)  VALUE       VALUE  FROM      YEAR
                                                  NORMAL
..................................................................
TEMPERATURE (F)
 YESTERDAY
  MAXIMUM         35    429 PM  47    1971  33      2       29
  MINIMUM          8    654 AM -28    1980  18    -10       23
  AVERAGE         22                        25     -3       26

PRECIPITATION (IN)
  YESTERDAY        0.00          0.83 1908   0.03  -0.03     0.46
  MONTH TO DATE    2.41                      1.26   1.15     1.31
  SINCE OCT 1      8.49                      5.26   3.23     5.76
  SINCE JAN 1      2.41                      1.26   1.15     1.31

SNOWFALL (IN)
  YESTERDAY        0.0
  MONTH TO DATE   30.4
  SINCE JAN 1     30.4
  SINCE JUL 1     56.9
  SNOW DEPTH       5

DEGREE DAYS
 HEATING
  YESTERDAY       43                        40      3       39
  MONTH TO DATE 1217                      1199     18     1100
  SINCE DEC 1   2446                      2509    -63     2462
  SINCE JUL 1   4444                      4713   -269     4539

 COOLING
  YESTERDAY        0                         0      0        0
  MONTH TO DATE    0                         0      0        0
  SINCE DEC 1      0                         0      0        0
  SINCE JAN 1      0                         0      0        0
..................................................................


WIND (MPH)
  HIGHEST WIND SPEED     8   HIGHEST WIND DIRECTION    NE (30)
  HIGHEST GUST SPEED     8   HIGHEST GUST DIRECTION    NE (30)
  AVERAGE WIND SPEED     1.1


SKY COVER
  POSSIBLE SUNSHINE  MM
  AVERAGE SKY COVER 0.3


WEATHER CONDITIONS
 THE FOLLOWING WEATHER WAS RECORDED YESTERDAY.
  FOG
  FOG W/VISIBILITY <= 1/4 MILE


RELATIVE HUMIDITY (PERCENT)
 HIGHEST   100           100 AM
 LOWEST     78           400 PM
 AVERAGE    89

..........................................................


THE KALISPELL MT CLIMATE NORMALS FOR TODAY
                         NORMAL    RECORD    YEAR
 MAXIMUM TEMPERATURE (F)   33        51      1989
 MINIMUM TEMPERATURE (F)   18       -38      1950


SUNRISE AND SUNSET
JANUARY 30 2015.......SUNRISE   808 AM MST   SUNSET   533 PM MST
JANUARY 31 2015.......SUNRISE   807 AM MST   SUNSET   535 PM MST


-  INDICATES NEGATIVE NUMBERS.
R  INDICATES RECORD WAS SET OR TIED.
MM INDICATES DATA IS MISSING.
T  INDICATES TRACE AMOUNT.




$$
