000
CDUS45 KMSO 100738
CLIGPI


CLIMATE REPORT
NATIONAL WEATHER SERVICE MISSOULA, MT
138 AM MDT THU JUL 10 2014


...................................

...THE KALISPELL MT CLIMATE SUMMARY FOR JULY 9 2014...

CLIMATE NORMAL PERIOD 1981 TO 2010
CLIMATE RECORD PERIOD 1894 TO 2014


WEATHER ITEM   OBSERVED TIME   RECORD YEAR NORMAL DEPARTURE LAST
                VALUE   (LST)  VALUE       VALUE  FROM      YEAR
                                                  NORMAL
..................................................................
TEMPERATURE (F)
 YESTERDAY
  MAXIMUM         90    535 PM  96    1985  80     10       81
  MINIMUM         52    444 AM  37    2004  47      5       43
                                      1981
  AVERAGE         71                        64      7       62

PRECIPITATION (IN)
  YESTERDAY        0.00          0.39 1943   0.06  -0.06     0.00
  MONTH TO DATE    0.10                      0.56  -0.46     0.30
  SINCE OCT 1     17.04                     13.73   3.31    14.69
  SINCE JAN 1     12.59                      9.73   2.86     9.31

SNOWFALL (IN)
  YESTERDAY        0.0
  MONTH TO DATE    0.0
  SINCE JAN 1     38.2
  SINCE JUL 1      0.0
  SNOW DEPTH       0

DEGREE DAYS
 HEATING
  YESTERDAY        0                         3     -3        3
  MONTH TO DATE    0                        34    -34        7
  SINCE JUN 1    253                       250      3      193
  SINCE JUL 1      0                        34    -34        7

 COOLING
  YESTERDAY        6                         2      4        0
  MONTH TO DATE   34                        10     24       40
  SINCE JUN 1     34                        23     11       59
  SINCE JAN 1     34                        26      8       59
..................................................................


WIND (MPH)
  HIGHEST WIND SPEED    17   HIGHEST WIND DIRECTION     S (160)
  HIGHEST GUST SPEED    23   HIGHEST GUST DIRECTION     S (160)
  AVERAGE WIND SPEED     5.0


SKY COVER
  POSSIBLE SUNSHINE  MM
  AVERAGE SKY COVER 0.0


WEATHER CONDITIONS
 THE FOLLOWING WEATHER WAS RECORDED YESTERDAY.
  NO SIGNIFICANT WEATHER WAS OBSERVED.


RELATIVE HUMIDITY (PERCENT)
 HIGHEST    93           500 AM
 LOWEST     29           600 PM
 AVERAGE    61

..........................................................


THE KALISPELL MT CLIMATE NORMALS FOR TODAY
                         NORMAL    RECORD    YEAR
 MAXIMUM TEMPERATURE (F)   80       102      1973
 MINIMUM TEMPERATURE (F)   48        37      1967


SUNRISE AND SUNSET
JULY 10 2014..........SUNRISE   547 AM MDT   SUNSET   937 PM MDT
JULY 11 2014..........SUNRISE   548 AM MDT   SUNSET   937 PM MDT


-  INDICATES NEGATIVE NUMBERS.
R  INDICATES RECORD WAS SET OR TIED.
MM INDICATES DATA IS MISSING.
T  INDICATES TRACE AMOUNT.




$$
