000
CDUS45 KMSO 080838
CLIGPI


CLIMATE REPORT
NATIONAL WEATHER SERVICE MISSOULA, MT
138 AM MST THU DEC 8 2016


...................................

...THE KALISPELL MT CLIMATE SUMMARY FOR DECEMBER 7 2016...

CLIMATE NORMAL PERIOD 1981 TO 2010
CLIMATE RECORD PERIOD 1894 TO 2016


WEATHER ITEM   OBSERVED TIME   RECORD YEAR NORMAL DEPARTURE LAST
                VALUE   (LST)  VALUE       VALUE  FROM      YEAR
                                                  NORMAL
..................................................................
TEMPERATURE (F)
 YESTERDAY
  MAXIMUM         13    242 PM  47    1918  31    -18       40
  MINIMUM          0   1159 PM -19    2005  17    -17       35
  AVERAGE          7                        24    -17       38

PRECIPITATION (IN)
  YESTERDAY        0.00          0.45 2015   0.04  -0.04     0.45
  MONTH TO DATE    0.39                      0.34   0.05     0.55
  SINCE OCT 1      5.87                      2.78   3.09     2.16
  SINCE JAN 1     18.96                     15.77   3.19     9.76

SNOWFALL (IN)
  YESTERDAY        0.0
  MONTH TO DATE    6.7
  SINCE JAN 1     23.0
  SINCE JUL 1      8.4
  SNOW DEPTH       3

DEGREE DAYS
 HEATING
  YESTERDAY       58                        41     17       27
  MONTH TO DATE  283                       280      3      242
  SINCE DEC 1    283                       280      3      242
  SINCE JUL 1   2242                      2484   -242     2261

 COOLING
  YESTERDAY        0                         0      0        0
  MONTH TO DATE    0                         0      0        0
  SINCE DEC 1      0                         0      0        0
  SINCE JAN 1    157                       147     10      248
..................................................................


WIND (MPH)
  HIGHEST WIND SPEED    20   HIGHEST WIND DIRECTION    NE (30)
  HIGHEST GUST SPEED    24   HIGHEST GUST DIRECTION     N (20)
  AVERAGE WIND SPEED     9.7


SKY COVER
  POSSIBLE SUNSHINE  MM
  AVERAGE SKY COVER 0.6


WEATHER CONDITIONS
 THE FOLLOWING WEATHER WAS RECORDED YESTERDAY.
  NO SIGNIFICANT WEATHER WAS OBSERVED.


RELATIVE HUMIDITY (PERCENT)
 HIGHEST    79           700 PM
 LOWEST     58           100 PM
 AVERAGE    69

..........................................................


THE KALISPELL MT CLIMATE NORMALS FOR TODAY
                         NORMAL    RECORD    YEAR
 MAXIMUM TEMPERATURE (F)   31        55      1938
 MINIMUM TEMPERATURE (F)   17       -20      1972


SUNRISE AND SUNSET
DECEMBER  8 2016......SUNRISE   816 AM MST   SUNSET   443 PM MST
DECEMBER  9 2016......SUNRISE   817 AM MST   SUNSET   443 PM MST


-  INDICATES NEGATIVE NUMBERS.
R  INDICATES RECORD WAS SET OR TIED.
MM INDICATES DATA IS MISSING.
T  INDICATES TRACE AMOUNT.




$$
