000
CDUS43 KGRB 290707
CLIGRB


CLIMATE REPORT
NATIONAL WEATHER SERVICE GREEN BAY
204 AM CDT SUN MAY 29 2016


...................................

...THE GREEN BAY WI CLIMATE SUMMARY FOR MAY 28 2016...

CLIMATE NORMAL PERIOD 1981 TO 2010
CLIMATE RECORD PERIOD 1886 TO 2016


WEATHER ITEM   OBSERVED TIME   RECORD YEAR NORMAL DEPARTURE LAST
                VALUE   (LST)  VALUE       VALUE  FROM      YEAR
                                                  NORMAL
..................................................................
TEMPERATURE (F)
 YESTERDAY
  MAXIMUM         81    526 PM  89    1991  70     11       83
  MINIMUM         64    911 PM  31    1949  48     16       55
                                      1889
  AVERAGE         73                        59     14       69

PRECIPITATION (IN)
  YESTERDAY        0.14          1.56 2006   0.11   0.03     0.00
  MONTH TO DATE    3.26                      2.58   0.68     2.75
  SINCE MAR 1      8.60                      7.06   1.54     5.28
  SINCE JAN 1     11.08                      9.30   1.78     6.25

SNOWFALL (IN)
  YESTERDAY        0.0           3.0  1947   0.0    0.0      0.0
  MONTH TO DATE    T                         0.2   -0.2      0.0
  SINCE MAR 1     16.2                      11.2    5.0      4.2
  SINCE JUL 1     50.0                      51.4   -1.4     32.7
  SNOW DEPTH       0

DEGREE DAYS
 HEATING
  YESTERDAY        0                         7     -7        0
  MONTH TO DATE  247                       306    -59      184
  SINCE MAR 1   1784                      2003   -219     1716
  SINCE JUL 1   6595                      7843  -1248     7754

 COOLING
  YESTERDAY        8                         1      7        4
  MONTH TO DATE   24                        11     13       21
  SINCE MAR 1     24                        13     11       21
  SINCE JAN 1     24                        13     11       21
..................................................................


WIND (MPH)
  HIGHEST WIND SPEED    29   HIGHEST WIND DIRECTION     S (200)
  HIGHEST GUST SPEED    38   HIGHEST GUST DIRECTION    SW (220)
  AVERAGE WIND SPEED    12.0


SKY COVER
  POSSIBLE SUNSHINE  MM
  AVERAGE SKY COVER 0.5


WEATHER CONDITIONS
 THE FOLLOWING WEATHER WAS RECORDED YESTERDAY.
  THUNDERSTORM
  RAIN
  LIGHT RAIN
  FOG


RELATIVE HUMIDITY (PERCENT)
 HIGHEST    93          1200 AM
 LOWEST     54           600 PM
 AVERAGE    74

..........................................................


THE GREEN BAY WI CLIMATE NORMALS FOR TODAY
                         NORMAL    RECORD    YEAR
 MAXIMUM TEMPERATURE (F)   70        91      1895
 MINIMUM TEMPERATURE (F)   48        32      1965


SUNRISE AND SUNSET
MAY 29 2016...........SUNRISE   512 AM CDT   SUNSET   828 PM CDT
MAY 30 2016...........SUNRISE   512 AM CDT   SUNSET   829 PM CDT


-  INDICATES NEGATIVE NUMBERS.
R  INDICATES RECORD WAS SET OR TIED.
MM INDICATES DATA IS MISSING.
T  INDICATES TRACE AMOUNT.

$$
