000
CDUS43 KGID 300633
CLIGRI


CLIMATE REPORT
NATIONAL WEATHER SERVICE HASTINGS NE
132 AM CDT THU JUL 30 2015


...................................

...THE GRAND ISLAND NE CLIMATE SUMMARY FOR JULY 29 2015...

CLIMATE NORMAL PERIOD 1981 TO 2010
CLIMATE RECORD PERIOD 1895 TO 2015


WEATHER ITEM   OBSERVED TIME   RECORD YEAR NORMAL DEPARTURE LAST
                VALUE   (LST)  VALUE       VALUE  FROM      YEAR
                                                  NORMAL
..................................................................
TEMPERATURE (F)
 YESTERDAY
  MAXIMUM         84    522 PM 105    1947  87     -3       79
  MINIMUM         55    527 AM  52    1991  65    -10       63
                                      1971
  AVERAGE         70                        76     -6       71

PRECIPITATION (IN)
  YESTERDAY        0.00          4.23 2007   0.11  -0.11     0.13
  MONTH TO DATE    2.05                      3.18  -1.13     2.19
  SINCE JUN 1      7.72                      7.48   0.24    11.84
  SINCE JAN 1     14.88                     17.43  -2.55    16.33

SNOWFALL (IN)
  YESTERDAY        0.0                       0.0    0.0      0.0
  MONTH TO DATE    0.0                       0.0    0.0      0.0
  SINCE JUN 1      0.0                       0.0    0.0      0.0
  SINCE JUL 1      0.0                       0.0    0.0      0.0
  6 AM SNOW DEPTH  0

DEGREE DAYS
 HEATING
  YESTERDAY        0                         0      0        0
  MONTH TO DATE    5                         0      5        4
  SINCE JUN 1     10                        24    -14       14
  SINCE JUL 1      5                         0      5        4

 COOLING
  YESTERDAY        5                        11     -6        6
  MONTH TO DATE  320                       328     -8      258
  SINCE JUN 1    529                       541    -12      508
  SINCE JAN 1    556                       606    -50      627
..................................................................


WIND (MPH)
  HIGHEST WIND SPEED    10   HIGHEST WIND DIRECTION    SW (220)
  HIGHEST GUST SPEED    13   HIGHEST GUST DIRECTION     N (20)
  AVERAGE WIND SPEED     4.2


SKY COVER
  AVERAGE SKY COVER 0.0


WEATHER CONDITIONS
 THE FOLLOWING WEATHER WAS RECORDED YESTERDAY.
  HAZE


RELATIVE HUMIDITY (PERCENT)
 HIGHEST    86           300 AM
 LOWEST     28          1100 AM
 AVERAGE    57

..........................................................


THE GRAND ISLAND NE CLIMATE NORMALS FOR TODAY
                         NORMAL    RECORD    YEAR
 MAXIMUM TEMPERATURE (F)   87       108      1917
 MINIMUM TEMPERATURE (F)   65        42      1971


SUNRISE AND SUNSET
JULY 30 2015..........SUNRISE   627 AM CDT   SUNSET   852 PM CDT
JULY 31 2015..........SUNRISE   628 AM CDT   SUNSET   851 PM CDT


-  INDICATES NEGATIVE NUMBERS.
R  INDICATES RECORD WAS SET OR TIED.
MM INDICATES DATA IS MISSING.
T  INDICATES TRACE AMOUNT.




$$
