000
CDUS43 KGID 080640
CLIGRI


CLIMATE REPORT
NATIONAL WEATHER SERVICE HASTINGS NE
1240 AM CST MON FEB 8 2016


...................................

...THE GRAND ISLAND NE CLIMATE SUMMARY FOR FEBRUARY 7 2016...

CLIMATE NORMAL PERIOD 1981 TO 2010
CLIMATE RECORD PERIOD 1895 TO 2016


WEATHER ITEM   OBSERVED TIME   RECORD YEAR NORMAL DEPARTURE LAST
                VALUE   (LST)  VALUE       VALUE  FROM      YEAR
                                                  NORMAL
..................................................................
TEMPERATURE (F)
 YESTERDAY
  MAXIMUM         42    139 PM  69    1987  38      4       59
  MINIMUM         29   1159 PM -21    1936  16     13       35
  AVERAGE         36                        27      9       47

PRECIPITATION (IN)
  YESTERDAY        0.00          0.92 1928   0.02  -0.02     0.00
  MONTH TO DATE    1.85                      0.14   1.71     0.56
  SINCE DEC 1      4.05                      1.30   2.75     1.79
  SINCE JAN 1      2.17                      0.67   1.50     1.03

SNOWFALL (IN)
  YESTERDAY        0.0           4.7  1980   0.2   -0.2      0.0
  MONTH TO DATE   18.6                       1.7   16.9      8.0
  SINCE DEC 1     25.6                      13.3   12.3     17.6
  SINCE JUL 1     31.2                      17.5   13.7     19.8
  SNOW DEPTH       0

DEGREE DAYS
 HEATING
  YESTERDAY       29                        38     -9       18
  MONTH TO DATE  267                       270     -3      293
  SINCE DEC 1   2445                      2696   -251     2552
  SINCE JUL 1   3411                      4026   -615     3885

 COOLING
  YESTERDAY        0                         0      0        0
  MONTH TO DATE    0                         0      0        0
  SINCE DEC 1      0                         0      0        0
  SINCE JAN 1      0                         0      0        0
..................................................................


WIND (MPH)
  HIGHEST WIND SPEED    38   HIGHEST WIND DIRECTION    NW (310)
  HIGHEST GUST SPEED    49   HIGHEST GUST DIRECTION    NW (320)
  AVERAGE WIND SPEED    20.3


SKY COVER
  AVERAGE SKY COVER 0.3


WEATHER CONDITIONS
 THE FOLLOWING WEATHER WAS RECORDED YESTERDAY.
  NO SIGNIFICANT WEATHER WAS OBSERVED.


RELATIVE HUMIDITY (PERCENT)
 HIGHEST    75           100 AM
 LOWEST     39           100 PM
 AVERAGE    57

..........................................................


THE GRAND ISLAND NE CLIMATE NORMALS FOR TODAY
                         NORMAL    RECORD    YEAR
 MAXIMUM TEMPERATURE (F)   38        72      1999
 MINIMUM TEMPERATURE (F)   17       -23      1933


SUNRISE AND SUNSET
FEBRUARY  8 2016......SUNRISE   737 AM CST   SUNSET   559 PM CST
FEBRUARY  9 2016......SUNRISE   736 AM CST   SUNSET   600 PM CST


-  INDICATES NEGATIVE NUMBERS.
R  INDICATES RECORD WAS SET OR TIED.
MM INDICATES DATA IS MISSING.
T  INDICATES TRACE AMOUNT.




$$
