000
CDUS43 KGID 260645
CLIGRI


CLIMATE REPORT
NATIONAL WEATHER SERVICE HASTINGS NE
1243 AM CST MON JAN 26 2015


...................................

...THE GRAND ISLAND NE CLIMATE SUMMARY FOR JANUARY 25 2015...

CLIMATE NORMAL PERIOD 1981 TO 2010
CLIMATE RECORD PERIOD 1895 TO 2015


WEATHER ITEM   OBSERVED TIME   RECORD YEAR NORMAL DEPARTURE LAST
                VALUE   (LST)  VALUE       VALUE  FROM      YEAR
                                                  NORMAL
..................................................................
TEMPERATURE (F)
 YESTERDAY
  MAXIMUM         45   1216 AM  65    2005  36      9       50
                                      1944
                                      1931
  MINIMUM         25    915 PM -19    1936  15     10       36
  AVERAGE         35                        25     10       43

PRECIPITATION (IN)
  YESTERDAY        T             0.41 1950   0.01  -0.01      T
  MONTH TO DATE    0.03                      0.41  -0.38     0.14
  SINCE DEC 1      0.79                      1.04  -0.25     0.25
  SINCE JAN 1      0.03                      0.41  -0.38     0.14

SNOWFALL (IN)
  YESTERDAY        0.0           5.0  1950   0.3   -0.3      0.0
  MONTH TO DATE    0.9                       5.1   -4.2      2.4
  SINCE DEC 1      6.8                      10.2   -3.4      4.6
  SINCE JUL 1      9.0                      14.4   -5.4      4.8
  SNOW DEPTH       0

DEGREE DAYS
 HEATING
  YESTERDAY       30                        40    -10       22
  MONTH TO DATE 1001                      1000      1      958
  SINCE DEC 1   2106                      2189    -83     2194
  SINCE JUL 1   3439                      3519    -80     3422

 COOLING
  YESTERDAY        0                         0      0        0
  MONTH TO DATE    0                         0      0        0
  SINCE DEC 1      0                         0      0        0
  SINCE JAN 1      0                         0      0        0
..................................................................


WIND (MPH)
  HIGHEST WIND SPEED    40   HIGHEST WIND DIRECTION     N (340)
  HIGHEST GUST SPEED    50   HIGHEST GUST DIRECTION     N (340)
  AVERAGE WIND SPEED    16.4


SKY COVER
  AVERAGE SKY COVER 0.8


WEATHER CONDITIONS
 THE FOLLOWING WEATHER WAS RECORDED YESTERDAY.
  LIGHT RAIN
  FOG


RELATIVE HUMIDITY (PERCENT)
 HIGHEST    85           600 AM
 LOWEST     60           400 PM
 AVERAGE    73

..........................................................


THE GRAND ISLAND NE CLIMATE NORMALS FOR TODAY
                         NORMAL    RECORD    YEAR
 MAXIMUM TEMPERATURE (F)   36        72      2002
 MINIMUM TEMPERATURE (F)   15       -26      1950


SUNRISE AND SUNSET
JANUARY 26 2015.......SUNRISE   749 AM CST   SUNSET   543 PM CST
JANUARY 27 2015.......SUNRISE   748 AM CST   SUNSET   544 PM CST


-  INDICATES NEGATIVE NUMBERS.
R  INDICATES RECORD WAS SET OR TIED.
MM INDICATES DATA IS MISSING.
T  INDICATES TRACE AMOUNT.




$$

BRYANT
