000
CDUS43 KGID 232222
CLIGRI


CLIMATE REPORT
NATIONAL WEATHER SERVICE HASTINGS NE
522 PM CDT WED JUL 23 2014


...................................

...THE GRAND ISLAND NE CLIMATE SUMMARY FOR JULY 23 2014...
VALID TODAY AS OF 0500 PM LOCAL TIME.

CLIMATE NORMAL PERIOD 1981 TO 2010
CLIMATE RECORD PERIOD 1895 TO 2014


WEATHER ITEM   OBSERVED TIME   RECORD YEAR NORMAL DEPARTURE LAST
                VALUE   (LST)  VALUE       VALUE  FROM      YEAR
                                                  NORMAL
..................................................................
TEMPERATURE (F)
 TODAY
  MAXIMUM         83    359 PM 106    1940  88     -5       80
                                      1934
  MINIMUM         62    540 AM  48    1948  65     -3       64
  AVERAGE         73                        76     -3       72

PRECIPITATION (IN)
  TODAY            0.00          0.84 1968   0.11  -0.11     0.36
  MONTH TO DATE    2.06                      2.57  -0.51     0.74
  SINCE JUN 1     11.71                      6.87   4.84     2.37
  SINCE JAN 1     16.20                     16.82  -0.62    15.74

SNOWFALL (IN)
  TODAY            0.0                       0.0    0.0      0.0
  MONTH TO DATE    0.0                       0.0    0.0      0.0
  SINCE JUN 1      0.0                       0.0    0.0      0.0
  SINCE JUL 1      0.0                       0.0    0.0      0.0
  SNOW DEPTH       0

DEGREE DAYS
 HEATING
  TODAY            0                         0      0        0
  MONTH TO DATE    4                         0      4        0
  SINCE JUN 1     14                        24    -10       21
  SINCE JUL 1      4                         0      4        0

 COOLING
  TODAY            8                        11     -3        7
  MONTH TO DATE  191                       262    -71      323
  SINCE JUN 1    441                       475    -34      582
  SINCE JAN 1    560                       540     20      677
..................................................................


WIND (MPH)
  HIGHEST WIND SPEED    14   HIGHEST WIND DIRECTION     E (100)
  HIGHEST GUST SPEED    19   HIGHEST GUST DIRECTION     E (110)
  AVERAGE WIND SPEED     6.4


SKY COVER
  POSSIBLE SUNSHINE  MM
  AVERAGE SKY COVER 0.0


WEATHER CONDITIONS
 THE FOLLOWING WEATHER WAS RECORDED TODAY.
  NO SIGNIFICANT WEATHER WAS OBSERVED.


RELATIVE HUMIDITY (PERCENT)
 HIGHEST    93           200 AM
 LOWEST     45           200 PM
 AVERAGE    69

..........................................................


THE GRAND ISLAND NE CLIMATE NORMALS FOR TOMORROW
                         NORMAL    RECORD    YEAR
 MAXIMUM TEMPERATURE (F)   87       117      1936
 MINIMUM TEMPERATURE (F)   65        52      1896


SUNRISE AND SUNSET
JULY 23 2014..........SUNRISE   621 AM CDT   SUNSET   858 PM CDT
JULY 24 2014..........SUNRISE   622 AM CDT   SUNSET   857 PM CDT


-  INDICATES NEGATIVE NUMBERS.
R  INDICATES RECORD WAS SET OR TIED.
MM INDICATES DATA IS MISSING.
T  INDICATES TRACE AMOUNT.




$$
