000
CDUS43 KGID 250638
CLIGRI


CLIMATE REPORT
NATIONAL WEATHER SERVICE HASTINGS NE
135 AM CDT TUE APR 25 2017


...................................

...THE GRAND ISLAND NE CLIMATE SUMMARY FOR APRIL 24 2017...

CLIMATE NORMAL PERIOD 1981 TO 2010
CLIMATE RECORD PERIOD 1895 TO 2017


WEATHER ITEM   OBSERVED TIME   RECORD YEAR NORMAL DEPARTURE LAST
                VALUE   (LST)  VALUE       VALUE  FROM      YEAR
                                                  NORMAL
..................................................................
TEMPERATURE (F)
 YESTERDAY
  MAXIMUM         75    418 PM  96    2012  66      9       77
  MINIMUM         49   1159 PM  22    1956  41      8       51
  AVERAGE         62                        54      8       64

PRECIPITATION (IN)
  YESTERDAY        T             2.67 2007   0.10  -0.10      T
  MONTH TO DATE    0.13                      1.91  -1.78     3.38
  SINCE MAR 1      0.94                      3.71  -2.77     3.99
  SINCE JAN 1      2.26                      4.92  -2.66     6.17

SNOWFALL (IN)
  YESTERDAY        0.0           2.8  1931   0.0    0.0      0.0
  MONTH TO DATE    0.0                       1.4   -1.4      0.0
  SINCE MAR 1      1.2                       6.8   -5.6      2.6
  SINCE JUL 1      8.9                      28.9  -20.0     33.8
  6 AM SNOW DEPTH  0

DEGREE DAYS
 HEATING
  YESTERDAY        3                        12     -9        1
  MONTH TO DATE  264                       380   -116      279
  SINCE MAR 1    961                      1176   -215      866
  SINCE JUL 1   5027                      5937   -910     4864

 COOLING
  YESTERDAY        0                         1     -1        0
  MONTH TO DATE    5                         5      0        0
  SINCE MAR 1      5                         5      0        0
  SINCE JAN 1      5                         5      0        0
..................................................................


WIND (MPH)
  HIGHEST WIND SPEED    32   HIGHEST WIND DIRECTION     S (190)
  HIGHEST GUST SPEED    39   HIGHEST GUST DIRECTION     S (190)
  AVERAGE WIND SPEED    16.0


SKY COVER
  AVERAGE SKY COVER 0.0


WEATHER CONDITIONS
 THE FOLLOWING WEATHER WAS RECORDED YESTERDAY.
  NO SIGNIFICANT WEATHER WAS OBSERVED.


RELATIVE HUMIDITY (PERCENT)
 HIGHEST    66          1000 PM
 LOWEST     31           400 PM
 AVERAGE    49

..........................................................


THE GRAND ISLAND NE CLIMATE NORMALS FOR TODAY
                         NORMAL    RECORD    YEAR
 MAXIMUM TEMPERATURE (F)   66        92      1981
 MINIMUM TEMPERATURE (F)   42        27      2002


SUNRISE AND SUNSET
APRIL 25 2017.........SUNRISE   639 AM CDT   SUNSET   824 PM CDT
APRIL 26 2017.........SUNRISE   638 AM CDT   SUNSET   825 PM CDT


-  INDICATES NEGATIVE NUMBERS.
R  INDICATES RECORD WAS SET OR TIED.
MM INDICATES DATA IS MISSING.
T  INDICATES TRACE AMOUNT.




$$
