000
CDUS43 KGID 260707
CLIGRI


CLIMATE REPORT
NATIONAL WEATHER SERVICE HASTINGS NE
206 AM CDT FRI AUG 26 2016


...................................

...THE GRAND ISLAND NE CLIMATE SUMMARY FOR AUGUST 25 2016...

CLIMATE NORMAL PERIOD 1981 TO 2010
CLIMATE RECORD PERIOD 1895 TO 2016


WEATHER ITEM   OBSERVED TIME   RECORD YEAR NORMAL DEPARTURE LAST
                VALUE   (LST)  VALUE       VALUE  FROM      YEAR
                                                  NORMAL
..................................................................
TEMPERATURE (F)
 YESTERDAY
  MAXIMUM         79    225 PM 104    1901  85     -6       84
  MINIMUM         56   1157 PM  42    1934  61     -5       52
  AVERAGE         68                        73     -5       68

PRECIPITATION (IN)
  YESTERDAY        0.00          2.28 1987   0.09  -0.09     0.00
  MONTH TO DATE    0.44                      2.59  -2.15     1.24
  SINCE JUN 1      4.59                     10.29  -5.70     9.49
  SINCE JAN 1     19.27                     20.24  -0.97    16.65

SNOWFALL (IN)
  YESTERDAY        0.0                       0.0    0.0      0.0
  MONTH TO DATE    0.0                       0.0    0.0      0.0
  SINCE JUN 1      0.0                       0.0    0.0      0.0
  SINCE JUL 1      0.0                       0.0    0.0      0.0
  SNOW DEPTH       0

DEGREE DAYS
 HEATING
  YESTERDAY        0                         0      0        0
  MONTH TO DATE    0                         0      0        8
  SINCE JUN 1      6                        26    -20       18
  SINCE JUL 1      6                         2      4       13

 COOLING
  YESTERDAY        3                         8     -5        3
  MONTH TO DATE  232                       242    -10      197
  SINCE JUN 1    938                       804    134      750
  SINCE JAN 1    972                       869    103      777
..................................................................


WIND (MPH)
  HIGHEST WIND SPEED    15   HIGHEST WIND DIRECTION     N (350)
  HIGHEST GUST SPEED    17   HIGHEST GUST DIRECTION     N (340)
  AVERAGE WIND SPEED     6.5


SKY COVER
  AVERAGE SKY COVER 0.0


WEATHER CONDITIONS
 THE FOLLOWING WEATHER WAS RECORDED YESTERDAY.
  NO SIGNIFICANT WEATHER WAS OBSERVED.


RELATIVE HUMIDITY (PERCENT)
 HIGHEST    93           400 AM
 LOWEST     43           200 PM
 AVERAGE    68

..........................................................


THE GRAND ISLAND NE CLIMATE NORMALS FOR TODAY
                         NORMAL    RECORD    YEAR
 MAXIMUM TEMPERATURE (F)   84       105      1955
 MINIMUM TEMPERATURE (F)   61        40      1910


SUNRISE AND SUNSET
AUGUST 26 2016........SUNRISE   655 AM CDT   SUNSET   814 PM CDT
AUGUST 27 2016........SUNRISE   656 AM CDT   SUNSET   813 PM CDT


-  INDICATES NEGATIVE NUMBERS.
R  INDICATES RECORD WAS SET OR TIED.
MM INDICATES DATA IS MISSING.
T  INDICATES TRACE AMOUNT.




$$
