000
CDUS43 KGID 190624
CLIGRI


CLIMATE REPORT
NATIONAL WEATHER SERVICE HASTINGS NE
1223 AM CST SUN FEB 19 2017


...................................

...THE GRAND ISLAND NE CLIMATE SUMMARY FOR FEBRUARY 18 2017...

CLIMATE NORMAL PERIOD 1981 TO 2010
CLIMATE RECORD PERIOD 1895 TO 2017


WEATHER ITEM   OBSERVED TIME   RECORD YEAR NORMAL DEPARTURE LAST
                VALUE   (LST)  VALUE       VALUE  FROM      YEAR
                                                  NORMAL
..................................................................
TEMPERATURE (F)
 YESTERDAY
  MAXIMUM         65    437 PM  71    1948  41     24       65
  MINIMUM         27    726 AM -16    1936  19      8       39
  AVERAGE         46                        30     16       52

PRECIPITATION (IN)
  YESTERDAY        0.00          1.91 1971   0.03  -0.03     0.00
  MONTH TO DATE    0.03                      0.39  -0.36     1.85
  SINCE DEC 1      1.91                      1.55   0.36     4.05
  SINCE JAN 1      1.10                      0.92   0.18     2.17

SNOWFALL (IN)
  YESTERDAY        0.0          12.1  1984   0.2   -0.2      0.0
  MONTH TO DATE    0.6                       4.3   -3.7     18.6
  SINCE DEC 1      4.4                      15.9  -11.5     25.6
  SINCE JUL 1      4.8                      20.1  -15.3     31.2
  SNOW DEPTH       0

DEGREE DAYS
 HEATING
  YESTERDAY       19                        35    -16       13
  MONTH TO DATE  515                       672   -157      627
  SINCE DEC 1   2907                      3098   -191     2805
  SINCE JUL 1   3827                      4428   -601     3771

 COOLING
  YESTERDAY        0                         0      0        0
  MONTH TO DATE    0                         0      0        0
  SINCE DEC 1      0                         0      0        0
  SINCE JAN 1      0                         0      0        0
..................................................................


WIND (MPH)
  HIGHEST WIND SPEED    17   HIGHEST WIND DIRECTION    SE (120)
  HIGHEST GUST SPEED    21   HIGHEST GUST DIRECTION    SE (120)
  AVERAGE WIND SPEED     6.9


SKY COVER
  AVERAGE SKY COVER 0.0


WEATHER CONDITIONS
 THE FOLLOWING WEATHER WAS RECORDED YESTERDAY.
  NO SIGNIFICANT WEATHER WAS OBSERVED.


RELATIVE HUMIDITY (PERCENT)
 HIGHEST    92           600 AM
 LOWEST     28           400 PM
 AVERAGE    60

..........................................................


THE GRAND ISLAND NE CLIMATE NORMALS FOR TODAY
                         NORMAL    RECORD    YEAR
 MAXIMUM TEMPERATURE (F)   41        72      1930
 MINIMUM TEMPERATURE (F)   20       -15      1936


SUNRISE AND SUNSET
FEBRUARY 19 2017......SUNRISE   722 AM CST   SUNSET   613 PM CST
FEBRUARY 20 2017......SUNRISE   720 AM CST   SUNSET   614 PM CST


-  INDICATES NEGATIVE NUMBERS.
R  INDICATES RECORD WAS SET OR TIED.
MM INDICATES DATA IS MISSING.
T  INDICATES TRACE AMOUNT.




$$
