000
CDUS43 KGID 010726
CLIGRI


CLIMATE REPORT
NATIONAL WEATHER SERVICE HASTINGS NE
125 AM CST SUN MAR 1 2015


...................................

...THE GRAND ISLAND NE CLIMATE SUMMARY FOR FEBRUARY 28 2015...

CLIMATE NORMAL PERIOD 1981 TO 2010
CLIMATE RECORD PERIOD 1895 TO 2015


WEATHER ITEM   OBSERVED TIME   RECORD YEAR NORMAL DEPARTURE LAST
                VALUE   (LST)  VALUE       VALUE  FROM      YEAR
                                                  NORMAL
..................................................................
TEMPERATURE (F)
 YESTERDAY
  MAXIMUM         26    412 PM  79    2006  44    -18       37
  MINIMUM          6    655 AM -17    1962  23    -17       15
  AVERAGE         16                        33    -17       26

PRECIPITATION (IN)
  YESTERDAY        0.00          0.65 1939   0.03  -0.03      T
  MONTH TO DATE    0.70                      0.68   0.02     0.33
  SINCE DEC 1      1.93                      1.84   0.09     0.76
  SINCE JAN 1      1.17                      1.21  -0.04     0.65

SNOWFALL (IN)
  YESTERDAY        0.0           5.0  1918   0.2   -0.2       T
  MONTH TO DATE   11.1                       6.3    4.8      6.6
  SINCE DEC 1     20.7                      17.9    2.8     13.3
  SINCE JUL 1     22.9                      22.1    0.8     13.5
  SNOW DEPTH       0

DEGREE DAYS
 HEATING
  YESTERDAY       49                        32     17       39
  MONTH TO DATE 1145                      1006    139     1156
  SINCE DEC 1   3404                      3431    -27     3607
  SINCE JUL 1   4737                      4761    -24     4835

 COOLING
  YESTERDAY        0                         0      0        0
  MONTH TO DATE    0                         0      0        0
  SINCE DEC 1      0                         0      0        0
  SINCE JAN 1      0                         0      0        0
..................................................................


WIND (MPH)
  HIGHEST WIND SPEED    18   HIGHEST WIND DIRECTION     S (170)
  HIGHEST GUST SPEED    23   HIGHEST GUST DIRECTION     S (180)
  AVERAGE WIND SPEED    10.4


SKY COVER
  AVERAGE SKY COVER 0.4


WEATHER CONDITIONS
 THE FOLLOWING WEATHER WAS RECORDED YESTERDAY.
  FOG


RELATIVE HUMIDITY (PERCENT)
 HIGHEST    92           900 AM
 LOWEST     55           400 PM
 AVERAGE    74

..........................................................


THE GRAND ISLAND NE CLIMATE NORMALS FOR TODAY
                         NORMAL    RECORD    YEAR
 MAXIMUM TEMPERATURE (F)   45        80      1992
 MINIMUM TEMPERATURE (F)   23       -10      1980


SUNRISE AND SUNSET
MARCH  1 2015.........SUNRISE   708 AM CST   SUNSET   624 PM CST
MARCH  2 2015.........SUNRISE   706 AM CST   SUNSET   625 PM CST


-  INDICATES NEGATIVE NUMBERS.
R  INDICATES RECORD WAS SET OR TIED.
MM INDICATES DATA IS MISSING.
T  INDICATES TRACE AMOUNT.




$$
