000
CDUS43 KGRR 230520
CLIGRR


CLIMATE REPORT
NATIONAL WEATHER SERVICE GRAND RAPIDS, MI
119 AM EDT SAT JUL 23 2016


...................................

...THE GRAND RAPIDS MI CLIMATE SUMMARY FOR JULY 22 2016...

CLIMATE NORMAL PERIOD 1981 TO 2010
CLIMATE RECORD PERIOD 1892 TO 2016


WEATHER ITEM   OBSERVED TIME   RECORD YEAR NORMAL DEPARTURE LAST
                VALUE   (LST)  VALUE       VALUE  FROM      YEAR
                                                  NORMAL
..................................................................
TEMPERATURE (F)
 YESTERDAY
  MAXIMUM         87    318 PM  97    1934  83      4       81
  MINIMUM         71   1159 PM  43    1947  63      8       56
  AVERAGE         79                        73      6       69

PRECIPITATION (IN)
  YESTERDAY        0.00          2.36 1991   0.13  -0.13     0.00
  MONTH TO DATE    2.49                      2.68  -0.19     2.23
  SINCE JUN 1      3.64                      6.45  -2.81     6.26
  SINCE JAN 1     20.44                     20.03   0.41    17.89

SNOWFALL (IN)
  YESTERDAY        0.0           0.0  2006   0.0    0.0      0.0
                                      2005
                                      2004
  MONTH TO DATE    0.0                       0.0    0.0      0.0
  SINCE JUN 1      0.0                       0.0    0.0      0.0
  SINCE JUL 1      0.0                       0.0    0.0      0.0
  SNOW DEPTH       0

DEGREE DAYS
 HEATING
  YESTERDAY        0                         0      0        0
  MONTH TO DATE    0                         0      0       13
  SINCE JUN 1     21                        45    -24       43
  SINCE JUL 1      0                         0      0       13

 COOLING
  YESTERDAY       14                         8      6        4
  MONTH TO DATE  209                       173     36      104
  SINCE JUN 1    399                       318     81      193
  SINCE JAN 1    470                       365    105      245
..................................................................


WIND (MPH)
  RESULTANT WIND SPEED  10   RESULTANT WIND DIRECTION   W (260)
  HIGHEST WIND SPEED    18   HIGHEST WIND DIRECTION     W (250)
  HIGHEST GUST SPEED    22   HIGHEST GUST DIRECTION     W (280)
  AVERAGE WIND SPEED    10.2


SKY COVER
  POSSIBLE SUNSHINE  98 PERCENT
  AVERAGE SKY COVER 0.4


WEATHER CONDITIONS
 THE FOLLOWING WEATHER WAS RECORDED YESTERDAY.
  NO SIGNIFICANT WEATHER WAS OBSERVED.


RELATIVE HUMIDITY (PERCENT)
 HIGHEST    79           500 AM
 LOWEST     53           300 PM
 AVERAGE    66

..........................................................


THE GRAND RAPIDS MI CLIMATE NORMALS FOR TODAY
                         NORMAL    RECORD    YEAR
 MAXIMUM TEMPERATURE (F)   83       101      1934
 MINIMUM TEMPERATURE (F)   63        45      1985
                                             1947


SUNRISE AND SUNSET
JULY 23 2016..........SUNRISE   625 AM EDT   SUNSET   912 PM EDT
JULY 24 2016..........SUNRISE   626 AM EDT   SUNSET   911 PM EDT


-  INDICATES NEGATIVE NUMBERS.
R  INDICATES RECORD WAS SET OR TIED.
MM INDICATES DATA IS MISSING.
T  INDICATES TRACE AMOUNT.




$$
