000
CDUS43 KGRR 010521
CLIGRR


CLIMATE REPORT
NATIONAL WEATHER SERVICE GRAND RAPIDS, MI
119 AM EDT SAT NOV 1 2014


...................................

...THE GRAND RAPIDS MI CLIMATE SUMMARY FOR OCTOBER 31 2014...

CLIMATE NORMAL PERIOD 1981 TO 2010
CLIMATE RECORD PERIOD 1892 TO 2014


WEATHER ITEM   OBSERVED TIME   RECORD YEAR NORMAL DEPARTURE LAST
                VALUE   (LST)  VALUE       VALUE  FROM      YEAR
                                                  NORMAL
..................................................................
TEMPERATURE (F)
 YESTERDAY
  MAXIMUM         46    212 AM  79    1950  55     -9       63
  MINIMUM         32   1159 PM  20    1988  38     -6       55
  AVERAGE         39                        46     -7       59

PRECIPITATION (IN)
  YESTERDAY        0.25          1.27 1994   0.11   0.14     1.21
  MONTH TO DATE    4.98                      3.26   1.72     5.46
  SINCE SEP 1      8.08                      7.54   0.54     6.71
  SINCE JAN 1     34.60                     32.26   2.34    39.03

SNOWFALL (IN)
  YESTERDAY        T             1.5  1917   0.0    0.0      0.0
  MONTH TO DATE    T                         0.5   -0.5       T
  SINCE SEP 1      T                         0.5   -0.5       T
  SINCE JUL 1      T                         0.5   -0.5       T
  SNOW DEPTH       0

DEGREE DAYS
 HEATING
  YESTERDAY       26                        19      7        6
  MONTH TO DATE  432                       439     -7      376
  SINCE SEP 1    563                       572     -9      488
  SINCE JUL 1    582                       592    -10      514

 COOLING
  YESTERDAY        0                         0      0        0
  MONTH TO DATE    0                         7     -7       14
  SINCE SEP 1     51                        74    -23       97
  SINCE JAN 1    611                       699    -88      767
..................................................................


WIND (MPH)
  RESULTANT WIND SPEED  11   RESULTANT WIND DIRECTION   N (350)
  HIGHEST WIND SPEED    28   HIGHEST WIND DIRECTION     N (360)
  HIGHEST GUST SPEED    36   HIGHEST GUST DIRECTION     N (360)
  AVERAGE WIND SPEED    14.4


SKY COVER
  POSSIBLE SUNSHINE   1 PERCENT
  AVERAGE SKY COVER 1.0


WEATHER CONDITIONS
 THE FOLLOWING WEATHER WAS RECORDED YESTERDAY.
  LIGHT RAIN
  LIGHT SNOW
  FOG
  HAZE


RELATIVE HUMIDITY (PERCENT)
 HIGHEST   100           400 AM
 LOWEST     61           900 PM
 AVERAGE    81

..........................................................


THE GRAND RAPIDS MI CLIMATE NORMALS FOR TODAY
                         NORMAL    RECORD    YEAR
 MAXIMUM TEMPERATURE (F)   54        81      1950
 MINIMUM TEMPERATURE (F)   37        21      1976


SUNRISE AND SUNSET
NOVEMBER  1 2014......SUNRISE   816 AM EDT   SUNSET   634 PM EDT
NOVEMBER  2 2014......SUNRISE   718 AM EST   SUNSET   533 PM EST


-  INDICATES NEGATIVE NUMBERS.
R  INDICATES RECORD WAS SET OR TIED.
MM INDICATES DATA IS MISSING.
T  INDICATES TRACE AMOUNT.




$$
