000
CDUS42 KRAH 010537
CLIGSO


CLIMATE REPORT
NATIONAL WEATHER SERVICE RALEIGH NC
135 AM EDT TUE SEP 1 2015


...................................

...THE PIEDMONT TRIAD INTL AIRPORT NC CLIMATE SUMMARY FOR AUGUST 31 2015...

CLIMATE NORMAL PERIOD 1981 TO 2010
CLIMATE RECORD PERIOD 1903 TO 2015


WEATHER ITEM   OBSERVED TIME   RECORD YEAR NORMAL DEPARTURE LAST
                VALUE   (LST)  VALUE       VALUE  FROM      YEAR
                                                  NORMAL
..................................................................
TEMPERATURE (F)
 YESTERDAY
  MAXIMUM         83    431 PM 101    1932  84     -1       91
  MINIMUM         67    650 AM  47    1946  66      1       72
  AVERAGE         75                        75      0       82

PRECIPITATION (IN)
  YESTERDAY        0.19          2.63 1952   0.13   0.06     0.00
  MONTH TO DATE    6.85                      3.88   2.97     2.66
  SINCE JUN 1     12.25                     12.09   0.16     8.39
  SINCE JAN 1     25.21                     28.79  -3.58    25.88

DEGREE DAYS
 HEATING
  YESTERDAY        0                         0      0        0
  MONTH TO DATE    0                         0      0        0
  SINCE JUN 1      3                         7     -4        0
  SINCE JUL 1      0                         1     -1        0

 COOLING
  YESTERDAY       10                        10      0       17
  MONTH TO DATE  393                       377     16      315
  SINCE JUN 1   1280                      1103    177     1056
  SINCE JAN 1   1514                      1262    252     1253
..................................................................


WIND (MPH)
  HIGHEST WIND SPEED     9   HIGHEST WIND DIRECTION     E (80)
  HIGHEST GUST SPEED    13   HIGHEST GUST DIRECTION     E (80)
  AVERAGE WIND SPEED     3.7


SKY COVER
  POSSIBLE SUNSHINE  MM
  AVERAGE SKY COVER 0.7


WEATHER CONDITIONS
 THE FOLLOWING WEATHER WAS RECORDED YESTERDAY.
  RAIN
  LIGHT RAIN
  FOG


RELATIVE HUMIDITY (PERCENT)
 HIGHEST   100           400 AM
 LOWEST     58           400 PM
 AVERAGE    79

..........................................................


THE PIEDMONT TRIAD INTL AIRPORT NC CLIMATE NORMALS FOR TODAY
                         NORMAL    RECORD    YEAR
 MAXIMUM TEMPERATURE (F)   84        99      1932
 MINIMUM TEMPERATURE (F)   66        48      1946


SUNRISE AND SUNSET
SEPTEMBER  1 2015.....SUNRISE   651 AM EDT   SUNSET   748 PM EDT
SEPTEMBER  2 2015.....SUNRISE   652 AM EDT   SUNSET   746 PM EDT


-  INDICATES NEGATIVE NUMBERS.
R  INDICATES RECORD WAS SET OR TIED.
MM INDICATES DATA IS MISSING.
T  INDICATES TRACE AMOUNT.

$$
