000
CDUS42 KRAH 242140
CLIGSO


CLIMATE REPORT
NATIONAL WEATHER SERVICE RALEIGH NC
439 PM EST WED DEC 24 2014


...................................

...THE PIEDMONT TRIAD INTL AIRPORT NC CLIMATE SUMMARY FOR DECEMBER 24 2014...
VALID TODAY AS OF 0439 PM LOCAL TIME.

CLIMATE NORMAL PERIOD 1981 TO 2010
CLIMATE RECORD PERIOD 1903 TO 2014


WEATHER ITEM   OBSERVED TIME   RECORD YEAR NORMAL DEPARTURE LAST
                VALUE   (LST)  VALUE       VALUE  FROM      YEAR
                                                  NORMAL
..................................................................
TEMPERATURE (F)
 TODAY
  MAXIMUM         49    431 PM  71    1964  49      0       45
                                      1931
  MINIMUM         43    820 AM   4    1983  31     12       26
  AVERAGE         46                        40      6       36

PRECIPITATION (IN)
  TODAY            0.86          1.19 1986   0.10   0.76     0.00
  MONTH TO DATE    1.63                      2.34  -0.71     4.03
  SINCE DEC 1      1.63                      2.34  -0.71     4.03
  SINCE JAN 1     35.78                     41.56  -5.78    49.27

SNOWFALL (IN)
  TODAY            0.0           2.6  1966   0.0    0.0      0.0
  MONTH TO DATE    T                         0.4   -0.4      0.0
  SINCE DEC 1      T                         0.4   -0.4      0.0
  SINCE JUL 1      T                         0.5   -0.5       T
  SNOW DEPTH       0

DEGREE DAYS
 HEATING
  TODAY           19                        25     -6       29
  MONTH TO DATE  507                       553    -46      456
  SINCE DEC 1    507                       553    -46      456
  SINCE JUL 1   1257                      1233     24     1190

 COOLING
  TODAY            0                         0      0        0
  MONTH TO DATE    0                         0      0        8
  SINCE DEC 1      0                         0      0        8
  SINCE JAN 1   1499                      1483     16     1389
..................................................................


WIND (MPH)
  HIGHEST WIND SPEED    10   HIGHEST WIND DIRECTION    NE (60)
  HIGHEST GUST SPEED    13   HIGHEST GUST DIRECTION    NE (30)
  AVERAGE WIND SPEED     4.7


SKY COVER
  POSSIBLE SUNSHINE  MM
  AVERAGE SKY COVER 0.8


WEATHER CONDITIONS
 THE FOLLOWING WEATHER WAS RECORDED TODAY.
  HEAVY RAIN
  LIGHT RAIN
  FOG
  FOG W/VISIBILITY <= 1/4 MILE


RELATIVE HUMIDITY (PERCENT)
 HIGHEST   100           400 AM
 LOWEST     92           900 AM
 AVERAGE    96

..........................................................


THE PIEDMONT TRIAD INTL AIRPORT NC CLIMATE NORMALS FOR TOMORROW
                         NORMAL    RECORD    YEAR
 MAXIMUM TEMPERATURE (F)   49        74      1955
 MINIMUM TEMPERATURE (F)   30         1      1983


SUNRISE AND SUNSET
DECEMBER 24 2014......SUNRISE   728 AM EST   SUNSET   511 PM EST
DECEMBER 25 2014......SUNRISE   729 AM EST   SUNSET   511 PM EST


-  INDICATES NEGATIVE NUMBERS.
R  INDICATES RECORD WAS SET OR TIED.
MM INDICATES DATA IS MISSING.
T  INDICATES TRACE AMOUNT.




$$
