000
CDUS42 KRAH 250801
CLIGSO


CLIMATE REPORT
NATIONAL WEATHER SERVICE RALEIGH NC
359 AM EDT FRI JUL 25 2014


...................................

...THE PIEDMONT TRIAD INTL AIRPORT NC CLIMATE SUMMARY FOR JULY 24 2014...

CLIMATE NORMAL PERIOD 1981 TO 2010
CLIMATE RECORD PERIOD 1903 TO 2014


WEATHER ITEM   OBSERVED TIME   RECORD YEAR NORMAL DEPARTURE LAST
                VALUE   (LST)  VALUE       VALUE  FROM      YEAR
                                                  NORMAL
..................................................................
TEMPERATURE (F)
 YESTERDAY
  MAXIMUM         89    343 PM  99    1914  88      1       90
  MINIMUM         68   1159 PM  52    1947  69     -1       70
  AVERAGE         79                        78      1       80

PRECIPITATION (IN)
  YESTERDAY        0.57          3.14 1975   0.15   0.42      T
  MONTH TO DATE    2.12                      3.39  -1.27     4.66
  SINCE JUN 1      5.12                      7.12  -2.00    13.03
  SINCE JAN 1     22.61                     23.82  -1.21    31.38

DEGREE DAYS
 HEATING
  YESTERDAY        0                         0      0        0
  MONTH TO DATE    0                         0      0        0
  SINCE JUN 1      0                         6     -6        0
  SINCE JUL 1      0                         0      0        0

 COOLING
  YESTERDAY       14                        14      0       15
  MONTH TO DATE  312                       330    -18      333
  SINCE JUN 1    669                       637     32      632
  SINCE JAN 1    866                       796     70      782
..................................................................


WIND (MPH)
  HIGHEST WIND SPEED    18   HIGHEST WIND DIRECTION     N (360)
  HIGHEST GUST SPEED    25   HIGHEST GUST DIRECTION     N (340)
  AVERAGE WIND SPEED     5.7


SKY COVER
  POSSIBLE SUNSHINE  MM
  AVERAGE SKY COVER 0.8


WEATHER CONDITIONS
 THE FOLLOWING WEATHER WAS RECORDED YESTERDAY.
  THUNDERSTORM
  HEAVY RAIN
  LIGHT RAIN
  FOG


RELATIVE HUMIDITY (PERCENT)
 HIGHEST    97           900 PM
 LOWEST     50           400 PM
 AVERAGE    74

..........................................................


THE PIEDMONT TRIAD INTL AIRPORT NC CLIMATE NORMALS FOR TODAY
                         NORMAL    RECORD    YEAR
 MAXIMUM TEMPERATURE (F)   88       101      1914
 MINIMUM TEMPERATURE (F)   69        56      1947


SUNRISE AND SUNSET
JULY 25 2014..........SUNRISE   622 AM EDT   SUNSET   831 PM EDT
JULY 26 2014..........SUNRISE   622 AM EDT   SUNSET   830 PM EDT


-  INDICATES NEGATIVE NUMBERS.
R  INDICATES RECORD WAS SET OR TIED.
MM INDICATES DATA IS MISSING.
T  INDICATES TRACE AMOUNT.




$$
