000
CDUS42 KRAH 290740
CLIGSO


CLIMATE REPORT
NATIONAL WEATHER SERVICE RALEIGH NC
339 AM EDT THU JUN 29 2017


...................................

...THE PIEDMONT TRIAD INTL AIRPORT NC CLIMATE SUMMARY FOR JUNE 28 2017...

CLIMATE NORMAL PERIOD 1981 TO 2010
CLIMATE RECORD PERIOD 1903 TO 2017


WEATHER ITEM   OBSERVED TIME   RECORD YEAR NORMAL DEPARTURE LAST
                VALUE   (LST)  VALUE       VALUE  FROM      YEAR
                                                  NORMAL
..................................................................
TEMPERATURE (F)
 YESTERDAY
  MAXIMUM         82    428 PM  99    1959  87     -5       87
                                      1921
                                      1917
  MINIMUM         58    519 AM  51    1927  68    -10       72
  AVERAGE         70                        78     -8       80

PRECIPITATION (IN)
  YESTERDAY        0.00          1.53 2011   0.12  -0.12     0.06
  MONTH TO DATE    9.81                      3.49   6.32     1.71
  SINCE JUN 1      9.81                      3.49   6.32     1.71
  SINCE JAN 1     30.84                     20.19  10.65    20.68

DEGREE DAYS
 HEATING
  YESTERDAY        0                         0      0        0
  MONTH TO DATE    1                         5     -4        0
  SINCE JUN 1      1                         5     -4        0
  SINCE JUL 1   2774                      3617   -843     2906

 COOLING
  YESTERDAY        5                        13     -8       15
  MONTH TO DATE  272                       281     -9      343
  SINCE JUN 1    272                       281     -9      343
  SINCE JAN 1    506                       440     66      543
..................................................................


WIND (MPH)
  HIGHEST WIND SPEED    13   HIGHEST WIND DIRECTION     S (180)
  HIGHEST GUST SPEED    15   HIGHEST GUST DIRECTION     S (170)
  AVERAGE WIND SPEED     5.7


SKY COVER
  POSSIBLE SUNSHINE  MM
  AVERAGE SKY COVER 0.4


WEATHER CONDITIONS
 THE FOLLOWING WEATHER WAS RECORDED YESTERDAY.
  NO SIGNIFICANT WEATHER WAS OBSERVED.


RELATIVE HUMIDITY (PERCENT)
 HIGHEST    80           500 AM
 LOWEST     39           200 PM
 AVERAGE    60

..........................................................


THE PIEDMONT TRIAD INTL AIRPORT NC CLIMATE NORMALS FOR TODAY
                         NORMAL    RECORD    YEAR
 MAXIMUM TEMPERATURE (F)   87       102      2012
 MINIMUM TEMPERATURE (F)   68        54      1981


SUNRISE AND SUNSET
JUNE 29 2017..........SUNRISE   606 AM EDT   SUNSET   841 PM EDT
JUNE 30 2017..........SUNRISE   606 AM EDT   SUNSET   841 PM EDT


-  INDICATES NEGATIVE NUMBERS.
R  INDICATES RECORD WAS SET OR TIED.
MM INDICATES DATA IS MISSING.
T  INDICATES TRACE AMOUNT.




$$
