000
CDUS42 KRAH 060640
CLIGSO

CLIMATE REPORT
NATIONAL WEATHER SERVICE RALEIGH NC
238 AM EDT MON JUL 6 2015
...................................

...THE PIEDMONT TRIAD INTL AIRPORT NC CLIMATE SUMMARY FOR JULY 5 2015...

CLIMATE NORMAL PERIOD 1981 TO 2010
CLIMATE RECORD PERIOD 1903 TO 2015


WEATHER ITEM   OBSERVED TIME   RECORD YEAR NORMAL DEPARTURE LAST
                VALUE   (LST)  VALUE       VALUE  FROM      YEAR
                                                  NORMAL
..................................................................
TEMPERATURE (F)
 YESTERDAY
  MAXIMUM         88    321 PM  98    2012  88      0       83
                                      1990
  MINIMUM         70    318 AM  48    1933  69      1       59
  AVERAGE         79                        78      1       71

PRECIPITATION (IN)
  YESTERDAY        0.44          1.87 1922   0.13   0.31     0.00
  MONTH TO DATE    0.89                      0.63   0.26     0.01
  SINCE JUN 1      2.95                      4.36  -1.41     3.01
  SINCE JAN 1     15.91                     21.06  -5.15    20.50

DEGREE DAYS
 HEATING
  YESTERDAY        0                         0      0        0
  MONTH TO DATE    0                         0      0        0
  SINCE JUN 1      3                         6     -3        0
  SINCE JUL 1      0                         0      0        0

 COOLING
  YESTERDAY       14                        13      1        6
  MONTH TO DATE   60                        65     -5       72
  SINCE JUN 1    479                       372    107      429
  SINCE JAN 1    713                       531    182      626
..................................................................


WIND (MPH)
  HIGHEST WIND SPEED    28   HIGHEST WIND DIRECTION     S (190)
  HIGHEST GUST SPEED    39   HIGHEST GUST DIRECTION     S (200)
  AVERAGE WIND SPEED     6.7


SKY COVER
  POSSIBLE SUNSHINE  MM
  AVERAGE SKY COVER 0.8


WEATHER CONDITIONS
 THE FOLLOWING WEATHER WAS RECORDED YESTERDAY.
  THUNDERSTORM
  HEAVY RAIN
  FOG
  FOG W/VISIBILITY <= 1/4 MILE
  HAZE


RELATIVE HUMIDITY (PERCENT)
 HIGHEST   100          1000 PM
 LOWEST     51           400 PM
 AVERAGE    76

..........................................................

THE PIEDMONT TRIAD INTL AIRPORT NC CLIMATE NORMALS FOR TODAY
                         NORMAL    RECORD    YEAR
 MAXIMUM TEMPERATURE (F)   88       100      1977
 MINIMUM TEMPERATURE (F)   69        53      1979
                                             1933


SUNRISE AND SUNSET
JULY  6 2015..........SUNRISE   609 AM EDT   SUNSET   840 PM EDT
JULY  7 2015..........SUNRISE   609 AM EDT   SUNSET   840 PM EDT


-  INDICATES NEGATIVE NUMBERS.
R  INDICATES RECORD WAS SET OR TIED.
MM INDICATES DATA IS MISSING.
T  INDICATES TRACE AMOUNT.


$$
