000
CDUS42 KRAH 110756
CLIGSO


CLIMATE REPORT
NATIONAL WEATHER SERVICE RALEIGH NC
254 AM EST SUN DEC 11 2016


...................................

...THE PIEDMONT TRIAD INTL AIRPORT NC CLIMATE SUMMARY FOR DECEMBER 10 2016...

CLIMATE NORMAL PERIOD 1981 TO 2010
CLIMATE RECORD PERIOD 1903 TO 2016


WEATHER ITEM   OBSERVED TIME   RECORD YEAR NORMAL DEPARTURE LAST
                VALUE   (LST)  VALUE       VALUE  FROM      YEAR
                                                  NORMAL
..................................................................
TEMPERATURE (F)
 YESTERDAY
  MAXIMUM         42    302 PM  78    2007  52    -10       66
  MINIMUM         20    722 AM  10    1917  33    -13       43
  AVERAGE         31                        42    -11       55

PRECIPITATION (IN)
  YESTERDAY        0.00          1.80 1952   0.10  -0.10     0.00
  MONTH TO DATE    1.17                      1.00   0.17     0.63
  SINCE DEC 1      1.17                      1.00   0.17     0.63
  SINCE JAN 1     39.12                     40.22  -1.10    42.47

SNOWFALL (IN)
  YESTERDAY        0.0           1.1  1950   0.0    0.0      0.0
  MONTH TO DATE    0.0                       0.1   -0.1      0.0
  SINCE DEC 1      0.0                       0.1   -0.1      0.0
  SINCE JUL 1      0.0                       0.2   -0.2      0.0
  SNOW DEPTH       0

DEGREE DAYS
 HEATING
  YESTERDAY       34                        23     11       10
  MONTH TO DATE  224                       214     10      172
  SINCE DEC 1    224                       214     10      172
  SINCE JUL 1    674                       894   -220      686

 COOLING
  YESTERDAY        0                         0      0        0
  MONTH TO DATE    0                         0      0        0
  SINCE DEC 1      0                         0      0        0
  SINCE JAN 1   1974                      1483    491     1766
..................................................................


WIND (MPH)
  HIGHEST WIND SPEED    12   HIGHEST WIND DIRECTION    NW (310)
  HIGHEST GUST SPEED    15   HIGHEST GUST DIRECTION     W (270)
  AVERAGE WIND SPEED     3.2


SKY COVER
  POSSIBLE SUNSHINE  MM
  AVERAGE SKY COVER 0.1


WEATHER CONDITIONS
 THE FOLLOWING WEATHER WAS RECORDED YESTERDAY.
  NO SIGNIFICANT WEATHER WAS OBSERVED.


RELATIVE HUMIDITY (PERCENT)
 HIGHEST    74           800 AM
 LOWEST     25           300 PM
 AVERAGE    50

..........................................................


THE PIEDMONT TRIAD INTL AIRPORT NC CLIMATE NORMALS FOR TODAY
                         NORMAL    RECORD    YEAR
 MAXIMUM TEMPERATURE (F)   52        78      2007
 MINIMUM TEMPERATURE (F)   33        10      1958
                                             1917


SUNRISE AND SUNSET
DECEMBER 11 2016......SUNRISE   721 AM EST   SUNSET   506 PM EST
DECEMBER 12 2016......SUNRISE   722 AM EST   SUNSET   506 PM EST


-  INDICATES NEGATIVE NUMBERS.
R  INDICATES RECORD WAS SET OR TIED.
MM INDICATES DATA IS MISSING.
T  INDICATES TRACE AMOUNT.




$$
