000
CDUS42 KRAH 190746
CLIGSO


CLIMATE REPORT
NATIONAL WEATHER SERVICE RALEIGH NC
344 AM EDT SAT AUG 19 2017


...................................

...THE PIEDMONT TRIAD INTL AIRPORT NC CLIMATE SUMMARY FOR AUGUST 18 2017...

CLIMATE NORMAL PERIOD 1981 TO 2010
CLIMATE RECORD PERIOD 1903 TO 2017


WEATHER ITEM   OBSERVED TIME   RECORD YEAR NORMAL DEPARTURE LAST
                VALUE   (LST)  VALUE       VALUE  FROM      YEAR
                                                  NORMAL
..................................................................
TEMPERATURE (F)
 YESTERDAY
  MAXIMUM         93    304 PM 103    1988  86      7       90
  MINIMUM         75    608 AM  55    1981  68      7       73
  AVERAGE         84                        77      7       82

PRECIPITATION (IN)
  YESTERDAY        0.02          4.32 1918   0.12  -0.10      T
  MONTH TO DATE    1.98                      2.20  -0.22     4.02
  SINCE JUN 1     12.96                     10.41   2.55    10.88
  SINCE JAN 1     33.99                     27.11   6.88    29.85

DEGREE DAYS
 HEATING
  YESTERDAY        0                         0      0        0
  MONTH TO DATE    0                         0      0        0
  SINCE JUN 1      1                         6     -5        0
  SINCE JUL 1      0                         0      0        0

 COOLING
  YESTERDAY       19                        12      7       17
  MONTH TO DATE  220                       231    -11      285
  SINCE JUN 1    983                       957     26     1174
  SINCE JAN 1   1217                      1116    101     1374
..................................................................


WIND (MPH)
  HIGHEST WIND SPEED    24   HIGHEST WIND DIRECTION    NW (300)
  HIGHEST GUST SPEED    28   HIGHEST GUST DIRECTION     W (290)
  AVERAGE WIND SPEED     6.6


SKY COVER
  POSSIBLE SUNSHINE  MM
  AVERAGE SKY COVER 0.5


WEATHER CONDITIONS
 THE FOLLOWING WEATHER WAS RECORDED YESTERDAY.
  THUNDERSTORM
  LIGHT RAIN
  FOG


RELATIVE HUMIDITY (PERCENT)
 HIGHEST   100           300 AM
 LOWEST     52           300 PM
 AVERAGE    76

..........................................................


THE PIEDMONT TRIAD INTL AIRPORT NC CLIMATE NORMALS FOR TODAY
                         NORMAL    RECORD    YEAR
 MAXIMUM TEMPERATURE (F)   86        99      1988
 MINIMUM TEMPERATURE (F)   68        56      1976


SUNRISE AND SUNSET
AUGUST 19 2017........SUNRISE   641 AM EDT   SUNSET   805 PM EDT
AUGUST 20 2017........SUNRISE   642 AM EDT   SUNSET   803 PM EDT


-  INDICATES NEGATIVE NUMBERS.
R  INDICATES RECORD WAS SET OR TIED.
MM INDICATES DATA IS MISSING.
T  INDICATES TRACE AMOUNT.




$$
