000
CDUS42 KRAH 010602
CLIGSO


CLIMATE REPORT
NATIONAL WEATHER SERVICE RALEIGH NC
200 AM EDT FRI AUG 1 2014


...................................

...THE PIEDMONT TRIAD INTL AIRPORT NC CLIMATE SUMMARY FOR JULY 31 2014...

CLIMATE NORMAL PERIOD 1981 TO 2010
CLIMATE RECORD PERIOD 1903 TO 2014


WEATHER ITEM   OBSERVED TIME   RECORD YEAR NORMAL DEPARTURE LAST
                VALUE   (LST)  VALUE       VALUE  FROM      YEAR
                                                  NORMAL
..................................................................
TEMPERATURE (F)
 YESTERDAY
  MAXIMUM         78    522 PM 103    1915  88    -10       80
  MINIMUM         63    546 AM  53    1914  69     -6       70
  AVERAGE         71                        78     -7       75

PRECIPITATION (IN)
  YESTERDAY        0.48          1.60 1913   0.16   0.32     0.35
  MONTH TO DATE    2.73                      4.48  -1.75     6.02
  SINCE JUN 1      5.73                      8.21  -2.48    14.39
  SINCE JAN 1     23.22                     24.91  -1.69    32.74

DEGREE DAYS
 HEATING
  YESTERDAY        0                         0      0        0
  MONTH TO DATE    0                         0      0        0
  SINCE JUN 1      0                         6     -6        0
  SINCE JUL 1      0                         0      0        0

 COOLING
  YESTERDAY        6                        13     -7       10
  MONTH TO DATE  384                       419    -35      400
  SINCE JUN 1    741                       726     15      699
  SINCE JAN 1    938                       885     53      849
..................................................................


WIND (MPH)
  HIGHEST WIND SPEED    20   HIGHEST WIND DIRECTION    SE (150)
  HIGHEST GUST SPEED    24   HIGHEST GUST DIRECTION    SE (150)
  AVERAGE WIND SPEED     2.7


SKY COVER
  POSSIBLE SUNSHINE  MM
  AVERAGE SKY COVER 0.9


WEATHER CONDITIONS
 THE FOLLOWING WEATHER WAS RECORDED YESTERDAY.
  THUNDERSTORM
  HEAVY RAIN
  LIGHT RAIN
  FOG


RELATIVE HUMIDITY (PERCENT)
 HIGHEST    93          1100 PM
 LOWEST     58           400 PM
 AVERAGE    76

..........................................................


THE PIEDMONT TRIAD INTL AIRPORT NC CLIMATE NORMALS FOR TODAY
                         NORMAL    RECORD    YEAR
 MAXIMUM TEMPERATURE (F)   88       100      1915
 MINIMUM TEMPERATURE (F)   69        56      1997
                                             1914


SUNRISE AND SUNSET
AUGUST  1 2014........SUNRISE   627 AM EDT   SUNSET   825 PM EDT
AUGUST  2 2014........SUNRISE   628 AM EDT   SUNSET   824 PM EDT


-  INDICATES NEGATIVE NUMBERS.
R  INDICATES RECORD WAS SET OR TIED.
MM INDICATES DATA IS MISSING.
T  INDICATES TRACE AMOUNT.




$$
