000
CDUS42 KRAH 230620
CLIGSO


CLIMATE REPORT
NATIONAL WEATHER SERVICE RALEIGH NC
217 AM EDT SAT JUL 23 2016


...................................

...THE PIEDMONT TRIAD INTL AIRPORT NC CLIMATE SUMMARY FOR JULY 22 2016...

CLIMATE NORMAL PERIOD 1981 TO 2010
CLIMATE RECORD PERIOD 1903 TO 2016


WEATHER ITEM   OBSERVED TIME   RECORD YEAR NORMAL DEPARTURE LAST
                VALUE   (LST)  VALUE       VALUE  FROM      YEAR
                                                  NORMAL
..................................................................
TEMPERATURE (F)
 YESTERDAY
  MAXIMUM         95    324 PM 101    1926  88      7       89
  MINIMUM         72    551 AM  54    1974  69      3       72
  AVERAGE         84                        79      5       81

PRECIPITATION (IN)
  YESTERDAY        0.00          3.22 2006   0.14  -0.14     0.00
  MONTH TO DATE    4.31                      3.10   1.21     2.57
  SINCE JUN 1      6.09                      6.83  -0.74     4.63
  SINCE JAN 1     25.06                     23.53   1.53    17.59

DEGREE DAYS
 HEATING
  YESTERDAY        0                         0      0        0
  MONTH TO DATE    0                         0      0        0
  SINCE JUN 1      0                         6     -6        3
  SINCE JUL 1      0                         0      0        0

 COOLING
  YESTERDAY       19                        14      5       16
  MONTH TO DATE  342                       302     40      333
  SINCE JUN 1    709                       609    100      752
  SINCE JAN 1    909                       768    141      986
..................................................................


WIND (MPH)
  HIGHEST WIND SPEED    17   HIGHEST WIND DIRECTION     W (290)
  HIGHEST GUST SPEED    20   HIGHEST GUST DIRECTION     W (290)
  AVERAGE WIND SPEED     5.8


SKY COVER
  POSSIBLE SUNSHINE  MM
  AVERAGE SKY COVER 0.6


WEATHER CONDITIONS
 THE FOLLOWING WEATHER WAS RECORDED YESTERDAY.
  NO SIGNIFICANT WEATHER WAS OBSERVED.


RELATIVE HUMIDITY (PERCENT)
 HIGHEST    93           500 AM
 LOWEST     36           300 PM
 AVERAGE    65

..........................................................


THE PIEDMONT TRIAD INTL AIRPORT NC CLIMATE NORMALS FOR TODAY
                         NORMAL    RECORD    YEAR
 MAXIMUM TEMPERATURE (F)   88        99      1952
 MINIMUM TEMPERATURE (F)   69        56      1947


SUNRISE AND SUNSET
JULY 23 2016..........SUNRISE   620 AM EDT   SUNSET   832 PM EDT
JULY 24 2016..........SUNRISE   621 AM EDT   SUNSET   831 PM EDT


-  INDICATES NEGATIVE NUMBERS.
R  INDICATES RECORD WAS SET OR TIED.
MM INDICATES DATA IS MISSING.
T  INDICATES TRACE AMOUNT.

$$
