000
CDUS42 KRAH 240805
CLIGSO


CLIMATE REPORT
NATIONAL WEATHER SERVICE RALEIGH NC
404 AM EDT TUE MAY 24 2016


...................................

...THE PIEDMONT TRIAD INTL AIRPORT NC CLIMATE SUMMARY FOR MAY 23 2016...

CLIMATE NORMAL PERIOD 1981 TO 2010
CLIMATE RECORD PERIOD 1903 TO 2016


WEATHER ITEM   OBSERVED TIME   RECORD YEAR NORMAL DEPARTURE LAST
                VALUE   (LST)  VALUE       VALUE  FROM      YEAR
                                                  NORMAL
..................................................................
TEMPERATURE (F)
 YESTERDAY
  MAXIMUM         71    347 PM  97    1925  79     -8       77
  MINIMUM         49    509 AM  38    2002  58     -9       52
  AVERAGE         60                        69     -9       65

PRECIPITATION (IN)
  YESTERDAY        T             1.22 1984   0.11  -0.11     0.00
  MONTH TO DATE    8.49                      2.42   6.07     2.64
  SINCE MAR 1     12.65                      9.72   2.93     7.86
  SINCE JAN 1     18.79                     15.74   3.05    12.54

DEGREE DAYS
 HEATING
  YESTERDAY        5                         1      4        0
  MONTH TO DATE   67                        59      8       20
  SINCE MAR 1    520                       750   -230      610
  SINCE JUL 1   2906                      3605   -699     3695

 COOLING
  YESTERDAY        0                         5     -5        0
  MONTH TO DATE   60                        74    -14      122
  SINCE MAR 1    137                       112     25      159
  SINCE JAN 1    137                       112     25      159
..................................................................


WIND (MPH)
  HIGHEST WIND SPEED    18   HIGHEST WIND DIRECTION    NE (40)
  HIGHEST GUST SPEED    24   HIGHEST GUST DIRECTION    NE (40)
  AVERAGE WIND SPEED     5.5


SKY COVER
  POSSIBLE SUNSHINE  MM
  AVERAGE SKY COVER 0.6


WEATHER CONDITIONS
 THE FOLLOWING WEATHER WAS RECORDED YESTERDAY.
  LIGHT RAIN


RELATIVE HUMIDITY (PERCENT)
 HIGHEST    89           300 AM
 LOWEST     47           300 PM
 AVERAGE    68

..........................................................


THE PIEDMONT TRIAD INTL AIRPORT NC CLIMATE NORMALS FOR TODAY
                         NORMAL    RECORD    YEAR
 MAXIMUM TEMPERATURE (F)   79        93      1915
 MINIMUM TEMPERATURE (F)   59        38      1931


SUNRISE AND SUNSET
MAY 24 2016...........SUNRISE   608 AM EDT   SUNSET   826 PM EDT
MAY 25 2016...........SUNRISE   607 AM EDT   SUNSET   827 PM EDT


-  INDICATES NEGATIVE NUMBERS.
R  INDICATES RECORD WAS SET OR TIED.
MM INDICATES DATA IS MISSING.
T  INDICATES TRACE AMOUNT.




$$
