000
CDUS42 KRAH 272146
CLIGSO


CLIMATE REPORT
NATIONAL WEATHER SERVICE RALEIGH NC
445 PM EST FRI FEB 27 2015


...................................

...THE PIEDMONT TRIAD INTL AIRPORT NC CLIMATE SUMMARY FOR FEBRUARY 27 2015...
VALID TODAY AS OF 0430 PM LOCAL TIME.

CLIMATE NORMAL PERIOD 1981 TO 2010
CLIMATE RECORD PERIOD 1903 TO 2015


WEATHER ITEM   OBSERVED TIME   RECORD YEAR NORMAL DEPARTURE LAST
                VALUE   (LST)  VALUE       VALUE  FROM      YEAR
                                                  NORMAL
..................................................................
TEMPERATURE (F)
 TODAY
  MAXIMUM         44    327 PM  78    2011  56    -12       53
  MINIMUM         24    653 AM   3    1963  35    -11       21
  AVERAGE         34                        45    -11       37

PRECIPITATION (IN)
  TODAY            0.00          1.42 1982   0.12  -0.12     0.00
                                      1923
  MONTH TO DATE    2.59                      2.85  -0.26     2.24
  SINCE DEC 1      6.84                      8.89  -2.05    11.41
  SINCE JAN 1      4.63                      5.91  -1.28     6.22

SNOWFALL (IN)
  TODAY            0.0           8.0  1924   0.1   -0.1      0.0
  MONTH TO DATE    9.6                       2.3    7.3      9.0
  SINCE DEC 1      9.6                       6.5    3.1     10.6
  SINCE JUL 1      9.6                       6.6    3.0     10.6
  SNOW DEPTH       3

DEGREE DAYS
 HEATING
  TODAY           31                        20     11       28
  MONTH TO DATE  829                       613    216      609
  SINCE DEC 1   2300                      2156    144     2213
  SINCE JUL 1   3050                      2836    214     2947

 COOLING
  TODAY            0                         0      0        0
  MONTH TO DATE    0                         0      0        0
  SINCE DEC 1      0                         1     -1        8
  SINCE JAN 1      0                         0      0        0
..................................................................


WIND (MPH)
  HIGHEST WIND SPEED    13   HIGHEST WIND DIRECTION     W (250)
  HIGHEST GUST SPEED    16   HIGHEST GUST DIRECTION     W (260)
  AVERAGE WIND SPEED     3.7


SKY COVER
  POSSIBLE SUNSHINE  MM
  AVERAGE SKY COVER 0.6


WEATHER CONDITIONS
 THE FOLLOWING WEATHER WAS RECORDED TODAY.
  FOG
  FOG W/VISIBILITY <= 1/4 MILE


RELATIVE HUMIDITY (PERCENT)
 HIGHEST   100           300 AM
 LOWEST     43           200 PM
 AVERAGE    72

..........................................................


THE PIEDMONT TRIAD INTL AIRPORT NC CLIMATE NORMALS FOR TOMORROW
                         NORMAL    RECORD    YEAR
 MAXIMUM TEMPERATURE (F)   56        79      1948
 MINIMUM TEMPERATURE (F)   35        10      1934


SUNRISE AND SUNSET
FEBRUARY 27 2015......SUNRISE   653 AM EST   SUNSET   613 PM EST
FEBRUARY 28 2015......SUNRISE   652 AM EST   SUNSET   614 PM EST


-  INDICATES NEGATIVE NUMBERS.
R  INDICATES RECORD WAS SET OR TIED.
MM INDICATES DATA IS MISSING.
T  INDICATES TRACE AMOUNT.

$$

JRK/DJF
