000
CDUS42 KRAH 210726
CLIGSO


CLIMATE REPORT
NATIONAL WEATHER SERVICE RALEIGH NC
325 AM EDT SAT OCT 21 2017


...................................

...THE PIEDMONT TRIAD INTL AIRPORT NC CLIMATE SUMMARY FOR OCTOBER 20 2017...

CLIMATE NORMAL PERIOD 1981 TO 2010
CLIMATE RECORD PERIOD 1903 TO 2017


WEATHER ITEM   OBSERVED TIME   RECORD YEAR NORMAL DEPARTURE LAST
                VALUE   (LST)  VALUE       VALUE  FROM      YEAR
                                                  NORMAL
..................................................................
TEMPERATURE (F)
 YESTERDAY
  MAXIMUM         78    319 PM  86    1924  69      9       84
  MINIMUM         46    446 AM  25    1972  47     -1       61
  AVERAGE         62                        58      4       73

PRECIPITATION (IN)
  YESTERDAY        0.00          2.43 1976   0.09  -0.09     0.00
  MONTH TO DATE    1.16                      2.00  -0.84     3.91
  SINCE SEP 1      3.96                      6.19  -2.23     6.13
  SINCE JAN 1     38.41                     34.98   3.43    36.93

DEGREE DAYS
 HEATING
  YESTERDAY        3                         7     -4        0
  MONTH TO DATE   52                       103    -51       35
  SINCE SEP 1     74                       133    -59       35
  SINCE JUL 1     74                       134    -60       35

 COOLING
  YESTERDAY        0                         1     -1        8
  MONTH TO DATE   71                        29     42       52
  SINCE SEP 1    257                       214     43      391
  SINCE JAN 1   1611                      1476    135     1958
..................................................................


WIND (MPH)
  HIGHEST WIND SPEED    10   HIGHEST WIND DIRECTION    NE (50)
  HIGHEST GUST SPEED    14   HIGHEST GUST DIRECTION     N (20)
  AVERAGE WIND SPEED     3.1


SKY COVER
  POSSIBLE SUNSHINE  MM
  AVERAGE SKY COVER 0.2


WEATHER CONDITIONS
 THE FOLLOWING WEATHER WAS RECORDED YESTERDAY.
  NO SIGNIFICANT WEATHER WAS OBSERVED.


RELATIVE HUMIDITY (PERCENT)
 HIGHEST    86           400 AM
 LOWEST     33           300 PM
 AVERAGE    60

..........................................................


THE PIEDMONT TRIAD INTL AIRPORT NC CLIMATE NORMALS FOR TODAY
                         NORMAL    RECORD    YEAR
 MAXIMUM TEMPERATURE (F)   69        85      1947
                                             1910
 MINIMUM TEMPERATURE (F)   47        26      1972


SUNRISE AND SUNSET
OCTOBER 21 2017.......SUNRISE   732 AM EDT   SUNSET   636 PM EDT
OCTOBER 22 2017.......SUNRISE   733 AM EDT   SUNSET   635 PM EDT


-  INDICATES NEGATIVE NUMBERS.
R  INDICATES RECORD WAS SET OR TIED.
MM INDICATES DATA IS MISSING.
T  INDICATES TRACE AMOUNT.

$$
