000
CDUS42 KRAH 262137
CLIGSO


CLIMATE REPORT
NATIONAL WEATHER SERVICE RALEIGH NC
435 PM EST MON JAN 26 2015


...................................

...THE PIEDMONT TRIAD INTL AIRPORT NC CLIMATE SUMMARY FOR JANUARY 26 2015...
VALID TODAY AS OF 0435 PM LOCAL TIME.

CLIMATE NORMAL PERIOD 1981 TO 2010
CLIMATE RECORD PERIOD 1903 TO 2015


WEATHER ITEM   OBSERVED TIME   RECORD YEAR NORMAL DEPARTURE LAST
                VALUE   (LST)  VALUE       VALUE  FROM      YEAR
                                                  NORMAL
..................................................................
TEMPERATURE (F)
 TODAY
  MAXIMUM         49   1129 AM  74    1950  49      0       52
  MINIMUM         38    514 AM   3    1940  30      8       18
  AVERAGE         44                        39      5       35

PRECIPITATION (IN)
  TODAY            T             0.98 1919   0.09  -0.09     0.00
  MONTH TO DATE    2.04                      2.58  -0.54     3.87
  SINCE DEC 1      4.25                      5.56  -1.31     9.06
  SINCE JAN 1      2.04                      2.58  -0.54     3.87

SNOWFALL (IN)
  TODAY            0.0           7.9  1966   0.1   -0.1      0.0
  MONTH TO DATE    T                         2.9   -2.9      0.4
  SINCE DEC 1      T                         3.7   -3.7      0.4
  SINCE JUL 1      T                         3.8   -3.8      0.4
  SNOW DEPTH       0

DEGREE DAYS
 HEATING
  TODAY           21                        26     -5       30
  MONTH TO DATE  670                       676     -6      789
  SINCE DEC 1   1321                      1410    -89     1425
  SINCE JUL 1   2071                      2090    -19     2159

 COOLING
  TODAY            0                         0      0        0
  MONTH TO DATE    0                         0      0        0
  SINCE DEC 1      0                         1     -1        8
  SINCE JAN 1      0                         0      0        0
..................................................................


WIND (MPH)
  HIGHEST WIND SPEED    12   HIGHEST WIND DIRECTION    NW (320)
  HIGHEST GUST SPEED    14   HIGHEST GUST DIRECTION    NW (320)
  AVERAGE WIND SPEED     5.9


SKY COVER
  POSSIBLE SUNSHINE  MM
  AVERAGE SKY COVER 0.9


WEATHER CONDITIONS
 THE FOLLOWING WEATHER WAS RECORDED TODAY.
  LIGHT RAIN


RELATIVE HUMIDITY (PERCENT)
 HIGHEST    85           500 AM
 LOWEST     70          1200 AM
 AVERAGE    78

..........................................................


THE PIEDMONT TRIAD INTL AIRPORT NC CLIMATE NORMALS FOR TOMORROW
                         NORMAL    RECORD    YEAR
 MAXIMUM TEMPERATURE (F)   49        72      1974
 MINIMUM TEMPERATURE (F)   30        -7      1940


SUNRISE AND SUNSET
JANUARY 26 2015.......SUNRISE   725 AM EST   SUNSET   540 PM EST
JANUARY 27 2015.......SUNRISE   724 AM EST   SUNSET   541 PM EST


-  INDICATES NEGATIVE NUMBERS.
R  INDICATES RECORD WAS SET OR TIED.
MM INDICATES DATA IS MISSING.
T  INDICATES TRACE AMOUNT.




$$
