000
CDUS42 KGSP 170637 RRB
CLIGSP

CLIMATE REPORT
NATIONAL WEATHER SERVICE GREENVILLE-SPARTANBURG SC
134 AM EST WED DEC 17 2014

...................................

...THE GREENVILLE-SPARTANBURG SC CLIMATE SUMMARY FOR DECEMBER 16 2014...

CLIMATE NORMAL PERIOD 1981 TO 2010
CLIMATE RECORD PERIOD 1884 TO 2014


WEATHER ITEM   OBSERVED TIME   RECORD YEAR NORMAL DEPARTURE LAST
                VALUE   (LST)  VALUE       VALUE  FROM      YEAR
                                                  NORMAL
..................................................................
TEMPERATURE (F)
 YESTERDAY
  MAXIMUM         62    305 PM  72    1971  54      8       59
                                      1929
  MINIMUM         39   1159 PM  12    1898  34      5       27
  AVERAGE         51                        44      7       43

PRECIPITATION (IN)
  YESTERDAY        0.07          2.11 1918   0.12  -0.05     0.00
  MONTH TO DATE    0.53                      2.22  -1.69     2.91
  SINCE DEC 1      0.53                      2.22  -1.69     2.91
  SINCE JAN 1     47.10                     45.30   1.80    65.80

SNOWFALL (IN)
  YESTERDAY       MM             1.0  1904   0.0   MM        0.0
  MONTH TO DATE    0.0                       0.1   -0.1      0.0
  SINCE DEC 1      0.0                       0.1   -0.1      0.0
  SINCE JUL 1      T                         0.2   -0.2      0.1
  SNOW DEPTH       0

DEGREE DAYS
 HEATING
  YESTERDAY       14                        21     -7       22
  MONTH TO DATE  252                       315    -63      275
  SINCE DEC 1    252                       315    -63      275
  SINCE JUL 1    889                       868     21      879

 COOLING
  YESTERDAY        0                         0      0        0
  MONTH TO DATE    0                         0      0        6
  SINCE DEC 1      0                         0      0        6
  SINCE JAN 1   1693                      1715    -22     1533
..................................................................


WIND (MPH)
  HIGHEST WIND SPEED    23   HIGHEST WIND DIRECTION    SW (230)
  HIGHEST GUST SPEED    30   HIGHEST GUST DIRECTION    SW (210)
  AVERAGE WIND SPEED     6.6


SKY COVER
  POSSIBLE SUNSHINE  MM
  AVERAGE SKY COVER 0.6


WEATHER CONDITIONS
 THE FOLLOWING WEATHER WAS RECORDED YESTERDAY.
  LIGHT RAIN
  FOG


RELATIVE HUMIDITY (PERCENT)
 HIGHEST   100           900 AM
 LOWEST     48           300 PM
 AVERAGE    74

..........................................................


THE GREENVILLE-SPARTANBURG SC CLIMATE NORMALS FOR TODAY
                         NORMAL    RECORD    YEAR
 MAXIMUM TEMPERATURE (F)   53        75      1924
 MINIMUM TEMPERATURE (F)   34        11      1901


SUNRISE AND SUNSET
DECEMBER 17 2014......SUNRISE   730 AM EST   SUNSET   520 PM EST
DECEMBER 18 2014......SUNRISE   731 AM EST   SUNSET   520 PM EST


-  INDICATES NEGATIVE NUMBERS.
R  INDICATES RECORD WAS SET OR TIED.
MM INDICATES DATA IS MISSING.
T  INDICATES TRACE AMOUNT.

$$
