000
CDUS42 KGSP 280633
CLIGSP

CLIMATE REPORT
NATIONAL WEATHER SERVICE GREENVILLE-SPARTANBURG SC
228 AM EDT THU JUL 28 2016


...................................

...THE GREENVILLE-SPARTANBURG SC CLIMATE SUMMARY FOR JULY 27 2016...

CLIMATE NORMAL PERIOD 1981 TO 2010
CLIMATE RECORD PERIOD 1884 TO 2016


WEATHER ITEM   OBSERVED TIME   RECORD YEAR NORMAL DEPARTURE LAST
                VALUE   (LST)  VALUE       VALUE  FROM      YEAR
                                                  NORMAL
..................................................................
TEMPERATURE (F)
 YESTERDAY
  MAXIMUM         95    315 PM 103    1940  90      5       95
  MINIMUM         74    630 AM  54    1911  70      4       71
  AVERAGE         85                        80      5       83

PRECIPITATION (IN)
  YESTERDAY        0.00          2.26 2010   0.16  -0.16     0.75
  MONTH TO DATE    4.06                      4.14  -0.08     1.34
  SINCE JUN 1      5.27                      7.94  -2.67     4.36
  SINCE JAN 1     22.82                     27.37  -4.55    22.95

SNOWFALL (IN)
  YESTERDAY        0.0           0.0    MM   0.0    0.0      0.0
  MONTH TO DATE    0.0                       0.0    0.0      0.0
  SINCE JUN 1      0.0                       0.0    0.0      0.0
  SINCE JUL 1      0.0                       0.0    0.0      0.0
  SNOW DEPTH       0

DEGREE DAYS
 HEATING
  YESTERDAY        0                         0      0        0
  MONTH TO DATE    0                         0      0        0
  SINCE JUN 1      0                         2     -2        0
  SINCE JUL 1      0                         0      0        0

 COOLING
  YESTERDAY       20                        15      5       18
  MONTH TO DATE  486                       403     83      453
  SINCE JUN 1    917                       754    163      879
  SINCE JAN 1   1156                       955    201     1154
..................................................................


WIND (MPH)
  HIGHEST WIND SPEED    15   HIGHEST WIND DIRECTION    SW (230)
  HIGHEST GUST SPEED    20   HIGHEST GUST DIRECTION    SW (230)
  AVERAGE WIND SPEED     7.6


SKY COVER
  POSSIBLE SUNSHINE  MM
  AVERAGE SKY COVER 0.2


WEATHER CONDITIONS
 THE FOLLOWING WEATHER WAS RECORDED YESTERDAY.
  NO SIGNIFICANT WEATHER WAS OBSERVED.


RELATIVE HUMIDITY (PERCENT)
 HIGHEST    88           100 AM
 LOWEST     41          1200 PM
 AVERAGE    65

..........................................................


THE GREENVILLE-SPARTANBURG SC CLIMATE NORMALS FOR TODAY
                         NORMAL    RECORD    YEAR
 MAXIMUM TEMPERATURE (F)   90       103      1952
 MINIMUM TEMPERATURE (F)   70        60      1911
                                             1904


SUNRISE AND SUNSET
JULY 28 2016..........SUNRISE   636 AM EDT   SUNSET   834 PM EDT
JULY 29 2016..........SUNRISE   637 AM EDT   SUNSET   834 PM EDT


-  INDICATES NEGATIVE NUMBERS.
R  INDICATES RECORD WAS SET OR TIED.
MM INDICATES DATA IS MISSING.
T  INDICATES TRACE AMOUNT.




$$
