673
CDUS42 KGSP 170643
CLIGSP

CLIMATE REPORT
NATIONAL WEATHER SERVICE GREENVILLE-SPARTANBURG SC
142 AM EST TUE JAN 17 2017


...................................

...THE GREENVILLE-SPARTANBURG SC CLIMATE SUMMARY FOR JANUARY 16 2017...

CLIMATE NORMAL PERIOD 1981 TO 2010
CLIMATE RECORD PERIOD 1884 TO 2017


WEATHER ITEM   OBSERVED TIME   RECORD YEAR NORMAL DEPARTURE LAST
                VALUE   (LST)  VALUE       VALUE  FROM      YEAR
                                                  NORMAL
..................................................................
TEMPERATURE (F)
 YESTERDAY
  MAXIMUM         58    441 PM  77    1974  52      6       60
  MINIMUM         53   1159 PM  -5    1893  32     21       38
  AVERAGE         56                        42     14       49

PRECIPITATION (IN)
  YESTERDAY        0.00          1.96 1924   0.12  -0.12     0.00
  MONTH TO DATE    2.60                      1.98   0.62     1.95
  SINCE DEC 1      5.29                      6.09  -0.80    12.03
  SINCE JAN 1      2.60                      1.98   0.62     1.95

SNOWFALL (IN)
  YESTERDAY        0.0           5.7  1965   0.1   -0.1      0.0
  MONTH TO DATE    3.1                       1.2    1.9      0.0
  SINCE DEC 1      3.1                       1.6    1.5      0.0
  SINCE JUL 1      3.1                       1.7    1.4      0.0
  SNOW DEPTH       0

DEGREE DAYS
 HEATING
  YESTERDAY        9                        23    -14       16
  MONTH TO DATE  303                       368    -65      371
  SINCE DEC 1    899                      1018   -119      680
  SINCE JUL 1   1225                      1571   -346     1125

 COOLING
  YESTERDAY        0                         0      0        0
  MONTH TO DATE    0                         0      0        0
  SINCE DEC 1      0                         1     -1       11
  SINCE JAN 1      0                         0      0        0
..................................................................


WIND (MPH)
  HIGHEST WIND SPEED     9   HIGHEST WIND DIRECTION    SE (120)
  HIGHEST GUST SPEED    12   HIGHEST GUST DIRECTION     E (80)
  AVERAGE WIND SPEED     5.5


SKY COVER
  POSSIBLE SUNSHINE  MM
  AVERAGE SKY COVER 1.0


WEATHER CONDITIONS
 THE FOLLOWING WEATHER WAS RECORDED YESTERDAY.
  FOG


RELATIVE HUMIDITY (PERCENT)
 HIGHEST    93           300 AM
 LOWEST     72           400 PM
 AVERAGE    83

..........................................................


THE GREENVILLE-SPARTANBURG SC CLIMATE NORMALS FOR TODAY
                         NORMAL    RECORD    YEAR
 MAXIMUM TEMPERATURE (F)   52        77      1943
 MINIMUM TEMPERATURE (F)   32        -4      1893


SUNRISE AND SUNSET
JANUARY 17 2017.......SUNRISE   735 AM EST   SUNSET   543 PM EST
JANUARY 18 2017.......SUNRISE   735 AM EST   SUNSET   544 PM EST


-  INDICATES NEGATIVE NUMBERS.
R  INDICATES RECORD WAS SET OR TIED.
MM INDICATES DATA IS MISSING.
T  INDICATES TRACE AMOUNT.




$$
