000
CDUS42 KGSP 242045
CLIGSP

CLIMATE REPORT
NATIONAL WEATHER SERVICE GREENVILLE-SPARTANBURG SC
444 PM EDT TUE MAY 24 2016


...................................

...THE GREENVILLE-SPARTANBURG SC CLIMATE SUMMARY FOR MAY 24 2016...
VALID TODAY AS OF 400 PM LOCAL TIME.

CLIMATE NORMAL PERIOD 1981 TO 2010
CLIMATE RECORD PERIOD 1884 TO 2016


WEATHER ITEM   OBSERVED TIME   RECORD YEAR NORMAL DEPARTURE LAST
                VALUE   (LST)  VALUE       VALUE  FROM      YEAR
                                                  NORMAL
..................................................................
TEMPERATURE (F)
 TODAY
  MAXIMUM         81    259 PM  94    1962  82     -1       81
  MINIMUM         54    550 AM  41    1917  60     -6       55
  AVERAGE         68                        71     -3       68

PRECIPITATION (IN)
  TODAY            0.00          2.60 1996   0.11  -0.11     0.00
  MONTH TO DATE    4.77                      2.90   1.87     2.46
  SINCE MAR 1      8.78                     10.78  -2.00    10.73
  SINCE JAN 1     17.04                     18.57  -1.53    18.05

SNOWFALL (IN)
  TODAY            0.0           0.0    MM   0.0    0.0      0.0
  MONTH TO DATE    0.0                       0.0    0.0      0.0
  SINCE MAR 1      T                         0.9   -0.9      0.0
  SINCE JUL 1      2.6                       4.7   -2.1      3.7
  SNOW DEPTH       0

DEGREE DAYS
 HEATING
  TODAY            0                         1     -1        0
  MONTH TO DATE   34                        37     -3        8
  SINCE MAR 1    401                       594   -193      403
  SINCE JUL 1   2498                      3043   -545     3017

 COOLING
  TODAY            3                         7     -4        3
  MONTH TO DATE   94                       101     -7      157
  SINCE MAR 1    179                       149     30      213
  SINCE JAN 1    179                       149     30      213
..................................................................


WIND (MPH)
  HIGHEST WIND SPEED    12   HIGHEST WIND DIRECTION    SW (220)
  HIGHEST GUST SPEED    15   HIGHEST GUST DIRECTION    SW (210)
  AVERAGE WIND SPEED     2.7


SKY COVER
  POSSIBLE SUNSHINE  MM
  AVERAGE SKY COVER 0.2


WEATHER CONDITIONS
 THE FOLLOWING WEATHER WAS RECORDED TODAY.
  NO SIGNIFICANT WEATHER WAS OBSERVED.


RELATIVE HUMIDITY (PERCENT)
 HIGHEST    93           300 AM
 LOWEST     35           300 PM
 AVERAGE    64

..........................................................


THE GREENVILLE-SPARTANBURG SC CLIMATE NORMALS FOR TOMORROW
                         NORMAL    RECORD    YEAR
 MAXIMUM TEMPERATURE (F)   83        96      1962
                                             1953
 MINIMUM TEMPERATURE (F)   60        46      2005


SUNRISE AND SUNSET
MAY 24 2016...........SUNRISE   619 AM EDT   SUNSET   832 PM EDT
MAY 25 2016...........SUNRISE   619 AM EDT   SUNSET   833 PM EDT


-  INDICATES NEGATIVE NUMBERS.
R  INDICATES RECORD WAS SET OR TIED.
MM INDICATES DATA IS MISSING.
T  INDICATES TRACE AMOUNT.




$$
JPT
