000
CDUS45 KTFX 011012
CLIGTF


CLIMATE REPORT
NATIONAL WEATHER SERVICE GREAT FALLS MT
410 AM MDT FRI AUG 1 2014


...................................

...THE GREAT FALLS MT CLIMATE SUMMARY FOR JULY 31 2014...

CLIMATE NORMAL PERIOD 1981 TO 2010
CLIMATE RECORD PERIOD 1886 TO 2014


WEATHER ITEM   OBSERVED TIME   RECORD YEAR NORMAL DEPARTURE LAST
                VALUE   (LST)  VALUE       VALUE  FROM      YEAR
                                                  NORMAL
..................................................................
TEMPERATURE (F)
 YESTERDAY
  MAXIMUM         95    238 PM 100    1930  86      9       86
  MINIMUM         57    258 AM  42    1968  53      4       46
  AVERAGE         76                        69      7       66

PRECIPITATION (IN)
  YESTERDAY        T             1.05 2001   0.04  -0.04     0.00
  MONTH TO DATE    0.78                      1.50  -0.72     0.37
  SINCE OCT 1     14.12                     11.76   2.36    11.15
  SINCE JAN 1     12.07                      9.76   2.31     7.81

SNOWFALL (IN)
  YESTERDAY        0.0           0.0  2002   0.0    0.0      0.0
  MONTH TO DATE    0.0                       0.0    0.0      0.0
  SINCE JUN 1      0.0                       0.3   -0.3      0.0
  SINCE JUL 1      0.0                       0.0    0.0      0.0
  SNOW DEPTH       0

DEGREE DAYS
 HEATING
  YESTERDAY        0                         1     -1        0
  MONTH TO DATE    5                        50    -45       16
  SINCE JUN 1    228                       241    -13      188
  SINCE JUL 1      5                        50    -45       16

 COOLING
  YESTERDAY       11                         5      6        1
  MONTH TO DATE  179                       124     55      174
  SINCE JUN 1    179                       156     23      201
  SINCE JAN 1    179                       163     16      204
..................................................................


WIND (MPH)
  HIGHEST WIND SPEED    29   HIGHEST WIND DIRECTION     W (280)
  HIGHEST GUST SPEED    37   HIGHEST GUST DIRECTION    NW (300)
  AVERAGE WIND SPEED     6.7


SKY COVER
  AVERAGE SKY COVER 0.0


WEATHER CONDITIONS
 THE FOLLOWING WEATHER WAS RECORDED YESTERDAY.
  THUNDERSTORM
  LIGHT RAIN


RELATIVE HUMIDITY (PERCENT)
 HIGHEST    62           300 AM
 LOWEST     14           200 PM
 AVERAGE    38

..........................................................


THE GREAT FALLS MT CLIMATE NORMALS FOR TODAY
                         NORMAL    RECORD    YEAR
 MAXIMUM TEMPERATURE (F)   86       100      1908
 MINIMUM TEMPERATURE (F)   53        38      1999


SUNRISE AND SUNSET
AUGUST  1 2014........SUNRISE   603 AM MDT   SUNSET   859 PM MDT
AUGUST  2 2014........SUNRISE   605 AM MDT   SUNSET   858 PM MDT


-  INDICATES NEGATIVE NUMBERS.
R  INDICATES RECORD WAS SET OR TIED.
MM INDICATES DATA IS MISSING.
T  INDICATES TRACE AMOUNT.




$$
