000
CDUS45 KTFX 282232
CLIGTF


CLIMATE REPORT
NATIONAL WEATHER SERVICE GREAT FALLS MT
430 PM MDT SUN AUG 28 2016


...................................

...THE GREAT FALLS MT CLIMATE SUMMARY FOR AUGUST 28 2016...
VALID TODAY AS OF 0400 PM LOCAL TIME.

CLIMATE NORMAL PERIOD 1981 TO 2010
CLIMATE RECORD PERIOD 1886 TO 2016


WEATHER ITEM   OBSERVED TIME   RECORD YEAR NORMAL DEPARTURE LAST
                VALUE   (LST)  VALUE       VALUE  FROM      YEAR
                                                  NORMAL
..................................................................
TEMPERATURE (F)
 TODAY
  MAXIMUM         81    213 PM  99    2012  78      3       93
  MINIMUM         61    617 AM  35    1918  48     13       57
  AVERAGE         71                        63      8       75

PRECIPITATION (IN)
  TODAY            T             0.60 1951   0.05  -0.05     0.00
  MONTH TO DATE    1.12                      1.40  -0.28     0.36
  SINCE OCT 1     14.40                     13.16   1.24    10.98
  SINCE JAN 1      9.30                     11.16  -1.86     8.03

SNOWFALL (IN)
  TODAY            0.0           0.0  2002   0.1   -0.1      0.0
  MONTH TO DATE    T                         0.3   -0.3      0.0
  SINCE JUN 1      T                         0.6   -0.6      0.0
  SINCE JUL 1      T                         0.3   -0.3      0.0

DEGREE DAYS
 HEATING
  TODAY            0                         4     -4        0
  MONTH TO DATE   57                        58     -1       48
  SINCE JUN 1    209                       299    -90      177
  SINCE JUL 1    101                       108     -7       95

 COOLING
  TODAY            6                         2      4       10
  MONTH TO DATE   63                       107    -44      153
  SINCE JUN 1    227                       263    -36      377
  SINCE JAN 1    227                       270    -43      377
..................................................................


WIND (MPH)
  HIGHEST WIND SPEED    16   HIGHEST WIND DIRECTION     N (10)
  HIGHEST GUST SPEED    21   HIGHEST GUST DIRECTION     N (10)
  AVERAGE WIND SPEED    11.0


SKY COVER
  AVERAGE SKY COVER 0.0


WEATHER CONDITIONS
 THE FOLLOWING WEATHER WAS RECORDED TODAY.
  NO SIGNIFICANT WEATHER WAS OBSERVED.


RELATIVE HUMIDITY (PERCENT)
 HIGHEST    46           600 AM
 LOWEST     27          1100 AM
 AVERAGE    37

..........................................................


THE GREAT FALLS MT CLIMATE NORMALS FOR TOMORROW
                         NORMAL    RECORD    YEAR
 MAXIMUM TEMPERATURE (F)   78        97      2005
 MINIMUM TEMPERATURE (F)   47        34      1992


SUNRISE AND SUNSET
AUGUST 28 2016........SUNRISE   640 AM MDT   SUNSET   812 PM MDT
AUGUST 29 2016........SUNRISE   641 AM MDT   SUNSET   810 PM MDT


-  INDICATES NEGATIVE NUMBERS.
R  INDICATES RECORD WAS SET OR TIED.
MM INDICATES DATA IS MISSING.
T  INDICATES TRACE AMOUNT.




$$
