000
CDUS45 KTFX 230736
CLIGTF


CLIMATE REPORT
NATIONAL WEATHER SERVICE GREAT FALLS MT
135 AM MDT FRI JUN 23 2017


...................................

...THE GREAT FALLS MT CLIMATE SUMMARY FOR JUNE 22 2017...

CLIMATE NORMAL PERIOD 1981 TO 2010
CLIMATE RECORD PERIOD 1886 TO 2017


WEATHER ITEM   OBSERVED TIME   RECORD YEAR NORMAL DEPARTURE LAST
                VALUE   (LST)  VALUE       VALUE  FROM      YEAR
                                                  NORMAL
..................................................................
TEMPERATURE (F)
 YESTERDAY
  MAXIMUM         68   1256 PM  99    1988  75     -7       80
                                      1919
  MINIMUM         46    510 AM  39    2016  47     -1       39
                                      1963
                                      1951
  AVERAGE         57                        61     -4       60

PRECIPITATION (IN)
  YESTERDAY        0.00          1.20 1892   0.08  -0.08     0.00
  MONTH TO DATE    2.09                      2.01   0.08     0.58
  SINCE OCT 1     12.44                      9.74   2.70    11.70
  SINCE JAN 1      9.51                      7.74   1.77     6.60

SNOWFALL (IN)
  YESTERDAY        0.0           T    1991   0.0    0.0      0.0
  MONTH TO DATE    0.0                       0.3   -0.3      0.0
  SINCE JUN 1      0.0                       0.3   -0.3      0.0
  SINCE JUL 1     48.4                      63.5  -15.1     46.9
  SNOW DEPTH       0

DEGREE DAYS
 HEATING
  YESTERDAY        8                         5      3        5
  MONTH TO DATE   98                       157    -59       92
  SINCE JUN 1     98                       157    -59       92
  SINCE JUL 1   7590                      7692   -102     6781

 COOLING
  YESTERDAY        0                         1     -1        0
  MONTH TO DATE   22                        18      4       23
  SINCE JUN 1     22                        18      4       23
  SINCE JAN 1     29                        25      4       23
..................................................................


WIND (MPH)
  HIGHEST WIND SPEED    24   HIGHEST WIND DIRECTION     N (10)
  HIGHEST GUST SPEED    32   HIGHEST GUST DIRECTION     N (20)
  AVERAGE WIND SPEED     8.7


SKY COVER
  AVERAGE SKY COVER 0.4


WEATHER CONDITIONS
 THE FOLLOWING WEATHER WAS RECORDED YESTERDAY.
  NO SIGNIFICANT WEATHER WAS OBSERVED.


RELATIVE HUMIDITY (PERCENT)
 HIGHEST    71           500 AM
 LOWEST     24           100 PM
 AVERAGE    48

..........................................................


THE GREAT FALLS MT CLIMATE NORMALS FOR TODAY
                         NORMAL    RECORD    YEAR
 MAXIMUM TEMPERATURE (F)   76       101      1936
 MINIMUM TEMPERATURE (F)   48        35      1905


SUNRISE AND SUNSET
JUNE 23 2017..........SUNRISE   529 AM MDT   SUNSET   927 PM MDT
JUNE 24 2017..........SUNRISE   529 AM MDT   SUNSET   927 PM MDT


-  INDICATES NEGATIVE NUMBERS.
R  INDICATES RECORD WAS SET OR TIED.
MM INDICATES DATA IS MISSING.
T  INDICATES TRACE AMOUNT.




$$
