000
CDUS45 KTFX 041027
CLIGTF


CLIMATE REPORT
NATIONAL WEATHER SERVICE GREAT FALLS MT
425 AM MDT SAT JUL 4 2015


...................................

...THE GREAT FALLS MT CLIMATE SUMMARY FOR JULY 3 2015...

CLIMATE NORMAL PERIOD 1981 TO 2010
CLIMATE RECORD PERIOD 1886 TO 2015


WEATHER ITEM   OBSERVED TIME   RECORD YEAR NORMAL DEPARTURE LAST
                VALUE   (LST)  VALUE       VALUE  FROM      YEAR
                                                  NORMAL
..................................................................
TEMPERATURE (F)
 YESTERDAY
  MAXIMUM         95    401 PM  98    2013  80     15       91
                                      1996
                                      1985
  MINIMUM         58    511 AM  41    1971  49      9       59
  AVERAGE         77                        65     12       75

PRECIPITATION (IN)
  YESTERDAY        0.00          1.30 1902   0.06  -0.06     0.00
  MONTH TO DATE    0.00                      0.18  -0.18     0.00
  SINCE OCT 1      9.19                     10.44  -1.25    13.34
  SINCE JAN 1      6.24                      8.44  -2.20    11.29

SNOWFALL (IN)
  YESTERDAY        0.0           T    1966   0.0    0.0      0.0
  MONTH TO DATE    0.0                       0.0    0.0      0.0
  SINCE JUN 1      0.0                       0.3   -0.3      0.0
  SINCE JUL 1      0.0                       0.0    0.0      0.0
  SNOW DEPTH       0

DEGREE DAYS
 HEATING
  YESTERDAY        0                         3     -3        0
  MONTH TO DATE    0                         9     -9        3
  SINCE JUN 1     82                       200   -118      226
  SINCE JUL 1      0                         9     -9        3

 COOLING
  YESTERDAY       12                         2     10       10
  MONTH TO DATE   24                         6     18       14
  SINCE JUN 1    118                        38     80       14
  SINCE JAN 1    118                        45     73       14
..................................................................


WIND (MPH)
  HIGHEST WIND SPEED    14   HIGHEST WIND DIRECTION     W (280)
  HIGHEST GUST SPEED    19   HIGHEST GUST DIRECTION     W (270)
  AVERAGE WIND SPEED     5.8


SKY COVER
  AVERAGE SKY COVER 0.1


WEATHER CONDITIONS
 THE FOLLOWING WEATHER WAS RECORDED YESTERDAY.
  THUNDERSTORM
  HAZE


RELATIVE HUMIDITY (PERCENT)
 HIGHEST    67           500 AM
 LOWEST     15           200 PM
 AVERAGE    41

..........................................................


THE GREAT FALLS MT CLIMATE NORMALS FOR TODAY
                         NORMAL    RECORD    YEAR
 MAXIMUM TEMPERATURE (F)   80       101      1937
 MINIMUM TEMPERATURE (F)   50        35      1915


SUNRISE AND SUNSET
JULY  4 2015..........SUNRISE   534 AM MDT   SUNSET   925 PM MDT
JULY  5 2015..........SUNRISE   535 AM MDT   SUNSET   925 PM MDT


-  INDICATES NEGATIVE NUMBERS.
R  INDICATES RECORD WAS SET OR TIED.
MM INDICATES DATA IS MISSING.
T  INDICATES TRACE AMOUNT.




$$
