000
CDUS45 KTFX 200957
CLIGTF


CLIMATE REPORT
NATIONAL WEATHER SERVICE GREAT FALLS MT
351 AM MDT MON OCT 20 2014


...................................

...THE GREAT FALLS MT CLIMATE SUMMARY FOR OCTOBER 19 2014...

CLIMATE NORMAL PERIOD 1981 TO 2010
CLIMATE RECORD PERIOD 1886 TO 2014


WEATHER ITEM   OBSERVED TIME   RECORD YEAR NORMAL DEPARTURE LAST
                VALUE   (LST)  VALUE       VALUE  FROM      YEAR
                                                  NORMAL
..................................................................
TEMPERATURE (F)
 YESTERDAY
  MAXIMUM         74    238 PM  81    1974  57     17       64
  MINIMUM         42    229 AM   2    1905  32     10       37
  AVERAGE         58                        44     14       51

PRECIPITATION (IN)
  YESTERDAY        0.00          0.43 1979   0.03  -0.03     0.02
  MONTH TO DATE    0.12                      0.59  -0.47     0.36
  SINCE OCT 1      0.12                      0.59  -0.47     0.36
  SINCE JAN 1     17.30                     13.34   3.96    10.09

SNOWFALL (IN)
  YESTERDAY        0.0           2.2  1930   0.2   -0.2      0.0
  MONTH TO DATE    1.1                       2.1   -1.0       T
  SINCE SEP 1      1.1                       3.3   -2.2       T
  SINCE JUL 1      1.1                       3.6   -2.5       T
  SNOW DEPTH       0

DEGREE DAYS
 HEATING
  YESTERDAY        7                        21    -14       14
  MONTH TO DATE  221                       336   -115      399
  SINCE SEP 1    476                       622   -146      565
  SINCE JUL 1    546                       743   -197      589

 COOLING
  YESTERDAY        0                         0      0        0
  MONTH TO DATE    0                         0      0        0
  SINCE SEP 1     25                        21      4       80
  SINCE JAN 1    349                       297     52      449
..................................................................


WIND (MPH)
  HIGHEST WIND SPEED    22   HIGHEST WIND DIRECTION    SW (230)
  HIGHEST GUST SPEED    26   HIGHEST GUST DIRECTION    SW (210)
  AVERAGE WIND SPEED    12.2


SKY COVER
  AVERAGE SKY COVER 0.0


WEATHER CONDITIONS
 THE FOLLOWING WEATHER WAS RECORDED YESTERDAY.
  NO SIGNIFICANT WEATHER WAS OBSERVED.


RELATIVE HUMIDITY (PERCENT)
 HIGHEST    76           100 AM
 LOWEST     22           300 PM
 AVERAGE    49

..........................................................


THE GREAT FALLS MT CLIMATE NORMALS FOR TODAY
                         NORMAL    RECORD    YEAR
 MAXIMUM TEMPERATURE (F)   56        82      1895
 MINIMUM TEMPERATURE (F)   32        16      1984


SUNRISE AND SUNSET
OCTOBER 20 2014.......SUNRISE   751 AM MDT   SUNSET   628 PM MDT
OCTOBER 21 2014.......SUNRISE   753 AM MDT   SUNSET   626 PM MDT


-  INDICATES NEGATIVE NUMBERS.
R  INDICATES RECORD WAS SET OR TIED.
MM INDICATES DATA IS MISSING.
T  INDICATES TRACE AMOUNT.




$$
