000
CDUS45 KTFX 060758
CLIGTF


CLIMATE REPORT
NATIONAL WEATHER SERVICE GREAT FALLS MT
1258 AM MST SAT FEB 6 2016


...................................

...THE GREAT FALLS MT CLIMATE SUMMARY FOR FEBRUARY 5 2016...

CLIMATE NORMAL PERIOD 1981 TO 2010
CLIMATE RECORD PERIOD 1886 TO 2016


WEATHER ITEM   OBSERVED TIME   RECORD YEAR NORMAL DEPARTURE LAST
                VALUE   (LST)  VALUE       VALUE  FROM      YEAR
                                                  NORMAL
..................................................................
TEMPERATURE (F)
 YESTERDAY
  MAXIMUM         49    248 PM  62    1941  37     12       56
  MINIMUM         26    235 AM -27    2014  16     10       36
  AVERAGE         38                        26     12       46

PRECIPITATION (IN)
  YESTERDAY        0.00          0.17 2011   0.02  -0.02     0.00
  MONTH TO DATE    0.01                      0.08  -0.07     0.01
  SINCE OCT 1      5.73                      2.59   3.14     3.97
  SINCE JAN 1      0.63                      0.59   0.04     1.02

SNOWFALL (IN)
  YESTERDAY        0.0           3.0  1933   0.2   -0.2      0.0
  MONTH TO DATE    0.1                       1.4   -1.3      0.1
  SINCE DEC 1     22.0                      19.5    2.5     33.2
  SINCE JUL 1     37.9                      33.2    4.7     50.6
  SNOW DEPTH       0

DEGREE DAYS
 HEATING
  YESTERDAY       27                        39    -12       19
  MONTH TO DATE  176                       195    -19      196
  SINCE DEC 1   2519                      2677   -158     2499
  SINCE JUL 1   4340                      4646   -306     4388

 COOLING
  YESTERDAY        0                         0      0        0
  MONTH TO DATE    0                         0      0        0
  SINCE DEC 1      0                         0      0        0
  SINCE JAN 1      0                         0      0        0
..................................................................


WIND (MPH)
  HIGHEST WIND SPEED    33   HIGHEST WIND DIRECTION    SW (210)
  HIGHEST GUST SPEED    42   HIGHEST GUST DIRECTION    SW (210)
  AVERAGE WIND SPEED    21.8


SKY COVER
  AVERAGE SKY COVER 0.0


WEATHER CONDITIONS
 THE FOLLOWING WEATHER WAS RECORDED YESTERDAY.
  NO SIGNIFICANT WEATHER WAS OBSERVED.


RELATIVE HUMIDITY (PERCENT)
 HIGHEST    69           600 AM
 LOWEST     34           300 PM
 AVERAGE    52

..........................................................


THE GREAT FALLS MT CLIMATE NORMALS FOR TODAY
                         NORMAL    RECORD    YEAR
 MAXIMUM TEMPERATURE (F)   37        65      2015
 MINIMUM TEMPERATURE (F)   16       -34      2014


SUNRISE AND SUNSET
FEBRUARY  6 2016......SUNRISE   745 AM MST   SUNSET   534 PM MST
FEBRUARY  7 2016......SUNRISE   744 AM MST   SUNSET   536 PM MST


-  INDICATES NEGATIVE NUMBERS.
R  INDICATES RECORD WAS SET OR TIED.
MM INDICATES DATA IS MISSING.
T  INDICATES TRACE AMOUNT.




$$
