000
CDUS45 KTFX 291015
CLIGTF


CLIMATE REPORT
NATIONAL WEATHER SERVICE GREAT FALLS MT
413 AM MDT FRI MAY 29 2015


...................................

...THE GREAT FALLS MT CLIMATE SUMMARY FOR MAY 28 2015...

CLIMATE NORMAL PERIOD 1981 TO 2010
CLIMATE RECORD PERIOD 1886 TO 2015


WEATHER ITEM   OBSERVED TIME   RECORD YEAR NORMAL DEPARTURE LAST
                VALUE   (LST)  VALUE       VALUE  FROM      YEAR
                                                  NORMAL
..................................................................
TEMPERATURE (F)
 YESTERDAY
  MAXIMUM         57    205 PM 100    1919  68    -11       75
  MINIMUM         45   1159 PM  27    1947  42      3       48
  AVERAGE         51                        55     -4       62

PRECIPITATION (IN)
  YESTERDAY        0.26          1.43 1990   0.11   0.15     0.17
  MONTH TO DATE    3.03                      2.09   0.94     1.54
  SINCE OCT 1      8.36                      7.40   0.96     9.08
  SINCE JAN 1      5.41                      5.40   0.01     7.03

SNOWFALL (IN)
  YESTERDAY        0.0           4.7  1982   0.1   -0.1      0.0
  MONTH TO DATE    T                         2.6   -2.6      3.7
  SINCE MAR 1      1.6                      23.1  -21.5     18.9
  SINCE JUL 1     57.9                      63.1   -5.2     76.4
  SNOW DEPTH       0

DEGREE DAYS
 HEATING
  YESTERDAY       14                        10      4        3
  MONTH TO DATE  422                       389     33      377
  SINCE MAR 1   1695                      2001   -306     2107
  SINCE JUL 1   6833                      7506   -673     7761

 COOLING
  YESTERDAY        0                         0      0        0
  MONTH TO DATE    0                         0      0        0
  SINCE MAR 1      0                         1     -1        0
  SINCE JAN 1      0                         1     -1        0
..................................................................


WIND (MPH)
  HIGHEST WIND SPEED    24   HIGHEST WIND DIRECTION     N (350)
  HIGHEST GUST SPEED    30   HIGHEST GUST DIRECTION     N (350)
  AVERAGE WIND SPEED    10.9


SKY COVER
  AVERAGE SKY COVER 0.9


WEATHER CONDITIONS
 THE FOLLOWING WEATHER WAS RECORDED YESTERDAY.
  RAIN
  LIGHT RAIN
  FOG
  FOG W/VISIBILITY <= 1/4 MILE
  HAZE


RELATIVE HUMIDITY (PERCENT)
 HIGHEST    93           100 AM
 LOWEST     77          1200 AM
 AVERAGE    85

..........................................................


THE GREAT FALLS MT CLIMATE NORMALS FOR TODAY
                         NORMAL    RECORD    YEAR
 MAXIMUM TEMPERATURE (F)   68        95      1936
 MINIMUM TEMPERATURE (F)   42        31      1895


SUNRISE AND SUNSET
MAY 29 2015...........SUNRISE   535 AM MDT   SUNSET   912 PM MDT
MAY 30 2015...........SUNRISE   534 AM MDT   SUNSET   913 PM MDT


-  INDICATES NEGATIVE NUMBERS.
R  INDICATES RECORD WAS SET OR TIED.
MM INDICATES DATA IS MISSING.
T  INDICATES TRACE AMOUNT.




$$
