000
CDUS45 KTFX 262348
CLIGTF


CLIMATE REPORT
NATIONAL WEATHER SERVICE GREAT FALLS MT
447 PM MST FRI DEC 26 2014


...................................

...THE GREAT FALLS MT CLIMATE SUMMARY FOR DECEMBER 26 2014...
VALID TODAY AS OF 0400 PM LOCAL TIME.

CLIMATE NORMAL PERIOD 1981 TO 2010
CLIMATE RECORD PERIOD 1886 TO 2014


WEATHER ITEM   OBSERVED TIME   RECORD YEAR NORMAL DEPARTURE LAST
                VALUE   (LST)  VALUE       VALUE  FROM      YEAR
                                                  NORMAL
..................................................................
TEMPERATURE (F)
 TODAY
  MAXIMUM         23    702 AM  60    1980  34    -11       52
  MINIMUM         12    359 PM -27    1996  14     -2       36
  AVERAGE         18                        24     -6       44

PRECIPITATION (IN)
  TODAY            0.02          0.28 1953   0.02   0.00     0.00
  MONTH TO DATE    0.71                      0.46   0.25     0.89
  SINCE OCT 1      2.56                      1.91   0.65     2.00
  SINCE JAN 1     19.74                     14.66   5.08    11.73

SNOWFALL (IN)
  TODAY            0.8           7.8  2008   0.3    0.5      0.0
  MONTH TO DATE    8.0                       7.8    0.2     12.9
  SINCE DEC 1      8.0                       7.8    0.2     12.9
  SINCE JUL 1     25.4                      21.5    3.9     22.6
  SNOW DEPTH       4

DEGREE DAYS
 HEATING
  TODAY           47                        41      6       21
  MONTH TO DATE  847                      1043   -196     1190
  SINCE DEC 1    847                      1043   -196     1190
  SINCE JUL 1   2736                      3012   -276     2990

 COOLING
  TODAY            0                         0      0        0
  MONTH TO DATE    0                         0      0        0
  SINCE DEC 1      0                         0      0        0
  SINCE JAN 1    350                       298     52      449
..................................................................


WIND (MPH)
  HIGHEST WIND SPEED    18   HIGHEST WIND DIRECTION    NW (330)
  HIGHEST GUST SPEED    21   HIGHEST GUST DIRECTION    NW (330)
  AVERAGE WIND SPEED    10.1


SKY COVER
  AVERAGE SKY COVER 0.8


WEATHER CONDITIONS
 THE FOLLOWING WEATHER WAS RECORDED TODAY.
  LIGHT SNOW
  FOG


RELATIVE HUMIDITY (PERCENT)
 HIGHEST    92           800 AM
 LOWEST     74           100 AM
 AVERAGE    83

..........................................................


THE GREAT FALLS MT CLIMATE NORMALS FOR TOMORROW
                         NORMAL    RECORD    YEAR
 MAXIMUM TEMPERATURE (F)   34        63      1980
 MINIMUM TEMPERATURE (F)   14       -37      1916


SUNRISE AND SUNSET
DECEMBER 26 2014......SUNRISE   812 AM MST   SUNSET   440 PM MST
DECEMBER 27 2014......SUNRISE   813 AM MST   SUNSET   441 PM MST


-  INDICATES NEGATIVE NUMBERS.
R  INDICATES RECORD WAS SET OR TIED.
MM INDICATES DATA IS MISSING.
T  INDICATES TRACE AMOUNT.




$$
