000
CDUS45 KTFX 030811
CLIGTF


CLIMATE REPORT
NATIONAL WEATHER SERVICE GREAT FALLS MT
210 AM MDT TUE MAY 3 2016


...................................

...THE GREAT FALLS MT CLIMATE SUMMARY FOR MAY 2 2016...

CLIMATE NORMAL PERIOD 1981 TO 2010
CLIMATE RECORD PERIOD 1886 TO 2016


WEATHER ITEM   OBSERVED TIME   RECORD YEAR NORMAL DEPARTURE LAST
                VALUE   (LST)  VALUE       VALUE  FROM      YEAR
                                                  NORMAL
..................................................................
TEMPERATURE (F)
 YESTERDAY
  MAXIMUM         72    528 PM  86    1985  61     11       68
  MINIMUM         33    224 AM  16    1954  34     -1       44
  AVERAGE         53                        48      5       56

PRECIPITATION (IN)
  YESTERDAY        0.00          0.65 1964   0.06  -0.06     0.00
  MONTH TO DATE    0.00                      0.11  -0.11     0.00
  SINCE OCT 1      9.08                      5.42   3.66     5.33
  SINCE JAN 1      3.98                      3.42   0.56     2.38

SNOWFALL (IN)
  YESTERDAY        0.0           4.5  1902   0.2   -0.2      0.0
  MONTH TO DATE    0.0                       0.3   -0.3      0.0
  SINCE MAR 1      9.0                      20.8  -11.8      1.6
  SINCE JUL 1     46.9                      60.8  -13.9     57.9
  SNOW DEPTH       0

DEGREE DAYS
 HEATING
  YESTERDAY       12                        17     -5        9
  MONTH TO DATE   30                        35     -5       16
  SINCE MAR 1   1361                      1647   -286     1289
  SINCE JUL 1   6299                      7152   -853     6427

 COOLING
  YESTERDAY        0                         0      0        0
  MONTH TO DATE    0                         0      0        0
  SINCE MAR 1      0                         1     -1        0
  SINCE JAN 1      0                         1     -1        0
..................................................................


WIND (MPH)
  HIGHEST WIND SPEED    12   HIGHEST WIND DIRECTION    SW (210)
  HIGHEST GUST SPEED    16   HIGHEST GUST DIRECTION    SW (240)
  AVERAGE WIND SPEED     6.2


SKY COVER
  AVERAGE SKY COVER 0.0


WEATHER CONDITIONS
 THE FOLLOWING WEATHER WAS RECORDED YESTERDAY.
  NO SIGNIFICANT WEATHER WAS OBSERVED.


RELATIVE HUMIDITY (PERCENT)
 HIGHEST    89           400 AM
 LOWEST     20           300 PM
 AVERAGE    55

..........................................................


THE GREAT FALLS MT CLIMATE NORMALS FOR TODAY
                         NORMAL    RECORD    YEAR
 MAXIMUM TEMPERATURE (F)   61        86      1918
                                             1897
 MINIMUM TEMPERATURE (F)   35        19      1967


SUNRISE AND SUNSET
MAY  3 2016...........SUNRISE   605 AM MDT   SUNSET   841 PM MDT
MAY  4 2016...........SUNRISE   603 AM MDT   SUNSET   842 PM MDT


-  INDICATES NEGATIVE NUMBERS.
R  INDICATES RECORD WAS SET OR TIED.
MM INDICATES DATA IS MISSING.
T  INDICATES TRACE AMOUNT.




$$
