000
CDUS45 KTFX 302232
CLIGTF


CLIMATE REPORT
NATIONAL WEATHER SERVICE GREAT FALLS MT
430 PM MDT SAT JUL 30 2016


...................................

...THE GREAT FALLS MT CLIMATE SUMMARY FOR JULY 30 2016...
VALID TODAY AS OF 0400 PM LOCAL TIME.

CLIMATE NORMAL PERIOD 1981 TO 2010
CLIMATE RECORD PERIOD 1886 TO 2016


WEATHER ITEM   OBSERVED TIME   RECORD YEAR NORMAL DEPARTURE LAST
                VALUE   (LST)  VALUE       VALUE  FROM      YEAR
                                                  NORMAL
..................................................................
TEMPERATURE (F)
 TODAY
  MAXIMUM         96    243 PM 102    1934  86     10       88
  MINIMUM         54    504 AM  43    1892  53      1       47
  AVERAGE         75                        69      6       68

PRECIPITATION (IN)
  TODAY            0.00          1.27 1950   0.03  -0.03     0.00
  MONTH TO DATE    1.20                      1.46  -0.26     1.43
  SINCE OCT 1     13.28                     11.72   1.56    10.62
  SINCE JAN 1      8.18                      9.72  -1.54     7.67

SNOWFALL (IN)
  TODAY            0.0           0.0  2002   0.0    0.0      0.0
  MONTH TO DATE    T                         0.0    0.0      0.0
  SINCE JUN 1      T                         0.3   -0.3      0.0
  SINCE JUL 1      T                         0.0    0.0      0.0

DEGREE DAYS
 HEATING
  TODAY            0                         1     -1        0
  MONTH TO DATE   44                        49     -5       47
  SINCE JUN 1    152                       240    -88      129
  SINCE JUL 1     44                        49     -5       47

 COOLING
  TODAY           10                         5      5        3
  MONTH TO DATE  115                       120     -5      123
  SINCE JUN 1    158                       152      6      217
  SINCE JAN 1    158                       159     -1      217
..................................................................


WIND (MPH)
  HIGHEST WIND SPEED    21   HIGHEST WIND DIRECTION    SW (240)
  HIGHEST GUST SPEED    27   HIGHEST GUST DIRECTION     W (250)
  AVERAGE WIND SPEED     8.9


SKY COVER
  AVERAGE SKY COVER 0.2


WEATHER CONDITIONS
 THE FOLLOWING WEATHER WAS RECORDED TODAY.
  NO SIGNIFICANT WEATHER WAS OBSERVED.


RELATIVE HUMIDITY (PERCENT)
 HIGHEST    72           500 AM
 LOWEST     11           300 PM
 AVERAGE    42

..........................................................


THE GREAT FALLS MT CLIMATE NORMALS FOR TOMORROW
                         NORMAL    RECORD    YEAR
 MAXIMUM TEMPERATURE (F)   86       100      1930
 MINIMUM TEMPERATURE (F)   53        42      1968


SUNRISE AND SUNSET
JULY 30 2016..........SUNRISE   602 AM MDT   SUNSET   901 PM MDT
JULY 31 2016..........SUNRISE   603 AM MDT   SUNSET   900 PM MDT


-  INDICATES NEGATIVE NUMBERS.
R  INDICATES RECORD WAS SET OR TIED.
MM INDICATES DATA IS MISSING.
T  INDICATES TRACE AMOUNT.




$$
