262
CDUS45 KTFX 240747
CLIGTF


CLIMATE REPORT
NATIONAL WEATHER SERVICE GREAT FALLS MT
146 AM MDT TUE MAY 24 2016


...................................

...THE GREAT FALLS MT CLIMATE SUMMARY FOR MAY 23 2016...

CLIMATE NORMAL PERIOD 1981 TO 2010
CLIMATE RECORD PERIOD 1886 TO 2016


WEATHER ITEM   OBSERVED TIME   RECORD YEAR NORMAL DEPARTURE LAST
                VALUE   (LST)  VALUE       VALUE  FROM      YEAR
                                                  NORMAL
..................................................................
TEMPERATURE (F)
 YESTERDAY
  MAXIMUM         54   1054 AM  88    1988  67    -13       63
                                      1929
                                      1919
  MINIMUM         41   1045 PM  30    1949  41      0       48
  AVERAGE         48                        54     -6       56

PRECIPITATION (IN)
  YESTERDAY        0.12          1.05 2004   0.09   0.03     0.40
  MONTH TO DATE    1.89                      1.60   0.29     2.20
  SINCE OCT 1     10.97                      6.91   4.06     7.53
  SINCE JAN 1      5.87                      4.91   0.96     4.58

SNOWFALL (IN)
  YESTERDAY        0.0           3.0  2004   0.0    0.0      0.0
                                      1949
  MONTH TO DATE    T                         2.3   -2.3       T
  SINCE MAR 1      9.0                      22.8  -13.8      1.6
  SINCE JUL 1     46.9                      62.8  -15.9     57.9
  SNOW DEPTH       0

DEGREE DAYS
 HEATING
  YESTERDAY       17                        12      5        9
  MONTH TO DATE  320                       335    -15      370
  SINCE MAR 1   1651                      1947   -296     1643
  SINCE JUL 1   6589                      7452   -863     6781

 COOLING
  YESTERDAY        0                         0      0        0
  MONTH TO DATE    0                         0      0        0
  SINCE MAR 1      0                         1     -1        0
  SINCE JAN 1      0                         1     -1        0
..................................................................


WIND (MPH)
  HIGHEST WIND SPEED    25   HIGHEST WIND DIRECTION    SW (240)
  HIGHEST GUST SPEED    33   HIGHEST GUST DIRECTION     W (250)
  AVERAGE WIND SPEED    13.0


SKY COVER
  AVERAGE SKY COVER 0.9


WEATHER CONDITIONS
 THE FOLLOWING WEATHER WAS RECORDED YESTERDAY.
  LIGHT RAIN


RELATIVE HUMIDITY (PERCENT)
 HIGHEST    92           700 PM
 LOWEST     46          1000 AM
 AVERAGE    69

..........................................................


THE GREAT FALLS MT CLIMATE NORMALS FOR TODAY
                         NORMAL    RECORD    YEAR
 MAXIMUM TEMPERATURE (F)   67        90      1922
                                             1919
 MINIMUM TEMPERATURE (F)   41        30      1995


SUNRISE AND SUNSET
MAY 24 2016...........SUNRISE   538 AM MDT   SUNSET   907 PM MDT
MAY 25 2016...........SUNRISE   537 AM MDT   SUNSET   908 PM MDT


-  INDICATES NEGATIVE NUMBERS.
R  INDICATES RECORD WAS SET OR TIED.
MM INDICATES DATA IS MISSING.
T  INDICATES TRACE AMOUNT.




$$
