000
CDUS45 KTFX 291100
CLIGTF


CLIMATE REPORT
NATIONAL WEATHER SERVICE GREAT FALLS MT
456 AM MDT THU SEP 29 2016


...................................

...THE GREAT FALLS MT CLIMATE SUMMARY FOR SEPTEMBER 28 2016...

CLIMATE NORMAL PERIOD 1981 TO 2010
CLIMATE RECORD PERIOD 1886 TO 2016


WEATHER ITEM   OBSERVED TIME   RECORD YEAR NORMAL DEPARTURE LAST
                VALUE   (LST)  VALUE       VALUE  FROM      YEAR
                                                  NORMAL
..................................................................
TEMPERATURE (F)
 YESTERDAY
  MAXIMUM         67    508 PM  89    1967  65      2       64
  MINIMUM         36    632 AM  25    1985  38     -2       29
                                      1984
  AVERAGE         52                        52      0       47

PRECIPITATION (IN)
  YESTERDAY        0.00          0.99 1954   0.04  -0.04     0.00
  MONTH TO DATE    2.22                      1.34   0.88     2.54
  SINCE OCT 1     16.62                     14.67   1.95    13.54
  SINCE JAN 1     11.52                     12.67  -1.15    10.59

SNOWFALL (IN)
  YESTERDAY        0.0           6.1  1954   0.0    0.0      0.0
  MONTH TO DATE    0.0                       1.0   -1.0      0.0
  SINCE SEP 1      0.0                       1.0   -1.0      0.0
  SINCE JUL 1      T                         1.3   -1.3      0.0
  SNOW DEPTH       0

DEGREE DAYS
 HEATING
  YESTERDAY       13                        14     -1       18
  MONTH TO DATE  273                       258     15      205
  SINCE SEP 1    273                       258     15      205
  SINCE JUL 1    374                       379     -5      301

 COOLING
  YESTERDAY        0                         0      0        0
  MONTH TO DATE   10                        20    -10       15
  SINCE SEP 1     10                        20    -10       15
  SINCE JAN 1    252                       296    -44      406
..................................................................


WIND (MPH)
  HIGHEST WIND SPEED     9   HIGHEST WIND DIRECTION    SW (220)
  HIGHEST GUST SPEED    12   HIGHEST GUST DIRECTION    NE (40)
  AVERAGE WIND SPEED     5.0


SKY COVER
  AVERAGE SKY COVER 0.0


WEATHER CONDITIONS
 THE FOLLOWING WEATHER WAS RECORDED YESTERDAY.
  NO SIGNIFICANT WEATHER WAS OBSERVED.


RELATIVE HUMIDITY (PERCENT)
 HIGHEST    92           500 AM
 LOWEST     44           200 PM
 AVERAGE    68

..........................................................


THE GREAT FALLS MT CLIMATE NORMALS FOR TODAY
                         NORMAL    RECORD    YEAR
 MAXIMUM TEMPERATURE (F)   65        91      1967
 MINIMUM TEMPERATURE (F)   38        21      1985


SUNRISE AND SUNSET
SEPTEMBER 29 2016.....SUNRISE   722 AM MDT   SUNSET   708 PM MDT
SEPTEMBER 30 2016.....SUNRISE   724 AM MDT   SUNSET   706 PM MDT


-  INDICATES NEGATIVE NUMBERS.
R  INDICATES RECORD WAS SET OR TIED.
MM INDICATES DATA IS MISSING.
T  INDICATES TRACE AMOUNT.




$$
