000
CDUS45 KTFX 160941
CLIGTF


CLIMATE REPORT
NATIONAL WEATHER SERVICE GREAT FALLS MT
341 AM MDT WED AUG 16 2017


...................................

...THE GREAT FALLS MT CLIMATE SUMMARY FOR AUGUST 15 2017...

CLIMATE NORMAL PERIOD 1981 TO 2010
CLIMATE RECORD PERIOD 1886 TO 2017


WEATHER ITEM   OBSERVED TIME   RECORD YEAR NORMAL DEPARTURE LAST
                VALUE   (LST)  VALUE       VALUE  FROM      YEAR
                                                  NORMAL
..................................................................
TEMPERATURE (F)
 YESTERDAY
  MAXIMUM         82    410 PM 101    1990  83     -1       88
  MINIMUM         46    446 AM  40    2002  51     -5       49
                                      1982
  AVERAGE         64                        67     -3       69

PRECIPITATION (IN)
  YESTERDAY        0.00          1.58 1927   0.05  -0.05     0.00
  MONTH TO DATE    0.06                      0.68  -0.62     0.80
  SINCE OCT 1     12.59                     12.44   0.15    14.08
  SINCE JAN 1      9.66                     10.44  -0.78     8.98

SNOWFALL (IN)
  YESTERDAY        0.0           0.0  2002   0.0    0.0      0.0
  MONTH TO DATE    0.0                       0.1   -0.1       T
  SINCE JUN 1      0.0                       0.4   -0.4       T
  SINCE JUL 1      0.0                       0.1   -0.1       T
  SNOW DEPTH       0

DEGREE DAYS
 HEATING
  YESTERDAY        1                         2     -1        0
  MONTH TO DATE   22                        20      2        8
  SINCE JUN 1    148                       261   -113      160
  SINCE JUL 1     23                        70    -47       52

 COOLING
  YESTERDAY        0                         4     -4        4
  MONTH TO DATE   19                        70    -51       32
  SINCE JUN 1    325                       226     99      196
  SINCE JAN 1    332                       233     99      196
..................................................................


WIND (MPH)
  HIGHEST WIND SPEED    12   HIGHEST WIND DIRECTION     E (80)
  HIGHEST GUST SPEED    19   HIGHEST GUST DIRECTION    SW (220)
  AVERAGE WIND SPEED     4.9


SKY COVER
  AVERAGE SKY COVER 0.0


WEATHER CONDITIONS
 THE FOLLOWING WEATHER WAS RECORDED YESTERDAY.
  NO SIGNIFICANT WEATHER WAS OBSERVED.


RELATIVE HUMIDITY (PERCENT)
 HIGHEST    82           200 AM
 LOWEST     15           400 PM
 AVERAGE    49

..........................................................


THE GREAT FALLS MT CLIMATE NORMALS FOR TODAY
                         NORMAL    RECORD    YEAR
 MAXIMUM TEMPERATURE (F)   83       101      2013
 MINIMUM TEMPERATURE (F)   51        39      2002


SUNRISE AND SUNSET
AUGUST 16 2017........SUNRISE   623 AM MDT   SUNSET   835 PM MDT
AUGUST 17 2017........SUNRISE   625 AM MDT   SUNSET   833 PM MDT


-  INDICATES NEGATIVE NUMBERS.
R  INDICATES RECORD WAS SET OR TIED.
MM INDICATES DATA IS MISSING.
T  INDICATES TRACE AMOUNT.




$$
