000
CDUS45 KTFX 230758
CLIGTF


CLIMATE REPORT
NATIONAL WEATHER SERVICE GREAT FALLS MT
157 AM MDT SAT AUG 23 2014


...................................

...THE GREAT FALLS MT CLIMATE SUMMARY FOR AUGUST 22 2014...

CLIMATE NORMAL PERIOD 1981 TO 2010
CLIMATE RECORD PERIOD 1886 TO 2014


WEATHER ITEM   OBSERVED TIME   RECORD YEAR NORMAL DEPARTURE LAST
                VALUE   (LST)  VALUE       VALUE  FROM      YEAR
                                                  NORMAL
..................................................................
TEMPERATURE (F)
 YESTERDAY
  MAXIMUM         59    347 PM  98    1976  81    -22       90
                                      1935
  MINIMUM         49   1159 PM  32    1992  49      0       49
  AVERAGE         54                        65    -11       70

PRECIPITATION (IN)
  YESTERDAY        0.33          1.59 1933   0.06   0.27     0.00
  MONTH TO DATE    0.90                      1.07  -0.17     0.89
  SINCE OCT 1     15.02                     12.83   2.19    12.04
  SINCE JAN 1     12.97                     10.83   2.14     8.70

SNOWFALL (IN)
  YESTERDAY        0.0           1.7  1992   0.0    0.0      0.0
  MONTH TO DATE    0.0                       0.2   -0.2      0.0
  SINCE JUN 1      0.0                       0.5   -0.5      0.0
  SINCE JUL 1      0.0                       0.2   -0.2      0.0
  SNOW DEPTH       0

DEGREE DAYS
 HEATING
  YESTERDAY       11                         3      8        0
  MONTH TO DATE   15                        37    -22        8
  SINCE JUN 1    243                       278    -35      196
  SINCE JUL 1     20                        87    -67       24

 COOLING
  YESTERDAY        0                         3     -3        5
  MONTH TO DATE  138                        93     45       96
  SINCE JUN 1    317                       249     68      297
  SINCE JAN 1    317                       256     61      300
..................................................................


WIND (MPH)
  HIGHEST WIND SPEED    20   HIGHEST WIND DIRECTION    NW (320)
  HIGHEST GUST SPEED    24   HIGHEST GUST DIRECTION    NW (320)
  AVERAGE WIND SPEED    10.7


SKY COVER
  AVERAGE SKY COVER 1.0


WEATHER CONDITIONS
 THE FOLLOWING WEATHER WAS RECORDED YESTERDAY.
  RAIN
  LIGHT RAIN
  FOG


RELATIVE HUMIDITY (PERCENT)
 HIGHEST   100           600 AM
 LOWEST     80           400 PM
 AVERAGE    90

..........................................................


THE GREAT FALLS MT CLIMATE NORMALS FOR TODAY
                         NORMAL    RECORD    YEAR
 MAXIMUM TEMPERATURE (F)   80       102      1969
 MINIMUM TEMPERATURE (F)   49        32      1992


SUNRISE AND SUNSET
AUGUST 23 2014........SUNRISE   632 AM MDT   SUNSET   823 PM MDT
AUGUST 24 2014........SUNRISE   634 AM MDT   SUNSET   821 PM MDT


-  INDICATES NEGATIVE NUMBERS.
R  INDICATES RECORD WAS SET OR TIED.
MM INDICATES DATA IS MISSING.
T  INDICATES TRACE AMOUNT.




$$
