914
CDGM40 PGUM 131845
CLIGUM


CLIMATE REPORT
NATIONAL WEATHER SERVICE TIYAN, GUAM
445 AM CHST SUN FEB 14 2016


...................................

...THE GUAM INTERNATIONAL AIRPORT GU CLIMATE SUMMARY FOR FEBRUARY 13 2016...

CLIMATE NORMAL PERIOD 1981 TO 2010
CLIMATE RECORD PERIOD 1945 TO 2016


WEATHER ITEM   OBSERVED TIME   RECORD YEAR NORMAL DEPARTURE LAST
                VALUE   (LST)  VALUE       VALUE  FROM      YEAR
                                                  NORMAL
..................................................................
TEMPERATURE (F)
 YESTERDAY
  MAXIMUM         87    152 PM  91    1946  85      2       85
  MINIMUM         76   1204 AM  71    2008  75      1       72
                                      1991
  AVERAGE         82                        80      2       79

PRECIPITATION (IN)
  YESTERDAY        0.00          1.76 1989   0.17  -0.17     0.00
  MONTH TO DATE    0.64                      2.07  -1.43     0.06
  SINCE DEC 1      7.03                     13.01  -5.98    12.49
  SINCE JAN 1      3.26                      7.03  -3.77     8.62

SNOWFALL (IN)
  YESTERDAY        0.0
  MONTH TO DATE    0.0
  SINCE DEC 1      0.0
  SINCE JUL 1      0.0
  SNOW DEPTH       0

DEGREE DAYS
 HEATING
  YESTERDAY        0                         0      0        0
  MONTH TO DATE    0                         0      0        0
  SINCE DEC 1      0                         0      0        0
  SINCE JUL 1      0                         0      0        0

 COOLING
  YESTERDAY       17                        15      2       14
  MONTH TO DATE  212                       195     17      202
  SINCE DEC 1   1277                      1168    109     1297
  SINCE JAN 1    719                       666     53      719
..................................................................


WIND (MPH)
  RESULTANT WIND SPEED  19   RESULTANT WIND DIRECTION  NE (60)
  HIGHEST WIND SPEED    28   HIGHEST WIND DIRECTION    NE (60)
  HIGHEST GUST SPEED    33   HIGHEST GUST DIRECTION    NE (60)
  AVERAGE WIND SPEED    18.7


SKY COVER
  POSSIBLE SUNSHINE  MM
  AVERAGE SKY COVER 0.5


WEATHER CONDITIONS
 THE FOLLOWING WEATHER WAS RECORDED YESTERDAY.
  NO SIGNIFICANT WEATHER WAS OBSERVED.


RELATIVE HUMIDITY (PERCENT)
 HIGHEST    87          1200 AM
 LOWEST     55           200 PM
 AVERAGE    71

..........................................................


THE GUAM INTERNATIONAL AIRPORT GU CLIMATE NORMALS FOR TODAY
                         NORMAL    RECORD    YEAR
 MAXIMUM TEMPERATURE (F)   85        93      1946
 MINIMUM TEMPERATURE (F)   75        70      1969


SUNRISE AND SUNSET
FEBRUARY 14 2016......SUNRISE   644 AM CHST  SUNSET   626 PM CHST
FEBRUARY 15 2016......SUNRISE   644 AM CHST  SUNSET   626 PM CHST


-  INDICATES NEGATIVE NUMBERS.
R  INDICATES RECORD WAS SET OR TIED.
MM INDICATES DATA IS MISSING.
T  INDICATES TRACE AMOUNT.




$$
