000
CDGM40 PGUM 151845
CLIGUM


CLIMATE REPORT
NATIONAL WEATHER SERVICE TIYAN, GUAM
445 AM CHST TUE SEP 16 2014


...................................

...THE GUAM INTERNATIONAL AIRPORT GU CLIMATE SUMMARY FOR SEPTEMBER 15 2014...

CLIMATE NORMAL PERIOD 1981 TO 2010
CLIMATE RECORD PERIOD 1945 TO 2014


WEATHER ITEM   OBSERVED TIME   RECORD YEAR NORMAL DEPARTURE LAST
                VALUE   (LST)  VALUE       VALUE  FROM      YEAR
                                                  NORMAL
..................................................................
TEMPERATURE (F)
 YESTERDAY
  MAXIMUM         84    248 PM  91    1984  87     -3       89
                                      1983
                                      1969
  MINIMUM         77    729 AM  71    1956  76      1       75
  AVERAGE         81                        81      0       82

PRECIPITATION (IN)
  YESTERDAY        0.52          2.26 1983   0.47   0.05     0.11
  MONTH TO DATE    8.39                      7.64   0.75     6.30
  SINCE SEP 1      8.39                      7.64   0.75     6.30
  SINCE JAN 1     83.98                     64.16  19.82    45.52

SNOWFALL (IN)
  YESTERDAY        0.0
  MONTH TO DATE    0.0
  SINCE SEP 1      0.0
  SINCE JUL 1      0.0
  SNOW DEPTH       0

DEGREE DAYS
 HEATING
  YESTERDAY        0                         0      0        0
  MONTH TO DATE    0                         0      0        0
  SINCE SEP 1      0                         0      0        0
  SINCE JUL 1      0                         0      0        0

 COOLING
  YESTERDAY       16                        16      0       17
  MONTH TO DATE  270                       240     30      264
  SINCE SEP 1    270                       240     30      264
  SINCE JAN 1   4570                      4227    343     4777
..................................................................


WIND (MPH)
  RESULTANT WIND SPEED   8   RESULTANT WIND DIRECTION   E (90)
  HIGHEST WIND SPEED    15   HIGHEST WIND DIRECTION     E (80)
  HIGHEST GUST SPEED    20   HIGHEST GUST DIRECTION     E (80)
  AVERAGE WIND SPEED     7.0


SKY COVER
  POSSIBLE SUNSHINE  MM
  AVERAGE SKY COVER 0.7


WEATHER CONDITIONS
 THE FOLLOWING WEATHER WAS RECORDED YESTERDAY.
  THUNDERSTORM
  MIXED PRECIP
  HEAVY RAIN
  RAIN
  LIGHT RAIN
  FOG


RELATIVE HUMIDITY (PERCENT)
 HIGHEST    97           400 AM
 LOWEST     79           500 PM
 AVERAGE    88

..........................................................


THE GUAM INTERNATIONAL AIRPORT GU CLIMATE NORMALS FOR TODAY
                         NORMAL    RECORD    YEAR
 MAXIMUM TEMPERATURE (F)   87        91      1984
                                             1983
 MINIMUM TEMPERATURE (F)   76        71      1996


SUNRISE AND SUNSET
SEPTEMBER 16 2014.....SUNRISE   610 AM CHST  SUNSET   622 PM CHST
SEPTEMBER 17 2014.....SUNRISE   610 AM CHST  SUNSET   621 PM CHST


-  INDICATES NEGATIVE NUMBERS.
R  INDICATES RECORD WAS SET OR TIED.
MM INDICATES DATA IS MISSING.
T  INDICATES TRACE AMOUNT.




$$
