000
CDGM40 PGUM 010640
CLIGUM


CLIMATE REPORT
NATIONAL WEATHER SERVICE TIYAN, GUAM
439 PM CHST WED JUN 1 2016


...................................

...THE GUAM INTERNATIONAL AIRPORT GU CLIMATE SUMMARY FOR JUNE 1 2016...
VALID TODAY AS OF 0400 PM LOCAL TIME.

CLIMATE NORMAL PERIOD 1981 TO 2010
CLIMATE RECORD PERIOD 1945 TO 2016


WEATHER ITEM   OBSERVED TIME   RECORD YEAR NORMAL DEPARTURE LAST
                VALUE   (LST)  VALUE       VALUE  FROM      YEAR
                                                  NORMAL
..................................................................
TEMPERATURE (F)
 TODAY
  MAXIMUM         90    156 PM  92    1990  88      2       88
                                      1987
  MINIMUM         79    256 AM  73    1961  78      1       78
  AVERAGE         85                        83      2       83

PRECIPITATION (IN)
  TODAY            0.00          2.35 1980   0.18  -0.18     0.12
  MONTH TO DATE    0.00                      0.18  -0.18     0.12
  SINCE JUN 1      0.00                      0.18  -0.18     0.12
  SINCE JAN 1     10.99                     20.32  -9.33    29.51

SNOWFALL (IN)
  TODAY            0.0
  MONTH TO DATE    0.0
  SINCE JUN 1      0.0
  SINCE JUL 1      0.0
  SNOW DEPTH       0

DEGREE DAYS
 HEATING
  TODAY            0
  MONTH TO DATE    0
  SINCE JUN 1      0
  SINCE JUL 1      0

 COOLING
  TODAY           20                        18      2       18
  MONTH TO DATE   20                        18      2       18
  SINCE JUN 1     20                        18      2       18
  SINCE JAN 1   2706                      2446    260     2523
..................................................................


WIND (MPH)
  RESULTANT WIND SPEED   6   RESULTANT WIND DIRECTION   E (110)
  HIGHEST WIND SPEED    13   HIGHEST WIND DIRECTION     E (100)
  HIGHEST GUST SPEED    21   HIGHEST GUST DIRECTION     E (100)
  AVERAGE WIND SPEED     5.8


SKY COVER
  POSSIBLE SUNSHINE  MM
  AVERAGE SKY COVER 0.2


WEATHER CONDITIONS
 THE FOLLOWING WEATHER WAS RECORDED TODAY.
  NO SIGNIFICANT WEATHER WAS OBSERVED.


RELATIVE HUMIDITY (PERCENT)
 HIGHEST    85           300 AM
 LOWEST     52          1200 PM
 AVERAGE    69

..........................................................


THE GUAM INTERNATIONAL AIRPORT GU CLIMATE NORMALS FOR TOMORROW
                         NORMAL    RECORD    YEAR
 MAXIMUM TEMPERATURE (F)   88        92      2001
                                             1990
                                             1984
 MINIMUM TEMPERATURE (F)   78        73      1973


SUNRISE AND SUNSET
JUNE  1 2016..........SUNRISE   553 AM CHST  SUNSET   645 PM CHST
JUNE  2 2016..........SUNRISE   553 AM CHST  SUNSET   645 PM CHST


-  INDICATES NEGATIVE NUMBERS.
R  INDICATES RECORD WAS SET OR TIED.
MM INDICATES DATA IS MISSING.
T  INDICATES TRACE AMOUNT.




$$
