163
CDGM40 PGUM 240638
CLIGUM


CLIMATE REPORT
NATIONAL WEATHER SERVICE TIYAN, GUAM
428 PM CHST FRI NOV 24 2017


...................................

...THE GUAM INTERNATIONAL AIRPORT GU CLIMATE SUMMARY FOR NOVEMBER 24 2017...
VALID TODAY AS OF 0400 PM LOCAL TIME.

CLIMATE NORMAL PERIOD 1981 TO 2010
CLIMATE RECORD PERIOD 1945 TO 2017


WEATHER ITEM   OBSERVED TIME   RECORD YEAR NORMAL DEPARTURE LAST
                VALUE   (LST)  VALUE       VALUE  FROM      YEAR
                                                  NORMAL
..................................................................
TEMPERATURE (F)
 TODAY
  MAXIMUM         87    359 PM  90    2016  86      1       90
                                      1988
                                      1984
  MINIMUM         79    650 AM  73    1972  77      2       80
                                      1967
                                      1966
  AVERAGE         83                        82      1       85

PRECIPITATION (IN)
  TODAY            0.05          3.37 2007   0.29  -0.24     0.01
  MONTH TO DATE    3.18                      7.47  -4.29     9.90
  SINCE SEP 1     36.57                     33.44   3.13    38.69
  SINCE JAN 1     91.63                     89.96   1.67    85.03

SNOWFALL (IN)
  TODAY            0.0
  MONTH TO DATE    0.0
  SINCE SEP 1      0.0
  SINCE JUL 1      0.0
  SNOW DEPTH       0

DEGREE DAYS
 HEATING
  TODAY            0
  MONTH TO DATE    0
  SINCE SEP 1      0
  SINCE JUL 1      0

 COOLING
  TODAY           18                        17      1       20
  MONTH TO DATE  457                       408     49      454
  SINCE SEP 1   1520                      1417    103     1621
  SINCE JAN 1   5902                      5404    498     6085
..................................................................


WIND (MPH)
  RESULTANT WIND SPEED  10   RESULTANT WIND DIRECTION   E (80)
  HIGHEST WIND SPEED    22   HIGHEST WIND DIRECTION    NE (60)
  HIGHEST GUST SPEED    28   HIGHEST GUST DIRECTION     E (80)
  AVERAGE WIND SPEED    10.5


SKY COVER
  POSSIBLE SUNSHINE  MM
  AVERAGE SKY COVER 0.3


WEATHER CONDITIONS
 THE FOLLOWING WEATHER WAS RECORDED TODAY.
  RAIN
  FOG


RELATIVE HUMIDITY (PERCENT)
 HIGHEST    85           200 AM
 LOWEST     70           800 AM
 AVERAGE    78

..........................................................


THE GUAM INTERNATIONAL AIRPORT GU CLIMATE NORMALS FOR TOMORROW
                         NORMAL    RECORD    YEAR
 MAXIMUM TEMPERATURE (F)   86        90      2016
                                             1988
                                             1984
 MINIMUM TEMPERATURE (F)   77        72      1967


SUNRISE AND SUNSET
NOVEMBER 24 2017......SUNRISE   624 AM CHST  SUNSET   550 PM CHST
NOVEMBER 25 2017......SUNRISE   625 AM CHST  SUNSET   551 PM CHST


-  INDICATES NEGATIVE NUMBERS.
R  INDICATES RECORD WAS SET OR TIED.
MM INDICATES DATA IS MISSING.
T  INDICATES TRACE AMOUNT.




$$
