000
CDGM40 PGUM 030751
CLIGUM


CLIMATE REPORT
NATIONAL WEATHER SERVICE TIYAN, GUAM
541 PM CHST MON AUG 3 2015


...................................

...THE GUAM INTERNATIONAL AIRPORT GU CLIMATE SUMMARY FOR AUGUST 3 2015...
VALID TODAY AS OF 0500 PM LOCAL TIME.

CLIMATE NORMAL PERIOD 1981 TO 2010
CLIMATE RECORD PERIOD 1945 TO 2015


WEATHER ITEM   OBSERVED TIME   RECORD YEAR NORMAL DEPARTURE LAST
                VALUE   (LST)  VALUE       VALUE  FROM      YEAR
                                                  NORMAL
..................................................................
TEMPERATURE (F)
 TODAY
  MAXIMUM         87    135 PM  91    1991  87      0       84
                                      1990
                                      1986
  MINIMUM         78    354 AM  71    1989  76      2       77
  AVERAGE         83                        82      1       81

PRECIPITATION (IN)
  TODAY            0.19          4.43 1972   0.50  -0.31     0.03
  MONTH TO DATE    1.15                      1.47  -0.32     2.16
  SINCE JUN 1     28.27                     20.70   7.57    37.63
  SINCE JAN 1     57.66                     40.84  16.82    68.67

SNOWFALL (IN)
  TODAY            0.0
  MONTH TO DATE    0.0
  SINCE JUN 1      0.0
  SINCE JUL 1      0.0
  SNOW DEPTH       0

DEGREE DAYS
 HEATING
  TODAY            0
  MONTH TO DATE    0
  SINCE JUN 1      0
  SINCE JUL 1      0

 COOLING
  TODAY           18                        16      2       16
  MONTH TO DATE   50                        48      2       50
  SINCE JUN 1   1121                      1099     22     1173
  SINCE JAN 1   3626                      3527     99     3809
..................................................................


WIND (MPH)
  RESULTANT WIND SPEED  12   RESULTANT WIND DIRECTION  SW (230)
  HIGHEST WIND SPEED    16   HIGHEST WIND DIRECTION    SW (210)
  HIGHEST GUST SPEED    23   HIGHEST GUST DIRECTION    SW (220)
  AVERAGE WIND SPEED    12.7


SKY COVER
  POSSIBLE SUNSHINE  MM
  AVERAGE SKY COVER 0.6


WEATHER CONDITIONS
 THE FOLLOWING WEATHER WAS RECORDED TODAY.
  LIGHT RAIN
  FOG


RELATIVE HUMIDITY (PERCENT)
 HIGHEST    97           100 AM
 LOWEST     70           100 PM
 AVERAGE    84

..........................................................


THE GUAM INTERNATIONAL AIRPORT GU CLIMATE NORMALS FOR TOMORROW
                         NORMAL    RECORD    YEAR
 MAXIMUM TEMPERATURE (F)   87        92      2013
                                             1994
                                             1991
 MINIMUM TEMPERATURE (F)   76        72      1995


SUNRISE AND SUNSET
AUGUST  3 2015........SUNRISE   606 AM CHST  SUNSET   648 PM CHST
AUGUST  4 2015........SUNRISE   606 AM CHST  SUNSET   648 PM CHST


-  INDICATES NEGATIVE NUMBERS.
R  INDICATES RECORD WAS SET OR TIED.
MM INDICATES DATA IS MISSING.
T  INDICATES TRACE AMOUNT.




$$
