000
CDUS44 KAMA 280727
CLIGUY


CLIMATE REPORT
NATIONAL WEATHER SERVICE AMARILLO TX
126 AM CST FRI NOV 28 2014


...................................

...THE GUYMON CLIMATE SUMMARY FOR NOVEMBER 27 2014...

CLIMATE NORMAL PERIOD 1981 TO 2010
CLIMATE RECORD PERIOD 1998 TO 2014


WEATHER ITEM   OBSERVED TIME   NORMAL DEPARTURE LAST
                VALUE   (LST)  VALUE  FROM      YEAR
                                      NORMAL
......................................................
TEMPERATURE (F)
 YESTERDAY
  MAXIMUM         63    302 PM  55      8       56
  MINIMUM         22    619 AM  26     -4       20
  AVERAGE         43            40      3       38

PRECIPITATION (IN)
  YESTERDAY        0.00          0.01  -0.01     0.00
  MONTH TO DATE    0.14          0.49  -0.35     0.68
  SINCE SEP 1      3.87          3.85   0.02     4.45
  SINCE JAN 1     12.31         18.62  -6.31    15.00

SNOWFALL (IN)
  YESTERDAY        0.0                           0.0
  MONTH TO DATE    3.0                           3.7
  SINCE SEP 1      3.0                           3.7
  SINCE JUL 1      3.0                           3.7
  SNOW DEPTH       0

DEGREE DAYS
 HEATING
  YESTERDAY       22            25     -3       27
  MONTH TO DATE  592           506     86      549
  SINCE SEP 1    762           814    -52      820
  SINCE JUL 1    766           815    -49      820

 COOLING
  YESTERDAY        0             0      0        0
  MONTH TO DATE    0             0      0        0
  SINCE SEP 1    260           232     28      295
  SINCE JAN 1   1706          1481    225     1846
......................................................


WIND (MPH)
  RESULTANT WIND SPEED  10   RESULTANT WIND DIRECTION   S (200)
  HIGHEST WIND SPEED    23   HIGHEST WIND DIRECTION     S (200)
  HIGHEST GUST SPEED    29   HIGHEST GUST DIRECTION     S (200)
  AVERAGE WIND SPEED    11.0


SKY COVER
  AVERAGE SKY COVER 0.0


WEATHER CONDITIONS
 THE FOLLOWING WEATHER WAS RECORDED YESTERDAY.
  NO SIGNIFICANT WEATHER WAS OBSERVED.


RELATIVE HUMIDITY (PERCENT)
 HIGHEST    74           400 AM
 LOWEST     27           200 PM
 AVERAGE    51

..........................................................


THE GUYMON CLIMATE NORMALS FOR TODAY
                         NORMAL
 MAXIMUM TEMPERATURE (F)   54
 MINIMUM TEMPERATURE (F)   26


SUNRISE AND SUNSET
NOVEMBER 28 2014......SUNRISE   737 AM CST   SUNSET   531 PM CST
NOVEMBER 29 2014......SUNRISE   738 AM CST   SUNSET   531 PM CST


-  INDICATES NEGATIVE NUMBERS.
R  INDICATES RECORD WAS SET OR TIED.
MM INDICATES DATA IS MISSING.
T  INDICATES TRACE AMOUNT.




$$
