665
CDUS44 KAMA 230631
CLIGUY


CLIMATE REPORT
NATIONAL WEATHER SERVICE AMARILLO TX
130 AM CDT TUE MAY 23 2017


...................................

...THE GUYMON CLIMATE SUMMARY FOR MAY 22 2017...

CLIMATE NORMAL PERIOD 1981 TO 2010
CLIMATE RECORD PERIOD 1998 TO 2017


WEATHER ITEM   OBSERVED TIME   RECORD YEAR NORMAL DEPARTURE LAST
                VALUE   (LST)  VALUE       VALUE  FROM      YEAR
                                                  NORMAL
..................................................................
TEMPERATURE (F)
 YESTERDAY
  MAXIMUM         67    539 PM  MM      MM  81    -14       88
  MINIMUM         51   1012 PM  MM      MM  53     -2       63
  AVERAGE         59                        67     -8       76

PRECIPITATION (IN)
  YESTERDAY        0.23         MM      MM   0.09   0.14     0.01
  MONTH TO DATE    1.90                      1.48   0.42     0.81
  SINCE MAR 1      7.89                      4.42   3.47     6.33
  SINCE JAN 1      9.91                      5.29   4.62     6.76

SNOWFALL (IN)
  YESTERDAY        0.0          MM      MM  MM     MM        0.0
  MONTH TO DATE    0.0                      MM     MM        0.0
  SINCE MAR 1      3.0                      MM     MM        0.0
  SINCE JUL 1      3.8                      MM     MM        0.0
  SNOW DEPTH       0

DEGREE DAYS
 HEATING
  YESTERDAY        6                         2      4        0
  MONTH TO DATE   90                        83      7      128
  SINCE MAR 1    754                       969   -215      811
  SINCE JUL 1   3657                      4436   -779     3778

 COOLING
  YESTERDAY        0                         4     -4       11
  MONTH TO DATE   38                        52    -14       35
  SINCE MAR 1     95                        67     28       52
  SINCE JAN 1    103                        67     36       55
..................................................................


WIND (MPH)
  RESULTANT WIND SPEED   3   RESULTANT WIND DIRECTION   S (200)
  HIGHEST WIND SPEED    23   HIGHEST WIND DIRECTION     S (160)
  HIGHEST GUST SPEED    31   HIGHEST GUST DIRECTION    SE (150)
  AVERAGE WIND SPEED     9.1


SKY COVER
  AVERAGE SKY COVER 0.6


WEATHER CONDITIONS
 THE FOLLOWING WEATHER WAS RECORDED YESTERDAY.
  RAIN
  LIGHT RAIN
  FOG


RELATIVE HUMIDITY (PERCENT)
 HIGHEST    93           400 AM
 LOWEST     45           600 PM
 AVERAGE    69

..........................................................


THE GUYMON CLIMATE NORMALS FOR TODAY
                         NORMAL    RECORD    YEAR
 MAXIMUM TEMPERATURE (F)   81        MM        MM
 MINIMUM TEMPERATURE (F)   53        MM        MM


SUNRISE AND SUNSET
MAY 23 2017...........SUNRISE   633 AM CDT   SUNSET   853 PM CDT
MAY 24 2017...........SUNRISE   632 AM CDT   SUNSET   854 PM CDT


-  INDICATES NEGATIVE NUMBERS.
R  INDICATES RECORD WAS SET OR TIED.
MM INDICATES DATA IS MISSING.
T  INDICATES TRACE AMOUNT.




$$
