802
CDUS44 KAMA 222135
CLIGUY


CLIMATE REPORT
NATIONAL WEATHER SERVICE AMARILLO TX
434 PM CDT WED MAR 22 2017


...................................

...THE GUYMON CLIMATE SUMMARY FOR MARCH 22 2017...
VALID TODAY AS OF 0400 PM LOCAL TIME.

CLIMATE NORMAL PERIOD 1981 TO 2010
CLIMATE RECORD PERIOD 1998 TO 2017


WEATHER ITEM   OBSERVED TIME   RECORD YEAR NORMAL DEPARTURE LAST
                VALUE   (LST)  VALUE       VALUE  FROM      YEAR
                                                  NORMAL
..................................................................
TEMPERATURE (F)
 TODAY
  MAXIMUM         69    333 PM  MM      MM  63      6       88
  MINIMUM         43    546 AM  MM      MM  33     10       53
  AVERAGE         56                        48      8       71

PRECIPITATION (IN)
  TODAY            0.00         MM      MM   0.04  -0.04     0.00
  MONTH TO DATE    T                         0.98  -0.98     0.01
  SINCE MAR 1      T                         0.98  -0.98     0.01
  SINCE JAN 1      2.02                      1.85   0.17     0.44

SNOWFALL (IN)
  TODAY            0.0          MM      MM  MM     MM        0.0
  MONTH TO DATE    0.0                      MM     MM        0.0
  SINCE MAR 1      0.0                      MM     MM        0.0
  SINCE JUL 1      0.8                      MM     MM        0.0
  SNOW DEPTH       0

DEGREE DAYS
 HEATING
  TODAY            9                        17     -8        0
  MONTH TO DATE  290                       441   -151      309
  SINCE MAR 1    290                       441   -151      309
  SINCE JUL 1   3193                      3908   -715     3276

 COOLING
  TODAY            0                         0      0        6
  MONTH TO DATE   11                         0     11        6
  SINCE MAR 1     11                         0     11        6
  SINCE JAN 1     19                         0     19        9
..................................................................


WIND (MPH)
  RESULTANT WIND SPEED   8   RESULTANT WIND DIRECTION   E (110)
  HIGHEST WIND SPEED    17   HIGHEST WIND DIRECTION    SE (140)
  HIGHEST GUST SPEED    24   HIGHEST GUST DIRECTION    SE (150)
  AVERAGE WIND SPEED     9.6


SKY COVER
  AVERAGE SKY COVER 0.5


WEATHER CONDITIONS
 THE FOLLOWING WEATHER WAS RECORDED TODAY.
  NO SIGNIFICANT WEATHER WAS OBSERVED.


RELATIVE HUMIDITY (PERCENT)
 HIGHEST    76           600 AM
 LOWEST     40           200 PM
 AVERAGE    58

..........................................................


THE GUYMON CLIMATE NORMALS FOR TOMORROW
                         NORMAL    RECORD    YEAR
 MAXIMUM TEMPERATURE (F)   63        MM        MM
 MINIMUM TEMPERATURE (F)   34        MM        MM


SUNRISE AND SUNSET
MARCH 22 2017.........SUNRISE   746 AM CDT   SUNSET   800 PM CDT
MARCH 23 2017.........SUNRISE   745 AM CDT   SUNSET   801 PM CDT


-  INDICATES NEGATIVE NUMBERS.
R  INDICATES RECORD WAS SET OR TIED.
MM INDICATES DATA IS MISSING.
T  INDICATES TRACE AMOUNT.




$$
