000
CDUS42 KFFC 020822
CLIGVL


CLIMATE REPORT
NATIONAL WEATHER SERVICE PEACHTREE CITY GA
422 AM EDT THU JUL 2 2015


...................................

...THE GAINESVILLE   CLIMATE SUMMARY FOR JULY 1 2015...

CLIMATE NORMAL PERIOD 1981 TO 2010
CLIMATE RECORD PERIOD 9999 TO 9999


WEATHER ITEM   OBSERVED TIME   RECORD YEAR NORMAL DEPARTURE LAST
                VALUE   (LST)  VALUE       VALUE  FROM      YEAR
                                                  NORMAL
..................................................................
TEMPERATURE (F)
 YESTERDAY
  MAXIMUM         81    418 PM  MM      MM  87     -6       90
  MINIMUM         67    543 AM  MM      MM  69     -2       71
  AVERAGE         74                        78     -4       81

PRECIPITATION (IN)
  YESTERDAY        0.19         MM      MM   0.17   0.02     0.00
  MONTH TO DATE    0.19                      0.17   0.02     0.00
  SINCE JUN 1      3.66                      4.56  -0.90     1.76
  SINCE JAN 1     20.98                     27.48  -6.50    20.93

DEGREE DAYS
 COOLING
  YESTERDAY        9                        13     -4       16
  MONTH TO DATE    9                        13     -4       16
  SINCE JUN 1    405                       334     71      373
  SINCE JAN 1    658                       509    149      602
..................................................................


WIND (MPH)
  RESULTANT WIND SPEED   8   RESULTANT WIND DIRECTION   W (260)
  HIGHEST WIND SPEED    21   HIGHEST WIND DIRECTION    NW (320)
  HIGHEST GUST SPEED    30   HIGHEST GUST DIRECTION    NW (320)
  AVERAGE WIND SPEED     8.3


SKY COVER
  AVERAGE SKY COVER 0.3


WEATHER CONDITIONS
 THE FOLLOWING WEATHER WAS RECORDED YESTERDAY.
  THUNDERSTORM
  HEAVY RAIN
  RAIN
  LIGHT RAIN
  FOG


RELATIVE HUMIDITY (PERCENT)
 HIGHEST    93           500 AM
 LOWEST     62           200 PM
 AVERAGE    78

..........................................................


THE GAINESVILLE   CLIMATE NORMALS FOR TODAY
                         NORMAL    RECORD    YEAR
 MAXIMUM TEMPERATURE (F)   87        MM        MM
 MINIMUM TEMPERATURE (F)   69        MM        MM


SUNRISE AND SUNSET
JULY  2 2015..........SUNRISE   627 AM EDT   SUNSET   851 PM EDT
JULY  3 2015..........SUNRISE   628 AM EDT   SUNSET   851 PM EDT


-  INDICATES NEGATIVE NUMBERS.
R  INDICATES RECORD WAS SET OR TIED.
MM INDICATES DATA IS MISSING.
T  INDICATES TRACE AMOUNT.




$$
