000
CDUS42 KFFC 160819
CLIGVL


CLIMATE REPORT
NATIONAL WEATHER SERVICE PEACHTREE CITY GA
419 AM EDT WED AUG 16 2017


...................................

...THE GAINESVILLE   CLIMATE SUMMARY FOR AUGUST 15 2017...

CLIMATE NORMAL PERIOD 1981 TO 2010
CLIMATE RECORD PERIOD 9999 TO 9999


WEATHER ITEM   OBSERVED TIME   RECORD YEAR NORMAL DEPARTURE LAST
                VALUE   (LST)  VALUE       VALUE  FROM      YEAR
                                                  NORMAL
..................................................................
TEMPERATURE (F)
 YESTERDAY
  MAXIMUM         88    350 PM  MM      MM  87      1       88
  MINIMUM         72    202 AM  MM      MM  69      3       70
  AVERAGE         80                        78      2       79

PRECIPITATION (IN)
  YESTERDAY        0.02         MM      MM   0.13  -0.11     0.07
  MONTH TO DATE    2.56                      2.40   0.16     2.65
  SINCE JUN 1     11.70                     11.30   0.40     8.16
  SINCE JAN 1     37.59                     34.22   3.37    25.41

DEGREE DAYS
 COOLING
  YESTERDAY       15                        13      2       14
  MONTH TO DATE  187                       207    -20      242
  SINCE JUN 1    939                       954    -15     1197
  SINCE JAN 1   1216                      1129     87     1428
..................................................................


WIND (MPH)
  RESULTANT WIND SPEED   6   RESULTANT WIND DIRECTION   W (280)
  HIGHEST WIND SPEED    14   HIGHEST WIND DIRECTION     W (260)
  HIGHEST GUST SPEED    18   HIGHEST GUST DIRECTION     W (280)
  AVERAGE WIND SPEED     7.0


SKY COVER
  AVERAGE SKY COVER 0.3


WEATHER CONDITIONS
 THE FOLLOWING WEATHER WAS RECORDED YESTERDAY.
  THUNDERSTORM
  LIGHT RAIN
  FOG


RELATIVE HUMIDITY (PERCENT)
 HIGHEST   100          1200 AM
 LOWEST     55           500 PM
 AVERAGE    78

..........................................................


THE GAINESVILLE   CLIMATE NORMALS FOR TODAY
                         NORMAL    RECORD    YEAR
 MAXIMUM TEMPERATURE (F)   87        MM        MM
 MINIMUM TEMPERATURE (F)   69        MM        MM


SUNRISE AND SUNSET
AUGUST 16 2017........SUNRISE   657 AM EDT   SUNSET   821 PM EDT
AUGUST 17 2017........SUNRISE   658 AM EDT   SUNSET   820 PM EDT


-  INDICATES NEGATIVE NUMBERS.
R  INDICATES RECORD WAS SET OR TIED.
MM INDICATES DATA IS MISSING.
T  INDICATES TRACE AMOUNT.




$$
