000
CDUS42 KFFC 010917
CLIGVL


CLIMATE REPORT
NATIONAL WEATHER SERVICE PEACHTREE CITY GA
417 AM EST SUN FEB 1 2015


...................................

...THE GAINESVILLE   CLIMATE SUMMARY FOR JANUARY 31 2015...

CLIMATE NORMAL PERIOD 1981 TO 2010
CLIMATE RECORD PERIOD 9999 TO 9999


WEATHER ITEM   OBSERVED TIME   RECORD YEAR NORMAL DEPARTURE LAST
                VALUE   (LST)  VALUE       VALUE  FROM      YEAR
                                                  NORMAL
..................................................................
TEMPERATURE (F)
 YESTERDAY
  MAXIMUM         50    332 PM  MM      MM  52     -2       55
  MINIMUM         27    606 AM  MM      MM  34     -7       21
  AVERAGE         39                        43     -4       38

PRECIPITATION (IN)
  YESTERDAY        0.00         MM      MM   0.21  -0.21     0.00
  MONTH TO DATE    3.66                      5.03  -1.37     2.96
  SINCE DEC 1      7.75                      9.53  -1.78    12.44
  SINCE JAN 1      3.66                      5.03  -1.37     2.96

SNOWFALL (IN)
  YESTERDAY        0.0          MM      MM  MM     MM       MM
  MONTH TO DATE    0.0                      MM     MM         T
  SINCE DEC 1      0.0                      MM     MM         T
  SINCE JUL 1      0.0                      MM     MM         T
  SNOW DEPTH      MM

DEGREE DAYS
 HEATING
  YESTERDAY       26                        22      4       27
  MONTH TO DATE  732                       726      6      928
  SINCE DEC 1   1263                      1383   -120     1510
  SINCE JUL 1   1906                      1918    -12     2123
..................................................................


WIND (MPH)
  RESULTANT WIND SPEED   2   RESULTANT WIND DIRECTION   W (280)
  HIGHEST WIND SPEED    12   HIGHEST WIND DIRECTION     W (250)
  HIGHEST GUST SPEED    16   HIGHEST GUST DIRECTION     W (260)
  AVERAGE WIND SPEED     2.6


SKY COVER
  AVERAGE SKY COVER 0.0


WEATHER CONDITIONS
 THE FOLLOWING WEATHER WAS RECORDED YESTERDAY.
  HAZE


RELATIVE HUMIDITY (PERCENT)
 HIGHEST    69           600 AM
 LOWEST     23           400 PM
 AVERAGE    46

..........................................................


THE GAINESVILLE   CLIMATE NORMALS FOR TODAY
                         NORMAL    RECORD    YEAR
 MAXIMUM TEMPERATURE (F)   52        MM        MM
 MINIMUM TEMPERATURE (F)   34        MM        MM


SUNRISE AND SUNSET
FEBRUARY  1 2015......SUNRISE   733 AM EST   SUNSET   605 PM EST
FEBRUARY  2 2015......SUNRISE   732 AM EST   SUNSET   606 PM EST


-  INDICATES NEGATIVE NUMBERS.
R  INDICATES RECORD WAS SET OR TIED.
MM INDICATES DATA IS MISSING.
T  INDICATES TRACE AMOUNT.




$$
