000
CDUS42 KFFC 010826
CLIGVL


CLIMATE REPORT
NATIONAL WEATHER SERVICE PEACHTREE CITY GA
425 AM EDT MON SEP 1 2014


...................................

...THE GAINESVILLE   CLIMATE SUMMARY FOR AUGUST 31 2014...

CLIMATE NORMAL PERIOD 1981 TO 2010
CLIMATE RECORD PERIOD 9999 TO 9999


WEATHER ITEM   OBSERVED TIME   RECORD YEAR NORMAL DEPARTURE LAST
                VALUE   (LST)  VALUE       VALUE  FROM      YEAR
                                                  NORMAL
..................................................................
TEMPERATURE (F)
 YESTERDAY
  MAXIMUM         89    410 PM  MM      MM  85      4       88
  MINIMUM         69    757 AM  MM      MM  68      1       69
  AVERAGE         79                        76      3       79

PRECIPITATION (IN)
  YESTERDAY        0.02         MM      MM   0.12  -0.10     1.69
  MONTH TO DATE    3.59                      4.43  -0.84     8.80
  SINCE JUN 1      9.62                     13.33  -3.71    26.98
  SINCE JAN 1     28.79                     36.25  -7.46    41.90

DEGREE DAYS
 COOLING
  YESTERDAY       14                        11      3       14
  MONTH TO DATE  389                       404    -15      333
  SINCE JUN 1   1118                      1151    -33     1007
  SINCE JAN 1   1347                      1326     21     1152
..................................................................


WIND (MPH)
  RESULTANT WIND SPEED   0   RESULTANT WIND DIRECTION  SE (150)
  HIGHEST WIND SPEED    17   HIGHEST WIND DIRECTION    NW (330)
  HIGHEST GUST SPEED    20   HIGHEST GUST DIRECTION     N (340)
  AVERAGE WIND SPEED     2.2


SKY COVER
  AVERAGE SKY COVER 0.4


WEATHER CONDITIONS
 THE FOLLOWING WEATHER WAS RECORDED YESTERDAY.
  LIGHT RAIN
  FOG
  FOG W/VISIBILITY <= 1/4 MILE


RELATIVE HUMIDITY (PERCENT)
 HIGHEST   100           300 AM
 LOWEST     53           400 PM
 AVERAGE    77

..........................................................


THE GAINESVILLE   CLIMATE NORMALS FOR TODAY
                         NORMAL    RECORD    YEAR
 MAXIMUM TEMPERATURE (F)   85        MM        MM
 MINIMUM TEMPERATURE (F)   67        MM        MM


SUNRISE AND SUNSET
SEPTEMBER  1 2014.....SUNRISE   709 AM EDT   SUNSET   801 PM EDT
SEPTEMBER  2 2014.....SUNRISE   709 AM EDT   SUNSET   800 PM EDT


-  INDICATES NEGATIVE NUMBERS.
R  INDICATES RECORD WAS SET OR TIED.
MM INDICATES DATA IS MISSING.
T  INDICATES TRACE AMOUNT.




$$
