000
CDUS44 KJAN 030706
CLIGWO


CLIMATE REPORT
NATIONAL WEATHER SERVICE JACKSON MS
105 AM CST TUE MAR 3 2015


...................................

...THE GREENWOOD CLIMATE SUMMARY FOR MARCH 2 2015...

CLIMATE NORMAL PERIOD 1981 TO 2010
CLIMATE RECORD PERIOD 1948 TO 2015


WEATHER ITEM   OBSERVED TIME   RECORD YEAR NORMAL DEPARTURE LAST
                VALUE   (LST)  VALUE       VALUE  FROM      YEAR
                                                  NORMAL
..................................................................
TEMPERATURE (F)
 YESTERDAY
  MAXIMUM         48        MM  81    2014  63    -15       81
                                      2012
                                      1955
  MINIMUM         44        MM  18    1980  41      3       36
  AVERAGE         46                        52     -6       59

PRECIPITATION (IN)
  YESTERDAY        0.12          2.71 1997   0.14  -0.02     0.45
  MONTH TO DATE    0.52                      0.28   0.24     0.45
  SINCE MAR 1      0.52                      0.28   0.24     0.45
  SINCE JAN 1      9.91                      9.22   0.69     6.73

SNOWFALL (IN)
  YESTERDAY        0.0

DEGREE DAYS
 HEATING
  YESTERDAY       19                        14      5        6
  MONTH TO DATE   31                        28      3        8
  SINCE MAR 1     31                        28      3        8
  SINCE JUL 1   2552                      2259    293     2662

 COOLING
  YESTERDAY        0                         0      0        0
  MONTH TO DATE    0                         0      0        0
  SINCE MAR 1      0                         0      0        0
  SINCE JAN 1      0                         5     -5        0
..................................................................


WIND (MPH)
  HIGHEST WIND SPEED    MM   HIGHEST WIND DIRECTION    MM
  HIGHEST GUST SPEED    MM   HIGHEST GUST DIRECTION    MM
  AVERAGE WIND SPEED     7.5


SKY COVER
  POSSIBLE SUNSHINE  MM
  AVERAGE SKY COVER 0.3


WEATHER CONDITIONS
 THE FOLLOWING WEATHER WAS RECORDED YESTERDAY.
  RAIN
  LIGHT RAIN
  FOG


RELATIVE HUMIDITY (PERCENT)
 HIGHEST   100           300 PM
 LOWEST     92           400 PM
 AVERAGE    96

..........................................................


THE GREENWOOD CLIMATE NORMALS FOR TODAY
                         NORMAL    RECORD    YEAR
 MAXIMUM TEMPERATURE (F)   63        82      1953
 MINIMUM TEMPERATURE (F)   41        15      1980


SUNRISE AND SUNSET
MARCH  3 2015.........SUNRISE   626 AM CST   SUNSET   559 PM CST
MARCH  4 2015.........SUNRISE   625 AM CST   SUNSET   559 PM CST


-  INDICATES NEGATIVE NUMBERS.
R  INDICATES RECORD WAS SET OR TIED.
MM INDICATES DATA IS MISSING.
T  INDICATES TRACE AMOUNT.




$$
