000
CDUS44 KJAN 172216
CLIGWO


CLIMATE REPORT
NATIONAL WEATHER SERVICE JACKSON MS
414 PM CST SUN DEC 17 2017


...................................

...THE GREENWOOD CLIMATE SUMMARY FOR DECEMBER 17 2017...
VALID TODAY AS OF 0400 PM LOCAL TIME.

CLIMATE NORMAL PERIOD 1981 TO 2010
CLIMATE RECORD PERIOD 1948 TO 2017


WEATHER ITEM   OBSERVED TIME   RECORD YEAR NORMAL DEPARTURE LAST
                VALUE   (LST)  VALUE       VALUE  FROM      YEAR
                                                  NORMAL
..................................................................
TEMPERATURE (F)
 TODAY
  MAXIMUM         54   1236 PM  79    2016  56     -2       79
  MINIMUM         42    609 AM  19    2000  35      7       44
  AVERAGE         48                        45      3       62

PRECIPITATION (IN)
  TODAY            0.85          2.13 1961   0.19   0.66     0.26
  MONTH TO DATE    2.07                      3.32  -1.25     3.01
  SINCE DEC 1      2.07                      3.32  -1.25     3.01
  SINCE JAN 1     42.89                     49.44  -6.55    45.82

SNOWFALL (IN)
  TODAY            0.0

DEGREE DAYS
 HEATING
  TODAY           17                        20     -3        3
  MONTH TO DATE  316                       307      9      318
  SINCE DEC 1    316                       307      9      318
  SINCE JUL 1    730                       775    -45      610

 COOLING
  TODAY            0                         0      0        0
  MONTH TO DATE    0                         0      0        0
  SINCE DEC 1      0                         0      0        0
  SINCE JAN 1   2341                      2159    182     2559
..................................................................


WIND (MPH)
  HIGHEST WIND SPEED    20   HIGHEST WIND DIRECTION     E (100)
  HIGHEST GUST SPEED    24   HIGHEST GUST DIRECTION     E (100)
  AVERAGE WIND SPEED     5.2


SKY COVER
  POSSIBLE SUNSHINE  MM
  AVERAGE SKY COVER 1.0


WEATHER CONDITIONS
 THE FOLLOWING WEATHER WAS RECORDED TODAY.
  HEAVY RAIN
  RAIN
  LIGHT RAIN
  FOG


RELATIVE HUMIDITY (PERCENT)
 HIGHEST   100           700 AM
 LOWEST     46           100 AM
 AVERAGE    73

..........................................................


THE GREENWOOD CLIMATE NORMALS FOR TOMORROW
                         NORMAL    RECORD    YEAR
 MAXIMUM TEMPERATURE (F)   55        75      1984
 MINIMUM TEMPERATURE (F)   35        16      1975


SUNRISE AND SUNSET
DECEMBER 17 2017......SUNRISE   658 AM CST   SUNSET   455 PM CST
DECEMBER 18 2017......SUNRISE   659 AM CST   SUNSET   455 PM CST


-  INDICATES NEGATIVE NUMBERS.
R  INDICATES RECORD WAS SET OR TIED.
MM INDICATES DATA IS MISSING.
T  INDICATES TRACE AMOUNT.




$$
