000
CDUS44 KJAN 290725
CLIGWO


CLIMATE REPORT
NATIONAL WEATHER SERVICE JACKSON MS
221 AM CDT TUE JUL 29 2014


...................................

...THE GREENWOOD CLIMATE SUMMARY FOR JULY 28 2014...

CLIMATE NORMAL PERIOD 1981 TO 2010
CLIMATE RECORD PERIOD 1948 TO 2014


WEATHER ITEM   OBSERVED TIME   RECORD YEAR NORMAL DEPARTURE LAST
                VALUE   (LST)  VALUE       VALUE  FROM      YEAR
                                                  NORMAL
..................................................................
TEMPERATURE (F)
 YESTERDAY
  MAXIMUM         89    144 PM 104    1952  92     -3       90
  MINIMUM         67   1159 PM  61    2004  71     -4       64
  AVERAGE         78                        81     -3       77

PRECIPITATION (IN)
  YESTERDAY        0.00          2.71 2009   0.09  -0.09     0.00
  MONTH TO DATE    5.57                      3.31   2.26     2.27
  SINCE JUN 1     14.60                      7.62   6.98     5.31
  SINCE JAN 1     37.72                     30.95   6.77    35.72

SNOWFALL (IN)
  YESTERDAY        0.0

DEGREE DAYS
 HEATING
  YESTERDAY        0                         0      0        0
  MONTH TO DATE    0                         0      0        0
  SINCE JUN 1      0                         0      0        0
  SINCE JUL 1      0                         0      0        0

 COOLING
  YESTERDAY       13                        16     -3       12
  MONTH TO DATE  346                       448   -102      389
  SINCE JUN 1    770                       861    -91      808
  SINCE JAN 1   1064                      1191   -127     1084
..................................................................


WIND (MPH)
  HIGHEST WIND SPEED    13   HIGHEST WIND DIRECTION    NW (330)
  HIGHEST GUST SPEED    19   HIGHEST GUST DIRECTION    NW (320)
  AVERAGE WIND SPEED     5.1


SKY COVER
  POSSIBLE SUNSHINE  MM
  AVERAGE SKY COVER 0.1


WEATHER CONDITIONS
 THE FOLLOWING WEATHER WAS RECORDED YESTERDAY.
  FOG


RELATIVE HUMIDITY (PERCENT)
 HIGHEST    94           400 AM
 LOWEST     50          1200 PM
 AVERAGE    72

..........................................................


THE GREENWOOD CLIMATE NORMALS FOR TODAY
                         NORMAL    RECORD    YEAR
 MAXIMUM TEMPERATURE (F)   92       104      1986
 MINIMUM TEMPERATURE (F)   71        61      1994


SUNRISE AND SUNSET
JULY 29 2014..........SUNRISE   611 AM CDT   SUNSET   802 PM CDT
JULY 30 2014..........SUNRISE   611 AM CDT   SUNSET   802 PM CDT


-  INDICATES NEGATIVE NUMBERS.
R  INDICATES RECORD WAS SET OR TIED.
MM INDICATES DATA IS MISSING.
T  INDICATES TRACE AMOUNT.




$$
