000
CDUS44 KJAN 100743
CLIGWO


CLIMATE REPORT
NATIONAL WEATHER SERVICE JACKSON MS
242 AM CDT THU JUL 10 2014


...................................

...THE GREENWOOD CLIMATE SUMMARY FOR JULY 9 2014...

CLIMATE NORMAL PERIOD 1981 TO 2010
CLIMATE RECORD PERIOD 1948 TO 2014


WEATHER ITEM   OBSERVED TIME   RECORD YEAR NORMAL DEPARTURE LAST
                VALUE   (LST)  VALUE       VALUE  FROM      YEAR
                                                  NORMAL
..................................................................
TEMPERATURE (F)
 YESTERDAY
  MAXIMUM         87    210 PM 103    1969  92     -5       93
  MINIMUM         73   1159 PM  64    1952  71      2       72
  AVERAGE         80                        81     -1       83

PRECIPITATION (IN)
  YESTERDAY        T             0.83 1953   0.12  -0.12     0.00
  MONTH TO DATE    0.08                      1.16  -1.08     0.07
  SINCE JUN 1      9.11                      5.47   3.64     3.11
  SINCE JAN 1     32.23                     28.80   3.43    33.52

SNOWFALL (IN)
  YESTERDAY        0.0

DEGREE DAYS
 HEATING
  YESTERDAY        0                         0      0        0
  MONTH TO DATE    0                         0      0        0
  SINCE JUN 1      0                         0      0        0
  SINCE JUL 1      0                         0      0        0

 COOLING
  YESTERDAY       15                        16     -1       18
  MONTH TO DATE  113                       144    -31      114
  SINCE JUN 1    537                       557    -20      533
  SINCE JAN 1    831                       887    -56      809
..................................................................


WIND (MPH)
  HIGHEST WIND SPEED    10   HIGHEST WIND DIRECTION    SE (150)
  HIGHEST GUST SPEED    14   HIGHEST GUST DIRECTION     S (170)
  AVERAGE WIND SPEED     4.2


SKY COVER
  POSSIBLE SUNSHINE  MM
  AVERAGE SKY COVER 0.3


WEATHER CONDITIONS
 THE FOLLOWING WEATHER WAS RECORDED YESTERDAY.
  LIGHT RAIN


RELATIVE HUMIDITY (PERCENT)
 HIGHEST    93           900 PM
 LOWEST     59           100 PM
 AVERAGE    76

..........................................................


THE GREENWOOD CLIMATE NORMALS FOR TODAY
                         NORMAL    RECORD    YEAR
 MAXIMUM TEMPERATURE (F)   92       103      1969
 MINIMUM TEMPERATURE (F)   71        62      1963
                                             1952


SUNRISE AND SUNSET
JULY 10 2014..........SUNRISE   558 AM CDT   SUNSET   813 PM CDT
JULY 11 2014..........SUNRISE   559 AM CDT   SUNSET   812 PM CDT


-  INDICATES NEGATIVE NUMBERS.
R  INDICATES RECORD WAS SET OR TIED.
MM INDICATES DATA IS MISSING.
T  INDICATES TRACE AMOUNT.




$$
