000
CDUS44 KJAN 240734
CLIGWO


CLIMATE REPORT
NATIONAL WEATHER SERVICE JACKSON MS
232 AM CDT THU AUG 24 2017


...................................

...THE GREENWOOD CLIMATE SUMMARY FOR AUGUST 23 2017...

CLIMATE NORMAL PERIOD 1981 TO 2010
CLIMATE RECORD PERIOD 1948 TO 2017


WEATHER ITEM   OBSERVED TIME   RECORD YEAR NORMAL DEPARTURE LAST
                VALUE   (LST)  VALUE       VALUE  FROM      YEAR
                                                  NORMAL
..................................................................
TEMPERATURE (F)
 YESTERDAY
  MAXIMUM         92    316 PM  99    2011  92      0       93
                                      2007
                                      2005
  MINIMUM         71    557 AM  55    1956  69      2       74
  AVERAGE         82                        81      1       84

PRECIPITATION (IN)
  YESTERDAY        0.00          0.96 2013   0.09  -0.09      T
  MONTH TO DATE    5.06                      2.05   3.01     3.97
  SINCE JUN 1     13.17                      9.96   3.21    10.66
  SINCE JAN 1     34.61                     33.29   1.32    36.45

SNOWFALL (IN)
  YESTERDAY        0.0

DEGREE DAYS
 HEATING
  YESTERDAY        0                         0      0        0
  MONTH TO DATE    0                         0      0        0
  SINCE JUN 1      0                         0      0        0
  SINCE JUL 1      0                         0      0        0

 COOLING
  YESTERDAY       17                        16      1       19
  MONTH TO DATE  377                       368      9      420
  SINCE JUN 1   1296                      1286     10     1460
  SINCE JAN 1   1740                      1616    124     1789
..................................................................


WIND (MPH)
  HIGHEST WIND SPEED    14   HIGHEST WIND DIRECTION    NE (40)
  HIGHEST GUST SPEED    17   HIGHEST GUST DIRECTION    NE (30)
  AVERAGE WIND SPEED     4.7


SKY COVER
  POSSIBLE SUNSHINE  MM
  AVERAGE SKY COVER 0.1


WEATHER CONDITIONS
 THE FOLLOWING WEATHER WAS RECORDED YESTERDAY.
  NO SIGNIFICANT WEATHER WAS OBSERVED.


RELATIVE HUMIDITY (PERCENT)
 HIGHEST   100           200 AM
 LOWEST     52           300 PM
 AVERAGE    76

..........................................................


THE GREENWOOD CLIMATE NORMALS FOR TODAY
                         NORMAL    RECORD    YEAR
 MAXIMUM TEMPERATURE (F)   92       102      1983
 MINIMUM TEMPERATURE (F)   69        57      2009


SUNRISE AND SUNSET
AUGUST 24 2017........SUNRISE   629 AM CDT   SUNSET   735 PM CDT
AUGUST 25 2017........SUNRISE   630 AM CDT   SUNSET   734 PM CDT


-  INDICATES NEGATIVE NUMBERS.
R  INDICATES RECORD WAS SET OR TIED.
MM INDICATES DATA IS MISSING.
T  INDICATES TRACE AMOUNT.




$$
