000
CDUS44 KJAN 290649
CLIGWO


CLIMATE REPORT
NATIONAL WEATHER SERVICE JACKSON MS
137 AM CDT SAT AUG 29 2015


...................................

...THE GREENWOOD CLIMATE SUMMARY FOR AUGUST 28 2015...

CLIMATE NORMAL PERIOD 1981 TO 2010
CLIMATE RECORD PERIOD 1948 TO 2015


WEATHER ITEM   OBSERVED TIME   RECORD YEAR NORMAL DEPARTURE LAST
                VALUE   (LST)  VALUE       VALUE  FROM      YEAR
                                                  NORMAL
..................................................................
TEMPERATURE (F)
 YESTERDAY
  MAXIMUM         91    136 PM 102    1990  92     -1       95
                                      1954
  MINIMUM         57R   557 AM  59    1992  68    -11       67
                                      1986
  AVERAGE         74                        80     -6       81

PRECIPITATION (IN)
  YESTERDAY        0.00          0.90 1950   0.09  -0.09     0.00
  MONTH TO DATE    1.76                      2.51  -0.75     2.26
  SINCE JUN 1      6.13                     10.42  -4.29    16.88
  SINCE JAN 1     34.06                     33.75   0.31    40.00

SNOWFALL (IN)
  YESTERDAY        0.0

DEGREE DAYS
 HEATING
  YESTERDAY        0                         0      0        0
  MONTH TO DATE    0                         0      0        0
  SINCE JUN 1      0                         0      0        0
  SINCE JUL 1      0                         0      0        0

 COOLING
  YESTERDAY        9                        15     -6       16
  MONTH TO DATE  433                       444    -11      421
  SINCE JUN 1   1435                      1362     73     1217
  SINCE JAN 1   1799                      1692    107     1511
..................................................................


WIND (MPH)
  HIGHEST WIND SPEED    12   HIGHEST WIND DIRECTION     S (170)
  HIGHEST GUST SPEED    14   HIGHEST GUST DIRECTION     S (160)
  AVERAGE WIND SPEED     2.7


SKY COVER
  POSSIBLE SUNSHINE  MM
  AVERAGE SKY COVER 0.2


WEATHER CONDITIONS
 THE FOLLOWING WEATHER WAS RECORDED YESTERDAY.
  FOG


RELATIVE HUMIDITY (PERCENT)
 HIGHEST    93           400 AM
 LOWEST     34           400 PM
 AVERAGE    64

..........................................................


THE GREENWOOD CLIMATE NORMALS FOR TODAY
                         NORMAL    RECORD    YEAR
 MAXIMUM TEMPERATURE (F)   91       102      2000
 MINIMUM TEMPERATURE (F)   68        52      1986


SUNRISE AND SUNSET
AUGUST 29 2015........SUNRISE   632 AM CDT   SUNSET   730 PM CDT
AUGUST 30 2015........SUNRISE   633 AM CDT   SUNSET   729 PM CDT


-  INDICATES NEGATIVE NUMBERS.
R  INDICATES RECORD WAS SET OR TIED.
MM INDICATES DATA IS MISSING.
T  INDICATES TRACE AMOUNT.




$$
