000
CDUS44 KJAN 210641
CLIGWO


CLIMATE REPORT
NATIONAL WEATHER SERVICE JACKSON MS
139 AM CDT SAT OCT 21 2017


...................................

...THE GREENWOOD CLIMATE SUMMARY FOR OCTOBER 20 2017...

CLIMATE NORMAL PERIOD 1981 TO 2010
CLIMATE RECORD PERIOD 1948 TO 2017


WEATHER ITEM   OBSERVED TIME   RECORD YEAR NORMAL DEPARTURE LAST
                VALUE   (LST)  VALUE       VALUE  FROM      YEAR
                                                  NORMAL
..................................................................
TEMPERATURE (F)
 YESTERDAY
  MAXIMUM         80    127 PM  88    1983  76      4       81
  MINIMUM         50    531 AM  31    1989  50      0       55
  AVERAGE         65                        63      2       68

PRECIPITATION (IN)
  YESTERDAY        0.00          1.42 1984   0.13  -0.13     0.74
  MONTH TO DATE    0.10                      2.50  -2.40     0.82
  SINCE SEP 1      2.41                      6.16  -3.75     2.70
  SINCE JAN 1     38.27                     40.23  -1.96    39.20

SNOWFALL (IN)
  YESTERDAY        0.0

DEGREE DAYS
 HEATING
  YESTERDAY        0                         4     -4        0
  MONTH TO DATE   23                        55    -32        5
  SINCE SEP 1     25                        67    -42        5
  SINCE JUL 1     25                        67    -42        5

 COOLING
  YESTERDAY        0                         2     -2        3
  MONTH TO DATE  146                        75     71      132
  SINCE SEP 1    452                       380     72      559
  SINCE JAN 1   2287                      2122    165     2506
..................................................................


WIND (MPH)
  HIGHEST WIND SPEED    14   HIGHEST WIND DIRECTION    SE (130)
  HIGHEST GUST SPEED    19   HIGHEST GUST DIRECTION     S (170)
  AVERAGE WIND SPEED     4.8


SKY COVER
  POSSIBLE SUNSHINE  MM
  AVERAGE SKY COVER 0.0


WEATHER CONDITIONS
 THE FOLLOWING WEATHER WAS RECORDED YESTERDAY.
  FOG


RELATIVE HUMIDITY (PERCENT)
 HIGHEST   100           600 AM
 LOWEST     48           200 PM
 AVERAGE    74

..........................................................


THE GREENWOOD CLIMATE NORMALS FOR TODAY
                         NORMAL    RECORD    YEAR
 MAXIMUM TEMPERATURE (F)   75        87      2003
 MINIMUM TEMPERATURE (F)   50        27      2011


SUNRISE AND SUNSET
OCTOBER 21 2017.......SUNRISE   710 AM CDT   SUNSET   619 PM CDT
OCTOBER 22 2017.......SUNRISE   711 AM CDT   SUNSET   618 PM CDT


-  INDICATES NEGATIVE NUMBERS.
R  INDICATES RECORD WAS SET OR TIED.
MM INDICATES DATA IS MISSING.
T  INDICATES TRACE AMOUNT.




$$
