000
CDUS44 KJAN 300621
CLIGWO


CLIMATE REPORT
NATIONAL WEATHER SERVICE JACKSON MS
120 AM CDT FRI SEP 30 2016


...................................

...THE GREENWOOD CLIMATE SUMMARY FOR SEPTEMBER 29 2016...

CLIMATE NORMAL PERIOD 1981 TO 2010
CLIMATE RECORD PERIOD 1948 TO 2016


WEATHER ITEM   OBSERVED TIME   RECORD YEAR NORMAL DEPARTURE LAST
                VALUE   (LST)  VALUE       VALUE  FROM      YEAR
                                                  NORMAL
..................................................................
TEMPERATURE (F)
 YESTERDAY
  MAXIMUM         78    340 PM  97    1953  83     -5       83
  MINIMUM         53   1144 PM  35    1967  57     -4       69
  AVERAGE         66                        70     -4       76

PRECIPITATION (IN)
  YESTERDAY        0.00          1.67 1980   0.13  -0.13     0.03
  MONTH TO DATE    1.88                      3.53  -1.65     0.34
  SINCE SEP 1      1.88                      3.53  -1.65     0.34
  SINCE JAN 1     38.38                     37.60   0.78    34.40

SNOWFALL (IN)
  YESTERDAY        0.0

DEGREE DAYS
 HEATING
  YESTERDAY        0                         1     -1        0
  MONTH TO DATE    0                        10    -10        1
  SINCE SEP 1      0                        10    -10        1
  SINCE JUL 1      0                        10    -10        1

 COOLING
  YESTERDAY        1                         6     -5       11
  MONTH TO DATE  427                       299    128      375
  SINCE SEP 1    427                       299    128      375
  SINCE JAN 1   2374                      2041    333     2224
..................................................................


WIND (MPH)
  HIGHEST WIND SPEED    16   HIGHEST WIND DIRECTION     N (20)
  HIGHEST GUST SPEED    23   HIGHEST GUST DIRECTION     N (20)
  AVERAGE WIND SPEED     6.7


SKY COVER
  POSSIBLE SUNSHINE  MM
  AVERAGE SKY COVER 0.2


WEATHER CONDITIONS
 THE FOLLOWING WEATHER WAS RECORDED YESTERDAY.
  NO SIGNIFICANT WEATHER WAS OBSERVED.


RELATIVE HUMIDITY (PERCENT)
 HIGHEST    80          1000 PM
 LOWEST     32           300 PM
 AVERAGE    56

..........................................................


THE GREENWOOD CLIMATE NORMALS FOR TODAY
                         NORMAL    RECORD    YEAR
 MAXIMUM TEMPERATURE (F)   82        95      1953
 MINIMUM TEMPERATURE (F)   57        39      1967


SUNRISE AND SUNSET
SEPTEMBER 30 2016.....SUNRISE   654 AM CDT   SUNSET   645 PM CDT
OCTOBER  1 2016.......SUNRISE   655 AM CDT   SUNSET   644 PM CDT


-  INDICATES NEGATIVE NUMBERS.
R  INDICATES RECORD WAS SET OR TIED.
MM INDICATES DATA IS MISSING.
T  INDICATES TRACE AMOUNT.




$$
