000
CDUS44 KJAN 260854
CLIGWO


CLIMATE REPORT
NATIONAL WEATHER SERVICE JACKSON MS
353 AM CDT WED APR 26 2017


...................................

...THE GREENWOOD CLIMATE SUMMARY FOR APRIL 25 2017...

CLIMATE NORMAL PERIOD 1981 TO 2010
CLIMATE RECORD PERIOD 1948 TO 2017


WEATHER ITEM   OBSERVED TIME   RECORD YEAR NORMAL DEPARTURE LAST
                VALUE   (LST)  VALUE       VALUE  FROM      YEAR
                                                  NORMAL
..................................................................
TEMPERATURE (F)
 YESTERDAY
  MAXIMUM         82    341 PM  87    1965  78      4       83
  MINIMUM         53    448 AM  38    2013  55     -2       61
  AVERAGE         68                        66      2       72

PRECIPITATION (IN)
  YESTERDAY        0.00          1.90 1980   0.17  -0.17     0.00
  MONTH TO DATE    3.92                      4.29  -0.37     3.17
  SINCE MAR 1      7.89                      8.60  -0.71    15.67
  SINCE JAN 1     16.17                     17.54  -1.37    23.12

SNOWFALL (IN)
  YESTERDAY        0.0

DEGREE DAYS
 HEATING
  YESTERDAY        0                         2     -2        0
  MONTH TO DATE   40                       114    -74       62
  SINCE MAR 1    272                       430   -158      252
  SINCE JUL 1   1755                      2661   -906     1913

 COOLING
  YESTERDAY        3                         3      0        7
  MONTH TO DATE  103                        57     46       42
  SINCE MAR 1    164                        78     86       81
  SINCE JAN 1    198                        83    115       89
..................................................................


WIND (MPH)
  HIGHEST WIND SPEED    18   HIGHEST WIND DIRECTION     S (170)
  HIGHEST GUST SPEED    22   HIGHEST GUST DIRECTION    SE (150)
  AVERAGE WIND SPEED     8.6


SKY COVER
  POSSIBLE SUNSHINE  MM
  AVERAGE SKY COVER 0.0


WEATHER CONDITIONS
 THE FOLLOWING WEATHER WAS RECORDED YESTERDAY.
  NO SIGNIFICANT WEATHER WAS OBSERVED.


RELATIVE HUMIDITY (PERCENT)
 HIGHEST   100           100 AM
 LOWEST     39           400 PM
 AVERAGE    70

..........................................................


THE GREENWOOD CLIMATE NORMALS FOR TODAY
                         NORMAL    RECORD    YEAR
 MAXIMUM TEMPERATURE (F)   78        88      1994
                                             1971
 MINIMUM TEMPERATURE (F)   55        44      2013
                                             1992


SUNRISE AND SUNSET
APRIL 26 2017.........SUNRISE   617 AM CDT   SUNSET   740 PM CDT
APRIL 27 2017.........SUNRISE   616 AM CDT   SUNSET   740 PM CDT


-  INDICATES NEGATIVE NUMBERS.
R  INDICATES RECORD WAS SET OR TIED.
MM INDICATES DATA IS MISSING.
T  INDICATES TRACE AMOUNT.




$$
