000
CDUS44 KJAN 170641
CLIGWO


CLIMATE REPORT
NATIONAL WEATHER SERVICE JACKSON MS
1234 AM CST TUE JAN 17 2017


...................................

...THE GREENWOOD CLIMATE SUMMARY FOR JANUARY 16 2017...

CLIMATE NORMAL PERIOD 1981 TO 2010
CLIMATE RECORD PERIOD 1948 TO 2017


WEATHER ITEM   OBSERVED TIME   RECORD YEAR NORMAL DEPARTURE LAST
                VALUE   (LST)  VALUE       VALUE  FROM      YEAR
                                                  NORMAL
..................................................................
TEMPERATURE (F)
 YESTERDAY
  MAXIMUM         74   1159 AM  75    1996  53     21       50
  MINIMUM         54    215 AM   9    1977  33     21       30
  AVERAGE         64                        43     21       40

PRECIPITATION (IN)
  YESTERDAY        0.08          1.50 1985   0.14  -0.06     0.00
  MONTH TO DATE    0.85                      2.31  -1.46     0.37
  SINCE DEC 1      5.54                      7.96  -2.42     5.47
  SINCE JAN 1      0.85                      2.31  -1.46     0.37

SNOWFALL (IN)
  YESTERDAY        0.0

DEGREE DAYS
 HEATING
  YESTERDAY        1                        22    -21       25
  MONTH TO DATE  222                       352   -130      357
  SINCE DEC 1    755                       950   -195      663
  SINCE JUL 1   1047                      1418   -371      891

 COOLING
  YESTERDAY        0                         0      0        0
  MONTH TO DATE   10                         0     10        0
  SINCE DEC 1     23                         5     18       65
  SINCE JAN 1     10                         0     10        0
..................................................................


WIND (MPH)
  HIGHEST WIND SPEED    21   HIGHEST WIND DIRECTION     S (170)
  HIGHEST GUST SPEED    27   HIGHEST GUST DIRECTION     S (170)
  AVERAGE WIND SPEED    10.7


SKY COVER
  POSSIBLE SUNSHINE  MM
  AVERAGE SKY COVER 0.4


WEATHER CONDITIONS
 THE FOLLOWING WEATHER WAS RECORDED YESTERDAY.
  LIGHT RAIN


RELATIVE HUMIDITY (PERCENT)
 HIGHEST    90           700 AM
 LOWEST     57          1200 PM
 AVERAGE    74

..........................................................


THE GREENWOOD CLIMATE NORMALS FOR TODAY
                         NORMAL    RECORD    YEAR
 MAXIMUM TEMPERATURE (F)   53        75      1973
 MINIMUM TEMPERATURE (F)   33         5      1977


SUNRISE AND SUNSET
JANUARY 17 2017.......SUNRISE   704 AM CST   SUNSET   518 PM CST
JANUARY 18 2017.......SUNRISE   703 AM CST   SUNSET   519 PM CST


-  INDICATES NEGATIVE NUMBERS.
R  INDICATES RECORD WAS SET OR TIED.
MM INDICATES DATA IS MISSING.
T  INDICATES TRACE AMOUNT.




$$
