000
CDUS44 KJAN 310715
CLIGWO


CLIMATE REPORT
NATIONAL WEATHER SERVICE JACKSON MS
209 AM CDT TUE MAY 31 2016


...................................

...THE GREENWOOD CLIMATE SUMMARY FOR MAY 30 2016...

CLIMATE NORMAL PERIOD 1981 TO 2010
CLIMATE RECORD PERIOD 1948 TO 2016


WEATHER ITEM   OBSERVED TIME   RECORD YEAR NORMAL DEPARTURE LAST
                VALUE   (LST)  VALUE       VALUE  FROM      YEAR
                                                  NORMAL
..................................................................
TEMPERATURE (F)
 YESTERDAY
  MAXIMUM         92    409 PM  97    1951  86      6       83
  MINIMUM         65    519 AM  44    1984  65      0       66
  AVERAGE         79                        76      3       75

PRECIPITATION (IN)
  YESTERDAY        0.00          4.48 1962   0.14  -0.14     0.13
  MONTH TO DATE    1.35                      4.80  -3.45     5.99
  SINCE MAR 1     18.20                     14.24   3.96    17.53
  SINCE JAN 1     25.65                     23.18   2.47    26.92

SNOWFALL (IN)
  YESTERDAY        0.0

DEGREE DAYS
 HEATING
  YESTERDAY        0                         0      0        0
  MONTH TO DATE   16                        15      1       14
  SINCE MAR 1    268                       455   -187      348
  SINCE JUL 1   1929                      2686   -757     2869

 COOLING
  YESTERDAY       14                        11      3       10
  MONTH TO DATE  183                       217    -34      246
  SINCE MAR 1    306                       314     -8      357
  SINCE JAN 1    314                       319     -5      357
..................................................................


WIND (MPH)
  HIGHEST WIND SPEED    12   HIGHEST WIND DIRECTION     S (200)
  HIGHEST GUST SPEED    15   HIGHEST GUST DIRECTION    NE (30)
  AVERAGE WIND SPEED     2.9


SKY COVER
  POSSIBLE SUNSHINE  MM
  AVERAGE SKY COVER 0.0


WEATHER CONDITIONS
 THE FOLLOWING WEATHER WAS RECORDED YESTERDAY.
  NO SIGNIFICANT WEATHER WAS OBSERVED.


RELATIVE HUMIDITY (PERCENT)
 HIGHEST    87           200 AM
 LOWEST     38           300 PM
 AVERAGE    63

..........................................................


THE GREENWOOD CLIMATE NORMALS FOR TODAY
                         NORMAL    RECORD    YEAR
 MAXIMUM TEMPERATURE (F)   87       100      1951
 MINIMUM TEMPERATURE (F)   65        47      1984


SUNRISE AND SUNSET
MAY 31 2016...........SUNRISE   552 AM CDT   SUNSET   805 PM CDT
JUNE  1 2016..........SUNRISE   551 AM CDT   SUNSET   806 PM CDT


-  INDICATES NEGATIVE NUMBERS.
R  INDICATES RECORD WAS SET OR TIED.
MM INDICATES DATA IS MISSING.
T  INDICATES TRACE AMOUNT.




$$
