000
CDUS41 KGYX 170806
CLIGYX


CLIMATE REPORT
NATIONAL WEATHER SERVICE GRAY ME
406 AM EDT THU APR 17 2014


...................................

...THE GRAY ME CLIMATE SUMMARY FOR APRIL 16 2014...

CLIMATE NORMAL PERIOD 1981 TO 2010
CLIMATE RECORD PERIOD 1995 TO 2014


WEATHER ITEM   OBSERVED NORMAL DEPARTURE LAST
                VALUE   VALUE  FROM      YEAR
                               NORMAL
...............................................
TEMPERATURE (F)
 YESTERDAY
  MAXIMUM         37     54    -17       54
  MINIMUM         24     35    -11       35
  AVERAGE         31     44    -13       45

PRECIPITATION (IN)
  YESTERDAY        0.26   0.15   0.11     0.01
  MONTH TO DATE    2.40   2.39   0.01     1.49
  SINCE MAR 1      6.28   6.56  -0.28     3.59
  SINCE JAN 1     13.27  13.40  -0.13     8.89

SNOWFALL (IN)
  YESTERDAY        1.1    0.1    1.0      0.0
  MONTH TO DATE    1.1    3.6   -2.5      0.6
  SINCE MAR 1      8.8   23.5  -14.7     13.1
  SINCE JUL 1     82.9   82.6    0.3     92.9
  SNOW DEPTH       1

DEGREE DAYS
 HEATING
  YESTERDAY       34     20     14       20
  MONTH TO DATE  362    378    -16      392
  SINCE MAR 1   1588   1371    217     1347
  SINCE JUL 1   6998   6529    469     6268

 COOLING
  YESTERDAY        0      0      0        0
  MONTH TO DATE    0      0      0        0
  SINCE MAR 1      0      0      0        0
  SINCE JAN 1      0      0      0        0
...............................................





WEATHER CONDITIONS
 THE FOLLOWING WEATHER WAS RECORDED YESTERDAY.
  LIGHT RAIN
  LIGHT SNOW
  SLEET


..........................................................


THE GRAY ME CLIMATE NORMALS FOR TODAY
                         NORMAL
 MAXIMUM TEMPERATURE (F)   54
 MINIMUM TEMPERATURE (F)   36


SUNRISE AND SUNSET
APRIL 17 2014.........SUNRISE   555 AM EDT   SUNSET   727 PM EDT
APRIL 18 2014.........SUNRISE   553 AM EDT   SUNSET   728 PM EDT


-  INDICATES NEGATIVE NUMBERS.
R  INDICATES RECORD WAS SET OR TIED.
MM INDICATES DATA IS MISSING.
T  INDICATES TRACE AMOUNT.




$$
