000
CDUS41 KGYX 041006
CLIGYX


CLIMATE REPORT
NATIONAL WEATHER SERVICE GRAY ME
505 AM EST SUN DEC 4 2016


...................................

...THE GRAY ME CLIMATE SUMMARY FOR DECEMBER 3 2016...

CLIMATE NORMAL PERIOD 1981 TO 2010
CLIMATE RECORD PERIOD 1995 TO 2016


WEATHER ITEM   OBSERVED TIME   RECORD YEAR NORMAL DEPARTURE LAST
                VALUE   (LST)  VALUE       VALUE  FROM      YEAR
                                                  NORMAL
..................................................................
TEMPERATURE (F)
 YESTERDAY
  MAXIMUM         42        MM  MM      MM  39      3       43
  MINIMUM         33        MM  MM      MM  25      8       32
  AVERAGE         38                        32      6       38

PRECIPITATION (IN)
  YESTERDAY        T            MM      MM   0.14  -0.14     0.16
  MONTH TO DATE    1.14                      0.42   0.72     0.43
  SINCE DEC 1      1.14                      0.42   0.72     0.43
  SINCE JAN 1     43.51                     46.58  -3.07    39.75

SNOWFALL (IN)
  YESTERDAY        T            MM      MM   0.4   -0.4       T
  MONTH TO DATE    T                         1.1   -1.1       T
  SINCE DEC 1      T                         1.1   -1.1       T
  SINCE JUL 1      1.3                       4.2   -2.9      0.2
  SNOW DEPTH       0

DEGREE DAYS
 HEATING
  YESTERDAY       27                        33     -6       27
  MONTH TO DATE   72                        99    -27       91
  SINCE DEC 1     72                        99    -27       91
  SINCE JUL 1   1351                      1596   -245     1390

 COOLING
  YESTERDAY        0                         0      0        0
  MONTH TO DATE    0                         0      0        0
  SINCE DEC 1      0                         0      0        0
  SINCE JAN 1    607                       389    218      468
..................................................................







THE GRAY ME CLIMATE NORMALS FOR TODAY
                         NORMAL
 MAXIMUM TEMPERATURE (F)   38
 MINIMUM TEMPERATURE (F)   24


SUNRISE AND SUNSET
DECEMBER  4 2016......SUNRISE   659 AM EST   SUNSET   404 PM EST
DECEMBER  5 2016......SUNRISE   700 AM EST   SUNSET   403 PM EST


-  INDICATES NEGATIVE NUMBERS.
R  INDICATES RECORD WAS SET OR TIED.
MM INDICATES DATA IS MISSING.
T  INDICATES TRACE AMOUNT.




$$
