000
CDUS41 KGYX 010803
CLIGYX


CLIMATE REPORT
NATIONAL WEATHER SERVICE GRAY ME
403 AM EDT SAT NOV 1 2014


...................................

...THE GRAY ME CLIMATE SUMMARY FOR OCTOBER 31 2014...

CLIMATE NORMAL PERIOD 1981 TO 2010
CLIMATE RECORD PERIOD 1995 TO 2014


WEATHER ITEM   OBSERVED NORMAL DEPARTURE LAST
                VALUE   VALUE  FROM      YEAR
                               NORMAL
...............................................
TEMPERATURE (F)
 YESTERDAY
  MAXIMUM         51     52     -1       57
  MINIMUM         35     36     -1       30
  AVERAGE         43     44     -1       44

PRECIPITATION (IN)
  YESTERDAY        0.00   0.15  -0.15     0.35
  MONTH TO DATE    6.30   5.14   1.16     1.64
  SINCE SEP 1      7.36   9.33  -1.97     9.04
  SINCE JAN 1     42.77  40.81   1.96    36.33

SNOWFALL (IN)
  YESTERDAY        0.0    0.0    0.0      0.0
  MONTH TO DATE    0.0    0.1   -0.1      0.0
  SINCE SEP 1      0.0    0.1   -0.1      0.0
  SINCE JUL 1      0.0    0.1   -0.1      0.0
  SNOW DEPTH       0

DEGREE DAYS
 HEATING
  YESTERDAY       22     21      1       21
  MONTH TO DATE  392    494   -102      416
  SINCE SEP 1    574    664    -90      603
  SINCE JUL 1    588    700   -112      615

 COOLING
  YESTERDAY        0      0      0        0
  MONTH TO DATE    2      2      0        2
  SINCE SEP 1     57     30     27       38
  SINCE JAN 1    369    389    -20      486
...............................................





WEATHER CONDITIONS
 THE FOLLOWING WEATHER WAS RECORDED YESTERDAY.
  NO SIGNIFICANT WEATHER WAS OBSERVED.


..........................................................


THE GRAY ME CLIMATE NORMALS FOR TODAY
                         NORMAL
 MAXIMUM TEMPERATURE (F)   52
 MINIMUM TEMPERATURE (F)   36


SUNRISE AND SUNSET
NOVEMBER  1 2014......SUNRISE   717 AM EDT   SUNSET   531 PM EDT
NOVEMBER  2 2014......SUNRISE   618 AM EST   SUNSET   430 PM EST


-  INDICATES NEGATIVE NUMBERS.
R  INDICATES RECORD WAS SET OR TIED.
MM INDICATES DATA IS MISSING.
T  INDICATES TRACE AMOUNT.




$$
