000
CDUS41 KGYX 060914
CLIGYX


CLIMATE REPORT
NATIONAL WEATHER SERVICE GRAY ME
414 AM EST FRI MAR 6 2015


...................................

...THE GRAY ME CLIMATE SUMMARY FOR MARCH 5 2015...

CLIMATE NORMAL PERIOD 1981 TO 2010
CLIMATE RECORD PERIOD 1995 TO 2015


WEATHER ITEM   OBSERVED TIME   RECORD YEAR NORMAL DEPARTURE LAST
                VALUE   (LST)  VALUE       VALUE  FROM      YEAR
                                                  NORMAL
..................................................................
TEMPERATURE (F)
 YESTERDAY
  MAXIMUM         35        MM  MM      MM  39     -4       19
  MINIMUM          7        MM  MM      MM  21    -14        7
  AVERAGE         21                        30     -9       13

PRECIPITATION (IN)
  YESTERDAY        0.00         MM      MM   0.13  -0.13     0.03
  MONTH TO DATE    0.27                      0.66  -0.39     0.03
  SINCE MAR 1      0.27                      0.66  -0.39     0.03
  SINCE JAN 1      6.24                      7.50  -1.26     7.02

SNOWFALL (IN)
  YESTERDAY        0.0          MM      MM   0.7   -0.7      0.5
  MONTH TO DATE    2.6                       3.9   -1.3      0.5
  SINCE MAR 1      2.6                       3.9   -1.3      0.5
  SINCE JUL 1    101.7                      63.0   38.7     74.6
  SNOW DEPTH      23

DEGREE DAYS
 HEATING
  YESTERDAY       44                        35      9       52
  MONTH TO DATE  206                       179     27      247
  SINCE MAR 1    206                       179     27      247
  SINCE JUL 1   5682                      5337    345     5657

 COOLING
  YESTERDAY        0                         0      0        0
  MONTH TO DATE    0                         0      0        0
  SINCE MAR 1      0                         0      0        0
  SINCE JAN 1      0                         0      0        0
..................................................................







THE GRAY ME CLIMATE NORMALS FOR TODAY
                         NORMAL
 MAXIMUM TEMPERATURE (F)   39
 MINIMUM TEMPERATURE (F)   21


SUNRISE AND SUNSET
MARCH  6 2015.........SUNRISE   610 AM EST   SUNSET   536 PM EST
MARCH  7 2015.........SUNRISE   608 AM EST   SUNSET   537 PM EST


-  INDICATES NEGATIVE NUMBERS.
R  INDICATES RECORD WAS SET OR TIED.
MM INDICATES DATA IS MISSING.
T  INDICATES TRACE AMOUNT.




$$
