038
CDUS41 KGYX 210808
CLIGYX


CLIMATE REPORT
NATIONAL WEATHER SERVICE GRAY ME
408 AM EDT THU SEP 21 2017


...................................

...THE GRAY ME CLIMATE SUMMARY FOR SEPTEMBER 20 2017...

CLIMATE NORMAL PERIOD 1981 TO 2010
CLIMATE RECORD PERIOD 1995 TO 2017


WEATHER ITEM   OBSERVED TIME   RECORD YEAR NORMAL DEPARTURE LAST
                VALUE   (LST)  VALUE       VALUE  FROM      YEAR
                                                  NORMAL
..................................................................
TEMPERATURE (F)
 YESTERDAY
  MAXIMUM         74        MM  MM      MM  68      6       77
  MINIMUM         65        MM  MM      MM  49     16       63
  AVERAGE         70                        59     11       70

PRECIPITATION (IN)
  YESTERDAY        T            MM      MM   0.15  -0.15     0.00
  MONTH TO DATE    2.57                      2.69  -0.12     0.77
  SINCE SEP 1      2.57                      2.69  -0.12     0.77
  SINCE JAN 1     30.50                     34.17  -3.67    29.94

SNOWFALL (IN)
  YESTERDAY        0.0          MM      MM   0.0    0.0      0.0
  MONTH TO DATE    0.0                       0.0    0.0      0.0
  SINCE SEP 1      0.0                       0.0    0.0      0.0
  SINCE JUL 1      0.0                       0.0    0.0      0.0
  SNOW DEPTH       0

DEGREE DAYS
 HEATING
  YESTERDAY        0                         7     -7        0
  MONTH TO DATE   36                        79    -43       17
  SINCE SEP 1     36                        79    -43       17
  SINCE JUL 1     67                       115    -48       36

 COOLING
  YESTERDAY        5                         0      5        5
  MONTH TO DATE   37                        25     12       67
  SINCE SEP 1     37                        25     12       67
  SINCE JAN 1    475                       384     91      594
..................................................................







THE GRAY ME CLIMATE NORMALS FOR TODAY
                         NORMAL
 MAXIMUM TEMPERATURE (F)   68
 MINIMUM TEMPERATURE (F)   49


SUNRISE AND SUNSET
SEPTEMBER 21 2017.....SUNRISE   627 AM EDT   SUNSET   640 PM EDT
SEPTEMBER 22 2017.....SUNRISE   628 AM EDT   SUNSET   638 PM EDT


-  INDICATES NEGATIVE NUMBERS.
R  INDICATES RECORD WAS SET OR TIED.
MM INDICATES DATA IS MISSING.
T  INDICATES TRACE AMOUNT.




$$
