980
CDUS41 KGYX 040801
CLIGYX


CLIMATE REPORT
NATIONAL WEATHER SERVICE GRAY ME
401 AM EDT WED MAY 4 2016


...................................

...THE GRAY ME CLIMATE SUMMARY FOR MAY 3 2016...

CLIMATE NORMAL PERIOD 1981 TO 2010
CLIMATE RECORD PERIOD 1995 TO 2016


WEATHER ITEM   OBSERVED TIME   RECORD YEAR NORMAL DEPARTURE LAST
                VALUE   (LST)  VALUE       VALUE  FROM      YEAR
                                                  NORMAL
..................................................................
TEMPERATURE (F)
 YESTERDAY
  MAXIMUM         52        MM  91    2001  61     -9       63
  MINIMUM         39        MM  MM      MM  41     -2       36
  AVERAGE         46                        51     -5       50

PRECIPITATION (IN)
  YESTERDAY        0.00         MM      MM   0.13  -0.13     0.00
  MONTH TO DATE    0.86                      0.38   0.48     0.00
  SINCE MAR 1      8.21                      8.93  -0.72     5.01
  SINCE JAN 1     16.47                     15.77   0.70    10.98

SNOWFALL (IN)
  YESTERDAY        0.0          MM      MM   0.1   -0.1      0.0
  MONTH TO DATE    0.0                       0.1   -0.1      0.0
  SINCE MAR 1     14.5                      24.8  -10.3      8.2
  SINCE JUL 1     51.8                      83.9  -32.1    107.3
  SNOW DEPTH       0

DEGREE DAYS
 HEATING
  YESTERDAY       19                        14      5       15
  MONTH TO DATE   61                        43     18       51
  SINCE MAR 1   1624                      1660    -36     1829
  SINCE JUL 1   6144                      6818   -674     7305

 COOLING
  YESTERDAY        0                         0      0        0
  MONTH TO DATE    0                         0      0        0
  SINCE MAR 1      0                         1     -1        0
  SINCE JAN 1      0                         1     -1        0
..................................................................







THE GRAY ME CLIMATE NORMALS FOR TODAY
                         NORMAL
 MAXIMUM TEMPERATURE (F)   61
 MINIMUM TEMPERATURE (F)   42


SUNRISE AND SUNSET
MAY  4 2016...........SUNRISE   528 AM EDT   SUNSET   748 PM EDT
MAY  5 2016...........SUNRISE   527 AM EDT   SUNSET   749 PM EDT


-  INDICATES NEGATIVE NUMBERS.
R  INDICATES RECORD WAS SET OR TIED.
MM INDICATES DATA IS MISSING.
T  INDICATES TRACE AMOUNT.




$$
