000
CDUS41 KGYX 180906
CLIGYX


CLIMATE REPORT
NATIONAL WEATHER SERVICE GRAY ME
406 AM EST SAT NOV 18 2017


...................................

...THE GRAY ME CLIMATE SUMMARY FOR NOVEMBER 17 2017...

CLIMATE NORMAL PERIOD 1981 TO 2010
CLIMATE RECORD PERIOD 1995 TO 2017


WEATHER ITEM   OBSERVED TIME   RECORD YEAR NORMAL DEPARTURE LAST
                VALUE   (LST)  VALUE       VALUE  FROM      YEAR
                                                  NORMAL
..................................................................
TEMPERATURE (F)
 YESTERDAY
  MAXIMUM         38        MM  MM      MM  45     -7       57
  MINIMUM         24        MM  MM      MM  31     -7       41
  AVERAGE         31                        38     -7       49

PRECIPITATION (IN)
  YESTERDAY        0.00         MM      MM   0.19  -0.19     0.00
  MONTH TO DATE    1.33                      3.09  -1.76     2.37
  SINCE SEP 1      9.56                     12.42  -2.86    11.25
  SINCE JAN 1     37.49                     43.90  -6.41    40.42

SNOWFALL (IN)
  YESTERDAY        0.0          MM      MM   0.0    0.0      0.0
  MONTH TO DATE    1.2                       0.9    0.3       T
  SINCE SEP 1      1.2                       1.0    0.2       T
  SINCE JUL 1      1.2                       1.0    0.2       T
  SNOW DEPTH       0

DEGREE DAYS
 HEATING
  YESTERDAY       34                        27      7       16
  MONTH TO DATE  446                       409     37      361
  SINCE SEP 1    766                      1073   -307      884
  SINCE JUL 1    797                      1109   -312      903

 COOLING
  YESTERDAY        0                         0      0        0
  MONTH TO DATE    0                         0      0        0
  SINCE SEP 1     93                        30     63       80
  SINCE JAN 1    531                       389    142      607
..................................................................







THE GRAY ME CLIMATE NORMALS FOR TODAY
                         NORMAL
 MAXIMUM TEMPERATURE (F)   45
 MINIMUM TEMPERATURE (F)   30


SUNRISE AND SUNSET
NOVEMBER 18 2017......SUNRISE   640 AM EST   SUNSET   412 PM EST
NOVEMBER 19 2017......SUNRISE   641 AM EST   SUNSET   411 PM EST


-  INDICATES NEGATIVE NUMBERS.
R  INDICATES RECORD WAS SET OR TIED.
MM INDICATES DATA IS MISSING.
T  INDICATES TRACE AMOUNT.




$$
