000
CDUS41 KGYX 230804
CLIGYX


CLIMATE REPORT
NATIONAL WEATHER SERVICE GRAY ME
403 AM EDT TUE SEP 23 2014


...................................

...THE GRAY ME CLIMATE SUMMARY FOR SEPTEMBER 22 2014...

CLIMATE NORMAL PERIOD 1981 TO 2010
CLIMATE RECORD PERIOD 1995 TO 2014


WEATHER ITEM   OBSERVED NORMAL DEPARTURE LAST
                VALUE   VALUE  FROM      YEAR
                               NORMAL
...............................................
TEMPERATURE (F)
 YESTERDAY
  MAXIMUM         69     67      2       71
  MINIMUM         45     48     -3       50
  AVERAGE         57     58     -1       61

PRECIPITATION (IN)
  YESTERDAY        0.04   0.14  -0.10     0.33
  MONTH TO DATE    0.84   2.96  -2.12     7.40
  SINCE SEP 1      0.84   2.96  -2.12     7.40
  SINCE JAN 1     36.25  34.44   1.81    34.69

SNOWFALL (IN)
  YESTERDAY        0.0    0.0    0.0      0.0
  MONTH TO DATE    0.0    0.0    0.0      0.0
  SINCE SEP 1      0.0    0.0    0.0      0.0
  SINCE JUL 1      0.0    0.0    0.0      0.0
  SNOW DEPTH       0

DEGREE DAYS
 HEATING
  YESTERDAY        8      8      0        4
  MONTH TO DATE   97     94      3      107
  SINCE SEP 1     97     94      3      107
  SINCE JUL 1    111    130    -19      119

 COOLING
  YESTERDAY        0      0      0        0
  MONTH TO DATE   45     25     20       36
  SINCE SEP 1     45     25     20       36
  SINCE JAN 1    357    384    -27      484
...............................................





WEATHER CONDITIONS
 THE FOLLOWING WEATHER WAS RECORDED YESTERDAY.
  NO SIGNIFICANT WEATHER WAS OBSERVED.


..........................................................


THE GRAY ME CLIMATE NORMALS FOR TODAY
                         NORMAL
 MAXIMUM TEMPERATURE (F)   67
 MINIMUM TEMPERATURE (F)   48


SUNRISE AND SUNSET
SEPTEMBER 23 2014.....SUNRISE   629 AM EDT   SUNSET   637 PM EDT
SEPTEMBER 24 2014.....SUNRISE   630 AM EDT   SUNSET   635 PM EDT


-  INDICATES NEGATIVE NUMBERS.
R  INDICATES RECORD WAS SET OR TIED.
MM INDICATES DATA IS MISSING.
T  INDICATES TRACE AMOUNT.




$$
