000
CDUS41 KGYX 060802
CLIGYX


CLIMATE REPORT
NATIONAL WEATHER SERVICE GRAY ME
402 AM EDT MON JUL 6 2015


...................................

...THE GRAY ME CLIMATE SUMMARY FOR JULY 5 2015...

CLIMATE NORMAL PERIOD 1981 TO 2010
CLIMATE RECORD PERIOD 1995 TO 2015


WEATHER ITEM   OBSERVED TIME   RECORD YEAR NORMAL DEPARTURE LAST
                VALUE   (LST)  VALUE       VALUE  FROM      YEAR
                                                  NORMAL
..................................................................
TEMPERATURE (F)
 YESTERDAY
  MAXIMUM         83        MM  MM      MM  78      5       75
  MINIMUM         57        MM  MM      MM  59     -2       56
  AVERAGE         70                        69      1       66

PRECIPITATION (IN)
  YESTERDAY        0.00         MM      MM   0.14  -0.14     0.60
  MONTH TO DATE    0.37                      0.73  -0.36     2.78
  SINCE JUN 1      6.44                      5.03   1.41     5.78
  SINCE JAN 1     19.49                     24.32  -4.83    24.13

SNOWFALL (IN)
  YESTERDAY        0.0          MM      MM   0.0    0.0      0.0
  MONTH TO DATE    0.0                       0.0    0.0      0.0
  SINCE JUN 1      0.0                       0.0    0.0      0.0
  SINCE JUL 1      0.0                       0.0    0.0      0.0
  SNOW DEPTH       0

DEGREE DAYS
 HEATING
  YESTERDAY        0                         1     -1        0
  MONTH TO DATE    4                         5     -1        0
  SINCE JUN 1    161                        99     62       74
  SINCE JUL 1      4                         5     -1        0

 COOLING
  YESTERDAY        5                         4      1        1
  MONTH TO DATE    8                        20    -12       35
  SINCE JUN 1     43                        85    -42      100
  SINCE JAN 1     83                        96    -13      101
..................................................................







THE GRAY ME CLIMATE NORMALS FOR TODAY
                         NORMAL
 MAXIMUM TEMPERATURE (F)   78
 MINIMUM TEMPERATURE (F)   59


SUNRISE AND SUNSET
JULY  6 2015..........SUNRISE   505 AM EDT   SUNSET   826 PM EDT
JULY  7 2015..........SUNRISE   506 AM EDT   SUNSET   826 PM EDT


-  INDICATES NEGATIVE NUMBERS.
R  INDICATES RECORD WAS SET OR TIED.
MM INDICATES DATA IS MISSING.
T  INDICATES TRACE AMOUNT.




$$
