000
CDUS44 KJAN 162207
CLIHBG


CLIMATE REPORT
NATIONAL WEATHER SERVICE JACKSON MS
406 PM CST MON JAN 16 2017


...................................

...THE HATTIESBURG CLIMATE SUMMARY FOR JANUARY 16 2017...
VALID TODAY AS OF 0400 PM LOCAL TIME.

CLIMATE NORMAL PERIOD 1981 TO 2010
CLIMATE RECORD PERIOD 1948 TO 2017


WEATHER ITEM   OBSERVED TIME   RECORD YEAR NORMAL DEPARTURE LAST
                VALUE   (LST)  VALUE       VALUE  FROM      YEAR
                                                  NORMAL
..................................................................
TEMPERATURE (F)
 TODAY
  MAXIMUM         79    114 PM  80    1952  60     19       66
  MINIMUM         59    731 AM  21    1972  37     22       38
  AVERAGE         69                        48     21       52

PRECIPITATION (IN)
  TODAY            0.00          2.50 1955   0.16  -0.16     0.00
  MONTH TO DATE    4.90                      2.83   2.07     0.84
  SINCE DEC 1     11.96                      7.74   4.22    10.85
  SINCE JAN 1      4.90                      2.83   2.07     0.84

SNOWFALL (IN)
  TODAY            0.0

DEGREE DAYS
 HEATING
  TODAY            0                        17    -17       13
  MONTH TO DATE  166                       265    -99      280
  SINCE DEC 1    504                       722   -218      510
  SINCE JUL 1    700                      1050   -350      688

 COOLING
  TODAY            4                         0      4        0
  MONTH TO DATE   10                         0     10        0
  SINCE DEC 1     49                        13     36       71
  SINCE JAN 1     10                         0     10        0
..................................................................


WIND (MPH)
  HIGHEST WIND SPEED    21   HIGHEST WIND DIRECTION    SE (150)
  HIGHEST GUST SPEED    26   HIGHEST GUST DIRECTION     S (170)
  AVERAGE WIND SPEED     6.9


SKY COVER
  POSSIBLE SUNSHINE  MM
  AVERAGE SKY COVER 0.8


WEATHER CONDITIONS
 THE FOLLOWING WEATHER WAS RECORDED TODAY.
  FOG
  FOG W/VISIBILITY <= 1/4 MILE


RELATIVE HUMIDITY (PERCENT)
 HIGHEST   100           200 AM
 LOWEST     50           200 PM
 AVERAGE    75

..........................................................


THE HATTIESBURG CLIMATE NORMALS FOR TOMORROW
                         NORMAL    RECORD    YEAR
 MAXIMUM TEMPERATURE (F)   60        80      1952
 MINIMUM TEMPERATURE (F)   37        14      1977


SUNRISE AND SUNSET
JANUARY 16 2017.......SUNRISE   656 AM CST   SUNSET   518 PM CST
JANUARY 17 2017.......SUNRISE   656 AM CST   SUNSET   519 PM CST


-  INDICATES NEGATIVE NUMBERS.
R  INDICATES RECORD WAS SET OR TIED.
MM INDICATES DATA IS MISSING.
T  INDICATES TRACE AMOUNT.




$$
