000
CDUS44 KJAN 230815
CLIHBG


CLIMATE REPORT
NATIONAL WEATHER SERVICE JACKSON MS
312 AM CDT SAT JUL 23 2016


...................................

...THE HATTIESBURG CLIMATE SUMMARY FOR JULY 22 2016...

CLIMATE NORMAL PERIOD 1981 TO 2010
CLIMATE RECORD PERIOD 1948 TO 2016


WEATHER ITEM   OBSERVED TIME   RECORD YEAR NORMAL DEPARTURE LAST
                VALUE   (LST)  VALUE       VALUE  FROM      YEAR
                                                  NORMAL
..................................................................
TEMPERATURE (F)
 YESTERDAY
  MAXIMUM         92   1015 AM 100    2000  92      0       95
                                      1948
  MINIMUM         73   1159 PM  64    1971  72      1       78
  AVERAGE         83                        82      1       87

PRECIPITATION (IN)
  YESTERDAY        0.20          2.09 1968   0.15   0.05     0.00
  MONTH TO DATE    4.65                      4.05   0.60     4.84
  SINCE JUN 1     12.78                      9.55   3.23     9.57
  SINCE JAN 1     43.94                     36.09   7.85    33.39

SNOWFALL (IN)
  YESTERDAY        0.0

DEGREE DAYS
 HEATING
  YESTERDAY        0                         0      0        0
  MONTH TO DATE    0                         0      0        0
  SINCE JUN 1      0                         0      0        0
  SINCE JUL 1      0                         0      0        0

 COOLING
  YESTERDAY       18                        17      1       22
  MONTH TO DATE  411                       369     42      431
  SINCE JUN 1    918                       792    126      910
  SINCE JAN 1   1382                      1207    175     1487
..................................................................


WIND (MPH)
  HIGHEST WIND SPEED    21   HIGHEST WIND DIRECTION    NE (30)
  HIGHEST GUST SPEED    29   HIGHEST GUST DIRECTION     N (20)
  AVERAGE WIND SPEED     4.4


SKY COVER
  POSSIBLE SUNSHINE  MM
  AVERAGE SKY COVER 0.3


WEATHER CONDITIONS
 THE FOLLOWING WEATHER WAS RECORDED YESTERDAY.
  THUNDERSTORM
  RAIN
  LIGHT RAIN
  FOG


RELATIVE HUMIDITY (PERCENT)
 HIGHEST    97           300 AM
 LOWEST     63           900 AM
 AVERAGE    80

..........................................................


THE HATTIESBURG CLIMATE NORMALS FOR TODAY
                         NORMAL    RECORD    YEAR
 MAXIMUM TEMPERATURE (F)   92       102      1948
 MINIMUM TEMPERATURE (F)   72        65      1950


SUNRISE AND SUNSET
JULY 23 2016..........SUNRISE   608 AM CDT   SUNSET   758 PM CDT
JULY 24 2016..........SUNRISE   609 AM CDT   SUNSET   758 PM CDT


-  INDICATES NEGATIVE NUMBERS.
R  INDICATES RECORD WAS SET OR TIED.
MM INDICATES DATA IS MISSING.
T  INDICATES TRACE AMOUNT.




$$
