000
CDUS44 KJAN 260700
CLIHBG


CLIMATE REPORT
NATIONAL WEATHER SERVICE JACKSON MS
157 AM CDT WED JUL 26 2017


...................................

...THE HATTIESBURG CLIMATE SUMMARY FOR JULY 25 2017...

CLIMATE NORMAL PERIOD 1981 TO 2010
CLIMATE RECORD PERIOD 1948 TO 2017


WEATHER ITEM   OBSERVED TIME   RECORD YEAR NORMAL DEPARTURE LAST
                VALUE   (LST)  VALUE       VALUE  FROM      YEAR
                                                  NORMAL
..................................................................
TEMPERATURE (F)
 YESTERDAY
  MAXIMUM         81    424 PM 100    1962  92    -11       91
                                      1952
  MINIMUM         74   1159 PM  66    2009  72      2       74
                                      1951
  AVERAGE         78                        82     -4       83

PRECIPITATION (IN)
  YESTERDAY        0.47          3.23 1949   0.15   0.32     0.04
  MONTH TO DATE    3.99                      4.49  -0.50     5.73
  SINCE JUN 1     15.39                      9.99   5.40    13.86
  SINCE JAN 1     45.82                     36.53   9.29    45.02

SNOWFALL (IN)
  YESTERDAY        0.0

DEGREE DAYS
 HEATING
  YESTERDAY        0                         0      0        0
  MONTH TO DATE    0                         0      0        0
  SINCE JUN 1      0                         0      0        0
  SINCE JUL 1      0                         0      0        0

 COOLING
  YESTERDAY       13                        17     -4       18
  MONTH TO DATE  436                       420     16      466
  SINCE JUN 1    820                       843    -23      973
  SINCE JAN 1   1341                      1258     83     1437
..................................................................


WIND (MPH)
  HIGHEST WIND SPEED    13   HIGHEST WIND DIRECTION     W (290)
  HIGHEST GUST SPEED    17   HIGHEST GUST DIRECTION    NW (300)
  AVERAGE WIND SPEED     3.8


SKY COVER
  POSSIBLE SUNSHINE  MM
  AVERAGE SKY COVER 0.5


WEATHER CONDITIONS
 THE FOLLOWING WEATHER WAS RECORDED YESTERDAY.
  HEAVY RAIN
  RAIN
  LIGHT RAIN
  FOG


RELATIVE HUMIDITY (PERCENT)
 HIGHEST   100          1200 AM
 LOWEST     79           500 PM
 AVERAGE    90

..........................................................


THE HATTIESBURG CLIMATE NORMALS FOR TODAY
                         NORMAL    RECORD    YEAR
 MAXIMUM TEMPERATURE (F)   92        98      1998
                                             1960
 MINIMUM TEMPERATURE (F)   72        64      2000
                                             1970


SUNRISE AND SUNSET
JULY 26 2017..........SUNRISE   610 AM CDT   SUNSET   757 PM CDT
JULY 27 2017..........SUNRISE   611 AM CDT   SUNSET   756 PM CDT


-  INDICATES NEGATIVE NUMBERS.
R  INDICATES RECORD WAS SET OR TIED.
MM INDICATES DATA IS MISSING.
T  INDICATES TRACE AMOUNT.




$$
