000
CDUS44 KJAN 270856
CLIHBG


CLIMATE REPORT
NATIONAL WEATHER SERVICE JACKSON MS
253 AM CST SAT DEC 27 2014


...................................

...THE HATTIESBURG CLIMATE SUMMARY FOR DECEMBER 26 2014...

CLIMATE NORMAL PERIOD 1981 TO 2010
CLIMATE RECORD PERIOD 1948 TO 2014


WEATHER ITEM   OBSERVED TIME   RECORD YEAR NORMAL DEPARTURE LAST
                VALUE   (LST)  VALUE       VALUE  FROM      YEAR
                                                  NORMAL
..................................................................
TEMPERATURE (F)
 YESTERDAY
  MAXIMUM         65    330 PM  81    1964  61      4       58
  MINIMUM         34    430 AM  14    1983  39     -5       31
  AVERAGE         50                        50      0       45

PRECIPITATION (IN)
  YESTERDAY        0.00          3.90 1973   0.17  -0.17     0.00
  MONTH TO DATE    4.04                      4.20  -0.16     2.41
  SINCE DEC 1      4.04                      4.20  -0.16     2.41
  SINCE JAN 1     50.15                     58.46  -8.31    64.49

SNOWFALL (IN)
  YESTERDAY        0.0

DEGREE DAYS
 HEATING
  YESTERDAY       15                        16     -1       20
  MONTH TO DATE  277                       377   -100      362
  SINCE DEC 1    277                       377   -100      362
  SINCE JUL 1    693                       705    -12      729

 COOLING
  YESTERDAY        0                         0      0        0
  MONTH TO DATE    7                        12     -5       34
  SINCE DEC 1      7                        12     -5       34
  SINCE JAN 1   2471                      2402     69     2442
..................................................................


WIND (MPH)
  HIGHEST WIND SPEED    13   HIGHEST WIND DIRECTION     E (100)
  HIGHEST GUST SPEED    18   HIGHEST GUST DIRECTION    SE (120)
  AVERAGE WIND SPEED     4.5


SKY COVER
  POSSIBLE SUNSHINE  MM
  AVERAGE SKY COVER 0.4


WEATHER CONDITIONS
 THE FOLLOWING WEATHER WAS RECORDED YESTERDAY.
  FOG
  FOG W/VISIBILITY <= 1/4 MILE


RELATIVE HUMIDITY (PERCENT)
 HIGHEST   100           300 AM
 LOWEST     56           300 PM
 AVERAGE    78

..........................................................


THE HATTIESBURG CLIMATE NORMALS FOR TODAY
                         NORMAL    RECORD    YEAR
 MAXIMUM TEMPERATURE (F)   60        78      2008
                                             1987
 MINIMUM TEMPERATURE (F)   39        16      1985


SUNRISE AND SUNSET
DECEMBER 27 2014......SUNRISE   654 AM CST   SUNSET   502 PM CST
DECEMBER 28 2014......SUNRISE   655 AM CST   SUNSET   503 PM CST


-  INDICATES NEGATIVE NUMBERS.
R  INDICATES RECORD WAS SET OR TIED.
MM INDICATES DATA IS MISSING.
T  INDICATES TRACE AMOUNT.




$$
