000
CDUS44 KJAN 310737
CLIHBG


CLIMATE REPORT
NATIONAL WEATHER SERVICE JACKSON MS
233 AM CDT THU JUL 31 2014


...................................

...THE HATTIESBURG CLIMATE SUMMARY FOR JULY 30 2014...

CLIMATE NORMAL PERIOD 1981 TO 2010
CLIMATE RECORD PERIOD 1948 TO 2014


WEATHER ITEM   OBSERVED TIME   RECORD YEAR NORMAL DEPARTURE LAST
                VALUE   (LST)  VALUE       VALUE  FROM      YEAR
                                                  NORMAL
..................................................................
TEMPERATURE (F)
 YESTERDAY
  MAXIMUM         87    245 PM  99    1987  93     -6       93
                                      1986
  MINIMUM         62R   549 AM  64    1994  72    -10       74
  AVERAGE         75                        82     -7       84

PRECIPITATION (IN)
  YESTERDAY        0.00          3.18 1993   0.15  -0.15     0.00
  MONTH TO DATE    2.26                      5.24  -2.98     5.85
  SINCE JUN 1      7.20                     10.74  -3.54    10.93
  SINCE JAN 1     35.68                     37.28  -1.60    48.14

SNOWFALL (IN)
  YESTERDAY        0.0

DEGREE DAYS
 HEATING
  YESTERDAY        0                         0      0        0
  MONTH TO DATE    0                         0      0        0
  SINCE JUN 1      0                         0      0        0
  SINCE JUL 1      0                         0      0        0

 COOLING
  YESTERDAY       10                        17     -7       19
  MONTH TO DATE  470                       505    -35      448
  SINCE JUN 1    937                       928      9      918
  SINCE JAN 1   1313                      1343    -30     1260
..................................................................


WIND (MPH)
  HIGHEST WIND SPEED    13   HIGHEST WIND DIRECTION     N (340)
  HIGHEST GUST SPEED    20   HIGHEST GUST DIRECTION     N (350)
  AVERAGE WIND SPEED     2.5


SKY COVER
  POSSIBLE SUNSHINE  MM
  AVERAGE SKY COVER 0.0


WEATHER CONDITIONS
 THE FOLLOWING WEATHER WAS RECORDED YESTERDAY.
  HAZE


RELATIVE HUMIDITY (PERCENT)
 HIGHEST    93           300 AM
 LOWEST     35           400 PM
 AVERAGE    64

..........................................................


THE HATTIESBURG CLIMATE NORMALS FOR TODAY
                         NORMAL    RECORD    YEAR
 MAXIMUM TEMPERATURE (F)   93       102      1987
 MINIMUM TEMPERATURE (F)   72        65      1951


SUNRISE AND SUNSET
JULY 31 2014..........SUNRISE   613 AM CDT   SUNSET   753 PM CDT
AUGUST  1 2014........SUNRISE   614 AM CDT   SUNSET   753 PM CDT


-  INDICATES NEGATIVE NUMBERS.
R  INDICATES RECORD WAS SET OR TIED.
MM INDICATES DATA IS MISSING.
T  INDICATES TRACE AMOUNT.




$$
