000
CDUS44 KJAN 030637
CLIHBG


CLIMATE REPORT
NATIONAL WEATHER SERVICE JACKSON MS
135 AM CDT TUE MAY 3 2016


...................................

...THE HATTIESBURG CLIMATE SUMMARY FOR MAY 2 2016...

CLIMATE NORMAL PERIOD 1981 TO 2010
CLIMATE RECORD PERIOD 1948 TO 2016


WEATHER ITEM   OBSERVED TIME   RECORD YEAR NORMAL DEPARTURE LAST
                VALUE   (LST)  VALUE       VALUE  FROM      YEAR
                                                  NORMAL
..................................................................
TEMPERATURE (F)
 YESTERDAY
  MAXIMUM         82    347 PM  94    2002  82      0       82
  MINIMUM         64    453 AM  45    2005  58      6       46
  AVERAGE         73                        70      3       64

PRECIPITATION (IN)
  YESTERDAY        T             2.75 1967   0.16  -0.16     0.00
  MONTH TO DATE    0.21                      0.30  -0.09     0.00
  SINCE MAR 1     19.53                     10.73   8.80     9.08
  SINCE JAN 1     28.90                     21.86   7.04    16.91

SNOWFALL (IN)
  YESTERDAY        0.0

DEGREE DAYS
 HEATING
  YESTERDAY        0                         1     -1        1
  MONTH TO DATE    0                         2     -2        1
  SINCE MAR 1    141                       302   -161      131
  SINCE JUL 1   1379                      1980   -601     1912

 COOLING
  YESTERDAY        8                         6      2        0
  MONTH TO DATE   12                        11      1        1
  SINCE MAR 1    192                       136     56      274
  SINCE JAN 1    217                       151     66      280
..................................................................


WIND (MPH)
  HIGHEST WIND SPEED    16   HIGHEST WIND DIRECTION    NW (310)
  HIGHEST GUST SPEED    21   HIGHEST GUST DIRECTION    SW (220)
  AVERAGE WIND SPEED     3.0


SKY COVER
  POSSIBLE SUNSHINE  MM
  AVERAGE SKY COVER 0.6


WEATHER CONDITIONS
 THE FOLLOWING WEATHER WAS RECORDED YESTERDAY.
  THUNDERSTORM
  LIGHT RAIN
  FOG
  FOG W/VISIBILITY <= 1/4 MILE


RELATIVE HUMIDITY (PERCENT)
 HIGHEST   100          1200 AM
 LOWEST     65           300 PM
 AVERAGE    83

..........................................................


THE HATTIESBURG CLIMATE NORMALS FOR TODAY
                         NORMAL    RECORD    YEAR
 MAXIMUM TEMPERATURE (F)   83        91      2002
 MINIMUM TEMPERATURE (F)   58        44      2004


SUNRISE AND SUNSET
MAY  3 2016...........SUNRISE   610 AM CDT   SUNSET   738 PM CDT
MAY  4 2016...........SUNRISE   609 AM CDT   SUNSET   739 PM CDT


-  INDICATES NEGATIVE NUMBERS.
R  INDICATES RECORD WAS SET OR TIED.
MM INDICATES DATA IS MISSING.
T  INDICATES TRACE AMOUNT.




$$
