000
CDUS44 KJAN 280700
CLIHBG


CLIMATE REPORT
NATIONAL WEATHER SERVICE JACKSON MS
158 AM CDT THU AUG 28 2014


...................................

...THE HATTIESBURG CLIMATE SUMMARY FOR AUGUST 27 2014...

CLIMATE NORMAL PERIOD 1981 TO 2010
CLIMATE RECORD PERIOD 1948 TO 2014


WEATHER ITEM   OBSERVED TIME   RECORD YEAR NORMAL DEPARTURE LAST
                VALUE   (LST)  VALUE       VALUE  FROM      YEAR
                                                  NORMAL
..................................................................
TEMPERATURE (F)
 YESTERDAY
  MAXIMUM         96    122 PM 100    1963  92      4       87
  MINIMUM         68    525 AM  56    1958  70     -2       62
  AVERAGE         82                        81      1       75

PRECIPITATION (IN)
  YESTERDAY        0.00          2.52 1992   0.15  -0.15     0.00
  MONTH TO DATE    1.03                      4.13  -3.10     4.03
  SINCE JUN 1      8.23                     15.02  -6.79    14.96
  SINCE JAN 1     36.71                     41.56  -4.85    52.17

SNOWFALL (IN)
  YESTERDAY        0.0

DEGREE DAYS
 HEATING
  YESTERDAY        0                         0      0        0
  MONTH TO DATE    0                         0      0        0
  SINCE JUN 1      0                         0      0        0
  SINCE JUL 1      0                         0      0        0

 COOLING
  YESTERDAY       17                        16      1       10
  MONTH TO DATE  484                       450     34      439
  SINCE JUN 1   1430                      1395     35     1377
  SINCE JAN 1   1806                      1810     -4     1719
..................................................................


WIND (MPH)
  HIGHEST WIND SPEED    12   HIGHEST WIND DIRECTION    NE (60)
  HIGHEST GUST SPEED    18   HIGHEST GUST DIRECTION     N (350)
  AVERAGE WIND SPEED     3.1


SKY COVER
  POSSIBLE SUNSHINE  MM
  AVERAGE SKY COVER 0.2


WEATHER CONDITIONS
 THE FOLLOWING WEATHER WAS RECORDED YESTERDAY.
  NO SIGNIFICANT WEATHER WAS OBSERVED.


RELATIVE HUMIDITY (PERCENT)
 HIGHEST    97           300 AM
 LOWEST     39          1200 PM
 AVERAGE    68

..........................................................


THE HATTIESBURG CLIMATE NORMALS FOR TODAY
                         NORMAL    RECORD    YEAR
 MAXIMUM TEMPERATURE (F)   92        99      2000
 MINIMUM TEMPERATURE (F)   70        55      1952


SUNRISE AND SUNSET
AUGUST 28 2014........SUNRISE   631 AM CDT   SUNSET   725 PM CDT
AUGUST 29 2014........SUNRISE   631 AM CDT   SUNSET   724 PM CDT


-  INDICATES NEGATIVE NUMBERS.
R  INDICATES RECORD WAS SET OR TIED.
MM INDICATES DATA IS MISSING.
T  INDICATES TRACE AMOUNT.




$$
