000
CDUS44 KJAN 232106
CLIHBG


CLIMATE REPORT
NATIONAL WEATHER SERVICE JACKSON MS
405 PM CDT SUN APR 23 2017


...................................

...THE HATTIESBURG CLIMATE SUMMARY FOR APRIL 23 2017...
VALID TODAY AS OF 0400 PM LOCAL TIME.

CLIMATE NORMAL PERIOD 1981 TO 2010
CLIMATE RECORD PERIOD 1948 TO 2017


WEATHER ITEM   OBSERVED TIME   RECORD YEAR NORMAL DEPARTURE LAST
                VALUE   (LST)  VALUE       VALUE  FROM      YEAR
                                                  NORMAL
..................................................................
TEMPERATURE (F)
 TODAY
  MAXIMUM         67   1229 PM  90    2008  80    -13       82
  MINIMUM         56    830 AM  41    1959  55      1       54
  AVERAGE         62                        67     -5       68

PRECIPITATION (IN)
  TODAY            T             1.92 1994   0.14  -0.14     0.00
  MONTH TO DATE    4.28                      3.99   0.29     4.88
  SINCE MAR 1      7.42                      9.49  -2.07    18.20
  SINCE JAN 1     19.02                     20.62  -1.60    27.57

SNOWFALL (IN)
  TODAY            0.0

DEGREE DAYS
 HEATING
  TODAY            3                         1      2        0
  MONTH TO DATE   31                        76    -45       28
  SINCE MAR 1    174                       293   -119      141
  SINCE JUL 1   1141                      1971   -830     1379

 COOLING
  TODAY            0                         4     -4        3
  MONTH TO DATE   95                        61     34       51
  SINCE MAR 1    183                        94     89      117
  SINCE JAN 1    252                       109    143      142
..................................................................


WIND (MPH)
  HIGHEST WIND SPEED    21   HIGHEST WIND DIRECTION    NW (320)
  HIGHEST GUST SPEED    27   HIGHEST GUST DIRECTION    NW (320)
  AVERAGE WIND SPEED    10.1


SKY COVER
  POSSIBLE SUNSHINE  MM
  AVERAGE SKY COVER 0.8


WEATHER CONDITIONS
 THE FOLLOWING WEATHER WAS RECORDED TODAY.
  LIGHT RAIN


RELATIVE HUMIDITY (PERCENT)
 HIGHEST    93           600 AM
 LOWEST     56           100 PM
 AVERAGE    75

..........................................................


THE HATTIESBURG CLIMATE NORMALS FOR TOMORROW
                         NORMAL    RECORD    YEAR
 MAXIMUM TEMPERATURE (F)   80        90      1958
                                             1955
 MINIMUM TEMPERATURE (F)   55        39      2012


SUNRISE AND SUNSET
APRIL 23 2017.........SUNRISE   620 AM CDT   SUNSET   731 PM CDT
APRIL 24 2017.........SUNRISE   619 AM CDT   SUNSET   732 PM CDT


-  INDICATES NEGATIVE NUMBERS.
R  INDICATES RECORD WAS SET OR TIED.
MM INDICATES DATA IS MISSING.
T  INDICATES TRACE AMOUNT.




$$
