000
CDUS44 KJAN 090824
CLIHBG


CLIMATE REPORT
NATIONAL WEATHER SERVICE JACKSON MS
222 AM CST TUE FEB 9 2016


...................................

...THE HATTIESBURG CLIMATE SUMMARY FOR FEBRUARY 8 2016...

CLIMATE NORMAL PERIOD 1981 TO 2010
CLIMATE RECORD PERIOD 1948 TO 2016


WEATHER ITEM   OBSERVED TIME   RECORD YEAR NORMAL DEPARTURE LAST
                VALUE   (LST)  VALUE       VALUE  FROM      YEAR
                                                  NORMAL
..................................................................
TEMPERATURE (F)
 YESTERDAY
  MAXIMUM         58    227 PM  82    1957  62     -4       76
  MINIMUM         34   1159 PM  19    1967  39     -5       41
  AVERAGE         46                        50     -4       59

PRECIPITATION (IN)
  YESTERDAY        0.00          0.51 1971   0.18  -0.18     0.00
  MONTH TO DATE    0.92                      1.37  -0.45     0.59
  SINCE DEC 1     15.45                     12.02   3.43    12.14
  SINCE JAN 1      5.44                      7.11  -1.67     5.94

SNOWFALL (IN)
  YESTERDAY        0.0

DEGREE DAYS
 HEATING
  YESTERDAY       19                        15      4        6
  MONTH TO DATE  111                       126    -15      134
  SINCE DEC 1    849                      1097   -248     1008
  SINCE JUL 1   1027                      1425   -398     1424

 COOLING
  YESTERDAY        0                         0      0        0
  MONTH TO DATE   12                         0     12        0
  SINCE DEC 1     83                        19     64       13
  SINCE JAN 1     12                         6      6        6
..................................................................


WIND (MPH)
  HIGHEST WIND SPEED    29   HIGHEST WIND DIRECTION    NW (310)
  HIGHEST GUST SPEED    36   HIGHEST GUST DIRECTION    NW (310)
  AVERAGE WIND SPEED    11.2


SKY COVER
  POSSIBLE SUNSHINE  MM
  AVERAGE SKY COVER 0.1


WEATHER CONDITIONS
 THE FOLLOWING WEATHER WAS RECORDED YESTERDAY.
  NO SIGNIFICANT WEATHER WAS OBSERVED.


RELATIVE HUMIDITY (PERCENT)
 HIGHEST    76           700 AM
 LOWEST     22           200 PM
 AVERAGE    49

..........................................................


THE HATTIESBURG CLIMATE NORMALS FOR TODAY
                         NORMAL    RECORD    YEAR
 MAXIMUM TEMPERATURE (F)   62        84      1957
 MINIMUM TEMPERATURE (F)   39        20      1971


SUNRISE AND SUNSET
FEBRUARY  9 2016......SUNRISE   644 AM CST   SUNSET   539 PM CST
FEBRUARY 10 2016......SUNRISE   643 AM CST   SUNSET   540 PM CST


-  INDICATES NEGATIVE NUMBERS.
R  INDICATES RECORD WAS SET OR TIED.
MM INDICATES DATA IS MISSING.
T  INDICATES TRACE AMOUNT.




$$
