000
CDUS44 KJAN 290832
CLIHBG


CLIMATE REPORT
NATIONAL WEATHER SERVICE JACKSON MS
228 AM CST THU JAN 29 2015


...................................

...THE HATTIESBURG CLIMATE SUMMARY FOR JANUARY 28 2015...

CLIMATE NORMAL PERIOD 1981 TO 2010
CLIMATE RECORD PERIOD 1948 TO 2015


WEATHER ITEM   OBSERVED TIME   RECORD YEAR NORMAL DEPARTURE LAST
                VALUE   (LST)  VALUE       VALUE  FROM      YEAR
                                                  NORMAL
..................................................................
TEMPERATURE (F)
 YESTERDAY
  MAXIMUM         68    355 PM  83    1957  60      8       39
  MINIMUM         34    722 AM  20    1986  37     -3       24
                                      1963
  AVERAGE         51                        49      2       32

PRECIPITATION (IN)
  YESTERDAY        0.00          4.33 1994   0.20  -0.20     0.31
  MONTH TO DATE    5.35                      5.10   0.25     2.67
  SINCE DEC 1     11.55                     10.01   1.54     6.59
  SINCE JAN 1      5.35                      5.10   0.25     2.67

SNOWFALL (IN)
  YESTERDAY        0.0

DEGREE DAYS
 HEATING
  YESTERDAY       14                        17     -3       33
  MONTH TO DATE  498                       469     29      618
  SINCE DEC 1    831                       926    -95     1072
  SINCE JUL 1   1247                      1254     -7     1439

 COOLING
  YESTERDAY        0                         0      0        0
  MONTH TO DATE    6                         0      6        0
  SINCE DEC 1     13                        13      0       34
  SINCE JAN 1      6                         0      6        0
..................................................................


WIND (MPH)
  HIGHEST WIND SPEED     9   HIGHEST WIND DIRECTION     E (90)
  HIGHEST GUST SPEED    12   HIGHEST GUST DIRECTION    SE (120)
  AVERAGE WIND SPEED     2.0


SKY COVER
  POSSIBLE SUNSHINE  MM
  AVERAGE SKY COVER 0.0


WEATHER CONDITIONS
 THE FOLLOWING WEATHER WAS RECORDED YESTERDAY.
  NO SIGNIFICANT WEATHER WAS OBSERVED.


RELATIVE HUMIDITY (PERCENT)
 HIGHEST    96           700 AM
 LOWEST     26           400 PM
 AVERAGE    61

..........................................................


THE HATTIESBURG CLIMATE NORMALS FOR TODAY
                         NORMAL    RECORD    YEAR
 MAXIMUM TEMPERATURE (F)   60        82      1957
 MINIMUM TEMPERATURE (F)   37        16      2014


SUNRISE AND SUNSET
JANUARY 29 2015.......SUNRISE   651 AM CST   SUNSET   529 PM CST
JANUARY 30 2015.......SUNRISE   651 AM CST   SUNSET   530 PM CST


-  INDICATES NEGATIVE NUMBERS.
R  INDICATES RECORD WAS SET OR TIED.
MM INDICATES DATA IS MISSING.
T  INDICATES TRACE AMOUNT.




$$
