000
CDUS44 KJAN 060643
CLIHBG


CLIMATE REPORT
NATIONAL WEATHER SERVICE JACKSON MS
1240 AM CST FRI MAR 6 2015


...................................

...THE HATTIESBURG CLIMATE SUMMARY FOR MARCH 5 2015...

CLIMATE NORMAL PERIOD 1981 TO 2010
CLIMATE RECORD PERIOD 1948 TO 2015


WEATHER ITEM   OBSERVED TIME   RECORD YEAR NORMAL DEPARTURE LAST
                VALUE   (LST)  VALUE       VALUE  FROM      YEAR
                                                  NORMAL
..................................................................
TEMPERATURE (F)
 YESTERDAY
  MAXIMUM         73    246 AM  85    1955  69      4       58
  MINIMUM         31   1159 PM  22    2002  45    -14       36
  AVERAGE         52                        57     -5       47

PRECIPITATION (IN)
  YESTERDAY        0.10          2.75 2011   0.19  -0.09     0.00
  MONTH TO DATE    1.70                      0.95   0.75     0.51
  SINCE MAR 1      1.70                      0.95   0.75     0.51
  SINCE JAN 1      9.53                     12.08  -2.55    10.41

SNOWFALL (IN)
  YESTERDAY        0.0

DEGREE DAYS
 HEATING
  YESTERDAY       13                         9      4       18
  MONTH TO DATE   25                        47    -22       64
  SINCE MAR 1     25                        47    -22       64
  SINCE JUL 1   1806                      1725     81     1987

 COOLING
  YESTERDAY        0                         1     -1        0
  MONTH TO DATE   14                         5      9        4
  SINCE MAR 1     14                         5      9        4
  SINCE JAN 1     20                        20      0       21
..................................................................


WIND (MPH)
  HIGHEST WIND SPEED    23   HIGHEST WIND DIRECTION    NW (330)
  HIGHEST GUST SPEED    32   HIGHEST GUST DIRECTION     N (340)
  AVERAGE WIND SPEED    13.0


SKY COVER
  POSSIBLE SUNSHINE  MM
  AVERAGE SKY COVER 0.8


WEATHER CONDITIONS
 THE FOLLOWING WEATHER WAS RECORDED YESTERDAY.
  LIGHT RAIN
  FOG


RELATIVE HUMIDITY (PERCENT)
 HIGHEST    92           900 AM
 LOWEST     59          1100 PM
 AVERAGE    76

..........................................................


THE HATTIESBURG CLIMATE NORMALS FOR TODAY
                         NORMAL    RECORD    YEAR
 MAXIMUM TEMPERATURE (F)   69        85      1956
 MINIMUM TEMPERATURE (F)   45        24      1960


SUNRISE AND SUNSET
MARCH  6 2015.........SUNRISE   618 AM CST   SUNSET   559 PM CST
MARCH  7 2015.........SUNRISE   617 AM CST   SUNSET   559 PM CST


-  INDICATES NEGATIVE NUMBERS.
R  INDICATES RECORD WAS SET OR TIED.
MM INDICATES DATA IS MISSING.
T  INDICATES TRACE AMOUNT.




$$
