000
CDUS44 KJAN 190734
CLIHBG


CLIMATE REPORT
NATIONAL WEATHER SERVICE JACKSON MS
232 AM CDT FRI SEP 19 2014


...................................

...THE HATTIESBURG CLIMATE SUMMARY FOR SEPTEMBER 18 2014...

CLIMATE NORMAL PERIOD 1981 TO 2010
CLIMATE RECORD PERIOD 1948 TO 2014


WEATHER ITEM   OBSERVED TIME   RECORD YEAR NORMAL DEPARTURE LAST
                VALUE   (LST)  VALUE       VALUE  FROM      YEAR
                                                  NORMAL
..................................................................
TEMPERATURE (F)
 YESTERDAY
  MAXIMUM         87    349 PM  97    2010  87      0       88
                                      2005
  MINIMUM         71   1159 PM  49    1961  66      5       71
  AVERAGE         79                        76      3       80

PRECIPITATION (IN)
  YESTERDAY        0.16          3.10 1957   0.13   0.03     0.00
  MONTH TO DATE    5.38                      2.60   2.78     2.13
  SINCE SEP 1      5.38                      2.60   2.78     2.13
  SINCE JAN 1     42.66                     44.76  -2.10    54.30

SNOWFALL (IN)
  YESTERDAY        0.0

DEGREE DAYS
 HEATING
  YESTERDAY        0                         0      0        0
  MONTH TO DATE    0                         0      0        0
  SINCE SEP 1      0                         0      0        0
  SINCE JUL 1      0                         0      0        0

 COOLING
  YESTERDAY       14                        11      3       15
  MONTH TO DATE  304                       243     61      297
  SINCE SEP 1    304                       243     61      297
  SINCE JAN 1   2183                      2114     69     2076
..................................................................


WIND (MPH)
  HIGHEST WIND SPEED    23   HIGHEST WIND DIRECTION     E (90)
  HIGHEST GUST SPEED    35   HIGHEST GUST DIRECTION     E (90)
  AVERAGE WIND SPEED     1.4


SKY COVER
  POSSIBLE SUNSHINE  MM
  AVERAGE SKY COVER 0.1


WEATHER CONDITIONS
 THE FOLLOWING WEATHER WAS RECORDED YESTERDAY.
  THUNDERSTORM
  HEAVY RAIN
  RAIN
  LIGHT RAIN
  FOG


RELATIVE HUMIDITY (PERCENT)
 HIGHEST    93           100 AM
 LOWEST     61           300 PM
 AVERAGE    77

..........................................................


THE HATTIESBURG CLIMATE NORMALS FOR TODAY
                         NORMAL    RECORD    YEAR
 MAXIMUM TEMPERATURE (F)   87        98      2005
                                             1972
 MINIMUM TEMPERATURE (F)   65        45      1981


SUNRISE AND SUNSET
SEPTEMBER 19 2014.....SUNRISE   643 AM CDT   SUNSET   658 PM CDT
SEPTEMBER 20 2014.....SUNRISE   644 AM CDT   SUNSET   656 PM CDT


-  INDICATES NEGATIVE NUMBERS.
R  INDICATES RECORD WAS SET OR TIED.
MM INDICATES DATA IS MISSING.
T  INDICATES TRACE AMOUNT.




$$
