000
CDUS44 KJAN 292109
CLIHBG


CLIMATE REPORT
NATIONAL WEATHER SERVICE JACKSON MS
406 PM CDT MON JUN 29 2015


...................................

...THE HATTIESBURG CLIMATE SUMMARY FOR JUNE 29 2015...
VALID TODAY AS OF 0400 PM LOCAL TIME.

CLIMATE NORMAL PERIOD 1981 TO 2010
CLIMATE RECORD PERIOD 1948 TO 2015


WEATHER ITEM   OBSERVED TIME   RECORD YEAR NORMAL DEPARTURE LAST
                VALUE   (LST)  VALUE       VALUE  FROM      YEAR
                                                  NORMAL
..................................................................
TEMPERATURE (F)
 TODAY
  MAXIMUM         89   1236 PM 100    1960  91     -2       93
                                      1954
  MINIMUM         73    502 AM  58    1974  71      2       73
  AVERAGE         81                        81      0       83

PRECIPITATION (IN)
  TODAY            0.00          1.55 1975   0.23  -0.23     0.00
  MONTH TO DATE    4.66                      5.28  -0.62     4.94
  SINCE JUN 1      4.66                      5.28  -0.62     4.94
  SINCE JAN 1     28.48                     31.82  -3.34    33.42

SNOWFALL (IN)
  TODAY            0.0

DEGREE DAYS
 HEATING
  TODAY            0                         0      0        0
  MONTH TO DATE    0                         0      0        0
  SINCE JUN 1      0                         0      0        0
  SINCE JUL 1   1912                      1985    -73     2276

 COOLING
  TODAY           16                        16      0       18
  MONTH TO DATE  464                       407     57      447
  SINCE JUN 1    464                       407     57      447
  SINCE JAN 1   1041                       822    219      823
..................................................................


WIND (MPH)
  HIGHEST WIND SPEED    18   HIGHEST WIND DIRECTION    SW (230)
  HIGHEST GUST SPEED    31   HIGHEST GUST DIRECTION    SW (220)
  AVERAGE WIND SPEED     5.1


SKY COVER
  POSSIBLE SUNSHINE  MM
  AVERAGE SKY COVER 0.3


WEATHER CONDITIONS
 THE FOLLOWING WEATHER WAS RECORDED TODAY.
  NO SIGNIFICANT WEATHER WAS OBSERVED.


RELATIVE HUMIDITY (PERCENT)
 HIGHEST    94          1200 AM
 LOWEST     59           100 PM
 AVERAGE    77

..........................................................


THE HATTIESBURG CLIMATE NORMALS FOR TOMORROW
                         NORMAL    RECORD    YEAR
 MAXIMUM TEMPERATURE (F)   91       102      1954
 MINIMUM TEMPERATURE (F)   71        56      1974


SUNRISE AND SUNSET
JUNE 29 2015..........SUNRISE   556 AM CDT   SUNSET   805 PM CDT
JUNE 30 2015..........SUNRISE   556 AM CDT   SUNSET   805 PM CDT


-  INDICATES NEGATIVE NUMBERS.
R  INDICATES RECORD WAS SET OR TIED.
MM INDICATES DATA IS MISSING.
T  INDICATES TRACE AMOUNT.




$$
