000
CDUS44 KJAN 280644
CLIHBG


CLIMATE REPORT
NATIONAL WEATHER SERVICE JACKSON MS
1242 AM CST TUE FEB 28 2017


...................................

...THE HATTIESBURG CLIMATE SUMMARY FOR FEBRUARY 27 2017...

CLIMATE NORMAL PERIOD 1981 TO 2010
CLIMATE RECORD PERIOD 1948 TO 2017


WEATHER ITEM   OBSERVED TIME   RECORD YEAR NORMAL DEPARTURE LAST
                VALUE   (LST)  VALUE       VALUE  FROM      YEAR
                                                  NORMAL
..................................................................
TEMPERATURE (F)
 YESTERDAY
  MAXIMUM         71   1043 AM  84    2011  67      4       67
                                      1951
  MINIMUM         48    115 AM  22    1974  43      5       31
  AVERAGE         60                        55      5       49

PRECIPITATION (IN)
  YESTERDAY        0.53          2.47 1984   0.19   0.34     0.00
  MONTH TO DATE    2.52                      5.19  -2.67     4.85
  SINCE DEC 1     18.65                     15.84   2.81    19.38
  SINCE JAN 1     11.59                     10.93   0.66     9.37

SNOWFALL (IN)
  YESTERDAY        0.0

DEGREE DAYS
 HEATING
  YESTERDAY        5                        10     -5       16
  MONTH TO DATE  158                       368   -210      306
  SINCE DEC 1    771                      1339   -568     1044
  SINCE JUL 1    967                      1667   -700     1222

 COOLING
  YESTERDAY        0                         1     -1        0
  MONTH TO DATE   30                         2     28       25
  SINCE DEC 1    101                        21     80       96
  SINCE JAN 1     62                         8     54       25
..................................................................


WIND (MPH)
  HIGHEST WIND SPEED    15   HIGHEST WIND DIRECTION     S (190)
  HIGHEST GUST SPEED    20   HIGHEST GUST DIRECTION     S (180)
  AVERAGE WIND SPEED     6.9


SKY COVER
  POSSIBLE SUNSHINE  MM
  AVERAGE SKY COVER 0.8


WEATHER CONDITIONS
 THE FOLLOWING WEATHER WAS RECORDED YESTERDAY.
  THUNDERSTORM
  HEAVY RAIN
  RAIN
  LIGHT RAIN
  FOG


RELATIVE HUMIDITY (PERCENT)
 HIGHEST    93           800 PM
 LOWEST     71          1200 AM
 AVERAGE    82

..........................................................


THE HATTIESBURG CLIMATE NORMALS FOR TODAY
                         NORMAL    RECORD    YEAR
 MAXIMUM TEMPERATURE (F)   67        85      1948
 MINIMUM TEMPERATURE (F)   44        21      2002


SUNRISE AND SUNSET
FEBRUARY 28 2017......SUNRISE   625 AM CST   SUNSET   555 PM CST
MARCH  1 2017.........SUNRISE   623 AM CST   SUNSET   555 PM CST


-  INDICATES NEGATIVE NUMBERS.
R  INDICATES RECORD WAS SET OR TIED.
MM INDICATES DATA IS MISSING.
T  INDICATES TRACE AMOUNT.




$$
