000
CDUS41 KLWX 222122
CLIHGR


CLIMATE REPORT
NATIONAL WEATHER SERVICE BALTIMORE MD/WASHINGTON DC
521 PM EDT WED OCT 22 2014


...................................

...THE HAGERSTOWN MD CLIMATE SUMMARY FOR OCTOBER 22 2014...
VALID TODAY AS OF 0500 PM LOCAL TIME.

CLIMATE NORMAL PERIOD 1981 TO 2010
CLIMATE RECORD PERIOD 9999 TO 9999


WEATHER ITEM   OBSERVED TIME   RECORD YEAR NORMAL DEPARTURE LAST
                VALUE   (LST)  VALUE       VALUE  FROM      YEAR
                                                  NORMAL
..................................................................
TEMPERATURE (F)
 TODAY
  MAXIMUM         57    359 PM  MM      MM  63     -6       59
  MINIMUM         50    226 AM  MM      MM  42      8       43
  AVERAGE         54                        53      1       51

PRECIPITATION (IN)
  TODAY            0.01         MM      MM   0.08  -0.07     0.00
  MONTH TO DATE    2.25                      2.19   0.06     5.30
  SINCE SEP 1      4.49                      5.86  -1.37     8.51
  SINCE JAN 1     31.40                     32.49  -1.09    27.66

DEGREE DAYS
 HEATING
  TODAY           11                        12     -1       14
  MONTH TO DATE  148                       204    -56      119
  SINCE SEP 1    200                       273    -73      199
  SINCE JUL 1    202                       278    -76      202

 COOLING
  TODAY            0                         0      0        0
  MONTH TO DATE    6                         9     -3       44
  SINCE SEP 1    125                       100     25      148
  SINCE JAN 1    938                       968    -30     1133
..................................................................


WIND (MPH)
  HIGHEST WIND SPEED    23   HIGHEST WIND DIRECTION     N (340)
  HIGHEST GUST SPEED    30   HIGHEST GUST DIRECTION     N (350)
  AVERAGE WIND SPEED    10.7


SKY COVER
  POSSIBLE SUNSHINE  MM
  AVERAGE SKY COVER 1.0


WEATHER CONDITIONS
 THE FOLLOWING WEATHER WAS RECORDED TODAY.
  LIGHT RAIN


RELATIVE HUMIDITY (PERCENT)
 HIGHEST    89          1200 AM
 LOWEST     62           400 PM
 AVERAGE    76

..........................................................


THE HAGERSTOWN MD CLIMATE NORMALS FOR TOMORROW
                         NORMAL    RECORD    YEAR
 MAXIMUM TEMPERATURE (F)   63        MM        MM
 MINIMUM TEMPERATURE (F)   42        MM        MM


SUNRISE AND SUNSET
OCTOBER 22 2014.......SUNRISE   728 AM EDT   SUNSET   622 PM EDT
OCTOBER 23 2014.......SUNRISE   729 AM EDT   SUNSET   620 PM EDT


-  INDICATES NEGATIVE NUMBERS.
R  INDICATES RECORD WAS SET OR TIED.
MM INDICATES DATA IS MISSING.
T  INDICATES TRACE AMOUNT.




$$
