000
CDUS41 KLWX 242126
CLIHGR


CLIMATE REPORT
NATIONAL WEATHER SERVICE BALTIMORE MD/WASHINGTON DC
424 PM EST FRI FEB 24 2017


...................................

...THE HAGERSTOWN MD CLIMATE SUMMARY FOR FEBRUARY 24 2017...
VALID TODAY AS OF 0400 PM LOCAL TIME.

CLIMATE NORMAL PERIOD 1981 TO 2010
CLIMATE RECORD PERIOD 9999 TO 9999


WEATHER ITEM   OBSERVED TIME   RECORD YEAR NORMAL DEPARTURE LAST
                VALUE   (LST)  VALUE       VALUE  FROM      YEAR
                                                  NORMAL
..................................................................
TEMPERATURE (F)
 TODAY
  MAXIMUM         77    350 PM  MM      MM  44     33       54
  MINIMUM         55    659 AM  MM      MM  27     28       36
  AVERAGE         66                        35     31       45

PRECIPITATION (IN)
  TODAY            0.00         MM      MM   0.08  -0.08     0.87
  MONTH TO DATE    1.02                      2.19  -1.17     3.43
  SINCE DEC 1      5.55                      7.76  -2.21     8.07
  SINCE JAN 1      3.77                      4.87  -1.10     5.19

DEGREE DAYS
 HEATING
  TODAY            0                        30    -30       20
  MONTH TO DATE  505                       763   -258      752
  SINCE DEC 1   2222                      2782   -560     2390
  SINCE JUL 1   2930                      3787   -857     3122

 COOLING
  TODAY            1                         0      1        0
  MONTH TO DATE    1                         0      1        0
  SINCE DEC 1      1                         0      1        0
  SINCE JAN 1      1                         0      1        0
..................................................................


WIND (MPH)
  HIGHEST WIND SPEED    21   HIGHEST WIND DIRECTION    SE (150)
  HIGHEST GUST SPEED    27   HIGHEST GUST DIRECTION     S (160)
  AVERAGE WIND SPEED    10.8


SKY COVER
  POSSIBLE SUNSHINE  MM
  AVERAGE SKY COVER 0.0


WEATHER CONDITIONS
 THE FOLLOWING WEATHER WAS RECORDED TODAY.
  NO SIGNIFICANT WEATHER WAS OBSERVED.


RELATIVE HUMIDITY (PERCENT)
 HIGHEST    83           700 AM
 LOWEST     41           300 PM
 AVERAGE    62

..........................................................


THE HAGERSTOWN MD CLIMATE NORMALS FOR TOMORROW
                         NORMAL    RECORD    YEAR
 MAXIMUM TEMPERATURE (F)   44        MM        MM
 MINIMUM TEMPERATURE (F)   27        MM        MM


SUNRISE AND SUNSET
FEBRUARY 24 2017......SUNRISE   651 AM EST   SUNSET   558 PM EST
FEBRUARY 25 2017......SUNRISE   649 AM EST   SUNSET   559 PM EST


-  INDICATES NEGATIVE NUMBERS.
R  INDICATES RECORD WAS SET OR TIED.
MM INDICATES DATA IS MISSING.
T  INDICATES TRACE AMOUNT.




$$
