000
CDUS41 KLWX 200523
CLIHGR


CLIMATE REPORT
NATIONAL WEATHER SERVICE BALTIMORE MD/WASHINGTON DC
1223 AM EST TUE FEB 20 2018


...................................

...THE HAGERSTOWN MD CLIMATE SUMMARY FOR FEBRUARY 19 2018...

CLIMATE NORMAL PERIOD 1981 TO 2010
CLIMATE RECORD PERIOD 1998 TO 2018


WEATHER ITEM   OBSERVED TIME   RECORD YEAR NORMAL DEPARTURE LAST
                VALUE   (LST)  VALUE       VALUE  FROM      YEAR
                                                  NORMAL
..................................................................
TEMPERATURE (F)
 YESTERDAY
  MAXIMUM         55    312 PM  MM      MM  42     13       68
  MINIMUM         36    103 AM  MM      MM  26     10       54
  AVERAGE         46                        34     12       61

PRECIPITATION (IN)
  YESTERDAY        0.02         MM      MM   0.10  -0.08     0.00
  MONTH TO DATE    2.83                      1.76   1.07     1.02
  SINCE DEC 1      6.26                      7.33  -1.07     5.55
  SINCE JAN 1      5.45                      4.44   1.01     3.77

DEGREE DAYS
 HEATING
  YESTERDAY       19                        31    -12        4
  MONTH TO DATE  543                       612    -69      461
  SINCE DEC 1   2509                      2631   -122     2178
  SINCE JUL 1   3290                      3636   -346     2886

 COOLING
  YESTERDAY        0                         0      0        0
  MONTH TO DATE    0                         0      0        0
  SINCE DEC 1      0                         0      0        0
  SINCE JAN 1      0                         0      0        0
..................................................................


WIND (MPH)
  HIGHEST WIND SPEED    18   HIGHEST WIND DIRECTION     S (160)
  HIGHEST GUST SPEED    24   HIGHEST GUST DIRECTION     S (170)
  AVERAGE WIND SPEED     9.7


SKY COVER
  POSSIBLE SUNSHINE  MM
  AVERAGE SKY COVER 0.5


WEATHER CONDITIONS
 THE FOLLOWING WEATHER WAS RECORDED YESTERDAY.
  LIGHT RAIN
  FOG


RELATIVE HUMIDITY (PERCENT)
 HIGHEST    89           900 PM
 LOWEST     64          1200 AM
 AVERAGE    77

..........................................................


THE HAGERSTOWN MD CLIMATE NORMALS FOR TODAY
                         NORMAL    RECORD    YEAR
 MAXIMUM TEMPERATURE (F)   42        MM        MM
 MINIMUM TEMPERATURE (F)   26        MM        MM


SUNRISE AND SUNSET
FEBRUARY 20 2018......SUNRISE   657 AM EST   SUNSET   553 PM EST
FEBRUARY 21 2018......SUNRISE   655 AM EST   SUNSET   554 PM EST


-  INDICATES NEGATIVE NUMBERS.
R  INDICATES RECORD WAS SET OR TIED.
MM INDICATES DATA IS MISSING.
T  INDICATES TRACE AMOUNT.




$$
