000
CDUS41 KLWX 270525
CLIHGR


CLIMATE REPORT
NATIONAL WEATHER SERVICE BALTIMORE MD/WASHINGTON DC
124 AM EDT THU JUL 27 2017


...................................

...THE HAGERSTOWN MD CLIMATE SUMMARY FOR JULY 26 2017...

CLIMATE NORMAL PERIOD 1981 TO 2010
CLIMATE RECORD PERIOD 1998 TO 2017


WEATHER ITEM   OBSERVED TIME   RECORD YEAR NORMAL DEPARTURE LAST
                VALUE   (LST)  VALUE       VALUE  FROM      YEAR
                                                  NORMAL
..................................................................
TEMPERATURE (F)
 YESTERDAY
  MAXIMUM         82    541 PM  MM      MM  85     -3       92
  MINIMUM         61    523 AM  MM      MM  65     -4       74
  AVERAGE         72                        75     -3       83

PRECIPITATION (IN)
  YESTERDAY        0.00         MM      MM   0.12  -0.12     0.00
  MONTH TO DATE    3.96                      2.82   1.14     0.88
  SINCE JUN 1      6.70                      6.70   0.00     4.28
  SINCE JAN 1     21.32                     22.90  -1.58    17.32

DEGREE DAYS
 HEATING
  YESTERDAY        0                         0      0        0
  MONTH TO DATE    0                         0      0        0
  SINCE JUN 1      7                        18    -11        3
  SINCE JUL 1      0                         0      0        0

 COOLING
  YESTERDAY        7                        10     -3       18
  MONTH TO DATE  368                       272     96      373
  SINCE JUN 1    657                       481    176      634
  SINCE JAN 1    792                       557    235      738
..................................................................


WIND (MPH)
  HIGHEST WIND SPEED    10   HIGHEST WIND DIRECTION     S (170)
  HIGHEST GUST SPEED    13   HIGHEST GUST DIRECTION    SE (150)
  AVERAGE WIND SPEED     4.0


SKY COVER
  POSSIBLE SUNSHINE  MM
  AVERAGE SKY COVER 0.3


WEATHER CONDITIONS
 THE FOLLOWING WEATHER WAS RECORDED YESTERDAY.
  NO SIGNIFICANT WEATHER WAS OBSERVED.


RELATIVE HUMIDITY (PERCENT)
 HIGHEST    93           400 AM
 LOWEST     50          1200 PM
 AVERAGE    72

..........................................................


THE HAGERSTOWN MD CLIMATE NORMALS FOR TODAY
                         NORMAL    RECORD    YEAR
 MAXIMUM TEMPERATURE (F)   85        MM        MM
 MINIMUM TEMPERATURE (F)   65        MM        MM


SUNRISE AND SUNSET
JULY 27 2017..........SUNRISE   606 AM EDT   SUNSET   829 PM EDT
JULY 28 2017..........SUNRISE   607 AM EDT   SUNSET   828 PM EDT


-  INDICATES NEGATIVE NUMBERS.
R  INDICATES RECORD WAS SET OR TIED.
MM INDICATES DATA IS MISSING.
T  INDICATES TRACE AMOUNT.




$$
