000
CDUS41 KLWX 302136
CLIHGR


CLIMATE REPORT
NATIONAL WEATHER SERVICE BALTIMORE MD/WASHINGTON DC
536 PM EDT MON MAY 30 2016


...................................

...THE HAGERSTOWN MD CLIMATE SUMMARY FOR MAY 30 2016...
VALID TODAY AS OF 0500 PM LOCAL TIME.

CLIMATE NORMAL PERIOD 1981 TO 2010
CLIMATE RECORD PERIOD 9999 TO 9999


WEATHER ITEM   OBSERVED TIME   RECORD YEAR NORMAL DEPARTURE LAST
                VALUE   (LST)  VALUE       VALUE  FROM      YEAR
                                                  NORMAL
..................................................................
TEMPERATURE (F)
 TODAY
  MAXIMUM         84    330 PM  MM      MM  76      8       86
  MINIMUM         64    328 AM  MM      MM  56      8       70
  AVERAGE         74                        66      8       78

PRECIPITATION (IN)
  TODAY            0.03         MM      MM   0.14  -0.11     0.30
  MONTH TO DATE    4.13                      3.89   0.24     1.85
  SINCE MAR 1      7.67                     10.83  -3.16     7.38
  SINCE JAN 1     13.04                     16.06  -3.02     9.66

DEGREE DAYS
 HEATING
  TODAY            0                         2     -2        0
  MONTH TO DATE  154                       152      2       50
  SINCE MAR 1    962                      1263   -301     1123
  SINCE JUL 1   4199                      5166   -967     5129

 COOLING
  TODAY            9                         4      5       13
  MONTH TO DATE   77                        56     21      186
  SINCE MAR 1     93                        71     22      188
  SINCE JAN 1     93                        71     22      188
..................................................................


WIND (MPH)
  HIGHEST WIND SPEED     9   HIGHEST WIND DIRECTION    SW (220)
  HIGHEST GUST SPEED    12   HIGHEST GUST DIRECTION     S (200)
  AVERAGE WIND SPEED     4.1


SKY COVER
  POSSIBLE SUNSHINE  MM
  AVERAGE SKY COVER 0.4


WEATHER CONDITIONS
 THE FOLLOWING WEATHER WAS RECORDED TODAY.
  LIGHT RAIN
  FOG
  HAZE


RELATIVE HUMIDITY (PERCENT)
 HIGHEST    93           500 AM
 LOWEST     43           300 PM
 AVERAGE    68

..........................................................


THE HAGERSTOWN MD CLIMATE NORMALS FOR TOMORROW
                         NORMAL    RECORD    YEAR
 MAXIMUM TEMPERATURE (F)   77        MM        MM
 MINIMUM TEMPERATURE (F)   57        MM        MM


SUNRISE AND SUNSET
MAY 30 2016...........SUNRISE   546 AM EDT   SUNSET   832 PM EDT
MAY 31 2016...........SUNRISE   545 AM EDT   SUNSET   832 PM EDT


-  INDICATES NEGATIVE NUMBERS.
R  INDICATES RECORD WAS SET OR TIED.
MM INDICATES DATA IS MISSING.
T  INDICATES TRACE AMOUNT.




$$
