000
CDUS41 KLWX 070532
CLIHGR


CLIMATE REPORT
NATIONAL WEATHER SERVICE BALTIMORE MD/WASHINGTON DC
1228 AM EST WED DEC 7 2016


...................................

...THE HAGERSTOWN MD CLIMATE SUMMARY FOR DECEMBER 6 2016...

CLIMATE NORMAL PERIOD 1981 TO 2010
CLIMATE RECORD PERIOD 9999 TO 9999


WEATHER ITEM   OBSERVED TIME   RECORD YEAR NORMAL DEPARTURE LAST
                VALUE   (LST)  VALUE       VALUE  FROM      YEAR
                                                  NORMAL
..................................................................
TEMPERATURE (F)
 YESTERDAY
  MAXIMUM         42   1042 AM  MM      MM  44     -2       49
  MINIMUM         34    721 AM  MM      MM  30      4       26
  AVERAGE         38                        37      1       38

PRECIPITATION (IN)
  YESTERDAY        0.63         MM      MM   0.10   0.53     0.00
  MONTH TO DATE    0.81                      0.66   0.15     0.77
  SINCE DEC 1      0.81                      0.66   0.15     0.77
  SINCE JAN 1     26.31                     37.06 -10.75    25.78

DEGREE DAYS
 HEATING
  YESTERDAY       27                        28     -1       27
  MONTH TO DATE  133                       163    -30      140
  SINCE DEC 1    133                       163    -30      140
  SINCE JUL 1    841                      1168   -327      872

 COOLING
  YESTERDAY        0                         0      0        0
  MONTH TO DATE    0                         0      0        0
  SINCE DEC 1      0                         0      0        0
  SINCE JAN 1   1551                       969    582     1347
..................................................................


WIND (MPH)
  HIGHEST WIND SPEED    13   HIGHEST WIND DIRECTION     N (340)
  HIGHEST GUST SPEED    16   HIGHEST GUST DIRECTION    SE (130)
  AVERAGE WIND SPEED     4.9


SKY COVER
  POSSIBLE SUNSHINE  MM
  AVERAGE SKY COVER 0.6


WEATHER CONDITIONS
 THE FOLLOWING WEATHER WAS RECORDED YESTERDAY.
  RAIN
  LIGHT RAIN
  FOG


RELATIVE HUMIDITY (PERCENT)
 HIGHEST    92           400 PM
 LOWEST     55          1000 AM
 AVERAGE    74

..........................................................


THE HAGERSTOWN MD CLIMATE NORMALS FOR TODAY
                         NORMAL    RECORD    YEAR
 MAXIMUM TEMPERATURE (F)   44        MM        MM
 MINIMUM TEMPERATURE (F)   29        MM        MM


SUNRISE AND SUNSET
DECEMBER  7 2016......SUNRISE   719 AM EST   SUNSET   446 PM EST
DECEMBER  8 2016......SUNRISE   720 AM EST   SUNSET   446 PM EST


-  INDICATES NEGATIVE NUMBERS.
R  INDICATES RECORD WAS SET OR TIED.
MM INDICATES DATA IS MISSING.
T  INDICATES TRACE AMOUNT.




$$
