000
CDUS41 KLWX 222133
CLIHGR


CLIMATE REPORT
NATIONAL WEATHER SERVICE BALTIMORE MD/WASHINGTON DC
533 PM EDT TUE APR 22 2014


...................................

...THE HAGERSTOWN MD CLIMATE SUMMARY FOR APRIL 22 2014...
VALID TODAY AS OF 0500 PM LOCAL TIME.

CLIMATE NORMAL PERIOD 1981 TO 2010
CLIMATE RECORD PERIOD 9999 TO 9999


WEATHER ITEM   OBSERVED TIME   RECORD YEAR NORMAL DEPARTURE LAST
                VALUE   (LST)  VALUE       VALUE  FROM      YEAR
                                                  NORMAL
..................................................................
TEMPERATURE (F)
 TODAY
  MAXIMUM         71    333 PM  MM      MM  65      6       57
  MINIMUM         52    530 AM  MM      MM  45      7       34
  AVERAGE         62                        55      7       46

PRECIPITATION (IN)
  TODAY            0.01         MM      MM   0.11  -0.10     0.00
  MONTH TO DATE    1.10                      2.69  -1.59     1.66
  SINCE MAR 1      2.77                      6.07  -3.30     3.24
  SINCE JAN 1      6.55                     11.30  -4.75     7.47

DEGREE DAYS
 HEATING
  TODAY            3                        11     -8       19
  MONTH TO DATE  284                       307    -23      256
  SINCE MAR 1   1143                      1036    107     1061
  SINCE JUL 1   5158                      4939    219     4699

 COOLING
  TODAY            0                         1     -1        0
  MONTH TO DATE   10                         4      6       26
  SINCE MAR 1     10                         5      5       26
  SINCE JAN 1     10                         5      5       26
..................................................................


WIND (MPH)
  HIGHEST WIND SPEED    17   HIGHEST WIND DIRECTION     W (270)
  HIGHEST GUST SPEED    22   HIGHEST GUST DIRECTION    SW (230)
  AVERAGE WIND SPEED     4.4


SKY COVER
  POSSIBLE SUNSHINE  MM
  AVERAGE SKY COVER 0.4


WEATHER CONDITIONS
 THE FOLLOWING WEATHER WAS RECORDED TODAY.
  LIGHT RAIN


RELATIVE HUMIDITY (PERCENT)
 HIGHEST    72          1200 PM
 LOWEST     36          1200 AM
 AVERAGE    54

..........................................................


THE HAGERSTOWN MD CLIMATE NORMALS FOR TOMORROW
                         NORMAL    RECORD    YEAR
 MAXIMUM TEMPERATURE (F)   66        MM        MM
 MINIMUM TEMPERATURE (F)   45        MM        MM


SUNRISE AND SUNSET
APRIL 22 2014.........SUNRISE   623 AM EDT   SUNSET   756 PM EDT
APRIL 23 2014.........SUNRISE   622 AM EDT   SUNSET   757 PM EDT


-  INDICATES NEGATIVE NUMBERS.
R  INDICATES RECORD WAS SET OR TIED.
MM INDICATES DATA IS MISSING.
T  INDICATES TRACE AMOUNT.




$$
