000
CDUS46 KPQR 291157
CLIHIO


CLIMATE REPORT
NATIONAL WEATHER SERVICE PORTLAND OREGON
457 AM PDT WED JUL 29 2015


...................................

...THE HILLSBORO OR CLIMATE SUMMARY FOR JULY 28 2015...

CLIMATE NORMAL PERIOD 1981 TO 2010
CLIMATE RECORD PERIOD 1929 TO 2015


WEATHER ITEM   OBSERVED TIME   RECORD YEAR NORMAL DEPARTURE LAST
                VALUE   (LST)  VALUE       VALUE  FROM      YEAR
                                                  NORMAL
..................................................................
TEMPERATURE (F)
 YESTERDAY
  MAXIMUM         86    514 PM 105    2009  82      4       94
  MINIMUM         50    526 AM  42    1933  52     -2       55
  AVERAGE         68                        67      1       75

PRECIPITATION (IN)
  YESTERDAY        0.00          0.32 1975   0.01  -0.01
  MONTH TO DATE    0.32                      0.50  -0.18
  SINCE OCT 1     29.80                     37.78  -7.98
  SINCE JAN 1     14.97                     21.39  -6.42

SNOWFALL (IN)
  YESTERDAY        0.0
  MONTH TO DATE    0.0
  SINCE JUN 1      0.0
  SINCE JUL 1      0.0
  SNOW DEPTH       0

DEGREE DAYS
 HEATING
  YESTERDAY        0                         1     -1
  MONTH TO DATE   12                        51    -39
  SINCE JUL 1     12                        51    -39

 COOLING
  YESTERDAY        3                         3      0
  MONTH TO DATE  161                        66     95
  SINCE JAN 1    301                        92    209
..................................................................


WIND (MPH)
  HIGHEST WIND SPEED    16   HIGHEST WIND DIRECTION     N (340)
  HIGHEST GUST SPEED    23   HIGHEST GUST DIRECTION     N (10)
  AVERAGE WIND SPEED     6.9


SKY COVER
  POSSIBLE SUNSHINE  MM
  AVERAGE SKY COVER 0.0


WEATHER CONDITIONS
 THE FOLLOWING WEATHER WAS RECORDED YESTERDAY.
  NO SIGNIFICANT WEATHER WAS OBSERVED.


RELATIVE HUMIDITY (PERCENT)
 HIGHEST    80           700 AM
 LOWEST     29           500 PM
 AVERAGE    55

..........................................................


THE HILLSBORO OR CLIMATE NORMALS FOR TODAY
                         NORMAL    RECORD    YEAR
 MAXIMUM TEMPERATURE (F)   82       106      2009
 MINIMUM TEMPERATURE (F)   52        40      1933


SUNRISE AND SUNSET
JULY 29 2015..........SUNRISE   552 AM PDT   SUNSET   844 PM PDT
JULY 30 2015..........SUNRISE   553 AM PDT   SUNSET   843 PM PDT


-  INDICATES NEGATIVE NUMBERS.
R  INDICATES RECORD WAS SET OR TIED.
MM INDICATES DATA IS MISSING.
T  INDICATES TRACE AMOUNT.




$$
