000
CDUS46 KPQR 031148
CLIHIO


CLIMATE REPORT
NATIONAL WEATHER SERVICE PORTLAND OREGON
447 AM PDT FRI JUL 3 2015


...................................

...THE HILLSBORO OR CLIMATE SUMMARY FOR JULY 2 2015...

CLIMATE NORMAL PERIOD 1981 TO 2010
CLIMATE RECORD PERIOD 1929 TO 2015


WEATHER ITEM   OBSERVED TIME   RECORD YEAR NORMAL DEPARTURE LAST
                VALUE   (LST)  VALUE       VALUE  FROM      YEAR
                                                  NORMAL
..................................................................
TEMPERATURE (F)
 YESTERDAY
  MAXIMUM         97    409 PM 100    1942  77     20       82
  MINIMUM         58    511 AM  38    1955  50      8       59
  AVERAGE         78                        63     15       71

PRECIPITATION (IN)
  YESTERDAY        0.00          0.34 1983   0.04  -0.04
  MONTH TO DATE    0.00                      0.07  -0.07
  SINCE OCT 1     29.48                     37.35  -7.87
  SINCE JAN 1     14.65                     20.96  -6.31

SNOWFALL (IN)
  YESTERDAY        0.0
  MONTH TO DATE    0.0
  SINCE JUN 1      0.0
  SINCE JUL 1      0.0
  SNOW DEPTH       0

DEGREE DAYS
 HEATING
  YESTERDAY        0                         3     -3
  MONTH TO DATE    0                         6     -6
  SINCE JUL 1      0                         6     -6

 COOLING
  YESTERDAY       13                         1     12
  MONTH TO DATE   25                         2     23
  SINCE JAN 1    165                        28    137
..................................................................


WIND (MPH)
  HIGHEST WIND SPEED    20   HIGHEST WIND DIRECTION    NW (310)
  HIGHEST GUST SPEED    25   HIGHEST GUST DIRECTION    NW (310)
  AVERAGE WIND SPEED     6.7


SKY COVER
  POSSIBLE SUNSHINE  MM
  AVERAGE SKY COVER 0.0


WEATHER CONDITIONS
 THE FOLLOWING WEATHER WAS RECORDED YESTERDAY.
  NO SIGNIFICANT WEATHER WAS OBSERVED.


RELATIVE HUMIDITY (PERCENT)
 HIGHEST    86           500 AM
 LOWEST     22           200 PM
 AVERAGE    54

..........................................................


THE HILLSBORO OR CLIMATE NORMALS FOR TODAY
                         NORMAL    RECORD    YEAR
 MAXIMUM TEMPERATURE (F)   77        98      1970
 MINIMUM TEMPERATURE (F)   50        40      1945


SUNRISE AND SUNSET
JULY  3 2015..........SUNRISE   528 AM PDT   SUNSET   904 PM PDT
JULY  4 2015..........SUNRISE   529 AM PDT   SUNSET   904 PM PDT


-  INDICATES NEGATIVE NUMBERS.
R  INDICATES RECORD WAS SET OR TIED.
MM INDICATES DATA IS MISSING.
T  INDICATES TRACE AMOUNT.




$$
