000
CDUS46 KPQR 101145
CLIHIO


CLIMATE REPORT
NATIONAL WEATHER SERVICE PORTLAND OREGON
344 AM PST WED FEB 10 2016


...................................

...THE HILLSBORO OR CLIMATE SUMMARY FOR FEBRUARY 9 2016...

CLIMATE NORMAL PERIOD 1981 TO 2010
CLIMATE RECORD PERIOD 1929 TO 2016


WEATHER ITEM   OBSERVED TIME   RECORD YEAR NORMAL DEPARTURE LAST
                VALUE   (LST)  VALUE       VALUE  FROM      YEAR
                                                  NORMAL
..................................................................
TEMPERATURE (F)
 YESTERDAY
  MAXIMUM         62    239 PM  63    1963  50     12       52
  MINIMUM         35    710 AM   0    2011  34      1       46
  AVERAGE         49                        42      7       49

PRECIPITATION (IN)
  YESTERDAY        0.00          1.17 1996   0.17  -0.17
  MONTH TO DATE    0.94                      1.71  -0.77
  SINCE OCT 1     30.49                     24.16   6.33
  SINCE JAN 1      8.47                      7.77   0.70

SNOWFALL (IN)
  YESTERDAY       MM
  MONTH TO DATE    0.0
  SINCE DEC 1      0.0
  SINCE JUL 1      0.0
  SNOW DEPTH      MM

DEGREE DAYS
 HEATING
  YESTERDAY       16                        23     -7
  MONTH TO DATE  182                       207    -25
  SINCE JUL 1   2625                      3100   -475

 COOLING
  YESTERDAY        0                         0      0
  MONTH TO DATE    0                         0      0
  SINCE JAN 1      0                         0      0
..................................................................


WIND (MPH)
  HIGHEST WIND SPEED     8   HIGHEST WIND DIRECTION     W (290)
  HIGHEST GUST SPEED     8   HIGHEST GUST DIRECTION     W (290)
  AVERAGE WIND SPEED     3.3


SKY COVER
  POSSIBLE SUNSHINE  MM
  AVERAGE SKY COVER 0.0


WEATHER CONDITIONS
 THE FOLLOWING WEATHER WAS RECORDED YESTERDAY.
  FOG


RELATIVE HUMIDITY (PERCENT)
 HIGHEST   100          1200 AM
 LOWEST     51          1200 PM
 AVERAGE    76

..........................................................


THE HILLSBORO OR CLIMATE NORMALS FOR TODAY
                         NORMAL    RECORD    YEAR
 MAXIMUM TEMPERATURE (F)   50        66      1963
 MINIMUM TEMPERATURE (F)   34        13      1933


SUNRISE AND SUNSET
FEBRUARY 10 2016......SUNRISE   722 AM PST   SUNSET   531 PM PST
FEBRUARY 11 2016......SUNRISE   720 AM PST   SUNSET   533 PM PST


-  INDICATES NEGATIVE NUMBERS.
R  INDICATES RECORD WAS SET OR TIED.
MM INDICATES DATA IS MISSING.
T  INDICATES TRACE AMOUNT.




$$
