000
CDUS46 KPQR 231243
CLIHIO


CLIMATE REPORT
NATIONAL WEATHER SERVICE PORTLAND OREGON
442 AM PST SUN NOV 23 2014


...................................

...THE HILLSBORO OR CLIMATE SUMMARY FOR NOVEMBER 22 2014...

CLIMATE NORMAL PERIOD 1981 TO 2010
CLIMATE RECORD PERIOD 1929 TO 2014


WEATHER ITEM   OBSERVED TIME   RECORD YEAR NORMAL DEPARTURE LAST
                VALUE   (LST)  VALUE       VALUE  FROM      YEAR
                                                  NORMAL
..................................................................
TEMPERATURE (F)
 YESTERDAY
  MAXIMUM         56    824 PM  61    1948  50      6       50
  MINIMUM         38    750 AM  19    1985  36      2       20
  AVERAGE         47                        43      4       35

PRECIPITATION (IN)
  YESTERDAY        0.14          2.09 2011   0.22  -0.08
  MONTH TO DATE    1.82                      4.60  -2.78
  SINCE OCT 1      7.94                      7.78   0.16
  SINCE JAN 1     29.28                     31.29  -2.01

SNOWFALL (IN)
  YESTERDAY       MM
  MONTH TO DATE    0.0
  SINCE SEP 1      0.0
  SINCE JUL 1      0.0
  SNOW DEPTH       0

DEGREE DAYS
 HEATING
  YESTERDAY       18                        22     -4
  MONTH TO DATE  460                       433     27
  SINCE JUL 1    737                      1114   -377

 COOLING
  YESTERDAY        0                         0      0
  MONTH TO DATE    0                         0      0
  SINCE JAN 1    405                       198    207
..................................................................


WIND (MPH)
  HIGHEST WIND SPEED    15   HIGHEST WIND DIRECTION     W (280)
  HIGHEST GUST SPEED    19   HIGHEST GUST DIRECTION     W (280)
  AVERAGE WIND SPEED     3.3


SKY COVER
  POSSIBLE SUNSHINE  MM
  AVERAGE SKY COVER 0.7


WEATHER CONDITIONS
 THE FOLLOWING WEATHER WAS RECORDED YESTERDAY.
  RAIN
  LIGHT RAIN
  FOG
  FOG W/VISIBILITY <= 1/4 MILE
  HAZE


RELATIVE HUMIDITY (PERCENT)
 HIGHEST   100           300 AM
 LOWEST     66           300 PM
 AVERAGE    83

..........................................................


THE HILLSBORO OR CLIMATE NORMALS FOR TODAY
                         NORMAL    RECORD    YEAR
 MAXIMUM TEMPERATURE (F)   50        63      1959
 MINIMUM TEMPERATURE (F)   36        12      1985


SUNRISE AND SUNSET
NOVEMBER 23 2014......SUNRISE   722 AM PST   SUNSET   434 PM PST
NOVEMBER 24 2014......SUNRISE   723 AM PST   SUNSET   434 PM PST


-  INDICATES NEGATIVE NUMBERS.
R  INDICATES RECORD WAS SET OR TIED.
MM INDICATES DATA IS MISSING.
T  INDICATES TRACE AMOUNT.




$$
