201
CDUS46 KPQR 261142
CLIHIO


CLIMATE REPORT
NATIONAL WEATHER SERVICE PORTLAND OREGON
442 AM PDT TUE JUL 26 2016


...................................

...THE HILLSBORO OR CLIMATE SUMMARY FOR JULY 25 2016...

CLIMATE NORMAL PERIOD 1981 TO 2010
CLIMATE RECORD PERIOD 1929 TO 2016


WEATHER ITEM   OBSERVED TIME   RECORD YEAR NORMAL DEPARTURE LAST
                VALUE   (LST)  VALUE       VALUE  FROM      YEAR
                                                  NORMAL
..................................................................
TEMPERATURE (F)
 YESTERDAY
  MAXIMUM         89    424 PM 100    1988  82      7       70
  MINIMUM         56    514 AM  36    1930  52      4       54
  AVERAGE         73                        67      6       62

PRECIPITATION (IN)
  YESTERDAY        0.00          0.33 1977   0.01  -0.01
  MONTH TO DATE    0.33                      0.47  -0.14
  SINCE OCT 1     43.16                     37.75   5.41
  SINCE JAN 1     21.14                     21.36  -0.22

SNOWFALL (IN)
  YESTERDAY        0.0
  MONTH TO DATE    0.0
  SINCE JUN 1      0.0
  SINCE JUL 1      0.0
  SNOW DEPTH       0

DEGREE DAYS
 HEATING
  YESTERDAY        0                         1     -1
  MONTH TO DATE   21                        48    -27
  SINCE JUL 1     21                        48    -27

 COOLING
  YESTERDAY        8                         3      5
  MONTH TO DATE   40                        57    -17
  SINCE JAN 1    130                        83     47
..................................................................


WIND (MPH)
  HIGHEST WIND SPEED    17   HIGHEST WIND DIRECTION    NW (330)
  HIGHEST GUST SPEED    23   HIGHEST GUST DIRECTION     N (340)
  AVERAGE WIND SPEED     5.3


SKY COVER
  POSSIBLE SUNSHINE  MM
  AVERAGE SKY COVER 0.0


WEATHER CONDITIONS
 THE FOLLOWING WEATHER WAS RECORDED YESTERDAY.
  NO SIGNIFICANT WEATHER WAS OBSERVED.


RELATIVE HUMIDITY (PERCENT)
 HIGHEST    93           500 AM
 LOWEST     39           400 PM
 AVERAGE    66

..........................................................


THE HILLSBORO OR CLIMATE NORMALS FOR TODAY
                         NORMAL    RECORD    YEAR
 MAXIMUM TEMPERATURE (F)   82       103      1939
 MINIMUM TEMPERATURE (F)   52        37      1930


SUNRISE AND SUNSET
JULY 26 2016..........SUNRISE   549 AM PDT   SUNSET   847 PM PDT
JULY 27 2016..........SUNRISE   551 AM PDT   SUNSET   845 PM PDT


-  INDICATES NEGATIVE NUMBERS.
R  INDICATES RECORD WAS SET OR TIED.
MM INDICATES DATA IS MISSING.
T  INDICATES TRACE AMOUNT.




$$
