000
CDUS46 KPQR 161145
CLIHIO


CLIMATE REPORT
NATIONAL WEATHER SERVICE PORTLAND OREGON
444 AM PDT WED AUG 16 2017


...................................

...THE HILLSBORO OR CLIMATE SUMMARY FOR AUGUST 15 2017...

CLIMATE NORMAL PERIOD 1981 TO 2010
CLIMATE RECORD PERIOD 1929 TO 2017


WEATHER ITEM   OBSERVED TIME   RECORD YEAR NORMAL DEPARTURE LAST
                VALUE   (LST)  VALUE       VALUE  FROM      YEAR
                                                  NORMAL
..................................................................
TEMPERATURE (F)
 YESTERDAY
  MAXIMUM         83    457 PM 103    2008  82      1       88
                                      1977
  MINIMUM         47    538 AM  39    1935  51     -4       53
  AVERAGE         65                        66     -1       71

PRECIPITATION (IN)
  YESTERDAY        0.00          0.89 1976   0.02  -0.02
  MONTH TO DATE    0.13                      0.24  -0.11
  SINCE OCT 1     47.37                     38.07   9.30
  SINCE JAN 1     27.69                     21.68   6.01

SNOWFALL (IN)
  YESTERDAY        0.0
  MONTH TO DATE    0.0
  SINCE JUN 1      0.0
  SINCE JUL 1      0.0
  SNOW DEPTH       0

DEGREE DAYS
 HEATING
  YESTERDAY        0                         2     -2
  MONTH TO DATE    4                        18    -14
  SINCE JUL 1     16                        74    -58

 COOLING
  YESTERDAY        0                         3     -3
  MONTH TO DATE  130                        45     85
  SINCE JAN 1    317                       146    171
..................................................................


WIND (MPH)
  HIGHEST WIND SPEED    15   HIGHEST WIND DIRECTION     N (340)
  HIGHEST GUST SPEED    19   HIGHEST GUST DIRECTION    NW (320)
  AVERAGE WIND SPEED     4.8


SKY COVER
  POSSIBLE SUNSHINE  MM
  AVERAGE SKY COVER 0.0


WEATHER CONDITIONS
 THE FOLLOWING WEATHER WAS RECORDED YESTERDAY.
  NO SIGNIFICANT WEATHER WAS OBSERVED.


RELATIVE HUMIDITY (PERCENT)
 HIGHEST    93           600 AM
 LOWEST     31           300 PM
 AVERAGE    62

..........................................................


THE HILLSBORO OR CLIMATE NORMALS FOR TODAY
                         NORMAL    RECORD    YEAR
 MAXIMUM TEMPERATURE (F)   82       103      1977
 MINIMUM TEMPERATURE (F)   50        37      1935


SUNRISE AND SUNSET
AUGUST 16 2017........SUNRISE   614 AM PDT   SUNSET   817 PM PDT
AUGUST 17 2017........SUNRISE   615 AM PDT   SUNSET   815 PM PDT


-  INDICATES NEGATIVE NUMBERS.
R  INDICATES RECORD WAS SET OR TIED.
MM INDICATES DATA IS MISSING.
T  INDICATES TRACE AMOUNT.




$$
