000
CDUS46 KPQR 261142
CLIHIO


CLIMATE REPORT
NATIONAL WEATHER SERVICE PORTLAND OREGON
441 AM PDT THU MAY 26 2016


...................................

...THE HILLSBORO OR CLIMATE SUMMARY FOR MAY 25 2016...

CLIMATE NORMAL PERIOD 1981 TO 2010
CLIMATE RECORD PERIOD 1929 TO 2016


WEATHER ITEM   OBSERVED TIME   RECORD YEAR NORMAL DEPARTURE LAST
                VALUE   (LST)  VALUE       VALUE  FROM      YEAR
                                                  NORMAL
..................................................................
TEMPERATURE (F)
 YESTERDAY
  MAXIMUM         67    259 PM  93    1936  69     -2       69
  MINIMUM         52    557 AM  31    1935  46      6       48
  AVERAGE         60                        58      2       59

PRECIPITATION (IN)
  YESTERDAY        0.00          0.53 1968   0.07  -0.07
  MONTH TO DATE    0.79                      1.91  -1.12
  SINCE OCT 1     41.49                     35.51   5.98
  SINCE JAN 1     19.47                     19.12   0.35

SNOWFALL (IN)
  YESTERDAY        0.0
  MONTH TO DATE    0.0
  SINCE MAR 1      0.0
  SINCE JUL 1      0.0
  SNOW DEPTH       0

DEGREE DAYS
 HEATING
  YESTERDAY        5                         8     -3
  MONTH TO DATE  129                       244   -115
  SINCE JUL 1   3912                      4806   -894

 COOLING
  YESTERDAY        0                         0      0
  MONTH TO DATE    9                         0      9
  SINCE JAN 1     16                         0     16
..................................................................


WIND (MPH)
  HIGHEST WIND SPEED    18   HIGHEST WIND DIRECTION    NW (330)
  HIGHEST GUST SPEED    22   HIGHEST GUST DIRECTION    NW (330)
  AVERAGE WIND SPEED     6.6


SKY COVER
  POSSIBLE SUNSHINE  MM
  AVERAGE SKY COVER 0.9


WEATHER CONDITIONS
 THE FOLLOWING WEATHER WAS RECORDED YESTERDAY.
  NO SIGNIFICANT WEATHER WAS OBSERVED.


RELATIVE HUMIDITY (PERCENT)
 HIGHEST    83           600 AM
 LOWEST     48           300 PM
 AVERAGE    66

..........................................................


THE HILLSBORO OR CLIMATE NORMALS FOR TODAY
                         NORMAL    RECORD    YEAR
 MAXIMUM TEMPERATURE (F)   69        89      1947
 MINIMUM TEMPERATURE (F)   46        32      1935


SUNRISE AND SUNSET
MAY 26 2016...........SUNRISE   530 AM PDT   SUNSET   849 PM PDT
MAY 27 2016...........SUNRISE   529 AM PDT   SUNSET   849 PM PDT


-  INDICATES NEGATIVE NUMBERS.
R  INDICATES RECORD WAS SET OR TIED.
MM INDICATES DATA IS MISSING.
T  INDICATES TRACE AMOUNT.




$$
