000
CDUS46 KHNX 220023
CLIHJO


CLIMATE REPORT
NATIONAL WEATHER SERVICE SAN JOAQUIN VALLEY, CA
522 PM PDT MON AUG 21 2017


...................................

...THE HANFORD CA CLIMATE SUMMARY FOR AUGUST 21 2017...
VALID AS OF 0400 PM LOCAL TIME.

CLIMATE NORMAL PERIOD 1981 TO 2010
CLIMATE RECORD PERIOD 1998 TO 2017


WEATHER ITEM   OBSERVED TIME   RECORD YEAR NORMAL DEPARTURE LAST
                VALUE   (LST)  VALUE       VALUE  FROM      YEAR
                                                  NORMAL
..................................................................
TEMPERATURE (F)
 TODAY
  MAXIMUM         93        MM 100    2012  95     -2       99
                                      2007
  MINIMUM         68        MM  57    2002  61      7       62
  AVERAGE         81                        78      3       81

PRECIPITATION (IN)
  TODAY            0.00          T    2003   0.00   0.00     0.00
  MONTH TO DATE    T                         0.01  -0.01     0.00
  SINCE OCT 1     11.05                      9.92   1.13     8.26
  SINCE JAN 1      8.18                      6.79   1.39     5.66

SNOWFALL (IN)
  TODAY            0.0
  MONTH TO DATE    0.0
  SINCE JUN 1      0.0
  SINCE JUL 1      0.0
  SNOW DEPTH       0

DEGREE DAYS
 HEATING
  TODAY            0                                         0
  MONTH TO DATE    0                                         0
  SINCE JUN 1      5                                         0
  SINCE JUL 1      0                                         0

 COOLING
  TODAY           16                                        16
  MONTH TO DATE  375                                       343
  SINCE JUN 1   1402                                      1286
  SINCE JAN 1   1610                                      1515
..................................................................


WIND (MPH)
  HIGHEST WIND SPEED    10   HIGHEST WIND DIRECTION    NW (310)
  HIGHEST GUST SPEED    MM   HIGHEST GUST DIRECTION    MM
  AVERAGE WIND SPEED     7.8




RELATIVE HUMIDITY (PERCENT)
 HIGHEST    76
 LOWEST     32
 AVERAGE    54

..........................................................


THE HANFORD CA CLIMATE NORMALS FOR TOMORROW
                         NORMAL    RECORD    YEAR
 MAXIMUM TEMPERATURE (F)   95       102      2007
 MINIMUM TEMPERATURE (F)   60        53      2010


SUNRISE AND SUNSET
AUGUST 21 2017........SUNRISE   622 AM PDT   SUNSET   741 PM PDT
AUGUST 22 2017........SUNRISE   622 AM PDT   SUNSET   740 PM PDT


-  INDICATES NEGATIVE NUMBERS.
R  INDICATES RECORD WAS SET OR TIED.
MM INDICATES DATA IS MISSING.
T  INDICATES TRACE AMOUNT.




$$
