000
CDUS46 KHNX 130826
CLIHJO


CLIMATE REPORT
NATIONAL WEATHER SERVICE SAN JOAQUIN VALLEY, CA
1226 AM PST SAT FEB 13 2016


...................................

...THE HANFORD CA CLIMATE SUMMARY FOR FEBRUARY 12 2016...

CLIMATE NORMAL PERIOD 1981 TO 2010
CLIMATE RECORD PERIOD 1998 TO 2016


WEATHER ITEM   OBSERVED TIME   RECORD YEAR NORMAL DEPARTURE
                VALUE   (LST)  VALUE       VALUE  FROM
                                                  NORMAL
...............................................................
TEMPERATURE (F)
 YESTERDAY
  MAXIMUM         71    244 PM  74    2015  61     10
  MINIMUM         43    733 AM  29    2013  39      4
  AVERAGE         57                        50      7

PRECIPITATION (IN)
  YESTERDAY        0.00          0.37 2003   0.07  -0.07
  MONTH TO DATE    0.00                      0.66  -0.66
  SINCE OCT 1      5.47                      5.83  -0.36
  SINCE JAN 1      2.87                      2.70   0.17

SNOWFALL (IN)
  YESTERDAY        0.0
  MONTH TO DATE    0.0
  SINCE DEC 1      0.0
  SINCE JUL 1      0.0
  SNOW DEPTH       0

DEGREE DAYS
 HEATING
  YESTERDAY        8
  MONTH TO DATE  175
  SINCE DEC 1   1287
  SINCE JUL 1   1737

 COOLING
  YESTERDAY        0
  MONTH TO DATE    0
  SINCE DEC 1      0
  SINCE JAN 1      0
...............................................................


WIND (MPH)
  HIGHEST WIND SPEED     9   HIGHEST WIND DIRECTION    NW (310)
  HIGHEST GUST SPEED    12   HIGHEST GUST DIRECTION    NW (310)
  AVERAGE WIND SPEED     1.9




RELATIVE HUMIDITY (PERCENT)
 HIGHEST   100
 LOWEST     57
 AVERAGE    79

..........................................................


THE HANFORD CA CLIMATE NORMALS FOR TODAY
                         NORMAL    RECORD    YEAR
 MAXIMUM TEMPERATURE (F)   61        76      2015
 MINIMUM TEMPERATURE (F)   39        29      2013


SUNRISE AND SUNSET
FEBRUARY 13 2016......SUNRISE   649 AM PST   SUNSET   537 PM PST
FEBRUARY 14 2016......SUNRISE   648 AM PST   SUNSET   538 PM PST


-  INDICATES NEGATIVE NUMBERS.
R  INDICATES RECORD WAS SET OR TIED.
MM INDICATES DATA IS MISSING.
T  INDICATES TRACE AMOUNT.




$$
