000
CDUS46 KHNX 280824
CLIHJO


CLIMATE REPORT
NATIONAL WEATHER SERVICE SAN JOAQUIN VALLEY, CA
123 AM PDT THU AUG 28 2014


...................................

...THE HANFORD CA CLIMATE SUMMARY FOR AUGUST 27 2014...

CLIMATE NORMAL PERIOD 1981 TO 2010
CLIMATE RECORD PERIOD 1998 TO 2014


WEATHER ITEM   OBSERVED TIME   RECORD YEAR NORMAL DEPARTURE
                VALUE   (LST)  VALUE       VALUE  FROM
                                                  NORMAL
...............................................................
TEMPERATURE (F)
 YESTERDAY
  MAXIMUM         97    427 PM 102    2011  94      3
                                      1999
  MINIMUM         59    541 AM  54    2004  60     -1
  AVERAGE         78                        77      1

PRECIPITATION (IN)
  YESTERDAY        0.00          T    2007   0.00   0.00
  MONTH TO DATE    T                         0.01  -0.01
  SINCE JUL 1      T                         0.03  -0.03
  SINCE JAN 1      2.43                      6.79  -4.36

SNOWFALL (IN)
  YESTERDAY        0.0
  MONTH TO DATE    0.0
  SINCE JUN 1      0.0
  SINCE JUL 1      0.0
  SNOW DEPTH       0

DEGREE DAYS
 HEATING
  YESTERDAY        0
  MONTH TO DATE    0
  SINCE JUN 1      0
  SINCE JUL 1      0

 COOLING
  YESTERDAY       13
  MONTH TO DATE  447
  SINCE JUN 1   1406
  SINCE JAN 1   1694
...............................................................


WIND (MPH)
  HIGHEST WIND SPEED    12   HIGHEST WIND DIRECTION     S (200)
  HIGHEST GUST SPEED    MM   HIGHEST GUST DIRECTION    MM
  AVERAGE WIND SPEED     3.5




RELATIVE HUMIDITY (PERCENT)
 HIGHEST    78
 LOWEST     19
 AVERAGE    49

..........................................................


THE HANFORD CA CLIMATE NORMALS FOR TODAY
                         NORMAL    RECORD    YEAR
 MAXIMUM TEMPERATURE (F)   94       103      1998
 MINIMUM TEMPERATURE (F)   60        50      2010


SUNRISE AND SUNSET
AUGUST 28 2014........SUNRISE   627 AM PDT   SUNSET   732 PM PDT
AUGUST 29 2014........SUNRISE   628 AM PDT   SUNSET   730 PM PDT


-  INDICATES NEGATIVE NUMBERS.
R  INDICATES RECORD WAS SET OR TIED.
MM INDICATES DATA IS MISSING.
T  INDICATES TRACE AMOUNT.




$$
