000
CDUS46 KHNX 290824
CLIHJO


CLIMATE REPORT
NATIONAL WEATHER SERVICE SAN JOAQUIN VALLEY, CA
123 AM PDT SAT APR 29 2017


...................................

...THE HANFORD CA CLIMATE SUMMARY FOR APRIL 28 2017...

CLIMATE NORMAL PERIOD 1981 TO 2010
CLIMATE RECORD PERIOD 1998 TO 2017


WEATHER ITEM   OBSERVED TIME   RECORD YEAR NORMAL DEPARTURE
                VALUE   (LST)  VALUE       VALUE  FROM
                                                  NORMAL
...............................................................
TEMPERATURE (F)
 YESTERDAY
  MAXIMUM         79    251 PM  96    2015  79      0
                                      2004
  MINIMUM         52    547 AM  41    1999  49      3
  AVERAGE         66                        64      2

PRECIPITATION (IN)
  YESTERDAY        0.00          0.57 2007   0.02  -0.02
  MONTH TO DATE    1.03                      0.74   0.29
  SINCE OCT 1     10.65                      9.27   1.38
  SINCE JAN 1      7.78                      6.14   1.64

SNOWFALL (IN)
  YESTERDAY        0.0
  MONTH TO DATE    0.0
  SINCE MAR 1      0.0
  SINCE JUL 1      0.0
  SNOW DEPTH       0

DEGREE DAYS
 HEATING
  YESTERDAY        0
  MONTH TO DATE  104
  SINCE MAR 1    350
  SINCE JUL 1   2077

 COOLING
  YESTERDAY        1
  MONTH TO DATE    5
  SINCE MAR 1     13
  SINCE JAN 1     13
...............................................................


WIND (MPH)
  HIGHEST WIND SPEED    25   HIGHEST WIND DIRECTION    NW (320)
  HIGHEST GUST SPEED    33   HIGHEST GUST DIRECTION    NW (320)
  AVERAGE WIND SPEED    13.5




RELATIVE HUMIDITY (PERCENT)
 HIGHEST    71
 LOWEST     11
 AVERAGE    41

..........................................................


THE HANFORD CA CLIMATE NORMALS FOR TODAY
                         NORMAL    RECORD    YEAR
 MAXIMUM TEMPERATURE (F)   79        94      2015
                                             2004
 MINIMUM TEMPERATURE (F)   50        41      2010


SUNRISE AND SUNSET
APRIL 29 2017.........SUNRISE   607 AM PDT   SUNSET   745 PM PDT
APRIL 30 2017.........SUNRISE   606 AM PDT   SUNSET   746 PM PDT


-  INDICATES NEGATIVE NUMBERS.
R  INDICATES RECORD WAS SET OR TIED.
MM INDICATES DATA IS MISSING.
T  INDICATES TRACE AMOUNT.




$$
