000
CDUS43 KGLD 230751 RRA
CLIHLC

CLIMATE REPORT
NATIONAL WEATHER SERVICE GOODLAND
143 AM MDT THU OCT 23 2014


...................................

...THE HILL CITY KS CLIMATE SUMMARY FOR OCTOBER 22 2014...

CLIMATE NORMAL PERIOD 1981 TO 2010
CLIMATE RECORD PERIOD 1896 TO 2014


WEATHER ITEM   OBSERVED TIME   RECORD YEAR NORMAL DEPARTURE LAST
                VALUE   (LST)  VALUE       VALUE  FROM      YEAR
                                                  NORMAL
..................................................................
TEMPERATURE (F)
 YESTERDAY
  MAXIMUM         75    336 PM  92    2003  66      9       69
  MINIMUM         49   1159 PM  21    1945  37     12       40
  AVERAGE         62                        52     10       55

PRECIPITATION (IN)
  YESTERDAY        0.08                      0.05   0.03     0.00
  MONTH TO DATE    0.83                      1.17  -0.34     0.91
  SINCE SEP 1      1.61                      3.05  -1.44     3.78
  SINCE JAN 1     21.43                     20.93   0.50    16.72

..................................................................

THE HILL CITY KS CLIMATE NORMALS FOR TODAY
                         NORMAL    RECORD    YEAR
 MAXIMUM TEMPERATURE (F)   65        88      1939
 MINIMUM TEMPERATURE (F)   37         9      1917



-  INDICATES NEGATIVE NUMBERS.
R  INDICATES RECORD WAS SET OR TIED.
MM INDICATES DATA IS MISSING.
T  INDICATES TRACE AMOUNT.

$$
