000
CDUS43 KGLD 280740 RRA
CLIHLC

CLIMATE REPORT
NATIONAL WEATHER SERVICE GOODLAND
137 AM MDT SUN AUG 28 2016


...................................

...THE HILL CITY KS CLIMATE SUMMARY FOR AUGUST 27 2016...

CLIMATE NORMAL PERIOD 1981 TO 2010
CLIMATE RECORD PERIOD 1896 TO 2016


WEATHER ITEM   OBSERVED TIME   RECORD YEAR NORMAL DEPARTURE LAST
                VALUE   (LST)  VALUE       VALUE  FROM      YEAR
                                                  NORMAL
..................................................................
TEMPERATURE (F)
 YESTERDAY
  MAXIMUM         86    351 PM 107    1913  88     -2      100
  MINIMUM         55    607 AM  45    1967  61     -6       69
  AVERAGE         71                        74     -3       85

PRECIPITATION (IN)
  YESTERDAY        0.00                      0.10  -0.10     0.04
  MONTH TO DATE    3.12                      2.51   0.61     1.04
  SINCE JUN 1      5.98                      8.98  -3.00     8.28
  SINCE JAN 1     18.92                     17.48   1.44    15.81

..................................................................


THE HILL CITY KS CLIMATE NORMALS FOR TODAY
                         NORMAL    RECORD    YEAR
 MAXIMUM TEMPERATURE (F)   88       107      2000
 MINIMUM TEMPERATURE (F)   61        43      1988



-  INDICATES NEGATIVE NUMBERS.
R  INDICATES RECORD WAS SET OR TIED.
MM INDICATES DATA IS MISSING.
T  INDICATES TRACE AMOUNT.

$$
