000
CDUS43 KGLD 260748
CLIHLC

CLIMATE REPORT
NATIONAL WEATHER SERVICE GOODLAND
148 AM MDT THU MAR 26 2015


...................................

...THE HILL CITY KS CLIMATE SUMMARY FOR MARCH 25 2015...

CLIMATE NORMAL PERIOD 1981 TO 2010
CLIMATE RECORD PERIOD 1896 TO 2015


WEATHER ITEM   OBSERVED TIME   RECORD YEAR NORMAL DEPARTURE LAST
                VALUE   (LST)  VALUE       VALUE  FROM      YEAR
                                                  NORMAL
..................................................................
TEMPERATURE (F)
 YESTERDAY
  MAXIMUM         54    903 AM  88    1956  59     -5       49
  MINIMUM         29   1159 PM  -2    1955  31     -2       27
  AVERAGE         42                        45     -3       38

PRECIPITATION (IN)
  YESTERDAY        0.06                      0.06   0.00     0.00
  MONTH TO DATE    0.06                      1.21  -1.15     0.17
  SINCE MAR 1      0.06                      1.21  -1.15     0.17
  SINCE JAN 1      0.48                      2.18  -1.70     0.63

..................................................................

THE HILL CITY KS CLIMATE NORMALS FOR TODAY
                         NORMAL    RECORD    YEAR
 MAXIMUM TEMPERATURE (F)   59        90      1910
 MINIMUM TEMPERATURE (F)   31         1      1965



-  INDICATES NEGATIVE NUMBERS.
R  INDICATES RECORD WAS SET OR TIED.
MM INDICATES DATA IS MISSING.
T  INDICATES TRACE AMOUNT.




$$
