000
CDUS43 KGLD 300741
CLIHLC

CLIMATE REPORT
NATIONAL WEATHER SERVICE GOODLAND
138 AM MDT WED JUL 30 2014

...................................

...THE HILL CITY KS CLIMATE SUMMARY FOR JULY 29 2014...

CLIMATE NORMAL PERIOD 1981 TO 2010
CLIMATE RECORD PERIOD 1896 TO 2014

WEATHER ITEM   OBSERVED TIME   RECORD YEAR NORMAL DEPARTURE LAST
                VALUE   (LST)  VALUE       VALUE  FROM      YEAR
                                                  NORMAL
..................................................................
TEMPERATURE (F)
 YESTERDAY
  MAXIMUM         90    351 PM 108    1917  92     -2       75
  MINIMUM         59    546 AM  51    1965  66     -7       63
  AVERAGE         75                        79     -4       69

PRECIPITATION (IN)
  YESTERDAY        0.00                      0.13  -0.13     0.02
  MONTH TO DATE    1.80                      3.46  -1.66     5.12
  SINCE JUN 1      8.73                      6.22   2.51     7.80
  SINCE JAN 1     13.67                     14.72  -1.05    12.14

..................................................................

THE HILL CITY KS CLIMATE NORMALS FOR TODAY
                         NORMAL    RECORD    YEAR
 MAXIMUM TEMPERATURE (F)   92       109      1976
 MINIMUM TEMPERATURE (F)   66        45      1971

-  INDICATES NEGATIVE NUMBERS.
R  INDICATES RECORD WAS SET OR TIED.
MM INDICATES DATA IS MISSING.
T  INDICATES TRACE AMOUNT.

$$
