000
CDUS43 KGLD 230828
CLIHLC

CLIMATE REPORT
NATIONAL WEATHER SERVICE GOODLAND
119 AM MST TUE JAN 23 2018

...................................

...THE HILL CITY KS CLIMATE SUMMARY FOR JANUARY 22 2018...

CLIMATE NORMAL PERIOD 1981 TO 2010
CLIMATE RECORD PERIOD 1896 TO 2018


WEATHER ITEM   OBSERVED TIME   RECORD YEAR NORMAL DEPARTURE LAST
                VALUE   (LST)  VALUE       VALUE  FROM      YEAR
                                                  NORMAL
..................................................................
TEMPERATURE (F)
 YESTERDAY
  MAXIMUM         36    422 PM  81    1943  42     -6       53
  MINIMUM         25   1159 PM -17    1966  17      8       27
  AVERAGE         31                        30      1       40

PRECIPITATION (IN)
  YESTERDAY        0.01                      0.02  -0.01     0.00
  MONTH TO DATE    0.10                      0.25  -0.15     1.06
  SINCE DEC 1      0.13                      0.94  -0.81     1.48
  SINCE JAN 1      0.10                      0.25  -0.15     1.06

..................................................................







THE HILL CITY KS CLIMATE NORMALS FOR TODAY
                         NORMAL    RECORD    YEAR
 MAXIMUM TEMPERATURE (F)   42        73      1981
 MINIMUM TEMPERATURE (F)   17       -13      1915



-  INDICATES NEGATIVE NUMBERS.
R  INDICATES RECORD WAS SET OR TIED.
MM INDICATES DATA IS MISSING.
T  INDICATES TRACE AMOUNT.




$$
