270
CDUS43 KGLD 280741
CLIHLC

CLIMATE REPORT
NATIONAL WEATHER SERVICE GOODLAND
136 AM MDT WED JUN 28 2017

...................................

...THE HILL CITY KS CLIMATE SUMMARY FOR JUNE 27 2017...

CLIMATE NORMAL PERIOD 1981 TO 2010
CLIMATE RECORD PERIOD 1896 TO 2017


WEATHER ITEM   OBSERVED TIME   RECORD YEAR NORMAL DEPARTURE LAST
                VALUE   (LST)  VALUE       VALUE  FROM      YEAR
                                                  NORMAL
..................................................................
TEMPERATURE (F)
 YESTERDAY
  MAXIMUM         97    429 PM 115    2012  90      7       95
  MINIMUM         60    449 AM  42    1985  63     -3       64
  AVERAGE         79                        77      2       80

PRECIPITATION (IN)
  YESTERDAY        0.09                      0.08   0.01     0.00
  MONTH TO DATE    0.35                      2.55  -2.20     0.50
  SINCE JUN 1      0.35                      2.55  -2.20     0.50
  SINCE JAN 1     11.63                     11.05   0.58    13.44

..................................................................


THE HILL CITY KS CLIMATE NORMALS FOR TODAY
                         NORMAL    RECORD    YEAR
 MAXIMUM TEMPERATURE (F)   91       111      2012
 MINIMUM TEMPERATURE (F)   63        49      1923


-  INDICATES NEGATIVE NUMBERS.
R  INDICATES RECORD WAS SET OR TIED.
MM INDICATES DATA IS MISSING.
T  INDICATES TRACE AMOUNT.


$$
