000
CDUS43 KGLD 280744 RRA
CLIHLC

CLIMATE REPORT
NATIONAL WEATHER SERVICE GOODLAND
141 AM MDT FRI AUG 28 2015
...................................

...THE HILL CITY KS CLIMATE SUMMARY FOR AUGUST 27 2015...

CLIMATE NORMAL PERIOD 1981 TO 2010
CLIMATE RECORD PERIOD 1896 TO 2015

WEATHER ITEM   OBSERVED TIME   RECORD YEAR NORMAL DEPARTURE LAST
                VALUE   (LST)  VALUE       VALUE  FROM      YEAR
                                                  NORMAL
..................................................................
TEMPERATURE (F)
 YESTERDAY
  MAXIMUM        100    440 PM 107    1913  88     12       84
  MINIMUM         69    638 AM  45    1967  61      8       66
  AVERAGE         85                        74     11       75

PRECIPITATION (IN)
  YESTERDAY        0.04                      0.10  -0.06     3.58
  MONTH TO DATE    1.04                      2.51  -1.47     5.95
  SINCE JUN 1      8.28                      8.98  -0.70    14.68
  SINCE JAN 1     15.81                     17.48  -1.67    19.62

..................................................................

THE HILL CITY KS CLIMATE NORMALS FOR TODAY
                         NORMAL    RECORD    YEAR
 MAXIMUM TEMPERATURE (F)   88       107      2000
 MINIMUM TEMPERATURE (F)   61        43      1988

-  INDICATES NEGATIVE NUMBERS.
R  INDICATES RECORD WAS SET OR TIED.
MM INDICATES DATA IS MISSING.
T  INDICATES TRACE AMOUNT.

$$
