000
CDUS43 KGLD 230756 RRA
CLIHLC

CLIMATE REPORT
NATIONAL WEATHER SERVICE GOODLAND
154 AM MDT MON OCT 23 2017

...................................

...THE HILL CITY KS CLIMATE SUMMARY FOR OCTOBER 22 2017...

CLIMATE NORMAL PERIOD 1981 TO 2010
CLIMATE RECORD PERIOD 1896 TO 2017

WEATHER ITEM   OBSERVED TIME   RECORD YEAR NORMAL DEPARTURE LAST
                VALUE   (LST)  VALUE       VALUE  FROM      YEAR
                                                  NORMAL
..................................................................
TEMPERATURE (F)
 YESTERDAY
  MAXIMUM         72    357 PM  92    2003  66      6       87
  MINIMUM         31    624 AM  21    1945  37     -6       33
  AVERAGE         52                        52      0       60

PRECIPITATION (IN)
  YESTERDAY        0.00                      0.05  -0.05     0.00
  MONTH TO DATE    5.29                      1.17   4.12     0.08
  SINCE SEP 1      6.67                      3.05   3.62     8.83
  SINCE JAN 1     24.50                     20.93   3.57    28.36

..................................................................

THE HILL CITY KS CLIMATE NORMALS FOR TODAY
                         NORMAL    RECORD    YEAR
 MAXIMUM TEMPERATURE (F)   65        88      1939
 MINIMUM TEMPERATURE (F)   37         9      1917

-  INDICATES NEGATIVE NUMBERS.
R  INDICATES RECORD WAS SET OR TIED.
MM INDICATES DATA IS MISSING.
T  INDICATES TRACE AMOUNT.

$$
