000
CDUS43 KGLD 250042
CLIHLC

CLIMATE REPORT
NATIONAL WEATHER SERVICE GOODLAND
638 PM MDT THU APR 24 2014

...................................

...THE HILL CITY KS CLIMATE SUMMARY FOR APRIL 24 2014...
VALID TODAY AS OF 0600 PM LOCAL TIME.

CLIMATE NORMAL PERIOD 1981 TO 2010
CLIMATE RECORD PERIOD 1896 TO 2014


WEATHER ITEM   OBSERVED TIME   RECORD YEAR NORMAL DEPARTURE LAST
                VALUE   (LST)  VALUE       VALUE  FROM      YEAR
                                                  NORMAL
..................................................................
TEMPERATURE (F)
 TODAY
  MAXIMUM         71    459 PM  96    2012  68      3       64
                                      1989
  MINIMUM         52    720 AM  22    2013  41     11       22
  AVERAGE         62                        55      7       43

PRECIPITATION (IN)
  TODAY            0.01                      0.09  -0.08     0.00
  MONTH TO DATE    3.31                      1.61   1.70     0.24
  SINCE MAR 1      3.50                      3.24   0.26     1.03
  SINCE JAN 1      3.96                      4.21  -0.25     2.22

..................................................................

THE HILL CITY KS CLIMATE NORMALS FOR TOMORROW
                         NORMAL    RECORD    YEAR
 MAXIMUM TEMPERATURE (F)   69        93      1955
 MINIMUM TEMPERATURE (F)   41        23      2002



-  INDICATES NEGATIVE NUMBERS.
R  INDICATES RECORD WAS SET OR TIED.
MM INDICATES DATA IS MISSING.
T  INDICATES TRACE AMOUNT.




$$
