000
CDUS41 KPBZ 180809
CLIHLG


CLIMATE REPORT
NATIONAL WEATHER SERVICE PITTSBURGH PA
309 AM EST MON DEC 18 2017


...................................

...THE WHEELING CLIMATE SUMMARY FOR DECEMBER 17 2017...

CLIMATE NORMAL PERIOD 1981 TO 2010
CLIMATE RECORD PERIOD 1878 TO 2017


WEATHER ITEM   OBSERVED TIME   RECORD YEAR NORMAL DEPARTURE LAST
                VALUE   (LST)  VALUE       VALUE  FROM      YEAR
                                                  NORMAL
..................................................................
TEMPERATURE (F)
 YESTERDAY
  MAXIMUM         41    307 PM  64    1924  39      2       60
                                      1921
  MINIMUM         34    817 AM  -4    1951  25      9       21
  AVERAGE         38                        32      6       41

PRECIPITATION (IN)
  YESTERDAY        0.02          1.75 1927   0.06  -0.04     0.97
  MONTH TO DATE    0.46                      1.24  -0.78     2.19
  SINCE JAN 1     44.38                     36.79   7.59    35.89

DEGREE DAYS
 HEATING
  YESTERDAY       27                        33     -6       24
  MONTH TO DATE  556                       514     42      595
  SINCE DEC 1    556                       514     42      595
  SINCE JUL 1   1548                      1642    -94     1394

 COOLING
  YESTERDAY        0                                         0
  MONTH TO DATE    0                                         0
  SINCE DEC 1      0                                         0
  SINCE JAN 1    757                                      1209
..................................................................


WIND (MPH)
  HIGHEST WIND SPEED    10   HIGHEST WIND DIRECTION     S (200)
  HIGHEST GUST SPEED    13   HIGHEST GUST DIRECTION     S (190)
  AVERAGE WIND SPEED     5.8


SKY COVER
  POSSIBLE SUNSHINE  MM
  AVERAGE SKY COVER 0.4


WEATHER CONDITIONS
 THE FOLLOWING WEATHER WAS RECORDED YESTERDAY.
  LIGHT RAIN
  FOG


RELATIVE HUMIDITY (PERCENT)
 HIGHEST    92           700 PM
 LOWEST     59          1200 PM
 AVERAGE    76

..........................................................


THE WHEELING CLIMATE NORMALS FOR TODAY
                         NORMAL    RECORD    YEAR
 MAXIMUM TEMPERATURE (F)   39        63      1924
 MINIMUM TEMPERATURE (F)   25        -8      1945


SUNRISE AND SUNSET
DECEMBER 18 2017......SUNRISE   740 AM EST   SUNSET   459 PM EST
DECEMBER 19 2017......SUNRISE   740 AM EST   SUNSET   459 PM EST


-  INDICATES NEGATIVE NUMBERS.
R  INDICATES RECORD WAS SET OR TIED.
MM INDICATES DATA IS MISSING.
T  INDICATES TRACE AMOUNT.




$$
