000
CDUS45 KTFX 072224
CLIHLN


CLIMATE REPORT
NATIONAL WEATHER SERVICE GREAT FALLS MT
423 PM MDT TUE JUL 7 2015


...................................

...THE HELENA MT CLIMATE SUMMARY FOR JULY 7 2015...
VALID TODAY AS OF 0400 PM LOCAL TIME.

CLIMATE NORMAL PERIOD 1981 TO 2010
CLIMATE RECORD PERIOD 1866 TO 2015


WEATHER ITEM   OBSERVED TIME   RECORD YEAR NORMAL DEPARTURE LAST
                VALUE   (LST)  VALUE       VALUE  FROM      YEAR
                                                  NORMAL
..................................................................
TEMPERATURE (F)
 TODAY
  MAXIMUM         75    227 PM  98    1989  84     -9       84
                                      1963
  MINIMUM         54    448 AM  36    1952  53      1       62
  AVERAGE         65                        68     -3       73

PRECIPITATION (IN)
  TODAY            0.00          0.70 1969   0.04  -0.04     0.00
  MONTH TO DATE    0.16                      0.30  -0.14     0.09
  SINCE OCT 1      7.00                      8.03  -1.03     7.28
  SINCE JAN 1      4.72                      6.46  -1.74     6.28

SNOWFALL (IN)
  TODAY            0.0           0.0  1999   0.0    0.0      0.0
                                      1995
  MONTH TO DATE    0.0                       0.0    0.0      0.0
  SINCE JUN 1      0.0                       T      0.0      0.0
  SINCE JUL 1      0.0                       0.0    0.0      0.0
  SNOW DEPTH       0

DEGREE DAYS
 HEATING
  TODAY            0                         1     -1        0
  MONTH TO DATE    6                        12     -6        0
  SINCE JUN 1     38                       148   -110      127
  SINCE JUL 1      6                        12     -6        0

 COOLING
  TODAY            0                         5     -5        8
  MONTH TO DATE   58                        30     28       53
  SINCE JUN 1    235                        79    156       56
  SINCE JAN 1    235                        87    148       60
..................................................................


WIND (MPH)
  HIGHEST WIND SPEED    24   HIGHEST WIND DIRECTION     N (10)
  HIGHEST GUST SPEED    29   HIGHEST GUST DIRECTION     N (10)
  AVERAGE WIND SPEED     8.3


SKY COVER
  AVERAGE SKY COVER 0.2


WEATHER CONDITIONS
 THE FOLLOWING WEATHER WAS RECORDED TODAY.
  NO SIGNIFICANT WEATHER WAS OBSERVED.


RELATIVE HUMIDITY (PERCENT)
 HIGHEST    77           400 AM
 LOWEST     41           100 PM
 AVERAGE    59

..........................................................


THE HELENA MT CLIMATE NORMALS FOR TOMORROW
                         NORMAL    RECORD    YEAR
 MAXIMUM TEMPERATURE (F)   84       101      1886
 MINIMUM TEMPERATURE (F)   54        39      1944


SUNRISE AND SUNSET
JULY  7 2015..........SUNRISE   543 AM MDT   SUNSET   923 PM MDT
JULY  8 2015..........SUNRISE   543 AM MDT   SUNSET   922 PM MDT


-  INDICATES NEGATIVE NUMBERS.
R  INDICATES RECORD WAS SET OR TIED.
MM INDICATES DATA IS MISSING.
T  INDICATES TRACE AMOUNT.




$$
