000
CDUS45 KTFX 050336
CLIHLN


CLIMATE REPORT
NATIONAL WEATHER SERVICE GREAT FALLS MT
933 PM MDT TUE AUG 4 2015


...................................

...THE HELENA MT CLIMATE SUMMARY FOR AUGUST 4 2015...
VALID TODAY AS OF 0500 PM LOCAL TIME.

CLIMATE NORMAL PERIOD 1981 TO 2010
CLIMATE RECORD PERIOD 1866 TO 2015


WEATHER ITEM   OBSERVED TIME   RECORD YEAR NORMAL DEPARTURE LAST
                VALUE   (LST)  VALUE       VALUE  FROM      YEAR
                                                  NORMAL
..................................................................
TEMPERATURE (F)
 TODAY
  MAXIMUM         86   1233 PM 102    1961  88     -2       80
  MINIMUM         72    626 AM  41    1923  55     17       65
  AVERAGE         79                        71      8       73

PRECIPITATION (IN)
  TODAY            T             0.79 1968   0.03  -0.03     0.02
  MONTH TO DATE    T                         0.14  -0.14     0.02
  SINCE OCT 1      8.12                      9.06  -0.94     7.77
  SINCE JAN 1      5.84                      7.49  -1.65     6.77

SNOWFALL (IN)
  TODAY            0.0           0.0  1999   0.0    0.0      0.0
                                      2001
                                      1995
  MONTH TO DATE    0.0                       0.0    0.0      0.0
  SINCE JUN 1      0.0                       T      0.0      0.0
  SINCE JUL 1      0.0                       0.0    0.0      0.0
  SNOW DEPTH       0

DEGREE DAYS
 HEATING
  TODAY            0                         0      0        0
  MONTH TO DATE    0                         0      0        0
  SINCE JUN 1     47                       163   -116      127
  SINCE JUL 1     15                        27    -12        0

 COOLING
  TODAY           14                         7      7        8
  MONTH TO DATE   49                        28     21       37
  SINCE JUN 1    407                       258    149      304
  SINCE JAN 1    407                       266    141      308
..................................................................


WIND (MPH)
  HIGHEST WIND SPEED    24   HIGHEST WIND DIRECTION    SE (140)
  HIGHEST GUST SPEED    29   HIGHEST GUST DIRECTION     S (160)
  AVERAGE WIND SPEED     7.6


SKY COVER
  AVERAGE SKY COVER 0.4


WEATHER CONDITIONS
 THE FOLLOWING WEATHER WAS RECORDED TODAY.
  THUNDERSTORM


RELATIVE HUMIDITY (PERCENT)
 HIGHEST    41           700 AM
 LOWEST     23           100 AM
 AVERAGE    32

..........................................................


THE HELENA MT CLIMATE NORMALS FOR TOMORROW
                         NORMAL    RECORD    YEAR
 MAXIMUM TEMPERATURE (F)   88       103      1961
 MINIMUM TEMPERATURE (F)   55        42      1940


SUNRISE AND SUNSET
AUGUST  4 2015........SUNRISE   612 AM MDT   SUNSET   855 PM MDT
AUGUST  5 2015........SUNRISE   613 AM MDT   SUNSET   854 PM MDT


-  INDICATES NEGATIVE NUMBERS.
R  INDICATES RECORD WAS SET OR TIED.
MM INDICATES DATA IS MISSING.
T  INDICATES TRACE AMOUNT.




$$
