000
CDUS45 KTFX 301014
CLIHLN


CLIMATE REPORT
NATIONAL WEATHER SERVICE GREAT FALLS MT
413 AM MDT SUN AUG 30 2015


...................................

...THE HELENA MT CLIMATE SUMMARY FOR AUGUST 29 2015...

CLIMATE NORMAL PERIOD 1981 TO 2010
CLIMATE RECORD PERIOD 1866 TO 2015


WEATHER ITEM   OBSERVED TIME   RECORD YEAR NORMAL DEPARTURE LAST
                VALUE   (LST)  VALUE       VALUE  FROM      YEAR
                                                  NORMAL
..................................................................
TEMPERATURE (F)
 YESTERDAY
  MAXIMUM         92    309 PM  99    2005  80     12       83
  MINIMUM         62   1114 PM  37    1975  49     13       50
                                      1907
  AVERAGE         77                        65     12       67

PRECIPITATION (IN)
  YESTERDAY        0.02          0.91 1910   0.04  -0.02      T
  MONTH TO DATE    0.27                      1.12  -0.85     2.10
  SINCE OCT 1      8.39                     10.04  -1.65     9.85
  SINCE JAN 1      6.11                      8.47  -2.36     8.85

SNOWFALL (IN)
  YESTERDAY        0.0           T    1994   0.1   -0.1      0.0
                                      1995
  MONTH TO DATE    0.0                       0.3   -0.3      0.0
  SINCE JUN 1      0.0                       0.3   -0.3      0.0
  SINCE JUL 1      0.0                       0.3   -0.3      0.0
  SNOW DEPTH       0

DEGREE DAYS
 HEATING
  YESTERDAY        0                         3     -3        0
  MONTH TO DATE   22                        34    -12       43
  SINCE JUN 1     69                       197   -128      170
  SINCE JUL 1     37                        61    -24       43

 COOLING
  YESTERDAY       12                         3      9        2
  MONTH TO DATE  177                       142     35      177
  SINCE JUN 1    535                       372    163      444
  SINCE JAN 1    535                       380    155      448
..................................................................


WIND (MPH)
  HIGHEST WIND SPEED    25   HIGHEST WIND DIRECTION     S (200)
  HIGHEST GUST SPEED    40   HIGHEST GUST DIRECTION     S (180)
  AVERAGE WIND SPEED     5.0


SKY COVER
  AVERAGE SKY COVER 0.5


WEATHER CONDITIONS
 THE FOLLOWING WEATHER WAS RECORDED YESTERDAY.
  THUNDERSTORM
  LIGHT RAIN
  HAZE


RELATIVE HUMIDITY (PERCENT)
 HIGHEST    73           800 PM
 LOWEST     18           300 PM
 AVERAGE    46

..........................................................


THE HELENA MT CLIMATE NORMALS FOR TODAY
                         NORMAL    RECORD    YEAR
 MAXIMUM TEMPERATURE (F)   80        96      1999
 MINIMUM TEMPERATURE (F)   49        34      1993
                                             1910
                                             1880


SUNRISE AND SUNSET
AUGUST 30 2015........SUNRISE   645 AM MDT   SUNSET   811 PM MDT
AUGUST 31 2015........SUNRISE   646 AM MDT   SUNSET   809 PM MDT


-  INDICATES NEGATIVE NUMBERS.
R  INDICATES RECORD WAS SET OR TIED.
MM INDICATES DATA IS MISSING.
T  INDICATES TRACE AMOUNT.




$$
