000
CDUS45 KTFX 231021
CLIHLN


CLIMATE REPORT
NATIONAL WEATHER SERVICE GREAT FALLS MT
420 AM MDT SAT AUG 23 2014


...................................

...THE HELENA MT CLIMATE SUMMARY FOR AUGUST 22 2014...

CLIMATE NORMAL PERIOD 1981 TO 2010
CLIMATE RECORD PERIOD 1866 TO 2014


WEATHER ITEM   OBSERVED TIME   RECORD YEAR NORMAL DEPARTURE LAST
                VALUE   (LST)  VALUE       VALUE  FROM      YEAR
                                                  NORMAL
..................................................................
TEMPERATURE (F)
 YESTERDAY
  MAXIMUM         68    345 PM  97    2006  83    -15       85
  MINIMUM         50   1159 PM  33    1992  51     -1       55
  AVERAGE         59                        67     -8       70

PRECIPITATION (IN)
  YESTERDAY        0.16          0.76 1962   0.04   0.12     0.14
  MONTH TO DATE    0.85                      0.84   0.01     1.59
  SINCE OCT 1      8.60                      9.76  -1.16    11.30
  SINCE JAN 1      7.60                      8.19  -0.59     8.00

SNOWFALL (IN)
  YESTERDAY        0.0           3.1  1992   0.0    0.0      0.0
  MONTH TO DATE    0.0                       0.2   -0.2      0.0
  SINCE JUN 1      0.0                       0.2   -0.2      0.0
  SINCE JUL 1      0.0                       0.2   -0.2      0.0
  SNOW DEPTH       0

DEGREE DAYS
 HEATING
  YESTERDAY        6                         2      4        0
  MONTH TO DATE    7                        18    -11        3
  SINCE JUN 1    134                       181    -47      149
  SINCE JUL 1      7                        45    -38        3

 COOLING
  YESTERDAY        0                         4     -4        5
  MONTH TO DATE  167                       121     46      142
  SINCE JUN 1    434                       351     83      443
  SINCE JAN 1    438                       359     79      450
..................................................................


WIND (MPH)
  HIGHEST WIND SPEED    17   HIGHEST WIND DIRECTION     N (350)
  HIGHEST GUST SPEED    21   HIGHEST GUST DIRECTION     N (350)
  AVERAGE WIND SPEED     9.0


SKY COVER
  AVERAGE SKY COVER 1.0


WEATHER CONDITIONS
 THE FOLLOWING WEATHER WAS RECORDED YESTERDAY.
  RAIN
  LIGHT RAIN
  FOG


RELATIVE HUMIDITY (PERCENT)
 HIGHEST    93           600 AM
 LOWEST     48           400 PM
 AVERAGE    71

..........................................................


THE HELENA MT CLIMATE NORMALS FOR TODAY
                         NORMAL    RECORD    YEAR
 MAXIMUM TEMPERATURE (F)   83        98      1967
 MINIMUM TEMPERATURE (F)   51        33      1992


SUNRISE AND SUNSET
AUGUST 23 2014........SUNRISE   636 AM MDT   SUNSET   824 PM MDT
AUGUST 24 2014........SUNRISE   638 AM MDT   SUNSET   822 PM MDT


-  INDICATES NEGATIVE NUMBERS.
R  INDICATES RECORD WAS SET OR TIED.
MM INDICATES DATA IS MISSING.
T  INDICATES TRACE AMOUNT.




$$
