000
CDUS45 KTFX 312253
CLIHLN


CLIMATE REPORT
NATIONAL WEATHER SERVICE GREAT FALLS MT
452 PM MDT SUN AUG 31 2014


...................................

...THE HELENA MT CLIMATE SUMMARY FOR AUGUST 31 2014...
VALID TODAY AS OF 0400 PM LOCAL TIME.

CLIMATE NORMAL PERIOD 1981 TO 2010
CLIMATE RECORD PERIOD 1866 TO 2014


WEATHER ITEM   OBSERVED TIME   RECORD YEAR NORMAL DEPARTURE LAST
                VALUE   (LST)  VALUE       VALUE  FROM      YEAR
                                                  NORMAL
..................................................................
TEMPERATURE (F)
 TODAY
  MAXIMUM         71    251 PM  96    1991  79     -8       85
                                      1955
  MINIMUM         50    526 AM  32    1956  48      2       53
  AVERAGE         61                        64     -3       69

PRECIPITATION (IN)
  TODAY            0.00          1.06 1986   0.04  -0.04     0.00
  MONTH TO DATE    2.11                      1.20   0.91     1.71
  SINCE OCT 1      9.86                     10.12  -0.26    11.42
  SINCE JAN 1      8.86                      8.55   0.31     8.12

SNOWFALL (IN)
  TODAY            0.0           0.0  1999   0.0    0.0      0.0
                                      2001
                                      1995
  MONTH TO DATE    0.0                       0.3   -0.3      0.0
  SINCE JUN 1      0.0                       0.3   -0.3      0.0
  SINCE JUL 1      0.0                       0.3   -0.3      0.0
  SNOW DEPTH       0

DEGREE DAYS
 HEATING
  TODAY            4                         3      1        0
  MONTH TO DATE   47                        40      7        3
  SINCE JUN 1    174                       205    -31      149
  SINCE JUL 1     47                        69    -22        3

 COOLING
  TODAY            0                         2     -2        4
  MONTH TO DATE  177                       145     32      201
  SINCE JUN 1    444                       375     69      502
  SINCE JAN 1    448                       383     65      509
..................................................................


WIND (MPH)
  HIGHEST WIND SPEED    25   HIGHEST WIND DIRECTION     W (250)
  HIGHEST GUST SPEED    32   HIGHEST GUST DIRECTION     W (250)
  AVERAGE WIND SPEED     9.4


SKY COVER
  AVERAGE SKY COVER 0.5


WEATHER CONDITIONS
 THE FOLLOWING WEATHER WAS RECORDED TODAY.
  NO SIGNIFICANT WEATHER WAS OBSERVED.


RELATIVE HUMIDITY (PERCENT)
 HIGHEST    89           500 AM
 LOWEST     33           200 PM
 AVERAGE    61

..........................................................


THE HELENA MT CLIMATE NORMALS FOR TOMORROW
                         NORMAL    RECORD    YEAR
 MAXIMUM TEMPERATURE (F)   79        96      1967
 MINIMUM TEMPERATURE (F)   48        33      1930


SUNRISE AND SUNSET
AUGUST 31 2014........SUNRISE   647 AM MDT   SUNSET   809 PM MDT
SEPTEMBER  1 2014.....SUNRISE   648 AM MDT   SUNSET   807 PM MDT


-  INDICATES NEGATIVE NUMBERS.
R  INDICATES RECORD WAS SET OR TIED.
MM INDICATES DATA IS MISSING.
T  INDICATES TRACE AMOUNT.




$$
