000
CDHW40 PHFO 301245
CLIHNL


CLIMATE REPORT
NATIONAL WEATHER SERVICE HONOLULU HI
245 AM HST THU OCT 30 2014


...................................

...THE HONOLULU HI CLIMATE SUMMARY FOR OCTOBER 29 2014...

CLIMATE NORMAL PERIOD 1981 TO 2010
CLIMATE RECORD PERIOD 1946 TO 2014


WEATHER ITEM   OBSERVED TIME   RECORD YEAR NORMAL DEPARTURE LAST
                VALUE   (LST)  VALUE       VALUE  FROM      YEAR
                                                  NORMAL
..................................................................
TEMPERATURE (F)
 YESTERDAY
  MAXIMUM         88   1254 PM  90    1968  86      2       88
  MINIMUM         76    619 AM  65    1910  73      3       76
                                      1892
                                      1890
  AVERAGE         82                        79      3       82

PRECIPITATION (IN)
  YESTERDAY        T             2.56 1942   0.08  -0.08     0.00
  MONTH TO DATE    5.47                      1.69   3.78     0.18
  SINCE SEP 1      6.05                      2.39   3.66     1.51
  SINCE JAN 1     18.28                     11.29   6.99    10.59

SNOWFALL (IN)
  YESTERDAY        0.0
  MONTH TO DATE    0.0
  SINCE SEP 1      0.0
  SINCE JUL 1      0.0
  SNOW DEPTH       0

DEGREE DAYS
 HEATING
  YESTERDAY        0                         0      0        0
  MONTH TO DATE    0                         0      0        0
  SINCE SEP 1      0                         0      0        0
  SINCE JUL 1      0                         0      0        0

 COOLING
  YESTERDAY       17                        14      3       17
  MONTH TO DATE  485                       439     46      407
  SINCE SEP 1   1030                       934     96      884
  SINCE JAN 1   4188                      3918    270     3744
..................................................................


WIND (MPH)
  HIGHEST WIND SPEED    21   HIGHEST WIND DIRECTION    NE (60)
  HIGHEST GUST SPEED    26   HIGHEST GUST DIRECTION     E (100)
  AVERAGE WIND SPEED     9.5


SKY COVER
  POSSIBLE SUNSHINE  MM
  AVERAGE SKY COVER 0.5


WEATHER CONDITIONS
 THE FOLLOWING WEATHER WAS RECORDED YESTERDAY.
  RAIN


RELATIVE HUMIDITY (PERCENT)
 HIGHEST    76           300 AM
 LOWEST     53           100 PM
 AVERAGE    65

..........................................................


THE HONOLULU HI CLIMATE NORMALS FOR TODAY
                         NORMAL    RECORD    YEAR
 MAXIMUM TEMPERATURE (F)   86        90      2009
 MINIMUM TEMPERATURE (F)   73        63      1892


SUNRISE AND SUNSET
OCTOBER 30 2014.......SUNRISE   634 AM HST   SUNSET   557 PM HST
OCTOBER 31 2014.......SUNRISE   634 AM HST   SUNSET   556 PM HST


-  INDICATES NEGATIVE NUMBERS.
R  INDICATES RECORD WAS SET OR TIED.
MM INDICATES DATA IS MISSING.
T  INDICATES TRACE AMOUNT.




$$
