000
CDHW40 PHFO 301245
CLIHNL


CLIMATE REPORT
NATIONAL WEATHER SERVICE HONOLULU HI
245 AM HST TUE SEP 30 2014


...................................

...THE HONOLULU HI CLIMATE SUMMARY FOR SEPTEMBER 29 2014...

CLIMATE NORMAL PERIOD 1981 TO 2010
CLIMATE RECORD PERIOD 1946 TO 2014


WEATHER ITEM   OBSERVED TIME   RECORD YEAR NORMAL DEPARTURE LAST
                VALUE   (LST)  VALUE       VALUE  FROM      YEAR
                                                  NORMAL
..................................................................
TEMPERATURE (F)
 YESTERDAY
  MAXIMUM         90   1251 PM  93    1993  88      2       85
  MINIMUM         78   1159 PM  66    1975  74      4       73
                                      1901
  AVERAGE         84                        81      3       79

PRECIPITATION (IN)
  YESTERDAY        T             0.46 1960   0.03  -0.03      T
  MONTH TO DATE    0.58                      0.67  -0.09     0.88
  SINCE SEP 1      0.58                      0.67  -0.09     0.88
  SINCE JAN 1     12.81                      9.57   3.24     9.96

SNOWFALL (IN)
  YESTERDAY        0.0
  MONTH TO DATE    0.0
  SINCE SEP 1      0.0
  SINCE JUL 1      0.0
  SNOW DEPTH       0

DEGREE DAYS
 HEATING
  YESTERDAY        0                         0      0        0
  MONTH TO DATE    0                         0      0        0
  SINCE SEP 1      0                         0      0        0
  SINCE JUL 1      0                         0      0        0

 COOLING
  YESTERDAY       19                        16      3       14
  MONTH TO DATE  529                       480     49      463
  SINCE SEP 1    529                       480     49      463
  SINCE JAN 1   3687                      3464    223     3323
..................................................................


WIND (MPH)
  HIGHEST WIND SPEED    16   HIGHEST WIND DIRECTION     W (270)
  HIGHEST GUST SPEED    20   HIGHEST GUST DIRECTION     W (270)
  AVERAGE WIND SPEED     5.4


SKY COVER
  POSSIBLE SUNSHINE  MM
  AVERAGE SKY COVER 0.6


WEATHER CONDITIONS
 THE FOLLOWING WEATHER WAS RECORDED YESTERDAY.
  THUNDERSTORM


RELATIVE HUMIDITY (PERCENT)
 HIGHEST    74           600 AM
 LOWEST     52           100 PM
 AVERAGE    63

..........................................................


THE HONOLULU HI CLIMATE NORMALS FOR TODAY
                         NORMAL    RECORD    YEAR
 MAXIMUM TEMPERATURE (F)   88        92      1988
 MINIMUM TEMPERATURE (F)   74        67      1981
                                             1901


SUNRISE AND SUNSET
SEPTEMBER 30 2014.....SUNRISE   623 AM HST   SUNSET   620 PM HST
OCTOBER  1 2014.......SUNRISE   623 AM HST   SUNSET   619 PM HST


-  INDICATES NEGATIVE NUMBERS.
R  INDICATES RECORD WAS SET OR TIED.
MM INDICATES DATA IS MISSING.
T  INDICATES TRACE AMOUNT.




$$
