000
CDHW40 PHFO 061245
CLIHNL


CLIMATE REPORT
NATIONAL WEATHER SERVICE HONOLULU HI
245 AM HST TUE DEC 6 2016


...................................

...THE HONOLULU HI CLIMATE SUMMARY FOR DECEMBER 5 2016...

CLIMATE NORMAL PERIOD 1981 TO 2010
CLIMATE RECORD PERIOD 1946 TO 2016


WEATHER ITEM   OBSERVED TIME   RECORD YEAR NORMAL DEPARTURE LAST
                VALUE   (LST)  VALUE       VALUE  FROM      YEAR
                                                  NORMAL
..................................................................
TEMPERATURE (F)
 YESTERDAY
  MAXIMUM         78    339 PM  88    1983  82     -4       84
  MINIMUM         67    727 AM  61    1972  70     -3       73
                                      1955
  AVERAGE         73                        76     -3       79

PRECIPITATION (IN)
  YESTERDAY        0.05          1.17 1980   0.09  -0.04      T
  MONTH TO DATE    0.33                      0.40  -0.07     0.04
  SINCE DEC 1      0.33                      0.40  -0.07     0.04
  SINCE JAN 1     12.62                     14.26  -1.64    15.22

SNOWFALL (IN)
  YESTERDAY        0.0
  MONTH TO DATE    0.0
  SINCE DEC 1      0.0
  SINCE JUL 1      0.0
  SNOW DEPTH       0

DEGREE DAYS
 HEATING
  YESTERDAY        0                         0      0        0
  MONTH TO DATE    0                         0      0        0
  SINCE DEC 1      0                         0      0        0
  SINCE JUL 1      0                         0      0        0

 COOLING
  YESTERDAY        8                        11     -3       14
  MONTH TO DATE   48                        55     -7       73
  SINCE DEC 1     48                        55     -7       73
  SINCE JAN 1   4481                      4381    100     4510
..................................................................


WIND (MPH)
  HIGHEST WIND SPEED    12   HIGHEST WIND DIRECTION    SW (230)
  HIGHEST GUST SPEED    15   HIGHEST GUST DIRECTION    SW (220)
  AVERAGE WIND SPEED     4.6


SKY COVER
  POSSIBLE SUNSHINE  MM
  AVERAGE SKY COVER 0.6


WEATHER CONDITIONS
 THE FOLLOWING WEATHER WAS RECORDED YESTERDAY.
  LIGHT RAIN


RELATIVE HUMIDITY (PERCENT)
 HIGHEST   100           100 AM
 LOWEST     69           100 PM
 AVERAGE    85

..........................................................


THE HONOLULU HI CLIMATE NORMALS FOR TODAY
                         NORMAL    RECORD    YEAR
 MAXIMUM TEMPERATURE (F)   82        88      1983
 MINIMUM TEMPERATURE (F)   69        59      1986


SUNRISE AND SUNSET
DECEMBER  6 2016......SUNRISE   657 AM HST   SUNSET   550 PM HST
DECEMBER  7 2016......SUNRISE   657 AM HST   SUNSET   550 PM HST


-  INDICATES NEGATIVE NUMBERS.
R  INDICATES RECORD WAS SET OR TIED.
MM INDICATES DATA IS MISSING.
T  INDICATES TRACE AMOUNT.




$$
