000
CDHW40 PHFO 281245
CLIHNL


CLIMATE REPORT
NATIONAL WEATHER SERVICE HONOLULU HI
245 AM HST SUN MAY 28 2017


...................................

...THE HONOLULU HI CLIMATE SUMMARY FOR MAY 27 2017...

CLIMATE NORMAL PERIOD 1981 TO 2010
CLIMATE RECORD PERIOD 1946 TO 2017


WEATHER ITEM   OBSERVED TIME   RECORD YEAR NORMAL DEPARTURE LAST
                VALUE   (LST)  VALUE       VALUE  FROM      YEAR
                                                  NORMAL
..................................................................
TEMPERATURE (F)
 YESTERDAY
  MAXIMUM         82    312 PM  89    2005  86     -4       83
                                      1996
                                      1995
  MINIMUM         66    604 AM  65    1973  72     -6       72
  AVERAGE         74                        79     -5       78

PRECIPITATION (IN)
  YESTERDAY        T             0.41 1955   0.01  -0.01     0.00
  MONTH TO DATE    0.33                      0.56  -0.23     2.19
  SINCE MAR 1      6.13                      3.21   2.92     2.63
  SINCE JAN 1     13.46                      7.51   5.95     3.06

SNOWFALL (IN)
  YESTERDAY        0.0
  MONTH TO DATE    0.0
  SINCE MAR 1      0.0
  SINCE JUL 1      0.0
  SNOW DEPTH      MM

DEGREE DAYS
 HEATING
  YESTERDAY        0                         0      0        0
  MONTH TO DATE    0                         0      0        0
  SINCE MAR 1      0                         0      0        0
  SINCE JUL 1      0                         0      0        0

 COOLING
  YESTERDAY        9                        14     -5       13
  MONTH TO DATE  370                       340     30      388
  SINCE MAR 1   1120                       965    155     1086
  SINCE JAN 1   1647                      1447    200     1668
..................................................................


WIND (MPH)
  HIGHEST WIND SPEED    15   HIGHEST WIND DIRECTION    SE (150)
  HIGHEST GUST SPEED    18   HIGHEST GUST DIRECTION    SE (130)
  AVERAGE WIND SPEED     6.0


SKY COVER
  POSSIBLE SUNSHINE  MM
  AVERAGE SKY COVER  MM


WEATHER CONDITIONS
 THE FOLLOWING WEATHER WAS RECORDED YESTERDAY.
  NO SIGNIFICANT WEATHER WAS OBSERVED.


RELATIVE HUMIDITY (PERCENT)
 HIGHEST    MM
 LOWEST     MM
 AVERAGE    MM

..........................................................


THE HONOLULU HI CLIMATE NORMALS FOR TODAY
                         NORMAL    RECORD    YEAR
 MAXIMUM TEMPERATURE (F)   86        90      2005
 MINIMUM TEMPERATURE (F)   72        65      1964


SUNRISE AND SUNSET
MAY 28 2017...........SUNRISE   550 AM HST   SUNSET   709 PM HST
MAY 29 2017...........SUNRISE   549 AM HST   SUNSET   709 PM HST


-  INDICATES NEGATIVE NUMBERS.
R  INDICATES RECORD WAS SET OR TIED.
MM INDICATES DATA IS MISSING.
T  INDICATES TRACE AMOUNT.




$$
