000
CDHW40 PHFO 231245
CLIHNL


CLIMATE REPORT
NATIONAL WEATHER SERVICE HONOLULU HI
245 AM HST THU OCT 23 2014


...................................

...THE HONOLULU HI CLIMATE SUMMARY FOR OCTOBER 22 2014...

CLIMATE NORMAL PERIOD 1981 TO 2010
CLIMATE RECORD PERIOD 1946 TO 2014


WEATHER ITEM   OBSERVED TIME   RECORD YEAR NORMAL DEPARTURE LAST
                VALUE   (LST)  VALUE       VALUE  FROM      YEAR
                                                  NORMAL
..................................................................
TEMPERATURE (F)
 YESTERDAY
  MAXIMUM         83    223 PM  91    1966  86     -3       85
  MINIMUM         75    855 PM  67    1975  73      2       69
                                      1955
                                      1911
  AVERAGE         79                        80     -1       77

PRECIPITATION (IN)
  YESTERDAY        0.44          4.89 1939   0.07   0.37      T
  MONTH TO DATE    5.47                      1.16   4.31     0.18
  SINCE SEP 1      6.05                      1.86   4.19     1.51
  SINCE JAN 1     18.28                     10.76   7.52    10.59

SNOWFALL (IN)
  YESTERDAY        0.0
  MONTH TO DATE    0.0
  SINCE SEP 1      0.0
  SINCE JUL 1      0.0
  SNOW DEPTH       0

DEGREE DAYS
 HEATING
  YESTERDAY        0                         0      0        0
  MONTH TO DATE    0                         0      0        0
  SINCE SEP 1      0                         0      0        0
  SINCE JUL 1      0                         0      0        0

 COOLING
  YESTERDAY       14                        15     -1       12
  MONTH TO DATE  375                       339     36      302
  SINCE SEP 1    920                       834     86      779
  SINCE JAN 1   4078                      3818    260     3639
..................................................................


WIND (MPH)
  HIGHEST WIND SPEED    13   HIGHEST WIND DIRECTION    NE (30)
  HIGHEST GUST SPEED    18   HIGHEST GUST DIRECTION     N (350)
  AVERAGE WIND SPEED     2.9


SKY COVER
  POSSIBLE SUNSHINE  MM
  AVERAGE SKY COVER 0.6


WEATHER CONDITIONS
 THE FOLLOWING WEATHER WAS RECORDED YESTERDAY.
  RAIN
  LIGHT RAIN
  FOG


RELATIVE HUMIDITY (PERCENT)
 HIGHEST   100          1000 PM
 LOWEST     74           800 AM
 AVERAGE    87

..........................................................


THE HONOLULU HI CLIMATE NORMALS FOR TODAY
                         NORMAL    RECORD    YEAR
 MAXIMUM TEMPERATURE (F)   86        89      2013
                                             2010
                                             1995
 MINIMUM TEMPERATURE (F)   73        65      1890


SUNRISE AND SUNSET
OCTOBER 23 2014.......SUNRISE   631 AM HST   SUNSET   601 PM HST
OCTOBER 24 2014.......SUNRISE   631 AM HST   SUNSET   600 PM HST


-  INDICATES NEGATIVE NUMBERS.
R  INDICATES RECORD WAS SET OR TIED.
MM INDICATES DATA IS MISSING.
T  INDICATES TRACE AMOUNT.




$$
