000
CDHW40 PHFO 071245
CLIHNL


CLIMATE REPORT
NATIONAL WEATHER SERVICE HONOLULU HI
245 AM HST SUN FEB 7 2016


...................................

...THE HONOLULU HI CLIMATE SUMMARY FOR FEBRUARY 6 2016...

CLIMATE NORMAL PERIOD 1981 TO 2010
CLIMATE RECORD PERIOD 1946 TO 2016


WEATHER ITEM   OBSERVED TIME   RECORD YEAR NORMAL DEPARTURE LAST
                VALUE   (LST)  VALUE       VALUE  FROM      YEAR
                                                  NORMAL
..................................................................
TEMPERATURE (F)
 YESTERDAY
  MAXIMUM         79    517 PM  86    1996  80     -1       81
  MINIMUM         70   1159 PM  56    1998  66      4       61
  AVERAGE         75                        73      2       71

PRECIPITATION (IN)
  YESTERDAY        T             2.68 1976   0.06  -0.06     0.01
  MONTH TO DATE    0.08                      0.39  -0.31     0.12
  SINCE DEC 1      0.38                      5.94  -5.56     2.13
  SINCE JAN 1      0.11                      2.70  -2.59     1.06

SNOWFALL (IN)
  YESTERDAY        0.0
  MONTH TO DATE    0.0
  SINCE DEC 1      0.0
  SINCE JUL 1      0.0
  SNOW DEPTH       0

DEGREE DAYS
 HEATING
  YESTERDAY        0                         0      0        0
  MONTH TO DATE    0                         0      0        0
  SINCE DEC 1      0                         0      0        0
  SINCE JUL 1      0                         0      0        0

 COOLING
  YESTERDAY       10                         8      2        6
  MONTH TO DATE   68                        48     20       65
  SINCE DEC 1    767                       604    163      578
  SINCE JAN 1    361                       302     59      294
..................................................................


WIND (MPH)
  HIGHEST WIND SPEED    20   HIGHEST WIND DIRECTION    NW (320)
  HIGHEST GUST SPEED    24   HIGHEST GUST DIRECTION    NW (320)
  AVERAGE WIND SPEED     7.1


SKY COVER
  POSSIBLE SUNSHINE  MM
  AVERAGE SKY COVER 0.7


WEATHER CONDITIONS
 THE FOLLOWING WEATHER WAS RECORDED YESTERDAY.
  LIGHT RAIN


RELATIVE HUMIDITY (PERCENT)
 HIGHEST    79          1200 AM
 LOWEST     67           600 PM
 AVERAGE    73

..........................................................


THE HONOLULU HI CLIMATE NORMALS FOR TODAY
                         NORMAL    RECORD    YEAR
 MAXIMUM TEMPERATURE (F)   80        87      1996
 MINIMUM TEMPERATURE (F)   66        56      1981


SUNRISE AND SUNSET
FEBRUARY  7 2016......SUNRISE   707 AM HST   SUNSET   625 PM HST
FEBRUARY  8 2016......SUNRISE   706 AM HST   SUNSET   626 PM HST


-  INDICATES NEGATIVE NUMBERS.
R  INDICATES RECORD WAS SET OR TIED.
MM INDICATES DATA IS MISSING.
T  INDICATES TRACE AMOUNT.




$$
