000
CDHW40 PHFO 300245
CLIHNL


CLIMATE REPORT
NATIONAL WEATHER SERVICE HONOLULU HI
435 PM HST FRI AUG 29 2014


...................................

...THE HONOLULU HI CLIMATE SUMMARY FOR AUGUST 29 2014...
VALID TODAY AS OF 0400 PM LOCAL TIME.

CLIMATE NORMAL PERIOD 1981 TO 2010
CLIMATE RECORD PERIOD 1946 TO 2014


WEATHER ITEM   OBSERVED TIME   RECORD YEAR NORMAL DEPARTURE LAST
                VALUE   (LST)  VALUE       VALUE  FROM      YEAR
                                                  NORMAL
..................................................................
TEMPERATURE (F)
 TODAY
  MAXIMUM         90    119 PM  92    1997  89      1       89
                                      1990
                                      1987
  MINIMUM         74    513 AM  68    1974  75     -1       72
  AVERAGE         82                        82      0       81

PRECIPITATION (IN)
  TODAY            0.00          0.14 1961   0.02  -0.02     0.04
  MONTH TO DATE    0.56                      0.52   0.04     0.10
  SINCE JUN 1      2.26                      1.29   0.97     0.62
  SINCE JAN 1     12.23                      8.86   3.37     9.08

SNOWFALL (IN)
  TODAY            0.0
  MONTH TO DATE    0.0
  SINCE JUN 1      0.0
  SINCE JUL 1      0.0
  SNOW DEPTH       0

DEGREE DAYS
 HEATING
  TODAY            0                         0      0        0
  MONTH TO DATE    0                         0      0        0
  SINCE JUN 1      0                         0      0        0
  SINCE JUL 1      0                         0      0        0

 COOLING
  TODAY           17                        17      0       16
  MONTH TO DATE  512                       493     19      476
  SINCE JUN 1   1515                      1451     64     1368
  SINCE JAN 1   3124                      2953    171     2828
..................................................................


WIND (MPH)
  HIGHEST WIND SPEED    17   HIGHEST WIND DIRECTION    NE (60)
  HIGHEST GUST SPEED    22   HIGHEST GUST DIRECTION    NE (60)
  AVERAGE WIND SPEED     6.1


SKY COVER
  POSSIBLE SUNSHINE  MM
  AVERAGE SKY COVER 0.4


WEATHER CONDITIONS
 THE FOLLOWING WEATHER WAS RECORDED TODAY.
  HAZE


RELATIVE HUMIDITY (PERCENT)
 HIGHEST    79           400 AM
 LOWEST     40           300 PM
 AVERAGE    60

..........................................................


THE HONOLULU HI CLIMATE NORMALS FOR TOMORROW
                         NORMAL    RECORD    YEAR
 MAXIMUM TEMPERATURE (F)   89        93      1997
 MINIMUM TEMPERATURE (F)   75        68      1987


SUNRISE AND SUNSET
AUGUST 29 2014........SUNRISE   614 AM HST   SUNSET   650 PM HST
AUGUST 30 2014........SUNRISE   615 AM HST   SUNSET   649 PM HST


-  INDICATES NEGATIVE NUMBERS.
R  INDICATES RECORD WAS SET OR TIED.
MM INDICATES DATA IS MISSING.
T  INDICATES TRACE AMOUNT.




$$
