000
CDHW40 PHFO 200230
CLIHNL


CLIMATE REPORT
NATIONAL WEATHER SERVICE HONOLULU HI
429 PM HST MON FEB 19 2018


...................................

...THE HONOLULU HI CLIMATE SUMMARY FOR FEBRUARY 19 2018...
VALID TODAY AS OF 0400 PM LOCAL TIME.

CLIMATE NORMAL PERIOD 1981 TO 2010
CLIMATE RECORD PERIOD 1946 TO 2018


WEATHER ITEM   OBSERVED TIME   RECORD YEAR NORMAL DEPARTURE LAST
                VALUE   (LST)  VALUE       VALUE  FROM      YEAR
                                                  NORMAL
..................................................................
TEMPERATURE (F)
 TODAY
  MAXIMUM         80    153 PM  87    2004  80      0       77
  MINIMUM         63    653 AM  57    1990  66     -3       71
  AVERAGE         72                        73     -1       74

PRECIPITATION (IN)
  TODAY            0.00          0.95 1979   0.08  -0.08     0.00
  MONTH TO DATE    3.90                      1.30   2.60     5.74
  SINCE DEC 1      7.36                      6.85   0.51     6.82
  SINCE JAN 1      3.96                      3.61   0.35     5.95

SNOWFALL (IN)
  TODAY            0.0
  MONTH TO DATE    0.0
  SINCE DEC 1      0.0
  SINCE JUL 1      0.0
  SNOW DEPTH      MM

DEGREE DAYS
 HEATING
  TODAY            0                         0      0        0
  MONTH TO DATE    0                         0      0        0
  SINCE DEC 1      0                         0      0        0
  SINCE JUL 1      0                         0      0        0

 COOLING
  TODAY            7                         8     -1        9
  MONTH TO DATE  184                       152     32      175
  SINCE DEC 1    862                       708    154      753
  SINCE JAN 1    556                       406    150      448
..................................................................


WIND (MPH)
  HIGHEST WIND SPEED    14   HIGHEST WIND DIRECTION    SE (150)
  HIGHEST GUST SPEED    17   HIGHEST GUST DIRECTION    SE (150)
  AVERAGE WIND SPEED    MM


SKY COVER
  POSSIBLE SUNSHINE  MM
  AVERAGE SKY COVER  MM


WEATHER CONDITIONS
 THE FOLLOWING WEATHER WAS RECORDED TODAY.
  NO SIGNIFICANT WEATHER WAS OBSERVED.


RELATIVE HUMIDITY (PERCENT)
 HIGHEST    MM
 LOWEST     MM
 AVERAGE    MM

..........................................................


THE HONOLULU HI CLIMATE NORMALS FOR TOMORROW
                         NORMAL    RECORD    YEAR
 MAXIMUM TEMPERATURE (F)   80        87      1977
 MINIMUM TEMPERATURE (F)   66        58      1990


SUNRISE AND SUNSET
FEBRUARY 19 2018......SUNRISE   659 AM HST   SUNSET   632 PM HST
FEBRUARY 20 2018......SUNRISE   659 AM HST   SUNSET   632 PM HST


-  INDICATES NEGATIVE NUMBERS.
R  INDICATES RECORD WAS SET OR TIED.
MM INDICATES DATA IS MISSING.
T  INDICATES TRACE AMOUNT.




$$
