000
CDUS43 KFSD 170640
CLIHON


CLIMATE REPORT
NATIONAL WEATHER SERVICE SIOUX FALLS SD
139 AM CDT THU APR 17 2014


...................................

...THE HURON SD CLIMATE SUMMARY FOR APRIL 16 2014...

CLIMATE NORMAL PERIOD 1981 TO 2010
CLIMATE RECORD PERIOD 1881 TO 2014


WEATHER ITEM   OBSERVED TIME   RECORD YEAR NORMAL DEPARTURE LAST
                VALUE   (LST)  VALUE       VALUE  FROM      YEAR
                                                  NORMAL
..................................................................
TEMPERATURE (F)
 YESTERDAY
  MAXIMUM         41    115 AM  92    1964  60    -19       43
  MINIMUM         20   1159 PM  14    1904  34    -14       23
  AVERAGE         31                        47    -16       33

PRECIPITATION (IN)
  YESTERDAY        0.17          1.08 1891   0.08   0.09     0.00
  MONTH TO DATE    0.17                      1.14  -0.97     2.00
  SINCE MAR 1      0.64                      2.60  -1.96     2.78
  SINCE JAN 1      1.20                      3.70  -2.50     4.16

SNOWFALL (IN)
  YESTERDAY        2.2           3.2  1945   0.1    2.1      0.0
  MONTH TO DATE    2.2                       2.7   -0.5     11.1
  SINCE MAR 1      6.9                      11.6   -4.7     18.3
  SINCE JUL 1     28.6                      42.6  -14.0     51.5
  SNOW DEPTH       0

DEGREE DAYS
 HEATING
  YESTERDAY       34                        18     16       32
  MONTH TO DATE  390                       346     44      482
  SINCE MAR 1   1491                      1333    158     1720
  SINCE JUL 1   7811                      7165    646     7546

 COOLING
  YESTERDAY        0                         0      0        0
  MONTH TO DATE    0                         0      0        0
  SINCE MAR 1      0                         0      0        0
  SINCE JAN 1      0                         0      0        0
..................................................................


WIND (MPH)
  HIGHEST WIND SPEED    26   HIGHEST WIND DIRECTION     N (20)
  HIGHEST GUST SPEED    35   HIGHEST GUST DIRECTION     N (20)
  AVERAGE WIND SPEED    16.8


SKY COVER
  POSSIBLE SUNSHINE  MM
  AVERAGE SKY COVER 0.9


WEATHER CONDITIONS
 THE FOLLOWING WEATHER WAS RECORDED YESTERDAY.
  LIGHT RAIN
  HEAVY SNOW
  SNOW
  LIGHT SNOW
  FOG
  FOG W/VISIBILITY <= 1/4 MILE


RELATIVE HUMIDITY (PERCENT)
 HIGHEST    92           900 AM
 LOWEST     55          1200 AM
 AVERAGE    74

..........................................................


THE HURON SD CLIMATE NORMALS FOR TODAY
                         NORMAL    RECORD    YEAR
 MAXIMUM TEMPERATURE (F)   60        87      1987
                                             1985
 MINIMUM TEMPERATURE (F)   35        12      1953


SUNRISE AND SUNSET
APRIL 17 2014.........SUNRISE   646 AM CDT   SUNSET   820 PM CDT
APRIL 18 2014.........SUNRISE   644 AM CDT   SUNSET   821 PM CDT


-  INDICATES NEGATIVE NUMBERS.
R  INDICATES RECORD WAS SET OR TIED.
MM INDICATES DATA IS MISSING.
T  INDICATES TRACE AMOUNT.




$$
