000
CDUS43 KFSD 300630
CLIHON


CLIMATE REPORT
NATIONAL WEATHER SERVICE SIOUX FALLS SD
129 AM CDT THU OCT 30 2014


...................................

...THE HURON SD CLIMATE SUMMARY FOR OCTOBER 29 2014...

CLIMATE NORMAL PERIOD 1981 TO 2010
CLIMATE RECORD PERIOD 1881 TO 2014


WEATHER ITEM   OBSERVED TIME   RECORD YEAR NORMAL DEPARTURE LAST
                VALUE   (LST)  VALUE       VALUE  FROM      YEAR
                                                  NORMAL
..................................................................
TEMPERATURE (F)
 YESTERDAY
  MAXIMUM         53    355 PM  85    1933  54     -1       36
  MINIMUM         28    736 AM  -6    1925  31     -3       31
  AVERAGE         41                        42     -1       34

PRECIPITATION (IN)
  YESTERDAY        0.00          1.28 1996   0.04  -0.04     0.16
  MONTH TO DATE    0.28                      1.70  -1.42     5.41
  SINCE SEP 1      1.38                      4.16  -2.78     6.82
  SINCE JAN 1     14.94                     21.42  -6.48    24.02

SNOWFALL (IN)
  YESTERDAY        0.0           2.0  2002   0.1   -0.1      0.3
  MONTH TO DATE    0.0                       0.9   -0.9      0.9
  SINCE SEP 1      0.0                       0.9   -0.9      0.9
  SINCE JUL 1      0.0                       0.9   -0.9      0.9
  SNOW DEPTH       0

DEGREE DAYS
 HEATING
  YESTERDAY       24                        23      1       31
  MONTH TO DATE  401                       487    -86      513
  SINCE SEP 1    540                       654   -114      566
  SINCE JUL 1    573                       683   -110      588

 COOLING
  YESTERDAY        0                         0      0        0
  MONTH TO DATE    0                         0      0        0
  SINCE SEP 1     74                        69      5      160
  SINCE JAN 1    597                       738   -141      848
..................................................................


WIND (MPH)
  HIGHEST WIND SPEED    15   HIGHEST WIND DIRECTION     S (160)
  HIGHEST GUST SPEED    18   HIGHEST GUST DIRECTION     S (160)
  AVERAGE WIND SPEED     7.0


SKY COVER
  POSSIBLE SUNSHINE  MM
  AVERAGE SKY COVER 0.5


WEATHER CONDITIONS
 THE FOLLOWING WEATHER WAS RECORDED YESTERDAY.
  NO SIGNIFICANT WEATHER WAS OBSERVED.


RELATIVE HUMIDITY (PERCENT)
 HIGHEST    85           700 AM
 LOWEST     41           400 PM
 AVERAGE    63

..........................................................


THE HURON SD CLIMATE NORMALS FOR TODAY
                         NORMAL    RECORD    YEAR
 MAXIMUM TEMPERATURE (F)   53        86      1950
 MINIMUM TEMPERATURE (F)   30         6      1925


SUNRISE AND SUNSET
OCTOBER 30 2014.......SUNRISE   807 AM CDT   SUNSET   625 PM CDT
OCTOBER 31 2014.......SUNRISE   809 AM CDT   SUNSET   624 PM CDT


-  INDICATES NEGATIVE NUMBERS.
R  INDICATES RECORD WAS SET OR TIED.
MM INDICATES DATA IS MISSING.
T  INDICATES TRACE AMOUNT.




$$
