000
CDUS43 KFSD 190630
CLIHON


CLIMATE REPORT
NATIONAL WEATHER SERVICE SIOUX FALLS SD
130 AM CDT FRI SEP 19 2014


...................................

...THE HURON SD CLIMATE SUMMARY FOR SEPTEMBER 18 2014...

CLIMATE NORMAL PERIOD 1981 TO 2010
CLIMATE RECORD PERIOD 1881 TO 2014


WEATHER ITEM   OBSERVED TIME   RECORD YEAR NORMAL DEPARTURE LAST
                VALUE   (LST)  VALUE       VALUE  FROM      YEAR
                                                  NORMAL
..................................................................
TEMPERATURE (F)
 YESTERDAY
  MAXIMUM         77    437 PM  96    1891  74      3       94
  MINIMUM         51    608 AM  27    1918  48      3       66
                                      1902
  AVERAGE         64                        61      3       80

PRECIPITATION (IN)
  YESTERDAY        0.02          1.87 1988   0.08  -0.06     0.00
  MONTH TO DATE    0.28                      1.56  -1.28     0.22
  SINCE SEP 1      0.28                      1.56  -1.28     0.22
  SINCE JAN 1     13.84                     18.82  -4.98    17.42

SNOWFALL (IN)
  YESTERDAY        0.0           T    1942   0.0    0.0      0.0
  MONTH TO DATE    0.0                       0.0    0.0      0.0
  SINCE SEP 1      0.0                       0.0    0.0      0.0
  SINCE JUL 1      0.0                       0.0    0.0      0.0
  SNOW DEPTH       0

DEGREE DAYS
 HEATING
  YESTERDAY        1                         6     -5        0
  MONTH TO DATE  121                        66     55       21
  SINCE SEP 1    121                        66     55       21
  SINCE JUL 1    154                        95     59       43

 COOLING
  YESTERDAY        0                         2     -2       15
  MONTH TO DATE   28                        59    -31      127
  SINCE SEP 1     28                        59    -31      127
  SINCE JAN 1    551                       728   -177      815
..................................................................


WIND (MPH)
  HIGHEST WIND SPEED    22   HIGHEST WIND DIRECTION     S (180)
  HIGHEST GUST SPEED    32   HIGHEST GUST DIRECTION     S (160)
  AVERAGE WIND SPEED    10.6


SKY COVER
  POSSIBLE SUNSHINE  MM
  AVERAGE SKY COVER 0.2


WEATHER CONDITIONS
 THE FOLLOWING WEATHER WAS RECORDED YESTERDAY.
  THUNDERSTORM
  LIGHT RAIN
  FOG


RELATIVE HUMIDITY (PERCENT)
 HIGHEST    96           400 AM
 LOWEST     56           100 PM
 AVERAGE    76

..........................................................


THE HURON SD CLIMATE NORMALS FOR TODAY
                         NORMAL    RECORD    YEAR
 MAXIMUM TEMPERATURE (F)   73       101      1895
 MINIMUM TEMPERATURE (F)   47        23      1991


SUNRISE AND SUNSET
SEPTEMBER 19 2014.....SUNRISE   716 AM CDT   SUNSET   736 PM CDT
SEPTEMBER 20 2014.....SUNRISE   718 AM CDT   SUNSET   734 PM CDT


-  INDICATES NEGATIVE NUMBERS.
R  INDICATES RECORD WAS SET OR TIED.
MM INDICATES DATA IS MISSING.
T  INDICATES TRACE AMOUNT.




$$
