000
CDUS43 KFSD 230639
CLIHON


CLIMATE REPORT
NATIONAL WEATHER SERVICE SIOUX FALLS SD
139 AM CDT MON OCT 23 2017


...................................

...THE HURON SD CLIMATE SUMMARY FOR OCTOBER 22 2017...

CLIMATE NORMAL PERIOD 1981 TO 2010
CLIMATE RECORD PERIOD 1881 TO 2017


WEATHER ITEM   OBSERVED TIME   RECORD YEAR NORMAL DEPARTURE LAST
                VALUE   (LST)  VALUE       VALUE  FROM      YEAR
                                                  NORMAL
..................................................................
TEMPERATURE (F)
 YESTERDAY
  MAXIMUM         66    406 PM  84    1992  58      8       72
  MINIMUM         36    714 AM  13    1896  33      3       30
  AVERAGE         51                        45      6       51

PRECIPITATION (IN)
  YESTERDAY        T             1.25 2008   0.06  -0.06     0.00
  MONTH TO DATE    1.74                      1.37   0.37     0.98
  SINCE SEP 1      7.71                      3.83   3.88     2.27
  SINCE JAN 1     20.02                     21.09  -1.07    16.82

SNOWFALL (IN)
  YESTERDAY        0.0           4.0  2002   0.1   -0.1      0.0
  MONTH TO DATE    0.0                       0.5   -0.5      0.0
  SINCE SEP 1      0.0                       0.5   -0.5      0.0
  SINCE JUL 1      0.0                       0.5   -0.5      0.0
  SNOW DEPTH       0

DEGREE DAYS
 HEATING
  YESTERDAY       14                        20     -6       14
  MONTH TO DATE  280                       337    -57      270
  SINCE SEP 1    403                       504   -101      370
  SINCE JUL 1    412                       533   -121      387

 COOLING
  YESTERDAY        0                         0      0        0
  MONTH TO DATE    3                         0      3        4
  SINCE SEP 1    110                        69     41       80
  SINCE JAN 1    730                       738     -8      886
..................................................................


WIND (MPH)
  HIGHEST WIND SPEED    22   HIGHEST WIND DIRECTION     S (190)
  HIGHEST GUST SPEED    30   HIGHEST GUST DIRECTION    NW (320)
  AVERAGE WIND SPEED    10.5


SKY COVER
  POSSIBLE SUNSHINE  MM
  AVERAGE SKY COVER 0.1


WEATHER CONDITIONS
 THE FOLLOWING WEATHER WAS RECORDED YESTERDAY.
  NO SIGNIFICANT WEATHER WAS OBSERVED.


RELATIVE HUMIDITY (PERCENT)
 HIGHEST    85           100 AM
 LOWEST     22           200 PM
 AVERAGE    54

..........................................................


THE HURON SD CLIMATE NORMALS FOR TODAY
                         NORMAL    RECORD    YEAR
 MAXIMUM TEMPERATURE (F)   57        83      1927
 MINIMUM TEMPERATURE (F)   33         6      1917


SUNRISE AND SUNSET
OCTOBER 23 2017.......SUNRISE   759 AM CDT   SUNSET   635 PM CDT
OCTOBER 24 2017.......SUNRISE   800 AM CDT   SUNSET   634 PM CDT


-  INDICATES NEGATIVE NUMBERS.
R  INDICATES RECORD WAS SET OR TIED.
MM INDICATES DATA IS MISSING.
T  INDICATES TRACE AMOUNT.




$$
