000
CDUS44 KHGX 282126
CLIHOU

CLIMATE REPORT
NATIONAL WEATHER SERVICE HOUSTON/GALVESTON TX
418 PM CDT FRI APR 28 2017


...................................

...THE HOUSTON INTERCONTINENTAL CLIMATE SUMMARY FOR APRIL 28 2017...
VALID TODAY AS OF 400 PM LOCAL TIME.

CLIMATE NORMAL PERIOD 1981 TO 2010
CLIMATE RECORD PERIOD 1892 TO 2017


WEATHER ITEM   OBSERVED TIME   RECORD YEAR NORMAL DEPARTURE LAST
                VALUE   (LST)  VALUE       VALUE  FROM      YEAR
                                                  NORMAL
..................................................................
TEMPERATURE (F)
 TODAY
  MAXIMUM         90    255 PM  95    1987  82      8       85
  MINIMUM         74   1223 AM  47    1978  63     11       65
                                      1973
  AVERAGE         82                        72     10       75

PRECIPITATION (IN)
  TODAY            0.00          3.76 1957   0.12  -0.12     0.00
  MONTH TO DATE    1.67                      3.04  -1.37    13.78
  SINCE MAR 1      7.30                      6.45   0.85    17.03
  SINCE JAN 1     15.81                     13.03   2.78    21.14

SNOWFALL (IN)
  TODAY            0.0          MM      MM   0.0    0.0      0.0
  MONTH TO DATE    0.0                       0.0    0.0      0.0
  SINCE MAR 1      0.0                       0.0    0.0      0.0
  SINCE JUL 1      0.0                       0.1   -0.1      0.0
  SNOW DEPTH       0

DEGREE DAYS
 HEATING
  TODAY            0                         0      0        0
  MONTH TO DATE    1                        35    -34       20
  SINCE MAR 1     53                       176   -123      100
  SINCE JUL 1    653                      1364   -711     1017

 COOLING
  TODAY           17                         8      9       10
  MONTH TO DATE  201                       156     45      118
  SINCE MAR 1    359                       227    132      217
  SINCE JAN 1    538                       265    273      254
..................................................................


WIND (MPH)
  RESULTANT WIND SPEED  15   RESULTANT WIND DIRECTION   S (160)
  HIGHEST WIND SPEED    23   HIGHEST WIND DIRECTION    SE (150)
  HIGHEST GUST SPEED    32   HIGHEST GUST DIRECTION    SE (150)
  AVERAGE WIND SPEED    15.0



WEATHER CONDITIONS
 THE FOLLOWING WEATHER WAS RECORDED TODAY.
  HAZE


RELATIVE HUMIDITY (PERCENT)
 HIGHEST    87           400 AM
 LOWEST     56           100 PM
 AVERAGE    72

..........................................................


THE HOUSTON INTERCONTINENTAL CLIMATE NORMALS FOR TOMORROW
                         NORMAL    RECORD    YEAR
 MAXIMUM TEMPERATURE (F)   82        92      1987
 MINIMUM TEMPERATURE (F)   63        46      2008


SUNRISE AND SUNSET
APRIL 28 2017.........SUNRISE   641 AM CDT   SUNSET   757 PM CDT
APRIL 29 2017.........SUNRISE   640 AM CDT   SUNSET   758 PM CDT


-  INDICATES NEGATIVE NUMBERS.
R  INDICATES RECORD WAS SET OR TIED.
MM INDICATES DATA IS MISSING.
T  INDICATES TRACE AMOUNT.


&&

...................................

...THE HOUSTON/HOBBY AIRPORT CLIMATE SUMMARY FOR APRIL 28 2017...
VALID TODAY AS OF 400 PM LOCAL TIME.

CLIMATE NORMAL PERIOD 1981 TO 2010
CLIMATE RECORD PERIOD 1930 TO 2017


WEATHER ITEM   OBSERVED TIME   RECORD YEAR NORMAL DEPARTURE LAST
                VALUE   (LST)  VALUE       VALUE  FROM      YEAR
                                                  NORMAL
..................................................................
TEMPERATURE (F)
 TODAY
  MAXIMUM         87    159 PM  94    1948  81      6       83
  MINIMUM         74    119 AM  51    1980  64     10       69
  AVERAGE         81                        73      8       76

PRECIPITATION (IN)
  TODAY            0.00          2.68 1957   0.13  -0.13      T
  MONTH TO DATE    2.98                      2.99  -0.01     8.83
  SINCE MAR 1     11.13                      6.19   4.94    12.97
  SINCE JAN 1     17.25                     13.27   3.98    17.14

SNOWFALL (IN)
  TODAY            0.0          MM      MM   0.0    0.0      0.0
  MONTH TO DATE    0.0                       0.0    0.0      0.0
  SINCE MAR 1      0.0                       0.0    0.0      0.0
  SINCE JUL 1      0.0                       T      0.0      0.0
  SNOW DEPTH       0

DEGREE DAYS
 HEATING
  TODAY            0                         0      0        0
  MONTH TO DATE    1                        27    -26        8
  SINCE MAR 1     43                       148   -105       52
  SINCE JUL 1    541                      1218   -677      790

 COOLING
  TODAY           16                         8      8       11
  MONTH TO DATE  203                       158     45      182
  SINCE MAR 1    375                       227    148      323
  SINCE JAN 1    562                       265    297      361
..................................................................


WIND (MPH)
  RESULTANT WIND SPEED  12   RESULTANT WIND DIRECTION   S (160)
  HIGHEST WIND SPEED    21   HIGHEST WIND DIRECTION    SE (150)
  HIGHEST GUST SPEED    29   HIGHEST GUST DIRECTION     S (180)
  AVERAGE WIND SPEED    12.1



WEATHER CONDITIONS
 THE FOLLOWING WEATHER WAS RECORDED TODAY.
  FOG


RELATIVE HUMIDITY (PERCENT)
 HIGHEST    94           600 AM
 LOWEST     65          1200 PM
 AVERAGE    80

..........................................................


THE HOUSTON/HOBBY AIRPORT CLIMATE NORMALS FOR TOMORROW
                         NORMAL    RECORD    YEAR
 MAXIMUM TEMPERATURE (F)   82        90      2002
                                             1987
 MINIMUM TEMPERATURE (F)   65        50      1965


SUNRISE AND SUNSET
APRIL 28 2017.........SUNRISE   641 AM CDT   SUNSET   756 PM CDT
APRIL 29 2017.........SUNRISE   640 AM CDT   SUNSET   757 PM CDT


-  INDICATES NEGATIVE NUMBERS.
R  INDICATES RECORD WAS SET OR TIED.
MM INDICATES DATA IS MISSING.
T  INDICATES TRACE AMOUNT.

...MISCELLANEOUS CLIMATE DATA FOR TODAY...

LOCATION                        HIGH    LOW     PRECIP
PEARLAND                         88      77      0.00
SUGAR LAND                       91      74      0.00
TOMBALL                          91      73      0.00
CONROE                           91      68      0.00
HUNTSVILLE                       92      70      0.00
ANGLETON/LAKE JACKSON            88      76      0.00
PALACIOS                         86      74      0.00
LEAGUE CITY (NWS)                85      75      0.00


THIS PRODUCT...ALONG WITH OTHER WEATHER...HYDROLOGIC...AND CLIMATE
PRODUCTS...IS AVAILABLE ON THE WEB AT HTTP://WWW.WEATHER.GOV/HGX


$$
