000
CDUS44 KHGX 041315
CLIHOU

CLIMATE REPORT
NATIONAL WEATHER SERVICE HOUSTON/GALVESTON TX
810 AM CDT TUE AUG 4 2015


...MORNING CLIMATE DATA...

                            MORNING LOW    PRECIP SINCE MIDNIGHT
HOUSTON INTERCONTINENTAL         75                0.00
GALVESTON SCHOLES FIELD          82                0.00
BRYAN/COLLEGE STATION            75                0.00
HOUSTON HOBBY                    77                0.00
...................................

...THE HOUSTON INTERCONTINENTAL CLIMATE SUMMARY FOR AUGUST 3 2015...

CLIMATE NORMAL PERIOD 1981 TO 2010
CLIMATE RECORD PERIOD 1892 TO 2015


WEATHER ITEM   OBSERVED TIME   RECORD YEAR NORMAL DEPARTURE LAST
                VALUE   (LST)  VALUE       VALUE  FROM      YEAR
                                                  NORMAL
..................................................................
TEMPERATURE (F)
 YESTERDAY
  MAXIMUM         99    229 PM 103    1998  95      4       89
  MINIMUM         73    555 AM  66    1949  75     -2       72
                                      1892
                                      1891
  AVERAGE         86                        85      1       81

PRECIPITATION (IN)
  YESTERDAY        0.00          1.77 1971   0.10  -0.10     0.00
  MONTH TO DATE    0.00                      0.30  -0.30     0.01
  SINCE JUN 1     12.00                     10.02   1.98     7.59
  SINCE JAN 1     42.44                     28.41  14.03    26.66

DEGREE DAYS
 COOLING
  YESTERDAY       21                        20      1       16
  MONTH TO DATE   62                        60      2       43
  SINCE JUN 1   1245                      1181     64     1164
  SINCE JAN 1   1937                      1833    104     1705
..................................................................


WIND (MPH)
  HIGHEST WIND SPEED    16   HIGHEST WIND DIRECTION    SE (150)
  HIGHEST GUST SPEED    20   HIGHEST GUST DIRECTION     S (180)




RELATIVE HUMIDITY (PERCENT)
 HIGHEST    93
 LOWEST     36
 AVERAGE    65

..........................................................


THE HOUSTON INTERCONTINENTAL CLIMATE NORMALS FOR TODAY
                         NORMAL    RECORD    YEAR
 MAXIMUM TEMPERATURE (F)   95       102      1951
 MINIMUM TEMPERATURE (F)   75        63      1976


SUNRISE AND SUNSET
AUGUST  4 2015........SUNRISE   642 AM CDT   SUNSET   812 PM CDT
AUGUST  5 2015........SUNRISE   643 AM CDT   SUNSET   812 PM CDT


-  INDICATES NEGATIVE NUMBERS.
R  INDICATES RECORD WAS SET OR TIED.
MM INDICATES DATA IS MISSING.
T  INDICATES TRACE AMOUNT.


&&

...................................

...THE HOUSTON/HOBBY AIRPORT CLIMATE SUMMARY FOR AUGUST 3 2015...

CLIMATE NORMAL PERIOD 1981 TO 2010
CLIMATE RECORD PERIOD 1930 TO 2015


WEATHER ITEM   OBSERVED TIME   RECORD YEAR NORMAL DEPARTURE LAST
                VALUE   (LST)  VALUE       VALUE  FROM      YEAR
                                                  NORMAL
..................................................................
TEMPERATURE (F)
 YESTERDAY
  MAXIMUM         98    249 PM 100    2011  93      5       90
                                      1998
                                      1958
  MINIMUM         76    536 AM  68    1949  76      0       73
  AVERAGE         87                        84      3       82

PRECIPITATION (IN)
  YESTERDAY        0.00          1.09 1970   0.13  -0.13     0.00
  MONTH TO DATE    0.00                      0.41  -0.41     0.85
  SINCE JUN 1      7.44                     12.17  -4.73     5.09
  SINCE JAN 1     42.30                     30.45  11.85    21.93

DEGREE DAYS
 COOLING
  YESTERDAY       22                        19      3       17
  MONTH TO DATE   66                        57      9       47
  SINCE JUN 1   1262                      1150    112     1171
  SINCE JAN 1   2001                      1804    197     1722
..................................................................


WIND (MPH)
  HIGHEST WIND SPEED    17   HIGHEST WIND DIRECTION     S (160)
  HIGHEST GUST SPEED    23   HIGHEST GUST DIRECTION     S (190)




RELATIVE HUMIDITY (PERCENT)
 HIGHEST    82
 LOWEST     35
 AVERAGE    59

..........................................................


THE HOUSTON/HOBBY AIRPORT CLIMATE NORMALS FOR TODAY
                         NORMAL    RECORD    YEAR
 MAXIMUM TEMPERATURE (F)   93       100      1956
                                             1951
 MINIMUM TEMPERATURE (F)   76        69      1976
                                             1949


SUNRISE AND SUNSET
AUGUST  4 2015........SUNRISE   642 AM CDT   SUNSET   812 PM CDT
AUGUST  5 2015........SUNRISE   643 AM CDT   SUNSET   811 PM CDT


-  INDICATES NEGATIVE NUMBERS.
R  INDICATES RECORD WAS SET OR TIED.
MM INDICATES DATA IS MISSING.
T  INDICATES TRACE AMOUNT.

...MISCELLANEOUS CLIMATE DATA FOR YESTERDAY...

LOCATION                        HIGH    LOW     PRECIP
PEARLAND                         98      75      0.00
SUGAR LAND                       98      70      0.00
TOMBALL                          98      71      0.00
CONROE                           97      69      0.00
HUNTSVILLE                       98      71      0.00
ANGLETON/LAKE JACKSON            96      73      0.00
PALACIOS                         93      75      0.00
LEAGUE CITY (NWS)                96      75      0.00


THIS PRODUCT...ALONG WITH OTHER WEATHER...HYDROLOGIC...AND CLIMATE
PRODUCTS...IS AVAILABLE ON THE WEB AT HTTP://WWW.SRH.NOAA.GOV/HGX
OR AT HTTP://WEATHER.GOV

$$
