164
CDUS44 KHGX 242128
CLIHOU

CLIMATE REPORT
NATIONAL WEATHER SERVICE HOUSTON/GALVESTON TX
419 PM CDT SAT SEP 24 2016


...................................

...THE HOUSTON INTERCONTINENTAL CLIMATE SUMMARY FOR SEPTEMBER 24 2016...
VALID TODAY AS OF 400 PM LOCAL TIME.

CLIMATE NORMAL PERIOD 1981 TO 2010
CLIMATE RECORD PERIOD 1892 TO 2016


WEATHER ITEM   OBSERVED TIME   RECORD YEAR NORMAL DEPARTURE LAST
                VALUE   (LST)  VALUE       VALUE  FROM      YEAR
                                                  NORMAL
..................................................................
TEMPERATURE (F)
 TODAY
  MAXIMUM         92    132 PM  95    2013  88      4       90
                                      2011
                                      2000
  MINIMUM         76    246 PM  48    1975  67      9       67
  AVERAGE         84                        78      6       79

PRECIPITATION (IN)
  TODAY            0.69          2.22 1933   0.13   0.56     0.00
  MONTH TO DATE    1.15                      3.35  -2.20     2.39
  SINCE SEP 1      1.15                      3.35  -2.20     2.39
  SINCE JAN 1     54.72                     35.22  19.50    47.77

DEGREE DAYS
 HEATING
  TODAY            0                         0      0        0
  MONTH TO DATE    0                         0      0        0
  SINCE SEP 1      0                         0      0        0
  SINCE JUL 1      0                         0      0        0

 COOLING
  TODAY           19                        13      6       14
  MONTH TO DATE  464                       374     90      375
  SINCE SEP 1    464                       374     90      375
  SINCE JAN 1   2872                      2756    116     2880
..................................................................


WIND (MPH)
  RESULTANT WIND SPEED   6   RESULTANT WIND DIRECTION  SE (120)
  HIGHEST WIND SPEED    21   HIGHEST WIND DIRECTION    SE (140)
  HIGHEST GUST SPEED    24   HIGHEST GUST DIRECTION    SE (140)
  AVERAGE WIND SPEED     6.2



WEATHER CONDITIONS
 THE FOLLOWING WEATHER WAS RECORDED TODAY.
  THUNDERSTORM
  HEAVY RAIN
  LIGHT RAIN
  FOG


RELATIVE HUMIDITY (PERCENT)
 HIGHEST   100           300 AM
 LOWEST     59           100 PM
 AVERAGE    80

..........................................................


THE HOUSTON INTERCONTINENTAL CLIMATE NORMALS FOR TOMORROW
                         NORMAL    RECORD    YEAR
 MAXIMUM TEMPERATURE (F)   87        99      2005
 MINIMUM TEMPERATURE (F)   67        50      1994
                                             1989


SUNRISE AND SUNSET
SEPTEMBER 24 2016.....SUNRISE   711 AM CDT   SUNSET   715 PM CDT
SEPTEMBER 25 2016.....SUNRISE   712 AM CDT   SUNSET   714 PM CDT


-  INDICATES NEGATIVE NUMBERS.
R  INDICATES RECORD WAS SET OR TIED.
MM INDICATES DATA IS MISSING.
T  INDICATES TRACE AMOUNT.



&&
...................................

...THE HOUSTON/HOBBY AIRPORT CLIMATE SUMMARY FOR SEPTEMBER 24 2016...
VALID TODAY AS OF 400 PM LOCAL TIME.

CLIMATE NORMAL PERIOD 1981 TO 2010
CLIMATE RECORD PERIOD 1930 TO 2016


WEATHER ITEM   OBSERVED TIME   RECORD YEAR NORMAL DEPARTURE LAST
                VALUE   (LST)  VALUE       VALUE  FROM      YEAR
                                                  NORMAL
..................................................................
TEMPERATURE (F)
 TODAY
  MAXIMUM         90   1142 AM  94    2013  87      3       90
                                      2011
                                      2005
  MINIMUM         76    939 AM  54    1975  70      6       70
  AVERAGE         83                        78      5       80

PRECIPITATION (IN)
  TODAY            0.69          2.60 1959   0.15   0.54     0.00
  MONTH TO DATE    1.91                      4.31  -2.40     3.08
  SINCE SEP 1      1.91                      4.31  -2.40     3.08
  SINCE JAN 1     49.22                     39.41   9.81    56.14

DEGREE DAYS
 HEATING
  TODAY            0                         0      0        0
  MONTH TO DATE    0                         0      0        0
  SINCE SEP 1      0                         0      0        0
  SINCE JUL 1      0                         0      0        0

 COOLING
  TODAY           18                        13      5       15
  MONTH TO DATE  475                       379     96      381
  SINCE SEP 1    475                       379     96      381
  SINCE JAN 1   3106                      2720    386     2950
..................................................................


WIND (MPH)
  RESULTANT WIND SPEED   4   RESULTANT WIND DIRECTION   E (110)
  HIGHEST WIND SPEED    16   HIGHEST WIND DIRECTION     S (190)
  HIGHEST GUST SPEED    22   HIGHEST GUST DIRECTION     S (180)
  AVERAGE WIND SPEED     4.4



WEATHER CONDITIONS
 THE FOLLOWING WEATHER WAS RECORDED TODAY.
  THUNDERSTORM
  HEAVY RAIN
  RAIN
  LIGHT RAIN
  FOG


RELATIVE HUMIDITY (PERCENT)
 HIGHEST    94           500 AM
 LOWEST     68          1200 PM
 AVERAGE    81

..........................................................


THE HOUSTON/HOBBY AIRPORT CLIMATE NORMALS FOR TOMORROW
                         NORMAL    RECORD    YEAR
 MAXIMUM TEMPERATURE (F)   86        97      2005
 MINIMUM TEMPERATURE (F)   69        55      1989


SUNRISE AND SUNSET
SEPTEMBER 24 2016.....SUNRISE   711 AM CDT   SUNSET   715 PM CDT
SEPTEMBER 25 2016.....SUNRISE   711 AM CDT   SUNSET   713 PM CDT


-  INDICATES NEGATIVE NUMBERS.
R  INDICATES RECORD WAS SET OR TIED.
MM INDICATES DATA IS MISSING.
T  INDICATES TRACE AMOUNT.


...MISCELLANEOUS CLIMATE DATA FOR TODAY...

LOCATION                        HIGH    LOW     PRECIP
PEARLAND                         90      78       M
SUGAR LAND                       90      75      0.84
TOMBALL                          92      74      0.00
CONROE                           92      74       T
HUNTSVILLE                       91      76      0.18
ANGLETON/LAKE JACKSON            89      75      0.01
PALACIOS                         88      78      0.44
LEAGUE CITY (NWS)                89      79      0.01


THIS PRODUCT...ALONG WITH OTHER WEATHER...HYDROLOGIC...AND CLIMATE
PRODUCTS...IS AVAILABLE ON THE WEB AT HTTP://WWW.SRH.NOAA.GOV/HGX
OR AT HTTP://WEATHER.GOV

$$
