000
CDUS44 KHGX 222123
CLIHOU

CLIMATE REPORT
NATIONAL WEATHER SERVICE HOUSTON/GALVESTON TX
419 PM CDT TUE AUG 22 2017


...................................

...THE HOUSTON INTERCONTINENTAL CLIMATE SUMMARY FOR AUGUST 22 2017...
VALID TODAY AS OF 400 PM LOCAL TIME.

CLIMATE NORMAL PERIOD 1981 TO 2010
CLIMATE RECORD PERIOD 1892 TO 2017


WEATHER ITEM   OBSERVED TIME   RECORD YEAR NORMAL DEPARTURE LAST
                VALUE   (LST)  VALUE       VALUE  FROM      YEAR
                                                  NORMAL
..................................................................
TEMPERATURE (F)
 TODAY
  MAXIMUM         96    259 PM 106    1980  94      2       89
  MINIMUM         75    616 AM  64    1976  75      0       73
  AVERAGE         86                        84      2       81

PRECIPITATION (IN)
  TODAY            0.00          3.25 1925   0.13  -0.13     0.33
  MONTH TO DATE    7.70                      2.48   5.22     9.14
  SINCE JUN 1     21.18                     12.20   8.98    23.35
  SINCE JAN 1     39.41                     30.59   8.82    52.30

DEGREE DAYS
 COOLING
  TODAY           21                        20      1       16
  MONTH TO DATE  458                       440     18      450
  SINCE JUN 1   1615                      1561     54     1663
  SINCE JAN 1   2524                      2213    311     2244
..................................................................


WIND (MPH)
  RESULTANT WIND SPEED   1   RESULTANT WIND DIRECTION  SE (120)
  HIGHEST WIND SPEED    10   HIGHEST WIND DIRECTION     E (100)
  HIGHEST GUST SPEED    14   HIGHEST GUST DIRECTION     E (100)
  AVERAGE WIND SPEED     1.5



WEATHER CONDITIONS
 THE FOLLOWING WEATHER WAS RECORDED TODAY.
  NO SIGNIFICANT WEATHER WAS OBSERVED.


RELATIVE HUMIDITY (PERCENT)
 HIGHEST    94           100 AM
 LOWEST     43           300 PM
 AVERAGE    69

..........................................................


THE HOUSTON INTERCONTINENTAL CLIMATE NORMALS FOR TOMORROW
                         NORMAL    RECORD    YEAR
 MAXIMUM TEMPERATURE (F)   94       107      1980
 MINIMUM TEMPERATURE (F)   75        64      1973
                                             1893


SUNRISE AND SUNSET
AUGUST 22 2017........SUNRISE   653 AM CDT   SUNSET   755 PM CDT
AUGUST 23 2017........SUNRISE   654 AM CDT   SUNSET   754 PM CDT


-  INDICATES NEGATIVE NUMBERS.
R  INDICATES RECORD WAS SET OR TIED.
MM INDICATES DATA IS MISSING.
T  INDICATES TRACE AMOUNT.



&&
...................................

...THE HOUSTON/HOBBY AIRPORT CLIMATE SUMMARY FOR AUGUST 22 2017...
VALID TODAY AS OF 400 PM LOCAL TIME.

CLIMATE NORMAL PERIOD 1981 TO 2010
CLIMATE RECORD PERIOD 1930 TO 2017


WEATHER ITEM   OBSERVED TIME   RECORD YEAR NORMAL DEPARTURE LAST
                VALUE   (LST)  VALUE       VALUE  FROM      YEAR
                                                  NORMAL
..................................................................
TEMPERATURE (F)
 TODAY
  MAXIMUM         98    134 PM 100    2011  93      5       89
                                      1980
  MINIMUM         78    601 AM  62    1940  76      2       76
  AVERAGE         88                        84      4       83

PRECIPITATION (IN)
  TODAY            0.00          1.45 1998   0.18  -0.18     0.58
  MONTH TO DATE    1.86                      3.30  -1.44     7.18
  SINCE JUN 1     10.18                     15.06  -4.88    21.42
  SINCE JAN 1     30.11                     33.34  -3.23    46.27

DEGREE DAYS
 COOLING
  TODAY           23                        19      4       18
  MONTH TO DATE  503                       418     85      457
  SINCE JUN 1   1718                      1511    207     1690
  SINCE JAN 1   2652                      2165    487     2461
..................................................................


WIND (MPH)
  RESULTANT WIND SPEED   2   RESULTANT WIND DIRECTION   E (110)
  HIGHEST WIND SPEED    15   HIGHEST WIND DIRECTION     E (70)
  HIGHEST GUST SPEED    20   HIGHEST GUST DIRECTION    NE (60)
  AVERAGE WIND SPEED     3.1



WEATHER CONDITIONS
 THE FOLLOWING WEATHER WAS RECORDED TODAY.
  THUNDERSTORM


RELATIVE HUMIDITY (PERCENT)
 HIGHEST    85           400 AM
 LOWEST     38           100 PM
 AVERAGE    62

..........................................................


THE HOUSTON/HOBBY AIRPORT CLIMATE NORMALS FOR TOMORROW
                         NORMAL    RECORD    YEAR
 MAXIMUM TEMPERATURE (F)   92       101      2011
                                             1980
 MINIMUM TEMPERATURE (F)   76        64      1940


SUNRISE AND SUNSET
AUGUST 22 2017........SUNRISE   653 AM CDT   SUNSET   754 PM CDT
AUGUST 23 2017........SUNRISE   654 AM CDT   SUNSET   753 PM CDT


-  INDICATES NEGATIVE NUMBERS.
R  INDICATES RECORD WAS SET OR TIED.
MM INDICATES DATA IS MISSING.
T  INDICATES TRACE AMOUNT.

...MISCELLANEOUS CLIMATE DATA FOR TODAY...

LOCATION                        HIGH    LOW     PRECIP
PEARLAND                         98      77      0.00
SUGAR LAND                       98      74      0.00
TOMBALL                          96      73      0.00
CONROE                           95      70      0.00
HUNTSVILLE                       98      73      0.00
ANGLETON/LAKE JACKSON            95      72      0.00
PALACIOS                         91      74      0.00
LEAGUE CITY (NWS)                94      76      0.00


THIS PRODUCT...ALONG WITH OTHER WEATHER...HYDROLOGIC...AND CLIMATE
PRODUCTS...IS AVAILABLE ON THE WEB AT HTTP://WWW.WEATHER.GOV/HGX


$$
