000
CDUS44 KHGX 182119
CLIHOU

CLIMATE REPORT
NATIONAL WEATHER SERVICE HOUSTON/GALVESTON TX
417 PM CDT WED OCT 18 2017


...................................

...THE HOUSTON INTERCONTINENTAL CLIMATE SUMMARY FOR OCTOBER 18 2017...
VALID TODAY AS OF 400 PM LOCAL TIME.

CLIMATE NORMAL PERIOD 1981 TO 2010
CLIMATE RECORD PERIOD 1892 TO 2017


WEATHER ITEM   OBSERVED TIME   RECORD YEAR NORMAL DEPARTURE LAST
                VALUE   (LST)  VALUE       VALUE  FROM      YEAR
                                                  NORMAL
..................................................................
TEMPERATURE (F)
 TODAY
  MAXIMUM         83    255 PM  96    1895  82      1       93
  MINIMUM         50    402 AM  39    1978  60    -10       70
  AVERAGE         67                        71     -4       82

PRECIPITATION (IN)
  TODAY            0.00          4.04 1998   0.21  -0.21     0.00
  MONTH TO DATE    2.13                      3.22  -1.09     0.14
  SINCE SEP 1      3.36                      7.34  -3.98     1.84
  SINCE JAN 1     74.18                     39.21  34.97    55.41

SNOWFALL (IN)
  TODAY            0.0           0.0  2002   0.0    0.0      0.0
                                      2001
  MONTH TO DATE    0.0                       0.0    0.0      0.0
  SINCE SEP 1      0.0                       0.0    0.0      0.0
  SINCE JUL 1      0.0                       0.0    0.0      0.0
  SNOW DEPTH       0

DEGREE DAYS
 HEATING
  TODAY            0                         1     -1        0
  MONTH TO DATE    0                         7     -7        0
  SINCE SEP 1      0                         8     -8        0
  SINCE JUL 1      0                         8     -8        0

 COOLING
  TODAY            2                         7     -5       17
  MONTH TO DATE  218                       155     63      227
  SINCE SEP 1    669                       598     71      763
  SINCE JAN 1   3321                      2980    341     3171
..................................................................


WIND (MPH)
  RESULTANT WIND SPEED   1   RESULTANT WIND DIRECTION   E (70)
  HIGHEST WIND SPEED     9   HIGHEST WIND DIRECTION     S (170)
  HIGHEST GUST SPEED    12   HIGHEST GUST DIRECTION     S (170)
  AVERAGE WIND SPEED     2.1



WEATHER CONDITIONS
 THE FOLLOWING WEATHER WAS RECORDED TODAY.
  NO SIGNIFICANT WEATHER WAS OBSERVED.


RELATIVE HUMIDITY (PERCENT)
 HIGHEST    96           700 AM
 LOWEST     43           200 PM
 AVERAGE    70

..........................................................


THE HOUSTON INTERCONTINENTAL CLIMATE NORMALS FOR TOMORROW
                         NORMAL    RECORD    YEAR
 MAXIMUM TEMPERATURE (F)   81        94      2004
 MINIMUM TEMPERATURE (F)   60        36      1989


SUNRISE AND SUNSET
OCTOBER 18 2017.......SUNRISE   725 AM CDT   SUNSET   647 PM CDT
OCTOBER 19 2017.......SUNRISE   726 AM CDT   SUNSET   646 PM CDT


-  INDICATES NEGATIVE NUMBERS.
R  INDICATES RECORD WAS SET OR TIED.
MM INDICATES DATA IS MISSING.
T  INDICATES TRACE AMOUNT.



&&
...................................

...THE HOUSTON/HOBBY AIRPORT CLIMATE SUMMARY FOR OCTOBER 18 2017...
VALID TODAY AS OF 400 PM LOCAL TIME.

CLIMATE NORMAL PERIOD 1981 TO 2010
CLIMATE RECORD PERIOD 1930 TO 2017


WEATHER ITEM   OBSERVED TIME   RECORD YEAR NORMAL DEPARTURE LAST
                VALUE   (LST)  VALUE       VALUE  FROM      YEAR
                                                  NORMAL
..................................................................
TEMPERATURE (F)
 TODAY
  MAXIMUM         85    220 PM  94    1947  81      4       93
  MINIMUM         57    407 AM  40    1948  63     -6       73
  AVERAGE         71                        72     -1       83

PRECIPITATION (IN)
  TODAY            0.00          7.23 1994   0.21  -0.21     0.00
  MONTH TO DATE    0.86                      3.33  -2.47     0.88
  SINCE SEP 1      4.61                      8.54  -3.93     3.19
  SINCE JAN 1     71.73                     43.64  28.09    50.50

SNOWFALL (IN)
  TODAY            0.0          MM      MM   0.0    0.0      0.0
  MONTH TO DATE    0.0                       0.0    0.0      0.0
  SINCE SEP 1      0.0                       0.0    0.0      0.0
  SINCE JUL 1      0.0                       0.0    0.0      0.0
  SNOW DEPTH       0

DEGREE DAYS
 HEATING
  TODAY            0                         1     -1        0
  MONTH TO DATE    0                         3     -3        0
  SINCE SEP 1      0                         3     -3        0
  SINCE JUL 1      0                         3     -3        0

 COOLING
  TODAY            6                         7     -1       18
  MONTH TO DATE  272                       166    106      256
  SINCE SEP 1    793                       618    175      814
  SINCE JAN 1   3592                      2959    633     3445
..................................................................


WIND (MPH)
  RESULTANT WIND SPEED   2   RESULTANT WIND DIRECTION   E (70)
  HIGHEST WIND SPEED     9   HIGHEST WIND DIRECTION     E (100)
  HIGHEST GUST SPEED    13   HIGHEST GUST DIRECTION     E (100)
  AVERAGE WIND SPEED     2.7



WEATHER CONDITIONS
 THE FOLLOWING WEATHER WAS RECORDED TODAY.
  NO SIGNIFICANT WEATHER WAS OBSERVED.


RELATIVE HUMIDITY (PERCENT)
 HIGHEST    77           100 AM
 LOWEST     44           200 PM
 AVERAGE    61

..........................................................


THE HOUSTON/HOBBY AIRPORT CLIMATE NORMALS FOR TOMORROW
                         NORMAL    RECORD    YEAR
 MAXIMUM TEMPERATURE (F)   81        90      2016
                                             2004
 MINIMUM TEMPERATURE (F)   62        40      1989


SUNRISE AND SUNSET
OCTOBER 18 2017.......SUNRISE   725 AM CDT   SUNSET   647 PM CDT
OCTOBER 19 2017.......SUNRISE   726 AM CDT   SUNSET   646 PM CDT


-  INDICATES NEGATIVE NUMBERS.
R  INDICATES RECORD WAS SET OR TIED.
MM INDICATES DATA IS MISSING.
T  INDICATES TRACE AMOUNT.


...MISCELLANEOUS CLIMATE DATA FOR TODAY...

LOCATION                        HIGH    LOW     PRECIP
PEARLAND                         84      54      0.00
SUGAR LAND                       85      49      0.00
TOMBALL                          83      47      0.00
CONROE                           82      41      0.00
HUNTSVILLE                       81      46      0.00
ANGLETON/LAKE JACKSON            84      50      0.00
PALACIOS                         80      48      0.00
LEAGUE CITY (NWS)                81      54      0.00


THIS PRODUCT...ALONG WITH OTHER WEATHER...HYDROLOGIC...AND CLIMATE
PRODUCTS...IS AVAILABLE ON THE WEB AT HTTP://WWW.WEATHER.GOV/HGX

$$
