000
CDUS44 KHGX 230718
CLIHOU


CLIMATE REPORT
NATIONAL WEATHER SERVICE HOUSTON/GALVESTON TX
117 AM CST MON JAN 23 2017


...................................

...THE HOUSTON INTERCONTINENTAL CLIMATE SUMMARY FOR JANUARY 22 2017...

CLIMATE NORMAL PERIOD 1981 TO 2010
CLIMATE RECORD PERIOD 1892 TO 2017


WEATHER ITEM   OBSERVED TIME   RECORD YEAR NORMAL DEPARTURE LAST
                VALUE   (LST)  VALUE       VALUE  FROM      YEAR
                                                  NORMAL
..................................................................
TEMPERATURE (F)
 YESTERDAY
  MAXIMUM         68    246 PM  80    1972  63      5       53
                                      1909
  MINIMUM         57    746 AM  15    1930  43     14       38
  AVERAGE         63                        53     10       46

PRECIPITATION (IN)
  YESTERDAY        0.04          2.52 1919   0.12  -0.08     0.00
  MONTH TO DATE    6.09                      2.37   3.72     1.89
  SINCE DEC 1      9.65                      6.11   3.54     7.10
  SINCE JAN 1      6.09                      2.37   3.72     1.89

SNOWFALL (IN)
  YESTERDAY        0.0           T    1928
  MONTH TO DATE    0.0
  SINCE DEC 1      0.0
  SINCE JUL 1      0.0

DEGREE DAYS
 HEATING
  YESTERDAY        2                        12    -10       19
  MONTH TO DATE  145                       282   -137      302
  SINCE DEC 1    404                       636   -232      522
  SINCE JUL 1    462                       821   -359      635
..................................................................


WIND (MPH)
  HIGHEST WIND SPEED    35   HIGHEST WIND DIRECTION    NW (320)
  HIGHEST GUST SPEED    48   HIGHEST GUST DIRECTION    NW (300)




RELATIVE HUMIDITY (PERCENT)
 HIGHEST    72
 LOWEST     36
 AVERAGE    54

..........................................................


THE HOUSTON INTERCONTINENTAL CLIMATE NORMALS FOR TODAY
                         NORMAL    RECORD    YEAR
 MAXIMUM TEMPERATURE (F)   63        83      1972
 MINIMUM TEMPERATURE (F)   43        14      1940


SUNRISE AND SUNSET
JANUARY 23 2017.......SUNRISE   716 AM CST   SUNSET   551 PM CST
JANUARY 24 2017.......SUNRISE   715 AM CST   SUNSET   552 PM CST


-  INDICATES NEGATIVE NUMBERS.
R  INDICATES RECORD WAS SET OR TIED.
MM INDICATES DATA IS MISSING.
T  INDICATES TRACE AMOUNT.


&&

...................................

...THE HOUSTON/HOBBY AIRPORT CLIMATE SUMMARY FOR JANUARY 22 2017...

CLIMATE NORMAL PERIOD 1981 TO 2010
CLIMATE RECORD PERIOD 1930 TO 2017


WEATHER ITEM   OBSERVED TIME   RECORD YEAR NORMAL DEPARTURE LAST
                VALUE   (LST)  VALUE       VALUE  FROM      YEAR
                                                  NORMAL
..................................................................
TEMPERATURE (F)
 YESTERDAY
  MAXIMUM         70    206 PM  82    1967  63      7       54
  MINIMUM         56    721 AM  18    1935  45     11       41
  AVERAGE         63                        54      9       48

PRECIPITATION (IN)
  YESTERDAY        0.02          2.35 2015   0.13  -0.11     0.00
  MONTH TO DATE    4.07                      2.71   1.36     2.14
  SINCE DEC 1      7.76                      6.74   1.02     5.63
  SINCE JAN 1      4.07                      2.71   1.36     2.14

SNOWFALL (IN)
  YESTERDAY        0.0           2.8  1940
  MONTH TO DATE    0.0
  SINCE DEC 1      0.0
  SINCE JUL 1      0.0

DEGREE DAYS
 HEATING
  YESTERDAY        2                        11     -9       17
  MONTH TO DATE  128                       260   -132      262
  SINCE DEC 1    340                       580   -240      433
  SINCE JUL 1    377                       736   -359      507
..................................................................


WIND (MPH)
  HIGHEST WIND SPEED    38   HIGHEST WIND DIRECTION    NW (310)
  HIGHEST GUST SPEED    49   HIGHEST GUST DIRECTION    NW (320)




RELATIVE HUMIDITY (PERCENT)
 HIGHEST    78
 LOWEST     34
 AVERAGE    56

..........................................................


THE HOUSTON/HOBBY AIRPORT CLIMATE NORMALS FOR TODAY
                         NORMAL    RECORD    YEAR
 MAXIMUM TEMPERATURE (F)   63        85      1972
 MINIMUM TEMPERATURE (F)   45         5      1940


SUNRISE AND SUNSET
JANUARY 23 2017.......SUNRISE   715 AM CST   SUNSET   552 PM CST
JANUARY 24 2017.......SUNRISE   715 AM CST   SUNSET   552 PM CST


-  INDICATES NEGATIVE NUMBERS.
R  INDICATES RECORD WAS SET OR TIED.
MM INDICATES DATA IS MISSING.
T  INDICATES TRACE AMOUNT.




$$
