000
CDUS44 KHGX 012119
CLIHOU

SATCLIHOU 000
TTAA00 KHGX 012118


CLIMATE REPORT
NATIONAL WEATHER SERVICE HOUSTON/GALVESTON TX
416 PM CDT MON SEP 1 2014


...................................

...THE HOUSTON INTERCONTINENTAL CLIMATE SUMMARY FOR SEPTEMBER 1 2014...
VALID TODAY AS OF 400 PM LOCAL TIME.

CLIMATE NORMAL PERIOD 1981 TO 2010
CLIMATE RECORD PERIOD 1892 TO 2014


WEATHER ITEM   OBSERVED TIME   RECORD YEAR NORMAL DEPARTURE LAST
                VALUE   (LST)  VALUE       VALUE  FROM      YEAR
                                                  NORMAL
..................................................................
TEMPERATURE (F)
 TODAY
  MAXIMUM         93   1132 AM 107    2000  93      0       96
  MINIMUM         74    615 AM  63    1915  74      0       73
  AVERAGE         84                        83      1       85

PRECIPITATION (IN)
  TODAY            0.36          2.22 1892   0.15   0.21     0.00
  MONTH TO DATE    0.36                      0.15   0.21     0.00
  SINCE SEP 1      0.36                      0.15   0.21     0.00
  SINCE JAN 1     28.25                     32.02  -3.77    21.20

DEGREE DAYS
 COOLING
  TODAY           19                        18      1       20
  MONTH TO DATE   19                        18      1       20
  SINCE SEP 1     19                        18      1       20
  SINCE JAN 1   2295                      2400   -105     2413
..................................................................


WIND (MPH)
  RESULTANT WIND SPEED   2   RESULTANT WIND DIRECTION  SE (150)
  HIGHEST WIND SPEED    23   HIGHEST WIND DIRECTION    SE (150)
  HIGHEST GUST SPEED    29   HIGHEST GUST DIRECTION    SE (150)
  AVERAGE WIND SPEED     3.2



WEATHER CONDITIONS
 THE FOLLOWING WEATHER WAS RECORDED TODAY.
  THUNDERSTORM
  RAIN
  LIGHT RAIN
  FOG


RELATIVE HUMIDITY (PERCENT)
 HIGHEST   100          1200 AM
 LOWEST     56          1100 AM
 AVERAGE    78

..........................................................


THE HOUSTON INTERCONTINENTAL CLIMATE NORMALS FOR TOMORROW
                         NORMAL    RECORD    YEAR
 MAXIMUM TEMPERATURE (F)   93       104      2000
 MINIMUM TEMPERATURE (F)   73        60      1893


SUNRISE AND SUNSET
SEPTEMBER  1 2014.....SUNRISE   658 AM CDT   SUNSET   744 PM CDT
SEPTEMBER  2 2014.....SUNRISE   659 AM CDT   SUNSET   743 PM CDT


-  INDICATES NEGATIVE NUMBERS.
R  INDICATES RECORD WAS SET OR TIED.
MM INDICATES DATA IS MISSING.
T  INDICATES TRACE AMOUNT.




...................................

...THE HOUSTON/HOBBY AIRPORT CLIMATE SUMMARY FOR SEPTEMBER 1 2014...
VALID TODAY AS OF 400 PM LOCAL TIME.

CLIMATE NORMAL PERIOD 1981 TO 2010
CLIMATE RECORD PERIOD 1930 TO 2014


WEATHER ITEM   OBSERVED TIME   RECORD YEAR NORMAL DEPARTURE LAST
                VALUE   (LST)  VALUE       VALUE  FROM      YEAR
                                                  NORMAL
..................................................................
TEMPERATURE (F)
 TODAY
  MAXIMUM         93    235 PM 104    2000  91      2       96
  MINIMUM         77    649 AM  66    1950  75      2       74
  AVERAGE         85                        83      2       85

PRECIPITATION (IN)
  TODAY            0.00          2.87 2001   0.19  -0.19     0.00
  MONTH TO DATE    0.00                      0.19  -0.19     0.00
  SINCE SEP 1      0.00                      0.19  -0.19     0.00
  SINCE JAN 1     24.54                     35.29 -10.76    22.87

DEGREE DAYS
 COOLING
  TODAY           20                        18      2       20
  MONTH TO DATE   20                        18      2       20
  SINCE SEP 1     20                        18      2       20
  SINCE JAN 1   2324                      2359    -35     2446
..................................................................


WIND (MPH)
  RESULTANT WIND SPEED   5   RESULTANT WIND DIRECTION  SE (150)
  HIGHEST WIND SPEED    16   HIGHEST WIND DIRECTION    SE (150)
  HIGHEST GUST SPEED    22   HIGHEST GUST DIRECTION     S (170)
  AVERAGE WIND SPEED     5.0



WEATHER CONDITIONS
 THE FOLLOWING WEATHER WAS RECORDED TODAY.
  NO SIGNIFICANT WEATHER WAS OBSERVED.


RELATIVE HUMIDITY (PERCENT)
 HIGHEST    94           300 AM
 LOWEST     56           200 PM
 AVERAGE    75

..........................................................


THE HOUSTON/HOBBY AIRPORT CLIMATE NORMALS FOR TOMORROW
                         NORMAL    RECORD    YEAR
 MAXIMUM TEMPERATURE (F)   91       104      2000
 MINIMUM TEMPERATURE (F)   75        68      1950


SUNRISE AND SUNSET
SEPTEMBER  1 2014.....SUNRISE   658 AM CDT   SUNSET   743 PM CDT
SEPTEMBER  2 2014.....SUNRISE   659 AM CDT   SUNSET   742 PM CDT


-  INDICATES NEGATIVE NUMBERS.
R  INDICATES RECORD WAS SET OR TIED.
MM INDICATES DATA IS MISSING.
T  INDICATES TRACE AMOUNT.

...MISCELLANEOUS CLIMATE DATA FOR TODAY...

LOCATION                        HIGH    LOW     PRECIP
PEARLAND                         93      75      0.00
SUGAR LAND                       93      75      0.06
TOMBALL                          94      73      0.37
CONROE                           95      73      0.00
HUNTSVILLE                       95      76      0.00
ANGLETON/LAKE JACKSON            91      73      0.10
PALACIOS                         92      78      0.00
LEAGUE CITY (NWS)                91      73      0.00


THIS PRODUCT...ALONG WITH OTHER WEATHER...HYDROLOGIC...AND CLIMATE
PRODUCTS...IS AVAILABLE ON THE WEB AT HTTP://WWW.SRH.NOAA.GOV/HGX
OR AT HTTP://WEATHER.GOV

$$
