000
CDUS44 KHGX 241317
CLIHOU

CLIMATE REPORT
NATIONAL WEATHER SERVICE HOUSTON/GALVESTON TX
817 AM CDT FRI OCT 24 2014


...MORNING CLIMATE DATA...

                            MORNING LOW    PRECIP SINCE MIDNIGHT
HOUSTON INTERCONTINENTAL         54                0.00
GALVESTON SCHOLES FIELD          62                0.00
BRYAN/COLLEGE STATION            58                0.00
HOUSTON HOBBY                    57                0.00

...................................


...THE HOUSTON INTERCONTINENTAL CLIMATE SUMMARY FOR OCTOBER 23 2014...

CLIMATE NORMAL PERIOD 1981 TO 2010
CLIMATE RECORD PERIOD 1892 TO 2014


WEATHER ITEM   OBSERVED TIME   RECORD YEAR NORMAL DEPARTURE LAST
                VALUE   (LST)  VALUE       VALUE  FROM      YEAR
                                                  NORMAL
..................................................................
TEMPERATURE (F)
 YESTERDAY
  MAXIMUM         80    157 PM  91    1988  80      0       83
  MINIMUM         58   1159 PM  40    1996  59     -1       50
  AVERAGE         69                        70     -1       67

PRECIPITATION (IN)
  YESTERDAY        0.00          3.79 1970   0.20  -0.20     0.00
  MONTH TO DATE    2.95                      4.24  -1.29     2.79
  SINCE SEP 1      6.83                      8.36  -1.53     7.88
  SINCE JAN 1     34.72                     40.23  -5.51    29.08

SNOWFALL (IN)
  YESTERDAY        0.0           0.0  2002
                                      2001
  MONTH TO DATE    0.0
  SINCE SEP 1      0.0
  SINCE JUL 1      0.0

DEGREE DAYS
 HEATING
  YESTERDAY        0                         1     -1        0
  MONTH TO DATE    0                        12    -12        8
  SINCE SEP 1      0                        13    -13        8
  SINCE JUL 1      0                        13    -13        8

 COOLING
  YESTERDAY        4                         6     -2        2
  MONTH TO DATE  208                       186     22      172
  SINCE SEP 1    682                       629     53      700
  SINCE JAN 1   2958                      3011    -53     3093
..................................................................


WIND (MPH)
  HIGHEST WIND SPEED    13   HIGHEST WIND DIRECTION    NE (50)
  HIGHEST GUST SPEED    17   HIGHEST GUST DIRECTION    NE (60)




RELATIVE HUMIDITY (PERCENT)
 HIGHEST    84
 LOWEST     42
 AVERAGE    63

..........................................................


THE HOUSTON INTERCONTINENTAL CLIMATE NORMALS FOR TODAY
                         NORMAL    RECORD    YEAR
 MAXIMUM TEMPERATURE (F)   80        92      1931
 MINIMUM TEMPERATURE (F)   59        39      1908


SUNRISE AND SUNSET
OCTOBER 24 2014.......SUNRISE   729 AM CDT   SUNSET   641 PM CDT
OCTOBER 25 2014.......SUNRISE   730 AM CDT   SUNSET   640 PM CDT


-  INDICATES NEGATIVE NUMBERS.
R  INDICATES RECORD WAS SET OR TIED.
MM INDICATES DATA IS MISSING.
T  INDICATES TRACE AMOUNT.




...................................

...THE HOUSTON/HOBBY AIRPORT CLIMATE SUMMARY FOR OCTOBER 23 2014...

CLIMATE NORMAL PERIOD 1981 TO 2010
CLIMATE RECORD PERIOD 1930 TO 2014


WEATHER ITEM   OBSERVED TIME   RECORD YEAR NORMAL DEPARTURE LAST
                VALUE   (LST)  VALUE       VALUE  FROM      YEAR
                                                  NORMAL
..................................................................
TEMPERATURE (F)
 YESTERDAY
  MAXIMUM         79    314 PM  90    2003  80     -1       82
  MINIMUM         61    518 AM  37    1937  61      0       52
  AVERAGE         70                        70      0       67

PRECIPITATION (IN)
  YESTERDAY        0.00          2.25 1970   0.21  -0.21     0.00
  MONTH TO DATE    2.56                      4.43  -1.87     4.72
  SINCE SEP 1      7.55                      9.64  -2.09    10.67
  SINCE JAN 1     32.08                     44.74 -12.66    33.54

SNOWFALL (IN)
  YESTERDAY        0.0          MM      MM
  MONTH TO DATE    0.0
  SINCE SEP 1      0.0
  SINCE JUL 1      0.0

DEGREE DAYS
 HEATING
  YESTERDAY        0                         1     -1        0
  MONTH TO DATE    0                         8     -8        3
  SINCE SEP 1      0                         8     -8        3
  SINCE JUL 1      0                         8     -8        3

 COOLING
  YESTERDAY        5                         6     -1        2
  MONTH TO DATE  238                       199     39      196
  SINCE SEP 1    724                       651     73      742
  SINCE JAN 1   3028                      2992     36     3168
..................................................................


WIND (MPH)
  HIGHEST WIND SPEED    13   HIGHEST WIND DIRECTION     N (10)
  HIGHEST GUST SPEED    17   HIGHEST GUST DIRECTION     N (350)




RELATIVE HUMIDITY (PERCENT)
 HIGHEST    87
 LOWEST     39
 AVERAGE    63

..........................................................


THE HOUSTON/HOBBY AIRPORT CLIMATE NORMALS FOR TODAY
                         NORMAL    RECORD    YEAR
 MAXIMUM TEMPERATURE (F)   79        90      1931
 MINIMUM TEMPERATURE (F)   61        36      1937


SUNRISE AND SUNSET
OCTOBER 24 2014.......SUNRISE   729 AM CDT   SUNSET   641 PM CDT
OCTOBER 25 2014.......SUNRISE   729 AM CDT   SUNSET   641 PM CDT


-  INDICATES NEGATIVE NUMBERS.
R  INDICATES RECORD WAS SET OR TIED.
MM INDICATES DATA IS MISSING.
T  INDICATES TRACE AMOUNT.


...MISCELLANEOUS CLIMATE DATA FOR YESTERDAY...

LOCATION                        HIGH    LOW     PRECIP

PEARLAND                         80      61      0.00
SUGAR LAND                       81      59      0.00
TOMBALL                          79      58      0.00
CONROE                           79      54      0.00
HUNTSVILLE                       78      56      0.00
ANGLETON/LAKE JACKSON            79      55      0.00
PALACIOS                         82      61      0.00
LEAGUE CITY (NWS)                78      59      0.00


THIS PRODUCT...ALONG WITH OTHER WEATHER...HYDROLOGIC...AND CLIMATE
PRODUCTS...IS AVAILABLE ON THE WEB AT HTTP://WWW.SRH.NOAA.GOV/HGX
OR AT HTTP://WEATHER.GOV



$$
