000
CDUS44 KHGX 010736
CLIHOU


CLIMATE REPORT
NATIONAL WEATHER SERVICE HOUSTON/GALVESTON TX
236 AM CDT MON SEP 1 2014


...................................

...THE HOUSTON INTERCONTINENTAL CLIMATE SUMMARY FOR AUGUST 31 2014...

CLIMATE NORMAL PERIOD 1981 TO 2010
CLIMATE RECORD PERIOD 1892 TO 2014


WEATHER ITEM   OBSERVED TIME   RECORD YEAR NORMAL DEPARTURE LAST
                VALUE   (LST)  VALUE       VALUE  FROM      YEAR
                                                  NORMAL
..................................................................
TEMPERATURE (F)
 YESTERDAY
  MAXIMUM         84        MM 107    2000  93     -9       95
  MINIMUM         74        MM  62    1893  74      0       75
  AVERAGE         79                        83     -4       85

PRECIPITATION (IN)
  YESTERDAY        0.83          5.98 1981   0.16   0.67     0.00
  MONTH TO DATE    1.24                      3.76  -2.52     3.33
  SINCE JUN 1      8.82                     13.48  -4.66    11.88
  SINCE JAN 1     27.89                     31.87  -3.98    21.20

DEGREE DAYS
 COOLING
  YESTERDAY       14                        18     -4       20
  MONTH TO DATE  614                       609      5      636
  SINCE JUN 1   1735                      1730      5     1823
  SINCE JAN 1   2276                      2382   -106     2393
..................................................................


WIND (MPH)
  HIGHEST WIND SPEED    13   HIGHEST WIND DIRECTION     S (200)
  HIGHEST GUST SPEED    17   HIGHEST GUST DIRECTION     S (200)




RELATIVE HUMIDITY (PERCENT)
 HIGHEST   100
 LOWEST     74
 AVERAGE    87

..........................................................


THE HOUSTON INTERCONTINENTAL CLIMATE NORMALS FOR TODAY
                         NORMAL    RECORD    YEAR
 MAXIMUM TEMPERATURE (F)   93       107      2000
 MINIMUM TEMPERATURE (F)   74        63      1915


SUNRISE AND SUNSET
SEPTEMBER  1 2014.....SUNRISE   658 AM CDT   SUNSET   744 PM CDT
SEPTEMBER  2 2014.....SUNRISE   659 AM CDT   SUNSET   743 PM CDT


-  INDICATES NEGATIVE NUMBERS.
R  INDICATES RECORD WAS SET OR TIED.
MM INDICATES DATA IS MISSING.
T  INDICATES TRACE AMOUNT.




...................................

...THE HOUSTON/HOBBY AIRPORT CLIMATE SUMMARY FOR AUGUST 31 2014...

CLIMATE NORMAL PERIOD 1981 TO 2010
CLIMATE RECORD PERIOD 1930 TO 2014


WEATHER ITEM   OBSERVED TIME   RECORD YEAR NORMAL DEPARTURE LAST
                VALUE   (LST)  VALUE       VALUE  FROM      YEAR
                                                  NORMAL
..................................................................
TEMPERATURE (F)
 YESTERDAY
  MAXIMUM         84    356 PM 104    2000  91     -7       95
  MINIMUM         75   1028 AM  68    1950  75      0       75
  AVERAGE         80                        83     -3       85

PRECIPITATION (IN)
  YESTERDAY        1.50          6.70 1981   0.21   1.29     0.00
  MONTH TO DATE    3.45                      5.06  -1.61     1.47
  SINCE JUN 1      7.69                     16.82  -9.13     4.41
  SINCE JAN 1     24.53                     35.10 -10.57    22.87

DEGREE DAYS
 COOLING
  YESTERDAY       15                        18     -3       20
  MONTH TO DATE  629                       594     35      633
  SINCE JUN 1   1753                      1687     66     1856
  SINCE JAN 1   2304                      2341    -37     2426
..................................................................


WIND (MPH)
  HIGHEST WIND SPEED    20   HIGHEST WIND DIRECTION     W (250)
  HIGHEST GUST SPEED    24   HIGHEST GUST DIRECTION     W (260)




RELATIVE HUMIDITY (PERCENT)
 HIGHEST    94
 LOWEST     70
 AVERAGE    82

..........................................................


THE HOUSTON/HOBBY AIRPORT CLIMATE NORMALS FOR TODAY
                         NORMAL    RECORD    YEAR
 MAXIMUM TEMPERATURE (F)   91       104      2000
 MINIMUM TEMPERATURE (F)   75        66      1950


SUNRISE AND SUNSET
SEPTEMBER  1 2014.....SUNRISE   658 AM CDT   SUNSET   743 PM CDT
SEPTEMBER  2 2014.....SUNRISE   659 AM CDT   SUNSET   742 PM CDT


-  INDICATES NEGATIVE NUMBERS.
R  INDICATES RECORD WAS SET OR TIED.
MM INDICATES DATA IS MISSING.
T  INDICATES TRACE AMOUNT.




$$
