000
CDUS44 KHGX 162218
CLIHOU

CLIMATE REPORT
NATIONAL WEATHER SERVICE HOUSTON/GALVESTON TX
415 PM CST SAT DEC 16 2017


...................................

...THE HOUSTON INTERCONTINENTAL CLIMATE SUMMARY FOR DECEMBER 16 2017...
VALID TODAY AS OF 400 PM LOCAL TIME.

CLIMATE NORMAL PERIOD 1981 TO 2010
CLIMATE RECORD PERIOD 1892 TO 2017


WEATHER ITEM   OBSERVED TIME   RECORD YEAR NORMAL DEPARTURE LAST
                VALUE   (LST)  VALUE       VALUE  FROM      YEAR
                                                  NORMAL
..................................................................
TEMPERATURE (F)
 TODAY
  MAXIMUM         60    155 PM  82    1971  64     -4       74
                                      1908
  MINIMUM         38    202 AM  19    1989  44     -6       43
  AVERAGE         49                        54     -5       59

PRECIPITATION (IN)
  TODAY            0.00          3.05 1937   0.12  -0.12     0.11
  MONTH TO DATE    1.80                      2.05  -0.25     3.14
  SINCE DEC 1      1.80                      2.05  -0.25     3.14
  SINCE JAN 1     77.77                     48.08  29.69    60.54

SNOWFALL (IN)
  TODAY            0.0           0.0  2002   0.1   -0.1     MM
                                      2001
  MONTH TO DATE    0.7                       0.1    0.6      0.0
  SINCE DEC 1      0.7                       0.1    0.6      0.0
  SINCE JUL 1      0.7                       0.1    0.6      0.0
  SNOW DEPTH       0

DEGREE DAYS
 HEATING
  TODAY           16                        12      4        6
  MONTH TO DATE  192                       167     25      163
  SINCE DEC 1    192                       167     25      163
  SINCE JUL 1    303                       352    -49      221
..................................................................


WIND (MPH)
  RESULTANT WIND SPEED   5   RESULTANT WIND DIRECTION   E (100)
  HIGHEST WIND SPEED    17   HIGHEST WIND DIRECTION     E (110)
  HIGHEST GUST SPEED    20   HIGHEST GUST DIRECTION     E (100)
  AVERAGE WIND SPEED     5.4



WEATHER CONDITIONS
 THE FOLLOWING WEATHER WAS RECORDED TODAY.
  NO SIGNIFICANT WEATHER WAS OBSERVED.


RELATIVE HUMIDITY (PERCENT)
 HIGHEST    93           800 AM
 LOWEST     40           100 PM
 AVERAGE    67

..........................................................


THE HOUSTON INTERCONTINENTAL CLIMATE NORMALS FOR TOMORROW
                         NORMAL    RECORD    YEAR
 MAXIMUM TEMPERATURE (F)   64        81      2016
 MINIMUM TEMPERATURE (F)   44        20      1932


SUNRISE AND SUNSET
DECEMBER 16 2017......SUNRISE   710 AM CST   SUNSET   524 PM CST
DECEMBER 17 2017......SUNRISE   711 AM CST   SUNSET   524 PM CST


-  INDICATES NEGATIVE NUMBERS.
R  INDICATES RECORD WAS SET OR TIED.
MM INDICATES DATA IS MISSING.
T  INDICATES TRACE AMOUNT.


&&

...................................

...THE HOUSTON/HOBBY AIRPORT CLIMATE SUMMARY FOR DECEMBER 16 2017...
VALID TODAY AS OF 400 PM LOCAL TIME.

CLIMATE NORMAL PERIOD 1981 TO 2010
CLIMATE RECORD PERIOD 1930 TO 2017


WEATHER ITEM   OBSERVED TIME   RECORD YEAR NORMAL DEPARTURE LAST
                VALUE   (LST)  VALUE       VALUE  FROM      YEAR
                                                  NORMAL
..................................................................
TEMPERATURE (F)
 TODAY
  MAXIMUM         59    207 PM  82    1971  64     -5       74
  MINIMUM         41    132 AM  23    1989  46     -5       48
  AVERAGE         50                        55     -5       61

PRECIPITATION (IN)
  TODAY            0.00          1.80 2012   0.14  -0.14     0.05
  MONTH TO DATE    3.44                      2.16   1.28     2.42
  SINCE DEC 1      3.44                      2.16   1.28     2.42
  SINCE JAN 1     77.94                     52.78  25.16    55.55

SNOWFALL (IN)
  TODAY            0.0          MM      MM   0.0    0.0     MM
  MONTH TO DATE    1.5                       0.0    1.5      0.0
  SINCE DEC 1      1.5                       0.0    1.5      0.0
  SINCE JUL 1      1.5                       0.0    1.5      0.0
  SNOW DEPTH       0

DEGREE DAYS
 HEATING
  TODAY           15                        11      4        4
  MONTH TO DATE  191                       150     41      127
  SINCE DEC 1    191                       150     41      127
  SINCE JUL 1    272                       306    -34      164
..................................................................


WIND (MPH)
  RESULTANT WIND SPEED   6   RESULTANT WIND DIRECTION   E (100)
  HIGHEST WIND SPEED    17   HIGHEST WIND DIRECTION     E (110)
  HIGHEST GUST SPEED    23   HIGHEST GUST DIRECTION     E (110)
  AVERAGE WIND SPEED     6.1



WEATHER CONDITIONS
 THE FOLLOWING WEATHER WAS RECORDED TODAY.
  NO SIGNIFICANT WEATHER WAS OBSERVED.


RELATIVE HUMIDITY (PERCENT)
 HIGHEST    89          1200 AM
 LOWEST     40           200 PM
 AVERAGE    65

..........................................................


THE HOUSTON/HOBBY AIRPORT CLIMATE NORMALS FOR TOMORROW
                         NORMAL    RECORD    YEAR
 MAXIMUM TEMPERATURE (F)   64        82      2016
 MINIMUM TEMPERATURE (F)   46        22      1932


SUNRISE AND SUNSET
DECEMBER 16 2017......SUNRISE   709 AM CST   SUNSET   524 PM CST
DECEMBER 17 2017......SUNRISE   710 AM CST   SUNSET   525 PM CST


-  INDICATES NEGATIVE NUMBERS.
R  INDICATES RECORD WAS SET OR TIED.
MM INDICATES DATA IS MISSING.
T  INDICATES TRACE AMOUNT.

...MISCELLANEOUS CLIMATE DATA FOR TODAY...

LOCATION                        HIGH    LOW     PRECIP
PEARLAND                         59      40      0.00
SUGAR LAND                       60      39       T
TOMBALL                          58      38       T
CONROE                           53      34       T
HUNTSVILLE                       52      40      0.07
ANGLETON/LAKE JACKSON            61      42      0.00
PALACIOS                         61      46      0.00
LEAGUE CITY (NWS)                58      41      0.00


THIS PRODUCT...ALONG WITH OTHER WEATHER...HYDROLOGIC...AND CLIMATE
PRODUCTS...IS AVAILABLE ON THE WEB AT HTTP://WWW.WEATHER.GOV/HGX


$$
