000
CDUS44 KHGX 190724
CLIHOU


CLIMATE REPORT
NATIONAL WEATHER SERVICE HOUSTON/GALVESTON TX
222 AM CDT FRI SEP 19 2014


...................................

...THE HOUSTON INTERCONTINENTAL CLIMATE SUMMARY FOR SEPTEMBER 18 2014...

CLIMATE NORMAL PERIOD 1981 TO 2010
CLIMATE RECORD PERIOD 1892 TO 2014


WEATHER ITEM   OBSERVED TIME   RECORD YEAR NORMAL DEPARTURE LAST
                VALUE   (LST)  VALUE       VALUE  FROM      YEAR
                                                  NORMAL
..................................................................
TEMPERATURE (F)
 YESTERDAY
  MAXIMUM         81    254 PM  99    1927  89     -8       93
  MINIMUM         73   1107 AM  54    2000  69      4       74
                                      1981
                                      1903
  AVERAGE         77                        79     -2       84

PRECIPITATION (IN)
  YESTERDAY        2.31          2.53 1908   0.13   2.18      T
  MONTH TO DATE    3.68                      2.59   1.09     0.56
  SINCE SEP 1      3.68                      2.59   1.09     0.56
  SINCE JAN 1     31.57                     34.46  -2.89    21.76

DEGREE DAYS
 HEATING
  YESTERDAY        0                         0      0        0
  MONTH TO DATE    0                         0      0        0
  SINCE SEP 1      0                         0      0        0
  SINCE JUL 1      0                         0      0        0

 COOLING
  YESTERDAY       12                        14     -2       19
  MONTH TO DATE  309                       294     15      350
  SINCE SEP 1    309                       294     15      350
  SINCE JAN 1   2585                      2676    -91     2743
..................................................................


WIND (MPH)
  HIGHEST WIND SPEED    16   HIGHEST WIND DIRECTION    SE (130)
  HIGHEST GUST SPEED    21   HIGHEST GUST DIRECTION    SE (130)




RELATIVE HUMIDITY (PERCENT)
 HIGHEST   100
 LOWEST     85
 AVERAGE    93

..........................................................


THE HOUSTON INTERCONTINENTAL CLIMATE NORMALS FOR TODAY
                         NORMAL    RECORD    YEAR
 MAXIMUM TEMPERATURE (F)   89        97      1995
                                             1956
                                             1906
 MINIMUM TEMPERATURE (F)   69        51      1981


SUNRISE AND SUNSET
SEPTEMBER 19 2014.....SUNRISE   708 AM CDT   SUNSET   722 PM CDT
SEPTEMBER 20 2014.....SUNRISE   709 AM CDT   SUNSET   720 PM CDT


-  INDICATES NEGATIVE NUMBERS.
R  INDICATES RECORD WAS SET OR TIED.
MM INDICATES DATA IS MISSING.
T  INDICATES TRACE AMOUNT.




...................................

...THE HOUSTON/HOBBY AIRPORT CLIMATE SUMMARY FOR SEPTEMBER 18 2014...

CLIMATE NORMAL PERIOD 1981 TO 2010
CLIMATE RECORD PERIOD 1930 TO 2014


WEATHER ITEM   OBSERVED TIME   RECORD YEAR NORMAL DEPARTURE LAST
                VALUE   (LST)  VALUE       VALUE  FROM      YEAR
                                                  NORMAL
..................................................................
TEMPERATURE (F)
 YESTERDAY
  MAXIMUM         79    207 PM  96    1982  88     -9       92
  MINIMUM         75   1148 PM  57    1981  71      4       77
  AVERAGE         77                        80     -3       85

PRECIPITATION (IN)
  YESTERDAY        1.52          2.32 1979   0.15   1.37     0.00
  MONTH TO DATE    3.62                      3.41   0.21     1.35
  SINCE SEP 1      3.62                      3.41   0.21     1.35
  SINCE JAN 1     28.15                     38.51 -10.36    24.22

DEGREE DAYS
 HEATING
  YESTERDAY        0                         0      0        0
  MONTH TO DATE    0                         0      0        0
  SINCE SEP 1      0                         0      0        0
  SINCE JUL 1      0                         0      0        0

 COOLING
  YESTERDAY       12                        15     -3       20
  MONTH TO DATE  317                       297     20      359
  SINCE SEP 1    317                       297     20      359
  SINCE JAN 1   2621                      2638    -17     2785
..................................................................


WIND (MPH)
  HIGHEST WIND SPEED    14   HIGHEST WIND DIRECTION    SE (140)
  HIGHEST GUST SPEED    17   HIGHEST GUST DIRECTION    SE (140)




RELATIVE HUMIDITY (PERCENT)
 HIGHEST   100
 LOWEST     85
 AVERAGE    93

..........................................................


THE HOUSTON/HOBBY AIRPORT CLIMATE NORMALS FOR TODAY
                         NORMAL    RECORD    YEAR
 MAXIMUM TEMPERATURE (F)   88       101      1956
 MINIMUM TEMPERATURE (F)   71        55      1981


SUNRISE AND SUNSET
SEPTEMBER 19 2014.....SUNRISE   708 AM CDT   SUNSET   721 PM CDT
SEPTEMBER 20 2014.....SUNRISE   708 AM CDT   SUNSET   720 PM CDT


-  INDICATES NEGATIVE NUMBERS.
R  INDICATES RECORD WAS SET OR TIED.
MM INDICATES DATA IS MISSING.
T  INDICATES TRACE AMOUNT.




$$
