000
CDUS44 KHGX 180735
CLIHOU


CLIMATE REPORT
NATIONAL WEATHER SERVICE HOUSTON/GALVESTON TX
233 AM CDT THU SEP 18 2014


...................................

...THE HOUSTON INTERCONTINENTAL CLIMATE SUMMARY FOR SEPTEMBER 17 2014...

CLIMATE NORMAL PERIOD 1981 TO 2010
CLIMATE RECORD PERIOD 1892 TO 2014


WEATHER ITEM   OBSERVED TIME   RECORD YEAR NORMAL DEPARTURE LAST
                VALUE   (LST)  VALUE       VALUE  FROM      YEAR
                                                  NORMAL
..................................................................
TEMPERATURE (F)
 YESTERDAY
  MAXIMUM         89    118 PM 100    1995  89      0       95
  MINIMUM         75   1059 PM  55    2000  70      5       76
                                      1903
  AVERAGE         82                        80      2       86

PRECIPITATION (IN)
  YESTERDAY        0.25          1.85 1968   0.13   0.12     0.00
  MONTH TO DATE    1.37                      2.46  -1.09     0.56
  SINCE SEP 1      1.37                      2.46  -1.09     0.56
  SINCE JAN 1     29.26                     34.33  -5.07    21.76

DEGREE DAYS
 HEATING
  YESTERDAY        0                         0      0        0
  MONTH TO DATE    0                         0      0        0
  SINCE SEP 1      0                         0      0        0
  SINCE JUL 1      0                         0      0        0

 COOLING
  YESTERDAY       17                        14      3       21
  MONTH TO DATE  297                       280     17      331
  SINCE SEP 1    297                       280     17      331
  SINCE JAN 1   2573                      2662    -89     2724
..................................................................


WIND (MPH)
  HIGHEST WIND SPEED    16   HIGHEST WIND DIRECTION    SE (140)
  HIGHEST GUST SPEED    18   HIGHEST GUST DIRECTION    SW (210)




RELATIVE HUMIDITY (PERCENT)
 HIGHEST   100
 LOWEST     63
 AVERAGE    82

..........................................................


THE HOUSTON INTERCONTINENTAL CLIMATE NORMALS FOR TODAY
                         NORMAL    RECORD    YEAR
 MAXIMUM TEMPERATURE (F)   89        99      1927
 MINIMUM TEMPERATURE (F)   69        54      2000
                                             1981
                                             1903


SUNRISE AND SUNSET
SEPTEMBER 18 2014.....SUNRISE   708 AM CDT   SUNSET   723 PM CDT
SEPTEMBER 19 2014.....SUNRISE   708 AM CDT   SUNSET   722 PM CDT


-  INDICATES NEGATIVE NUMBERS.
R  INDICATES RECORD WAS SET OR TIED.
MM INDICATES DATA IS MISSING.
T  INDICATES TRACE AMOUNT.




...................................

...THE HOUSTON/HOBBY AIRPORT CLIMATE SUMMARY FOR SEPTEMBER 17 2014...

CLIMATE NORMAL PERIOD 1981 TO 2010
CLIMATE RECORD PERIOD 1930 TO 2014


WEATHER ITEM   OBSERVED TIME   RECORD YEAR NORMAL DEPARTURE LAST
                VALUE   (LST)  VALUE       VALUE  FROM      YEAR
                                                  NORMAL
..................................................................
TEMPERATURE (F)
 YESTERDAY
  MAXIMUM         89   1150 AM  97    2004  88      1       94
                                      1995
  MINIMUM         75    205 PM  58    1934  72      3       77
  AVERAGE         82                        80      2       86

PRECIPITATION (IN)
  YESTERDAY        0.37          2.59 1958   0.16   0.21     0.00
  MONTH TO DATE    2.10                      3.26  -1.16     1.35
  SINCE SEP 1      2.10                      3.26  -1.16     1.35
  SINCE JAN 1     26.63                     38.36 -11.73    24.22

DEGREE DAYS
 HEATING
  YESTERDAY        0                         0      0        0
  MONTH TO DATE    0                         0      0        0
  SINCE SEP 1      0                         0      0        0
  SINCE JUL 1      0                         0      0        0

 COOLING
  YESTERDAY       17                        15      2       21
  MONTH TO DATE  305                       282     23      339
  SINCE SEP 1    305                       282     23      339
  SINCE JAN 1   2609                      2623    -14     2765
..................................................................


WIND (MPH)
  HIGHEST WIND SPEED    16   HIGHEST WIND DIRECTION     W (280)
  HIGHEST GUST SPEED    18   HIGHEST GUST DIRECTION     W (270)




RELATIVE HUMIDITY (PERCENT)
 HIGHEST    97
 LOWEST     68
 AVERAGE    83

..........................................................


THE HOUSTON/HOBBY AIRPORT CLIMATE NORMALS FOR TODAY
                         NORMAL    RECORD    YEAR
 MAXIMUM TEMPERATURE (F)   88        96      1982
 MINIMUM TEMPERATURE (F)   71        57      1981


SUNRISE AND SUNSET
SEPTEMBER 18 2014.....SUNRISE   707 AM CDT   SUNSET   723 PM CDT
SEPTEMBER 19 2014.....SUNRISE   708 AM CDT   SUNSET   721 PM CDT


-  INDICATES NEGATIVE NUMBERS.
R  INDICATES RECORD WAS SET OR TIED.
MM INDICATES DATA IS MISSING.
T  INDICATES TRACE AMOUNT.




$$
