000
CDUS44 KHGX 281354
CLIHOU

CLIMATE REPORT
NATIONAL WEATHER SERVICE HOUSTON/GALVESTON TX
840 AM CDT THU MAY 28 2015


...MORNING CLIMATE DATA...

                            MORNING LOW    PRECIP SINCE MIDNIGHT

HOUSTON INTERCONTINENTAL         70                0.00
GALVESTON SCHOLES FIELD          77                0.00
BRYAN/COLLEGE STATION            71                0.00
HOUSTON HOBBY                    73                0.00

...................................

...THE HOUSTON INTERCONTINENTAL CLIMATE SUMMARY FOR MAY 27 2015...

CLIMATE NORMAL PERIOD 1981 TO 2010
CLIMATE RECORD PERIOD 1892 TO 2015


WEATHER ITEM   OBSERVED TIME   RECORD YEAR NORMAL DEPARTURE LAST
                VALUE   (LST)  VALUE       VALUE  FROM      YEAR
                                                  NORMAL
..................................................................
TEMPERATURE (F)
 YESTERDAY
  MAXIMUM         86    413 PM  98    1928  89     -3       76
  MINIMUM         65    608 AM  50    1901  70     -5       65
  AVERAGE         76                        80     -4       71

PRECIPITATION (IN)
  YESTERDAY        1.41          3.99 1914   0.17   1.24     1.44
  MONTH TO DATE   13.59                      4.41   9.18     8.60
  SINCE MAR 1     26.03                     11.13  14.90    12.61
  SINCE JAN 1     29.86                     17.71  12.15    15.96

DEGREE DAYS
 COOLING
  YESTERDAY       11                        14     -3        6
  MONTH TO DATE  320                       311      9      243
  SINCE MAR 1    624                       554     70      456
  SINCE JAN 1    634                       592     42      490
..................................................................


WIND (MPH)
  HIGHEST WIND SPEED    29   HIGHEST WIND DIRECTION    NE (40)
  HIGHEST GUST SPEED    37   HIGHEST GUST DIRECTION    NE (40)




RELATIVE HUMIDITY (PERCENT)
 HIGHEST    93
 LOWEST     61
 AVERAGE    77

..........................................................


THE HOUSTON INTERCONTINENTAL CLIMATE NORMALS FOR TODAY
                         NORMAL    RECORD    YEAR
 MAXIMUM TEMPERATURE (F)   89        98      1906
 MINIMUM TEMPERATURE (F)   70        54      1901


SUNRISE AND SUNSET
MAY 28 2015...........SUNRISE   622 AM CDT   SUNSET   816 PM CDT
MAY 29 2015...........SUNRISE   622 AM CDT   SUNSET   816 PM CDT


-  INDICATES NEGATIVE NUMBERS.
R  INDICATES RECORD WAS SET OR TIED.
MM INDICATES DATA IS MISSING.
T  INDICATES TRACE AMOUNT.


&&

...................................

...THE HOUSTON/HOBBY AIRPORT CLIMATE SUMMARY FOR MAY 27 2015...

CLIMATE NORMAL PERIOD 1981 TO 2010
CLIMATE RECORD PERIOD 1930 TO 2015


WEATHER ITEM   OBSERVED TIME   RECORD YEAR NORMAL DEPARTURE LAST
                VALUE   (LST)  VALUE       VALUE  FROM      YEAR
                                                  NORMAL
..................................................................
TEMPERATURE (F)
 YESTERDAY
  MAXIMUM         87    351 PM  97    1973  88     -1       77
  MINIMUM         67    657 AM  55    1934  71     -4       65
  AVERAGE         77                        79     -2       71

PRECIPITATION (IN)
  YESTERDAY        0.48          1.80 2014   0.18   0.30     1.80
  MONTH TO DATE   12.82                      4.05   8.77     8.38
  SINCE MAR 1     27.40                     10.50  16.90    12.23
  SINCE JAN 1     33.28                     17.58  15.70    14.85

DEGREE DAYS
 COOLING
  YESTERDAY       12                        14     -2        6
  MONTH TO DATE  347                       314     33      243
  SINCE MAR 1    670                       556    114      458
  SINCE JAN 1    680                       594     86      497
..................................................................


WIND (MPH)
  HIGHEST WIND SPEED    21   HIGHEST WIND DIRECTION    SE (130)
  HIGHEST GUST SPEED    26   HIGHEST GUST DIRECTION    SE (120)




RELATIVE HUMIDITY (PERCENT)
 HIGHEST    93
 LOWEST     57
 AVERAGE    75

..........................................................


THE HOUSTON/HOBBY AIRPORT CLIMATE NORMALS FOR TODAY
                         NORMAL    RECORD    YEAR
 MAXIMUM TEMPERATURE (F)   88        97      2010
 MINIMUM TEMPERATURE (F)   71        55      1934


SUNRISE AND SUNSET
MAY 28 2015...........SUNRISE   622 AM CDT   SUNSET   815 PM CDT
MAY 29 2015...........SUNRISE   622 AM CDT   SUNSET   815 PM CDT


-  INDICATES NEGATIVE NUMBERS.
R  INDICATES RECORD WAS SET OR TIED.
MM INDICATES DATA IS MISSING.
T  INDICATES TRACE AMOUNT.

...........................................................

...MISCELLANEOUS CLIMATE DATA FOR YESTERDAY...

LOCATION                        HIGH    LOW     PRECIP

PEARLAND                         88      67      0.31
SUGAR LAND                       87      68      0.24
TOMBALL                          86      66      2.45
CONROE                           85      64      1.91
HUNTSVILLE                       87      64      0.65
ANGLETON/LAKE JACKSON            84      66      0.01
PALACIOS                         85      77       T
LEAGUE CITY (NWS)                85      66      0.50


THIS PRODUCT...ALONG WITH OTHER WEATHER...HYDROLOGIC...AND CLIMATE
PRODUCTS...IS AVAILABLE ON THE WEB AT HTTP://WWW.SRH.NOAA.GOV/HGX
OR AT HTTP://WEATHER.GOV

$$
