000
CDUS44 KHGX 220733
CLIHOU


CLIMATE REPORT
NATIONAL WEATHER SERVICE HOUSTON/GALVESTON TX
232 AM CDT FRI MAY 22 2015


...................................

...THE HOUSTON INTERCONTINENTAL CLIMATE SUMMARY FOR MAY 21 2015...

CLIMATE NORMAL PERIOD 1981 TO 2010
CLIMATE RECORD PERIOD 1892 TO 2015


WEATHER ITEM   OBSERVED TIME   RECORD YEAR NORMAL DEPARTURE LAST
                VALUE   (LST)  VALUE       VALUE  FROM      YEAR
                                                  NORMAL
..................................................................
TEMPERATURE (F)
 YESTERDAY
  MAXIMUM         82    930 AM  96    2005  88     -6       86
  MINIMUM         71   1159 PM  53    1892  69      2       71
  AVERAGE         77                        78     -1       79

PRECIPITATION (IN)
  YESTERDAY        1.08          5.45 1945   0.15   0.93     0.00
  MONTH TO DATE    5.79                      3.43   2.36     4.25
  SINCE MAR 1     18.23                     10.15   8.08     8.26
  SINCE JAN 1     22.06                     16.73   5.33    11.61

DEGREE DAYS
 COOLING
  YESTERDAY       12                        13     -1       14
  MONTH TO DATE  255                       228     27      180
  SINCE MAR 1    559                       471     88      393
  SINCE JAN 1    569                       509     60      427
..................................................................


WIND (MPH)
  HIGHEST WIND SPEED    24   HIGHEST WIND DIRECTION    NW (330)
  HIGHEST GUST SPEED    30   HIGHEST GUST DIRECTION     N (340)




RELATIVE HUMIDITY (PERCENT)
 HIGHEST   100
 LOWEST     74
 AVERAGE    87

..........................................................


THE HOUSTON INTERCONTINENTAL CLIMATE NORMALS FOR TODAY
                         NORMAL    RECORD    YEAR
 MAXIMUM TEMPERATURE (F)   88        96      2005
                                             1996
 MINIMUM TEMPERATURE (F)   69        48      1892


SUNRISE AND SUNSET
MAY 22 2015...........SUNRISE   624 AM CDT   SUNSET   812 PM CDT
MAY 23 2015...........SUNRISE   624 AM CDT   SUNSET   813 PM CDT


-  INDICATES NEGATIVE NUMBERS.
R  INDICATES RECORD WAS SET OR TIED.
MM INDICATES DATA IS MISSING.
T  INDICATES TRACE AMOUNT.


&&

...................................

...THE HOUSTON/HOBBY AIRPORT CLIMATE SUMMARY FOR MAY 21 2015...

CLIMATE NORMAL PERIOD 1981 TO 2010
CLIMATE RECORD PERIOD 1930 TO 2015


WEATHER ITEM   OBSERVED TIME   RECORD YEAR NORMAL DEPARTURE LAST
                VALUE   (LST)  VALUE       VALUE  FROM      YEAR
                                                  NORMAL
..................................................................
TEMPERATURE (F)
 YESTERDAY
  MAXIMUM         84   1042 AM  95    2005  87     -3       86
  MINIMUM         72   1159 PM  58    2002  70      2       69
                                      1947
                                      1931
  AVERAGE         78                        78      0       78

PRECIPITATION (IN)
  YESTERDAY        T             6.33 1945   0.16  -0.16     0.00
  MONTH TO DATE    6.17                      3.01   3.16     3.34
  SINCE MAR 1     20.75                      9.46  11.29     7.19
  SINCE JAN 1     26.63                     16.54  10.09     9.81

DEGREE DAYS
 COOLING
  YESTERDAY       13                        13      0       13
  MONTH TO DATE  278                       231     47      172
  SINCE MAR 1    601                       473    128      387
  SINCE JAN 1    611                       511    100      426
..................................................................


WIND (MPH)
  HIGHEST WIND SPEED    22   HIGHEST WIND DIRECTION     N (360)
  HIGHEST GUST SPEED    25   HIGHEST GUST DIRECTION     N (10)




RELATIVE HUMIDITY (PERCENT)
 HIGHEST    94
 LOWEST     67
 AVERAGE    81

..........................................................


THE HOUSTON/HOBBY AIRPORT CLIMATE NORMALS FOR TODAY
                         NORMAL    RECORD    YEAR
 MAXIMUM TEMPERATURE (F)   87        96      2005
 MINIMUM TEMPERATURE (F)   70        60      1983


SUNRISE AND SUNSET
MAY 22 2015...........SUNRISE   625 AM CDT   SUNSET   811 PM CDT
MAY 23 2015...........SUNRISE   624 AM CDT   SUNSET   812 PM CDT


-  INDICATES NEGATIVE NUMBERS.
R  INDICATES RECORD WAS SET OR TIED.
MM INDICATES DATA IS MISSING.
T  INDICATES TRACE AMOUNT.




$$
