000
CDUS44 KHGX 110722
CLIHOU


CLIMATE REPORT
NATIONAL WEATHER SERVICE HOUSTON/GALVESTON TX
221 AM CDT FRI JUL 11 2014


...................................

...THE HOUSTON INTERCONTINENTAL CLIMATE SUMMARY FOR JULY 10 2014...

CLIMATE NORMAL PERIOD 1981 TO 2010
CLIMATE RECORD PERIOD 1892 TO 2014


WEATHER ITEM   OBSERVED TIME   RECORD YEAR NORMAL DEPARTURE LAST
                VALUE   (LST)  VALUE       VALUE  FROM      YEAR
                                                  NORMAL
..................................................................
TEMPERATURE (F)
 YESTERDAY
  MAXIMUM         93    400 PM 101    1998  93      0       97
                                      1980
                                      1909
  MINIMUM         73    356 AM  65    1905  75     -2       75
                                      1894
                                      1893
  AVERAGE         83                        84     -1       86

PRECIPITATION (IN)
  YESTERDAY        T             1.75 1925   0.14  -0.14     0.00
  MONTH TO DATE    0.88                      1.52  -0.64     0.53
  SINCE JUN 1      3.06                      7.45  -4.39     4.99
  SINCE JAN 1     22.13                     25.84  -3.71    14.31

DEGREE DAYS
 COOLING
  YESTERDAY       18                        19     -1       21
  MONTH TO DATE  182                       190     -8      186
  SINCE JUN 1    715                       710      5      777
  SINCE JAN 1   1256                      1362   -106     1347
..................................................................


WIND (MPH)
  HIGHEST WIND SPEED    16   HIGHEST WIND DIRECTION     S (160)
  HIGHEST GUST SPEED    22   HIGHEST GUST DIRECTION     S (180)




RELATIVE HUMIDITY (PERCENT)
 HIGHEST   100
 LOWEST     44
 AVERAGE    72

..........................................................


THE HOUSTON INTERCONTINENTAL CLIMATE NORMALS FOR TODAY
                         NORMAL    RECORD    YEAR
 MAXIMUM TEMPERATURE (F)   93       103      1980
 MINIMUM TEMPERATURE (F)   75        64      1905


SUNRISE AND SUNSET
JULY 11 2014..........SUNRISE   629 AM CDT   SUNSET   825 PM CDT
JULY 12 2014..........SUNRISE   629 AM CDT   SUNSET   825 PM CDT


-  INDICATES NEGATIVE NUMBERS.
R  INDICATES RECORD WAS SET OR TIED.
MM INDICATES DATA IS MISSING.
T  INDICATES TRACE AMOUNT.




...................................

...THE HOUSTON/HOBBY AIRPORT CLIMATE SUMMARY FOR JULY 10 2014...

CLIMATE NORMAL PERIOD 1981 TO 2010
CLIMATE RECORD PERIOD 1930 TO 2014


WEATHER ITEM   OBSERVED TIME   RECORD YEAR NORMAL DEPARTURE LAST
                VALUE   (LST)  VALUE       VALUE  FROM      YEAR
                                                  NORMAL
..................................................................
TEMPERATURE (F)
 YESTERDAY
  MAXIMUM         93    327 PM 100    1964  92      1       96
  MINIMUM         75    456 AM  66    1947  76     -1       77
  AVERAGE         84                        84      0       87

PRECIPITATION (IN)
  YESTERDAY        0.00          2.23 1961   0.16  -0.16     0.00
  MONTH TO DATE    0.18                      1.86  -1.68      T
  SINCE JUN 1      3.16                      8.96  -5.80     1.36
  SINCE JAN 1     20.00                     27.24  -7.24    19.82

DEGREE DAYS
 COOLING
  YESTERDAY       19                        19      0       22
  MONTH TO DATE  186                       184      2      200
  SINCE JUN 1    715                       694     21      802
  SINCE JAN 1   1266                      1348    -82     1372
..................................................................


WIND (MPH)
  HIGHEST WIND SPEED    18   HIGHEST WIND DIRECTION     S (180)
  HIGHEST GUST SPEED    24   HIGHEST GUST DIRECTION     S (180)




RELATIVE HUMIDITY (PERCENT)
 HIGHEST    94
 LOWEST     47
 AVERAGE    71

..........................................................


THE HOUSTON/HOBBY AIRPORT CLIMATE NORMALS FOR TODAY
                         NORMAL    RECORD    YEAR
 MAXIMUM TEMPERATURE (F)   92       100      1998
 MINIMUM TEMPERATURE (F)   76        70      1944


SUNRISE AND SUNSET
JULY 11 2014..........SUNRISE   629 AM CDT   SUNSET   824 PM CDT
JULY 12 2014..........SUNRISE   629 AM CDT   SUNSET   824 PM CDT


-  INDICATES NEGATIVE NUMBERS.
R  INDICATES RECORD WAS SET OR TIED.
MM INDICATES DATA IS MISSING.
T  INDICATES TRACE AMOUNT.




$$
