000
CDUS44 KHGX 312132 CCA
CLIHOU

CLIMATE REPORT
NATIONAL WEATHER SERVICE HOUSTON/GALVESTON TX
424 PM CDT TUE MAR 31 2015


...................................

...THE HOUSTON INTERCONTINENTAL CLIMATE SUMMARY FOR MARCH 31 2015...
VALID TODAY AS OF 0400 PM LOCAL TIME.

CLIMATE NORMAL PERIOD 1981 TO 2010
CLIMATE RECORD PERIOD 1892 TO 2015


WEATHER ITEM   OBSERVED TIME   RECORD YEAR NORMAL DEPARTURE LAST
                VALUE   (LST)  VALUE       VALUE  FROM      YEAR
                                                  NORMAL
..................................................................
TEMPERATURE (F)
 TODAY
  MAXIMUM         83    248 PM  88    1946  77      6       78
  MINIMUM         64    649 AM  30    1987  56      8       50
  AVERAGE         74                        66      8       64

PRECIPITATION (IN)
  TODAY            0.00          1.44 2007   0.10  -0.10     0.00
  MONTH TO DATE    6.34                      3.41   2.93     2.45
  SINCE MAR 1      6.34                      3.41   2.93     2.45
  SINCE JAN 1     10.17                      9.99   0.18     5.80

SNOWFALL (IN)
  TODAY            0.0          MM      MM   0.0    0.0      0.0
  MONTH TO DATE    0.0                       0.0    0.0      0.0
  SINCE MAR 1      0.0                       0.0    0.0      0.0
  SINCE JUL 1      0.0                       0.1   -0.1       T
  SNOW DEPTH       0

DEGREE DAYS
 HEATING
  TODAY            0                         2     -2        1
  MONTH TO DATE  139                       142     -3      214
  SINCE MAR 1    139                       141     -2      214
  SINCE JUL 1   1458                      1329    129     1694

 COOLING
  TODAY            9                         3      6        0
  MONTH TO DATE   68                        71     -3       32
  SINCE MAR 1     68                        71     -3       32
  SINCE JAN 1     78                       109    -31       66
..................................................................


WIND (MPH)
  RESULTANT WIND SPEED   5   RESULTANT WIND DIRECTION  SW (210)
  HIGHEST WIND SPEED    15   HIGHEST WIND DIRECTION    SW (220)
  HIGHEST GUST SPEED    21   HIGHEST GUST DIRECTION    SW (210)
  AVERAGE WIND SPEED     6.1



WEATHER CONDITIONS
 THE FOLLOWING WEATHER WAS RECORDED TODAY.
  NO SIGNIFICANT WEATHER WAS OBSERVED.


RELATIVE HUMIDITY (PERCENT)
 HIGHEST    93           300 AM
 LOWEST     46           300 PM
 AVERAGE    70

..........................................................


THE HOUSTON INTERCONTINENTAL CLIMATE NORMALS FOR TOMORROW
                         NORMAL    RECORD    YEAR
 MAXIMUM TEMPERATURE (F)   77        89      1936
                                             1908
 MINIMUM TEMPERATURE (F)   56        39      1987
                                             1976
                                             1972


SUNRISE AND SUNSET
MARCH 31 2015.........SUNRISE   712 AM CDT   SUNSET   739 PM CDT
APRIL  1 2015.........SUNRISE   711 AM CDT   SUNSET   740 PM CDT


-  INDICATES NEGATIVE NUMBERS.
R  INDICATES RECORD WAS SET OR TIED.
MM INDICATES DATA IS MISSING.
T  INDICATES TRACE AMOUNT.



&&
...................................

...THE HOUSTON/HOBBY AIRPORT CLIMATE SUMMARY FOR MARCH 31 2015...
VALID TODAY AS OF 0400 PM LOCAL TIME.

CLIMATE NORMAL PERIOD 1981 TO 2010
CLIMATE RECORD PERIOD 1930 TO 2015


WEATHER ITEM   OBSERVED TIME   RECORD YEAR NORMAL DEPARTURE LAST
                VALUE   (LST)  VALUE       VALUE  FROM      YEAR
                                                  NORMAL
..................................................................
TEMPERATURE (F)
 TODAY
  MAXIMUM         83    253 PM  87    1948  76      7       76
  MINIMUM         61    627 AM  32    1987  57      4       55
                                      1937
  AVERAGE         72                        66      6       66

PRECIPITATION (IN)
  TODAY            0.01          2.50 2007   0.10  -0.09     0.00
  MONTH TO DATE    6.26                      3.20   3.06     2.54
  SINCE MAR 1      6.26                      3.20   3.06     2.54
  SINCE JAN 1     12.14                     10.28   1.86     5.16

SNOWFALL (IN)
  TODAY            0.0          MM      MM   0.0    0.0      0.0
  MONTH TO DATE    0.0                       0.0    0.0      0.0
  SINCE MAR 1      0.0                       0.0    0.0      0.0
  SINCE JUL 1      0.0                       T      0.0       T
  SNOW DEPTH       0

DEGREE DAYS
 HEATING
  TODAY            0                         2     -2        0
  MONTH TO DATE  115                       121     -6      187
  SINCE MAR 1    115                       121     -6      187
  SINCE JUL 1   1300                      1191    109     1514

 COOLING
  TODAY            7                         3      4        1
  MONTH TO DATE   75                        69      6       38
  SINCE MAR 1     75                        69      6       38
  SINCE JAN 1     85                       107    -22       77
..................................................................


WIND (MPH)
  RESULTANT WIND SPEED   6   RESULTANT WIND DIRECTION  SW (210)
  HIGHEST WIND SPEED    16   HIGHEST WIND DIRECTION    SW (210)
  HIGHEST GUST SPEED    25   HIGHEST GUST DIRECTION     S (200)
  AVERAGE WIND SPEED     6.8



WEATHER CONDITIONS
 THE FOLLOWING WEATHER WAS RECORDED TODAY.
  FOG
  FOG W/VISIBILITY <= 1/4 MILE


RELATIVE HUMIDITY (PERCENT)
 HIGHEST   100          1200 AM
 LOWEST     47           300 PM
 AVERAGE    74

..........................................................


THE HOUSTON/HOBBY AIRPORT CLIMATE NORMALS FOR TOMORROW
                         NORMAL    RECORD    YEAR
 MAXIMUM TEMPERATURE (F)   76        89      1974
                                             1939
 MINIMUM TEMPERATURE (F)   57        35      1937
                                             1931


SUNRISE AND SUNSET
MARCH 31 2015.........SUNRISE   712 AM CDT   SUNSET   739 PM CDT
APRIL  1 2015.........SUNRISE   711 AM CDT   SUNSET   740 PM CDT


-  INDICATES NEGATIVE NUMBERS.
R  INDICATES RECORD WAS SET OR TIED.
MM INDICATES DATA IS MISSING.
T  INDICATES TRACE AMOUNT.

...MISCELLANEOUS CLIMATE DATA FOR TODAY...

LOCATION                        HIGH    LOW     PRECIP
PEARLAND                         83      60      0.00
SUGAR LAND                       83      61      0.00
TOMBALL                          83      61      0.00
CONROE                           80      57      0.00
HUNTSVILLE                       81      62      0.00
ANGLETON/LAKE JACKSON            79      56      0.00
PALACIOS                         78      69      0.00
LEAGUE CITY (NWS)                80      62      0.00


THIS PRODUCT...ALONG WITH OTHER WEATHER...HYDROLOGIC...AND CLIMATE
PRODUCTS...IS AVAILABLE ON THE WEB AT HTTP://WWW.SRH.NOAA.GOV/HGX
OR AT HTTP://WEATHER.GOV

$$
