000
CDUS44 KHGX 300735
CLIHOU


CLIMATE REPORT
NATIONAL WEATHER SERVICE HOUSTON/GALVESTON TX
235 AM CDT SAT JUL 30 2016


...................................

...THE HOUSTON INTERCONTINENTAL CLIMATE SUMMARY FOR JULY 29 2016...

CLIMATE NORMAL PERIOD 1981 TO 2010
CLIMATE RECORD PERIOD 1892 TO 2016


WEATHER ITEM   OBSERVED TIME   RECORD YEAR NORMAL DEPARTURE LAST
                VALUE   (LST)  VALUE       VALUE  FROM      YEAR
                                                  NORMAL
..................................................................
TEMPERATURE (F)
 YESTERDAY
  MAXIMUM         96    140 PM 101    1907  95      1      100
  MINIMUM         75    442 AM  64    1994  75      0       75
  AVERAGE         86                        85      1       88

PRECIPITATION (IN)
  YESTERDAY        T             4.70 1943   0.10  -0.10     0.00
  MONTH TO DATE    1.09                      3.61  -2.52     0.44
  SINCE JUN 1     14.21                      9.54   4.67    11.83
  SINCE JAN 1     43.16                     27.93  15.23    42.27

DEGREE DAYS
 COOLING
  YESTERDAY       21                        20      1       23
  MONTH TO DATE  649                       562     87      611
  SINCE JUN 1   1169                      1082     87     1134
  SINCE JAN 1   1750                      1734     16     1826
..................................................................


WIND (MPH)
  HIGHEST WIND SPEED    17   HIGHEST WIND DIRECTION    SE (150)
  HIGHEST GUST SPEED    20   HIGHEST GUST DIRECTION     E (70)




RELATIVE HUMIDITY (PERCENT)
 HIGHEST   100
 LOWEST     49
 AVERAGE    75

..........................................................


THE HOUSTON INTERCONTINENTAL CLIMATE NORMALS FOR TODAY
                         NORMAL    RECORD    YEAR
 MAXIMUM TEMPERATURE (F)   95       102      1914
 MINIMUM TEMPERATURE (F)   75        68      1994
                                             1890


SUNRISE AND SUNSET
JULY 30 2016..........SUNRISE   640 AM CDT   SUNSET   816 PM CDT
JULY 31 2016..........SUNRISE   640 AM CDT   SUNSET   815 PM CDT


-  INDICATES NEGATIVE NUMBERS.
R  INDICATES RECORD WAS SET OR TIED.
MM INDICATES DATA IS MISSING.
T  INDICATES TRACE AMOUNT.




...................................

...THE HOUSTON/HOBBY AIRPORT CLIMATE SUMMARY FOR JULY 29 2016...

CLIMATE NORMAL PERIOD 1981 TO 2010
CLIMATE RECORD PERIOD 1930 TO 2016


WEATHER ITEM   OBSERVED TIME   RECORD YEAR NORMAL DEPARTURE LAST
                VALUE   (LST)  VALUE       VALUE  FROM      YEAR
                                                  NORMAL
..................................................................
TEMPERATURE (F)
 YESTERDAY
  MAXIMUM         95    139 PM 100    2015  93      2      100
                                      1944
  MINIMUM         78    606 AM  68    1994  76      2       77
  AVERAGE         87                        84      3       89

PRECIPITATION (IN)
  YESTERDAY        0.04          1.90 1971   0.12  -0.08     0.00
  MONTH TO DATE    5.38                      4.42   0.96     2.57
  SINCE JUN 1     14.21                     11.52   2.69     7.44
  SINCE JAN 1     39.06                     29.80   9.26    42.30

DEGREE DAYS
 COOLING
  YESTERDAY       22                        19      3       24
  MONTH TO DATE  640                       545     95      606
  SINCE JUN 1   1190                      1055    135     1145
  SINCE JAN 1   1961                      1709    252     1884
..................................................................


WIND (MPH)
  HIGHEST WIND SPEED    17   HIGHEST WIND DIRECTION    SE (150)
  HIGHEST GUST SPEED    21   HIGHEST GUST DIRECTION     S (160)




RELATIVE HUMIDITY (PERCENT)
 HIGHEST    91
 LOWEST     49
 AVERAGE    70

..........................................................


THE HOUSTON/HOBBY AIRPORT CLIMATE NORMALS FOR TODAY
                         NORMAL    RECORD    YEAR
 MAXIMUM TEMPERATURE (F)   93       101      2015
 MINIMUM TEMPERATURE (F)   76        69      1994


SUNRISE AND SUNSET
JULY 30 2016..........SUNRISE   640 AM CDT   SUNSET   815 PM CDT
JULY 31 2016..........SUNRISE   641 AM CDT   SUNSET   814 PM CDT


-  INDICATES NEGATIVE NUMBERS.
R  INDICATES RECORD WAS SET OR TIED.
MM INDICATES DATA IS MISSING.
T  INDICATES TRACE AMOUNT.




$$
