000
CDUS44 KHGX 301313
CLIHOU

CLIMATE REPORT
NATIONAL WEATHER SERVICE HOUSTON/GALVESTON TX
810 AM CDT THU JUL 30 2015


...MORNING CLIMATE DATA...

                            MORNING LOW    PRECIP SINCE MIDNIGHT
HOUSTON INTERCONTINENTAL         80                0.00
GALVESTON SCHOLES FIELD          82                0.00
BRYAN/COLLEGE STATION            77                0.00
HOUSTON HOBBY                    81                0.00
...................................

...THE HOUSTON INTERCONTINENTAL CLIMATE SUMMARY FOR JULY 29 2015...

CLIMATE NORMAL PERIOD 1981 TO 2010
CLIMATE RECORD PERIOD 1892 TO 2015


WEATHER ITEM   OBSERVED TIME   RECORD YEAR NORMAL DEPARTURE LAST
                VALUE   (LST)  VALUE       VALUE  FROM      YEAR
                                                  NORMAL
..................................................................
TEMPERATURE (F)
 YESTERDAY
  MAXIMUM        100    256 PM 101    1907  95      5       92
  MINIMUM         75    514 AM  64    1994  75      0       74
  AVERAGE         88                        85      3       83

PRECIPITATION (IN)
  YESTERDAY        0.00          4.70 1943   0.10  -0.10     0.03
  MONTH TO DATE    0.44                      3.61  -3.17     1.49
  SINCE JUN 1     11.83                      9.54   2.29     3.67
  SINCE JAN 1     42.27                     27.93  14.34    22.74

DEGREE DAYS
 COOLING
  YESTERDAY       23                        20      3       18
  MONTH TO DATE  611                       562     49      551
  SINCE JUN 1   1134                      1082     52     1084
  SINCE JAN 1   1826                      1734     92     1625
..................................................................


WIND (MPH)
  HIGHEST WIND SPEED    12   HIGHEST WIND DIRECTION     S (160)
  HIGHEST GUST SPEED    15   HIGHEST GUST DIRECTION     S (160)




RELATIVE HUMIDITY (PERCENT)
 HIGHEST   100
 LOWEST     33
 AVERAGE    67

..........................................................


THE HOUSTON INTERCONTINENTAL CLIMATE NORMALS FOR TODAY
                         NORMAL    RECORD    YEAR
 MAXIMUM TEMPERATURE (F)   95       102      1914
 MINIMUM TEMPERATURE (F)   75        68      1994
                                             1890


SUNRISE AND SUNSET
JULY 30 2015..........SUNRISE   639 AM CDT   SUNSET   816 PM CDT
JULY 31 2015..........SUNRISE   640 AM CDT   SUNSET   815 PM CDT


-  INDICATES NEGATIVE NUMBERS.
R  INDICATES RECORD WAS SET OR TIED.
MM INDICATES DATA IS MISSING.
T  INDICATES TRACE AMOUNT.



&&
...................................

...THE HOUSTON/HOBBY AIRPORT CLIMATE SUMMARY FOR JULY 29 2015...

CLIMATE NORMAL PERIOD 1981 TO 2010
CLIMATE RECORD PERIOD 1930 TO 2015


WEATHER ITEM   OBSERVED TIME   RECORD YEAR NORMAL DEPARTURE LAST
                VALUE   (LST)  VALUE       VALUE  FROM      YEAR
                                                  NORMAL
..................................................................
TEMPERATURE (F)
 YESTERDAY
  MAXIMUM        100R   328 PM 100    1944  93      7       94
  MINIMUM         77    559 AM  68    1994  76      1       77
  AVERAGE         89                        84      5       86

PRECIPITATION (IN)
  YESTERDAY        0.00          1.90 1971   0.12  -0.12     0.11
  MONTH TO DATE    2.57                      4.42  -1.85     1.23
  SINCE JUN 1      7.44                     11.52  -4.08     4.21
  SINCE JAN 1     42.30                     29.80  12.50    21.05

DEGREE DAYS
 COOLING
  YESTERDAY       24                        19      5       21
  MONTH TO DATE  606                       545     61      555
  SINCE JUN 1   1145                      1055     90     1084
  SINCE JAN 1   1884                      1709    175     1635
..................................................................


WIND (MPH)
  HIGHEST WIND SPEED    14   HIGHEST WIND DIRECTION     S (200)
  HIGHEST GUST SPEED    17   HIGHEST GUST DIRECTION    SE (150)




RELATIVE HUMIDITY (PERCENT)
 HIGHEST    91
 LOWEST     33
 AVERAGE    62

..........................................................


THE HOUSTON/HOBBY AIRPORT CLIMATE NORMALS FOR TODAY
                         NORMAL    RECORD    YEAR
 MAXIMUM TEMPERATURE (F)   93        99      1986
                                             1957
                                             1948
 MINIMUM TEMPERATURE (F)   76        69      1994


SUNRISE AND SUNSET
JULY 30 2015..........SUNRISE   640 AM CDT   SUNSET   815 PM CDT
JULY 31 2015..........SUNRISE   640 AM CDT   SUNSET   815 PM CDT


-  INDICATES NEGATIVE NUMBERS.
R  INDICATES RECORD WAS SET OR TIED.
MM INDICATES DATA IS MISSING.
T  INDICATES TRACE AMOUNT.

...MISCELLANEOUS CLIMATE DATA FOR YESTERDAY...

LOCATION                        HIGH    LOW     PRECIP
PEARLAND                        100      76      0.00
SUGAR LAND                      100      72      0.00
TOMBALL                          99      75      0.00
CONROE                           99      74      0.00
HUNTSVILLE                      101      75      0.00
ANGLETON/LAKE JACKSON            97      73      0.30
PALACIOS                         93      82      0.00
LEAGUE CITY (NWS)                97      77      0.00


THIS PRODUCT...ALONG WITH OTHER WEATHER...HYDROLOGIC...AND CLIMATE
PRODUCTS...IS AVAILABLE ON THE WEB AT HTTP://WWW.SRH.NOAA.GOV/HGX
OR AT HTTP://WEATHER.GOV

$$
