000
CDUS44 KHGX 191351
CLIHOU

CLIMATE REPORT
NATIONAL WEATHER SERVICE HOUSTON/GALVESTON TX
844 AM CDT SAT APR 19 2014


...MORNING CLIMATE DATA...

                            MORNING LOW    PRECIP SINCE MIDNIGHT
HOUSTON INTERCONTINENTAL         55                0.00
GALVESTON SCHOLES FIELD          61                0.00
BRYAN/COLLEGE STATION            54                0.00
HOUSTON HOBBY                    58                0.00

...................................


...THE HOUSTON INTERCONTINENTAL CLIMATE SUMMARY FOR APRIL 18 2014...

CLIMATE NORMAL PERIOD 1981 TO 2010
CLIMATE RECORD PERIOD 1892 TO 2014


WEATHER ITEM   OBSERVED TIME   RECORD YEAR NORMAL DEPARTURE LAST
                VALUE   (LST)  VALUE       VALUE  FROM      YEAR
                                                  NORMAL
..................................................................
TEMPERATURE (F)
 YESTERDAY
  MAXIMUM         79    415 PM  94    1987  80     -1       77
  MINIMUM         58    559 AM  42    1999  60     -2       53
  AVERAGE         69                        70     -1       65

PRECIPITATION (IN)
  YESTERDAY        0.00          8.16 1976   0.11  -0.11     0.05
  MONTH TO DATE    1.56                      1.85  -0.29     2.62
  SINCE MAR 1      4.01                      5.26  -1.25     3.51
  SINCE JAN 1      7.36                     11.84  -4.48     8.04

SNOWFALL (IN)
  YESTERDAY        0.0          MM      MM
  MONTH TO DATE    0.0
  SINCE MAR 1      0.0
  SINCE JUL 1      T

DEGREE DAYS
 HEATING
  YESTERDAY        0                         1     -1        0
  MONTH TO DATE   41                        30     11       40
  SINCE MAR 1    255                       171     84      216
  SINCE JUL 1   1735                      1359    376     1146

 COOLING
  YESTERDAY        4                         6     -2        0
  MONTH TO DATE   71                        87    -16       71
  SINCE MAR 1    103                       158    -55      136
  SINCE JAN 1    137                       196    -59      176
..................................................................


WIND (MPH)
  HIGHEST WIND SPEED    16   HIGHEST WIND DIRECTION    NE (30)
  HIGHEST GUST SPEED    22   HIGHEST GUST DIRECTION    NE (40)


RELATIVE HUMIDITY (PERCENT)
 HIGHEST    80
 LOWEST     40
 AVERAGE    60

..........................................................


THE HOUSTON INTERCONTINENTAL CLIMATE NORMALS FOR TODAY
                         NORMAL    RECORD    YEAR
 MAXIMUM TEMPERATURE (F)   80        92      2011
                                             1987
 MINIMUM TEMPERATURE (F)   60        40      1901


SUNRISE AND SUNSET
APRIL 19 2014.........SUNRISE   650 AM CDT   SUNSET   751 PM CDT
APRIL 20 2014.........SUNRISE   649 AM CDT   SUNSET   752 PM CDT


-  INDICATES NEGATIVE NUMBERS.
R  INDICATES RECORD WAS SET OR TIED.
MM INDICATES DATA IS MISSING.
T  INDICATES TRACE AMOUNT.




...................................

...THE HOUSTON/HOBBY AIRPORT CLIMATE SUMMARY FOR APRIL 18 2014...

CLIMATE NORMAL PERIOD 1981 TO 2010
CLIMATE RECORD PERIOD 1930 TO 2014


WEATHER ITEM   OBSERVED TIME   RECORD YEAR NORMAL DEPARTURE LAST
                VALUE   (LST)  VALUE       VALUE  FROM      YEAR
                                                  NORMAL
..................................................................
TEMPERATURE (F)
 YESTERDAY
  MAXIMUM         79    452 PM  91    1987  79      0       77
  MINIMUM         58    612 AM  46    1940  62     -4       54
  AVERAGE         69                        70     -1       66

PRECIPITATION (IN)
  YESTERDAY        0.00          5.15 2009   0.11  -0.11     0.19
  MONTH TO DATE    1.30                      1.83  -0.53     3.25
  SINCE MAR 1      3.84                      5.03  -1.19     4.43
  SINCE JAN 1      6.46                     12.11  -5.65     9.19

SNOWFALL (IN)
  YESTERDAY        0.0          MM      MM
  MONTH TO DATE    0.0
  SINCE MAR 1      0.0
  SINCE JUL 1      T

DEGREE DAYS
 HEATING
  YESTERDAY        0                         1     -1        0
  MONTH TO DATE   31                        25      6       31
  SINCE MAR 1    218                       146     72      174
  SINCE JUL 1   1545                      1216    329      942

 COOLING
  YESTERDAY        4                         6     -2        1
  MONTH TO DATE   65                        87    -22       68
  SINCE MAR 1    103                       156    -53      139
  SINCE JAN 1    142                       194    -52      185
..................................................................


WIND (MPH)
  HIGHEST WIND SPEED    17   HIGHEST WIND DIRECTION     N (10)
  HIGHEST GUST SPEED    23   HIGHEST GUST DIRECTION     N (20)


RELATIVE HUMIDITY (PERCENT)
 HIGHEST    84
 LOWEST     39
 AVERAGE    62

..........................................................


THE HOUSTON/HOBBY AIRPORT CLIMATE NORMALS FOR TODAY
                         NORMAL    RECORD    YEAR
 MAXIMUM TEMPERATURE (F)   80        88      2011
                                             1984
                                             1972
 MINIMUM TEMPERATURE (F)   62        40      1940


SUNRISE AND SUNSET
APRIL 19 2014.........SUNRISE   650 AM CDT   SUNSET   751 PM CDT
APRIL 20 2014.........SUNRISE   649 AM CDT   SUNSET   751 PM CDT


-  INDICATES NEGATIVE NUMBERS.
R  INDICATES RECORD WAS SET OR TIED.
MM INDICATES DATA IS MISSING.
T  INDICATES TRACE AMOUNT.
...........................................................

...MISCELLANEOUS CLIMATE DATA FOR YESTERDAY...

LOCATION                        HIGH    LOW     PRECIP

PEARLAND                         80      58      0.00
SUGAR LAND                       80      57      0.00
TOMBALL                          79      58      0.00
CONROE                           79      52      0.00
HUNTSVILLE                       78      56      0.00
ANGLETON/LAKE JACKSON            80      55      0.00
PALACIOS                         79      59      0.00
LEAGUE CITY (NWS)                78      57      0.00


THIS PRODUCT...ALONG WITH OTHER WEATHER...HYDROLOGIC...AND CLIMATE
PRODUCTS...IS AVAILABLE ON THE WEB AT HTTP://WWW.SRH.NOAA.GOV/HGX
OR AT HTTP://WEATHER.GOV

$$
