000
CDUS44 KHGX 301402
CLIHOU

CLIMATE REPORT
NATIONAL WEATHER SERVICE HOUSTON/GALVESTON TX
850 AM CDT SAT AUG 30 2014


...MORNING CLIMATE DATA...

                            MORNING LOW    PRECIP SINCE MIDNIGHT
HOUSTON INTERCONTINENTAL         76                0.00
GALVESTON SCHOLES FIELD          77                0.15
BRYAN/COLLEGE STATION            74                0.00
HOUSTON HOBBY                    77                0.00

...................................

...THE HOUSTON INTERCONTINENTAL CLIMATE SUMMARY FOR AUGUST 29 2014...

CLIMATE NORMAL PERIOD 1981 TO 2010
CLIMATE RECORD PERIOD 1892 TO 2014


WEATHER ITEM   OBSERVED TIME   RECORD YEAR NORMAL DEPARTURE LAST
                VALUE   (LST)  VALUE       VALUE  FROM      YEAR
                                                  NORMAL
..................................................................
TEMPERATURE (F)
 YESTERDAY
  MAXIMUM         91        MM 107    2011  93     -2       98
  MINIMUM         75        MM  61    1992  74      1       76
  AVERAGE         83                        84     -1       87

PRECIPITATION (IN)
  YESTERDAY        0.02          2.89 1953   0.15  -0.13     0.00
  MONTH TO DATE    0.41                      3.45  -3.04     3.33
  SINCE JUN 1      7.99                     13.17  -5.18    11.88
  SINCE JAN 1     27.06                     31.56  -4.50    21.20

DEGREE DAYS
 COOLING
  YESTERDAY       18                        19     -1       22
  MONTH TO DATE  581                       573      8      593
  SINCE JUN 1   1702                      1694      8     1780
  SINCE JAN 1   2243                      2346   -103     2350
..................................................................


WIND (MPH)
  HIGHEST WIND SPEED    15   HIGHEST WIND DIRECTION     E (80)
  HIGHEST GUST SPEED    17   HIGHEST GUST DIRECTION     E (80)




RELATIVE HUMIDITY (PERCENT)
 HIGHEST    97
 LOWEST     59
 AVERAGE    78

..........................................................


THE HOUSTON INTERCONTINENTAL CLIMATE NORMALS FOR TODAY
                         NORMAL    RECORD    YEAR
 MAXIMUM TEMPERATURE (F)   93       104      2000
 MINIMUM TEMPERATURE (F)   74        62      1986
                                             1893


SUNRISE AND SUNSET
AUGUST 30 2014........SUNRISE   657 AM CDT   SUNSET   746 PM CDT
AUGUST 31 2014........SUNRISE   658 AM CDT   SUNSET   745 PM CDT


-  INDICATES NEGATIVE NUMBERS.
R  INDICATES RECORD WAS SET OR TIED.
MM INDICATES DATA IS MISSING.
T  INDICATES TRACE AMOUNT.




...................................

...THE HOUSTON/HOBBY AIRPORT CLIMATE SUMMARY FOR AUGUST 29 2014...

CLIMATE NORMAL PERIOD 1981 TO 2010
CLIMATE RECORD PERIOD 1930 TO 2014


WEATHER ITEM   OBSERVED TIME   RECORD YEAR NORMAL DEPARTURE LAST
                VALUE   (LST)  VALUE       VALUE  FROM      YEAR
                                                  NORMAL
..................................................................
TEMPERATURE (F)
 YESTERDAY
  MAXIMUM         89    128 PM 103    2011  92     -3       98
  MINIMUM         77   1159 PM  65    1992  75      2       76
  AVERAGE         83                        84     -1       87

PRECIPITATION (IN)
  YESTERDAY        0.20          3.37 1953   0.19   0.01     0.00
  MONTH TO DATE    1.95                      4.65  -2.70     1.47
  SINCE JUN 1      6.19                     16.41 -10.22     4.41
  SINCE JAN 1     23.03                     34.69 -11.66    22.87

DEGREE DAYS
 COOLING
  YESTERDAY       18                        18      0       22
  MONTH TO DATE  596                       550     46      591
  SINCE JUN 1   1720                      1643     77     1814
  SINCE JAN 1   2271                      2297    -26     2384
..................................................................


WIND (MPH)
  HIGHEST WIND SPEED    21   HIGHEST WIND DIRECTION     E (110)
  HIGHEST GUST SPEED    29   HIGHEST GUST DIRECTION     E (110)




RELATIVE HUMIDITY (PERCENT)
 HIGHEST    91
 LOWEST     63
 AVERAGE    77

..........................................................


THE HOUSTON/HOBBY AIRPORT CLIMATE NORMALS FOR TODAY
                         NORMAL    RECORD    YEAR
 MAXIMUM TEMPERATURE (F)   92       102      2000
 MINIMUM TEMPERATURE (F)   75        66      1992


SUNRISE AND SUNSET
AUGUST 30 2014........SUNRISE   657 AM CDT   SUNSET   746 PM CDT
AUGUST 31 2014........SUNRISE   658 AM CDT   SUNSET   744 PM CDT


-  INDICATES NEGATIVE NUMBERS.
R  INDICATES RECORD WAS SET OR TIED.
MM INDICATES DATA IS MISSING.
T  INDICATES TRACE AMOUNT.

..........................................................

...MISCELLANEOUS CLIMATE DATA FOR YESTERDAY...

LOCATION                        HIGH    LOW     PRECIP

PEARLAND                         88      77      0.50
SUGAR LAND                       89      75      2.97
TOMBALL                          90      76       T
CONROE                           90      73      0.01
HUNTSVILLE                       95      75      0.01
ANGLETON/LAKE JACKSON            88      74      0.67
PALACIOS                         92      77      0.05
LEAGUE CITY (NWS)                87      75      0.66


THIS PRODUCT...ALONG WITH OTHER WEATHER...HYDROLOGIC...AND CLIMATE
PRODUCTS...IS AVAILABLE ON THE WEB AT HTTP://WWW.SRH.NOAA.GOV/HGX
OR AT HTTP://WEATHER.GOV

$$
