000
CDUS44 KHGX 012125
CLIHOU

CLIMATE REPORT
NATIONAL WEATHER SERVICE HOUSTON/GALVESTON TX
422 PM CDT FRI JUL 1 2016


...................................

...THE HOUSTON INTERCONTINENTAL CLIMATE SUMMARY FOR JULY 1 2016...
VALID TODAY AS OF 400 PM LOCAL TIME.

CLIMATE NORMAL PERIOD 1981 TO 2010
CLIMATE RECORD PERIOD 1892 TO 2016


WEATHER ITEM   OBSERVED TIME   RECORD YEAR NORMAL DEPARTURE LAST
                VALUE   (LST)  VALUE       VALUE  FROM      YEAR
                                                  NORMAL
..................................................................
TEMPERATURE (F)
 TODAY
  MAXIMUM         94    255 PM 102    1980  93      1       89
  MINIMUM         76    530 AM  66    1985  75      1       71
  AVERAGE         85                        84      1       80

PRECIPITATION (IN)
  TODAY            0.00          1.40 1941   0.16  -0.16     0.38
  MONTH TO DATE    0.00                      0.16  -0.16     0.38
  SINCE JUN 1     13.12                      6.09   7.03    11.77
  SINCE JAN 1     42.07                     24.48  17.59    42.21

DEGREE DAYS
 COOLING
  TODAY           20                        19      1       15
  MONTH TO DATE   20                        19      1       15
  SINCE JUN 1    540                       539      1      538
  SINCE JAN 1   1121                      1191    -70     1230
..................................................................


WIND (MPH)
  RESULTANT WIND SPEED   3   RESULTANT WIND DIRECTION   E (110)
  HIGHEST WIND SPEED    13   HIGHEST WIND DIRECTION    SE (130)
  HIGHEST GUST SPEED    18   HIGHEST GUST DIRECTION     E (70)
  AVERAGE WIND SPEED     4.0



WEATHER CONDITIONS
 THE FOLLOWING WEATHER WAS RECORDED TODAY.
  FOG


RELATIVE HUMIDITY (PERCENT)
 HIGHEST    94           200 AM
 LOWEST     52           100 PM
 AVERAGE    73

..........................................................


THE HOUSTON INTERCONTINENTAL CLIMATE NORMALS FOR TOMORROW
                         NORMAL    RECORD    YEAR
 MAXIMUM TEMPERATURE (F)   93       104      1894
 MINIMUM TEMPERATURE (F)   75        66      1924


SUNRISE AND SUNSET
JULY  1 2016..........SUNRISE   624 AM CDT   SUNSET   826 PM CDT
JULY  2 2016..........SUNRISE   625 AM CDT   SUNSET   826 PM CDT


-  INDICATES NEGATIVE NUMBERS.
R  INDICATES RECORD WAS SET OR TIED.
MM INDICATES DATA IS MISSING.
T  INDICATES TRACE AMOUNT.



&&
...................................

...THE HOUSTON/HOBBY AIRPORT CLIMATE SUMMARY FOR JULY 1 2016...
VALID TODAY AS OF 400 PM LOCAL TIME.

CLIMATE NORMAL PERIOD 1981 TO 2010
CLIMATE RECORD PERIOD 1930 TO 2016


WEATHER ITEM   OBSERVED TIME   RECORD YEAR NORMAL DEPARTURE LAST
                VALUE   (LST)  VALUE       VALUE  FROM      YEAR
                                                  NORMAL
..................................................................
TEMPERATURE (F)
 TODAY
  MAXIMUM         93    253 PM 100    2005  91      2       87
  MINIMUM         77    458 AM  67    1946  75      2       72
  AVERAGE         85                        83      2       80

PRECIPITATION (IN)
  TODAY            0.00          3.92 2010   0.20  -0.20     1.90
  MONTH TO DATE    0.00                      0.20  -0.20     1.90
  SINCE JUN 1      8.83                      7.30   1.53     6.77
  SINCE JAN 1     33.68                     25.58   8.10    41.63

DEGREE DAYS
 COOLING
  TODAY           20                        18      2       15
  MONTH TO DATE   20                        18      2       15
  SINCE JUN 1    570                       528     42      554
  SINCE JAN 1   1341                      1182    159     1293
..................................................................


WIND (MPH)
  RESULTANT WIND SPEED   2   RESULTANT WIND DIRECTION  SE (120)
  HIGHEST WIND SPEED    13   HIGHEST WIND DIRECTION    SE (150)
  HIGHEST GUST SPEED    18   HIGHEST GUST DIRECTION    SE (150)
  AVERAGE WIND SPEED     3.5



WEATHER CONDITIONS
 THE FOLLOWING WEATHER WAS RECORDED TODAY.
  NO SIGNIFICANT WEATHER WAS OBSERVED.


RELATIVE HUMIDITY (PERCENT)
 HIGHEST    94           500 AM
 LOWEST     52           300 PM
 AVERAGE    73

..........................................................


THE HOUSTON/HOBBY AIRPORT CLIMATE NORMALS FOR TOMORROW
                         NORMAL    RECORD    YEAR
 MAXIMUM TEMPERATURE (F)   91       101      1980
 MINIMUM TEMPERATURE (F)   75        68      1946
                                             1938


SUNRISE AND SUNSET
JULY  1 2016..........SUNRISE   625 AM CDT   SUNSET   825 PM CDT
JULY  2 2016..........SUNRISE   625 AM CDT   SUNSET   825 PM CDT


-  INDICATES NEGATIVE NUMBERS.
R  INDICATES RECORD WAS SET OR TIED.
MM INDICATES DATA IS MISSING.
T  INDICATES TRACE AMOUNT.

..........................................................

...MISCELLANEOUS CLIMATE DATA FOR TODAY...

LOCATION                        HIGH    LOW     PRECIP
PEARLAND                         94      78      0.00
SUGAR LAND                       92      73      0.00
TOMBALL                          94      75      0.00
CONROE                           94      72      0.00
HUNTSVILLE                       95      74      0.00
ANGLETON/LAKE JACKSON            90      75      0.00
PALACIOS                         90      76      0.00
LEAGUE CITY (NWS)                90      78      0.00


THIS PRODUCT...ALONG WITH OTHER WEATHER...HYDROLOGIC...AND CLIMATE
PRODUCTS...IS AVAILABLE ON THE WEB AT HTTP://WWW.SRH.NOAA.GOV/HGX
OR AT HTTP://WEATHER.GOV

$$
