000
CDUS46 KSEW 260829
CLIHQM


CLIMATE REPORT
NATIONAL WEATHER SERVICE SEATTLE WA
129 AM PDT MON JUN 26 2017


...................................

...THE HOQUIAM WA AIRPORT CLIMATE SUMMARY FOR JUNE 25 2017...

CLIMATE NORMAL PERIOD 1981 TO 2010
CLIMATE RECORD PERIOD 1953 TO 2017


WEATHER ITEM   OBSERVED TIME   RECORD YEAR NORMAL DEPARTURE LAST
                VALUE   (LST)  VALUE       VALUE  FROM      YEAR
                                                  NORMAL
..................................................................
TEMPERATURE (F)
 YESTERDAY
  MAXIMUM         82R   949 AM  82    2006  64     18       67
                                      2000
                                      1987
  MINIMUM         58   1152 PM  41    1971  52      6       53
                                      1964
  AVERAGE         70                        58     12       60

PRECIPITATION (IN)
  YESTERDAY        0.00          0.48 2013   0.05  -0.05     0.00
  MONTH TO DATE    1.99                      1.97   0.02     1.14
  SINCE OCT 1     84.05                     62.55  21.50    74.12
  SINCE JAN 1     42.51                     34.89   7.62    40.70

DEGREE DAYS
 HEATING
  YESTERDAY        0                         7     -7        5
  MONTH TO DATE  178                       210    -32      186
  SINCE JUN 1    178                       210    -32      186

 COOLING
  YESTERDAY        5                         0      5        0
  MONTH TO DATE   13                         0     13       13
  SINCE JUN 1     13                         0     13       13
  SINCE JAN 1     13                         1     12       18
..................................................................


WIND (MPH)
  RESULTANT WIND SPEED   7   RESULTANT WIND DIRECTION  SW (210)
  HIGHEST WIND SPEED    22   HIGHEST WIND DIRECTION    SW (230)
  HIGHEST GUST SPEED    25   HIGHEST GUST DIRECTION    SW (230)
  AVERAGE WIND SPEED    12.8


SKY COVER
  AVERAGE SKY COVER 0.3


WEATHER CONDITIONS
 THE FOLLOWING WEATHER WAS RECORDED YESTERDAY.
  FOG


RELATIVE HUMIDITY (PERCENT)
 HIGHEST    93          1000 PM
 LOWEST     48           900 AM
 AVERAGE    71

..........................................................


THE HOQUIAM WA AIRPORT CLIMATE NORMALS FOR TODAY
                         NORMAL    RECORD    YEAR
 MAXIMUM TEMPERATURE (F)   65        84      2006
                                             2000
 MINIMUM TEMPERATURE (F)   52        40      1971


SUNRISE AND SUNSET
JUNE 26 2017..........SUNRISE   522 AM PDT   SUNSET   915 PM PDT
JUNE 27 2017..........SUNRISE   523 AM PDT   SUNSET   915 PM PDT


-  INDICATES NEGATIVE NUMBERS.
R  INDICATES RECORD WAS SET OR TIED.
MM INDICATES DATA IS MISSING.
T  INDICATES TRACE AMOUNT.




$$
