000
CDUS46 KSEW 300827
CLIHQM


CLIMATE REPORT
NATIONAL WEATHER SERVICE SEATTLE WA
126 AM PDT THU OCT 30 2014


...................................

...THE HOQUIAM WA AIRPORT CLIMATE SUMMARY FOR OCTOBER 29 2014...

CLIMATE NORMAL PERIOD 1981 TO 2010
CLIMATE RECORD PERIOD 1953 TO 2014


WEATHER ITEM   OBSERVED TIME   RECORD YEAR NORMAL DEPARTURE LAST
                VALUE   (LST)  VALUE       VALUE  FROM      YEAR
                                                  NORMAL
..................................................................
TEMPERATURE (F)
 YESTERDAY
  MAXIMUM         61    336 PM  70    1962  55      6       56
  MINIMUM         53    656 AM  29    1971  43     10       31
  AVERAGE         57                        49      8       44

PRECIPITATION (IN)
  YESTERDAY        0.08          1.70 1975   0.30  -0.22     0.00
  MONTH TO DATE    9.55                      5.91   3.64     1.76
  SINCE OCT 1      9.55                      5.91   3.64     1.76
  SINCE JAN 1     56.64                     45.80  10.84    43.63

DEGREE DAYS
 HEATING
  YESTERDAY        8                        16     -8       21
  MONTH TO DATE  197                       362   -165      383
  SINCE SEP 1    290                       558   -268      528

 COOLING
  YESTERDAY        0                         0      0        0
  MONTH TO DATE    0                         0      0        0
  SINCE SEP 1     18                         7     11        7
  SINCE JAN 1     48                        23     25       20
..................................................................


WIND (MPH)
  RESULTANT WIND SPEED   3   RESULTANT WIND DIRECTION  SE (120)
  HIGHEST WIND SPEED    22   HIGHEST WIND DIRECTION    SW (210)
  HIGHEST GUST SPEED    27   HIGHEST GUST DIRECTION     S (200)
  AVERAGE WIND SPEED     6.0


SKY COVER
  AVERAGE SKY COVER 0.6


WEATHER CONDITIONS
 THE FOLLOWING WEATHER WAS RECORDED YESTERDAY.
  LIGHT RAIN
  FOG


RELATIVE HUMIDITY (PERCENT)
 HIGHEST   100           500 AM
 LOWEST     78           100 PM
 AVERAGE    89

..........................................................


THE HOQUIAM WA AIRPORT CLIMATE NORMALS FOR TODAY
                         NORMAL    RECORD    YEAR
 MAXIMUM TEMPERATURE (F)   55        65      1958
 MINIMUM TEMPERATURE (F)   43        29      2002
                                             1991
                                             1972


SUNRISE AND SUNSET
OCTOBER 30 2014.......SUNRISE   756 AM PDT   SUNSET   603 PM PDT
OCTOBER 31 2014.......SUNRISE   757 AM PDT   SUNSET   601 PM PDT


-  INDICATES NEGATIVE NUMBERS.
R  INDICATES RECORD WAS SET OR TIED.
MM INDICATES DATA IS MISSING.
T  INDICATES TRACE AMOUNT.




$$
