000
CDUS46 KSEW 310826
CLIHQM


CLIMATE REPORT
NATIONAL WEATHER SERVICE SEATTLE WA
126 AM PDT THU JUL 31 2014


...................................

...THE HOQUIAM WA AIRPORT CLIMATE SUMMARY FOR JULY 30 2014...

CLIMATE NORMAL PERIOD 1981 TO 2010
CLIMATE RECORD PERIOD 1953 TO 2014


WEATHER ITEM   OBSERVED TIME   RECORD YEAR NORMAL DEPARTURE LAST
                VALUE   (LST)  VALUE       VALUE  FROM      YEAR
                                                  NORMAL
..................................................................
TEMPERATURE (F)
 YESTERDAY
  MAXIMUM         74    505 PM  93    1959  67      7       62
  MINIMUM         54    528 AM  45    1969  54      0       56
  AVERAGE         64                        61      3       59

PRECIPITATION (IN)
  YESTERDAY        0.00          0.99 1955   0.03  -0.03     0.00
  MONTH TO DATE    0.83                      1.12  -0.29      T
  SINCE OCT 1     53.77                     63.94 -10.17    46.17
  SINCE JAN 1     41.66                     36.28   5.38    32.56

DEGREE DAYS
 HEATING
  YESTERDAY        1                         4     -3        6
  MONTH TO DATE  113                       153    -40      140
  SINCE JUN 1    317                       399    -82      315

 COOLING
  YESTERDAY        0                         0      0        0
  MONTH TO DATE    8                         0      8        0
  SINCE JUN 1      8                         2      6        8
  SINCE JAN 1     23                         3     20       11
..................................................................


WIND (MPH)
  RESULTANT WIND SPEED   5   RESULTANT WIND DIRECTION  SW (240)
  HIGHEST WIND SPEED    16   HIGHEST WIND DIRECTION    SW (230)
  HIGHEST GUST SPEED    19   HIGHEST GUST DIRECTION    SW (230)
  AVERAGE WIND SPEED     6.4


SKY COVER
  AVERAGE SKY COVER 0.2


WEATHER CONDITIONS
 THE FOLLOWING WEATHER WAS RECORDED YESTERDAY.
  FOG
  HAZE


RELATIVE HUMIDITY (PERCENT)
 HIGHEST   100           100 AM
 LOWEST     44           600 PM
 AVERAGE    72

..........................................................


THE HOQUIAM WA AIRPORT CLIMATE NORMALS FOR TODAY
                         NORMAL    RECORD    YEAR
 MAXIMUM TEMPERATURE (F)   67        90      1968
 MINIMUM TEMPERATURE (F)   54        46      1957


SUNRISE AND SUNSET
JULY 31 2014..........SUNRISE   554 AM PDT   SUNSET   849 PM PDT
AUGUST  1 2014........SUNRISE   555 AM PDT   SUNSET   848 PM PDT


-  INDICATES NEGATIVE NUMBERS.
R  INDICATES RECORD WAS SET OR TIED.
MM INDICATES DATA IS MISSING.
T  INDICATES TRACE AMOUNT.




$$
