000
CDUS46 KSEW 300831
CLIHQM


CLIMATE REPORT
NATIONAL WEATHER SERVICE SEATTLE WA
130 AM PDT TUE AUG 30 2016


...................................

...THE HOQUIAM WA AIRPORT CLIMATE SUMMARY FOR AUGUST 29 2016...

CLIMATE NORMAL PERIOD 1981 TO 2010
CLIMATE RECORD PERIOD 1953 TO 2016


WEATHER ITEM   OBSERVED TIME   RECORD YEAR NORMAL DEPARTURE LAST
                VALUE   (LST)  VALUE       VALUE  FROM      YEAR
                                                  NORMAL
..................................................................
TEMPERATURE (F)
 YESTERDAY
  MAXIMUM         66   1253 PM  84    2007  68     -2       65
  MINIMUM         49    213 AM  40    1969  53     -4       56
                                      1965
  AVERAGE         58                        61     -3       61

PRECIPITATION (IN)
  YESTERDAY        0.00          1.25 1977   0.06  -0.06     1.01
  MONTH TO DATE    0.19                      1.18  -0.99     1.32
  SINCE OCT 1     74.68                     65.14   9.54    59.61
  SINCE JAN 1     41.26                     37.48   3.78    28.19

DEGREE DAYS
 HEATING
  YESTERDAY        7                         4      3        4
  MONTH TO DATE   99                       116    -17       52
  SINCE JUN 1    430                       526    -96      255

 COOLING
  YESTERDAY        0                         0      0        0
  MONTH TO DATE   31                         0     31       12
  SINCE JUN 1     44                         8     36       31
  SINCE JAN 1     49                         9     40       31
..................................................................


WIND (MPH)
  RESULTANT WIND SPEED   4   RESULTANT WIND DIRECTION  SW (210)
  HIGHEST WIND SPEED    11   HIGHEST WIND DIRECTION    SW (240)
  HIGHEST GUST SPEED    23   HIGHEST GUST DIRECTION    SW (240)
  AVERAGE WIND SPEED     7.0


SKY COVER
  AVERAGE SKY COVER 0.6


WEATHER CONDITIONS
 THE FOLLOWING WEATHER WAS RECORDED YESTERDAY.
  FOG


RELATIVE HUMIDITY (PERCENT)
 HIGHEST   100           200 AM
 LOWEST     73           100 PM
 AVERAGE    87

..........................................................


THE HOQUIAM WA AIRPORT CLIMATE NORMALS FOR TODAY
                         NORMAL    RECORD    YEAR
 MAXIMUM TEMPERATURE (F)   68        83      1993
                                             1968
 MINIMUM TEMPERATURE (F)   53        43      1972


SUNRISE AND SUNSET
AUGUST 30 2016........SUNRISE   633 AM PDT   SUNSET   758 PM PDT
AUGUST 31 2016........SUNRISE   635 AM PDT   SUNSET   756 PM PDT


-  INDICATES NEGATIVE NUMBERS.
R  INDICATES RECORD WAS SET OR TIED.
MM INDICATES DATA IS MISSING.
T  INDICATES TRACE AMOUNT.




$$
