000
CDUS46 KSEW 110837
CLIHQM


CLIMATE REPORT
NATIONAL WEATHER SERVICE SEATTLE WA
1237 AM PST MON DEC 11 2017


...................................

...THE HOQUIAM WA AIRPORT CLIMATE SUMMARY FOR DECEMBER 10 2017...

CLIMATE NORMAL PERIOD 1981 TO 2010
CLIMATE RECORD PERIOD 1953 TO 2017


WEATHER ITEM   OBSERVED TIME   RECORD YEAR NORMAL DEPARTURE LAST
                VALUE   (LST)  VALUE       VALUE  FROM      YEAR
                                                  NORMAL
..................................................................
TEMPERATURE (F)
 YESTERDAY
  MAXIMUM         50    325 PM  60    2014  46      4       47
  MINIMUM         34    802 AM  15    1972  37     -3       34
  AVERAGE         42                        42      0       41

PRECIPITATION (IN)
  YESTERDAY        0.00          1.77 1955   0.31  -0.31     0.54
  MONTH TO DATE    1.58                      3.32  -1.74     3.18
  SINCE OCT 1     25.35                     21.02   4.33    34.95
  SINCE JAN 1     70.85                     60.91   9.94    79.86

DEGREE DAYS
 HEATING
  YESTERDAY       23                        23      0       24
  MONTH TO DATE  233                       228      5      248
  SINCE DEC 1    233                       228      5      248

 COOLING
  YESTERDAY        0                         0      0        0
  MONTH TO DATE    0                         0      0        0
  SINCE DEC 1      0                         0      0        0
  SINCE JAN 1     77                        23     54       50
..................................................................


WIND (MPH)
  RESULTANT WIND SPEED  12   RESULTANT WIND DIRECTION   E (70)
  HIGHEST WIND SPEED    20   HIGHEST WIND DIRECTION     E (70)
  HIGHEST GUST SPEED    23   HIGHEST GUST DIRECTION     E (70)
  AVERAGE WIND SPEED    12.3


SKY COVER
  AVERAGE SKY COVER 0.0


WEATHER CONDITIONS
 THE FOLLOWING WEATHER WAS RECORDED YESTERDAY.
  NO SIGNIFICANT WEATHER WAS OBSERVED.


RELATIVE HUMIDITY (PERCENT)
 HIGHEST    96           700 AM
 LOWEST     56           200 PM
 AVERAGE    76

..........................................................


THE HOQUIAM WA AIRPORT CLIMATE NORMALS FOR TODAY
                         NORMAL    RECORD    YEAR
 MAXIMUM TEMPERATURE (F)   46        57      2006
                                             1976
 MINIMUM TEMPERATURE (F)   37        18      2009


SUNRISE AND SUNSET
DECEMBER 11 2017......SUNRISE   752 AM PST   SUNSET   427 PM PST
DECEMBER 12 2017......SUNRISE   752 AM PST   SUNSET   427 PM PST


-  INDICATES NEGATIVE NUMBERS.
R  INDICATES RECORD WAS SET OR TIED.
MM INDICATES DATA IS MISSING.
T  INDICATES TRACE AMOUNT.




$$
