000
CDUS44 KBRO 200726
CLIHRL


CLIMATE REPORT
NATIONAL WEATHER SERVICE BROWNSVILLE TX
126 AM CST SAT JAN 20 2018


...................................

...THE HARLINGEN CLIMATE SUMMARY FOR JANUARY 19 2018...

CLIMATE NORMAL PERIOD 1981 TO 2010
CLIMATE RECORD PERIOD 1912 TO 2018


WEATHER ITEM   OBSERVED TIME   RECORD YEAR NORMAL DEPARTURE LAST
                VALUE   (LST)  VALUE       VALUE  FROM      YEAR
                                                  NORMAL
..................................................................
TEMPERATURE (F)
 YESTERDAY
  MAXIMUM         52   1159 PM  89    1922  71    -19       68
  MINIMUM         40    656 AM  28    1940  50    -10       60
                                      1943
  AVERAGE         46                        60    -14       64

PRECIPITATION (IN)
  YESTERDAY        0.09          1.08 1968   0.04   0.05     0.78
  MONTH TO DATE    0.23                      0.52  -0.29     0.84
  SINCE DEC 1      1.24                      1.78  -0.54     2.17
  SINCE JAN 1      0.23                      0.52  -0.29     0.84

SNOWFALL (IN)
  YESTERDAY       MM
  MONTH TO DATE    T
  SINCE DEC 1      1.0
  SINCE JUL 1      1.0

DEGREE DAYS
 HEATING
  YESTERDAY       19                         6     13        1
  MONTH TO DATE  249                       130    119       64
  SINCE DEC 1    476                       321    155      166
  SINCE JUL 1    519                       378    141      181

 COOLING
  YESTERDAY        0                         1     -1        0
  MONTH TO DATE    7                        37    -30       94
  SINCE DEC 1     92                        95     -3      251
  SINCE JAN 1      7                        37    -30       94
..................................................................


WIND (MPH)
  HIGHEST WIND SPEED    16   HIGHEST WIND DIRECTION    NW (310)
  HIGHEST GUST SPEED    20   HIGHEST GUST DIRECTION    NW (310)
  AVERAGE WIND SPEED     7.9



WEATHER CONDITIONS
 THE FOLLOWING WEATHER WAS RECORDED YESTERDAY.
  LIGHT RAIN
  FOG
  FOG W/VISIBILITY <= 1/4 MILE


RELATIVE HUMIDITY (PERCENT)
 HIGHEST   100
 LOWEST     96
 AVERAGE    98

..........................................................


THE HARLINGEN CLIMATE NORMALS FOR TODAY
                         NORMAL    RECORD    YEAR
 MAXIMUM TEMPERATURE (F)   71        86      1929
                                             1950
 MINIMUM TEMPERATURE (F)   50        28      1943


SUNRISE AND SUNSET
JANUARY 20 2018.......SUNRISE   719 AM CST   SUNSET   605 PM CST
JANUARY 21 2018.......SUNRISE   719 AM CST   SUNSET   605 PM CST


-  INDICATES NEGATIVE NUMBERS.
R  INDICATES RECORD WAS SET OR TIED.
MM INDICATES DATA IS MISSING.
T  INDICATES TRACE AMOUNT.




$$
