000
CDUS44 KBRO 130729
CLIHRL


CLIMATE REPORT
NATIONAL WEATHER SERVICE BROWNSVILLE TX
128 AM CST SAT FEB 13 2016


...................................

...THE HARLINGEN CLIMATE SUMMARY FOR FEBRUARY 12 2016...

CLIMATE NORMAL PERIOD 1981 TO 2010
CLIMATE RECORD PERIOD 1912 TO 2016


WEATHER ITEM   OBSERVED TIME   RECORD YEAR NORMAL DEPARTURE LAST
                VALUE   (LST)  VALUE       VALUE  FROM      YEAR
                                                  NORMAL
..................................................................
TEMPERATURE (F)
 YESTERDAY
  MAXIMUM         84    306 PM  93    1957  73     11       72
  MINIMUM         57   1152 PM  28    1955  52      5       53
  AVERAGE         71                        63      8       63

PRECIPITATION (IN)
  YESTERDAY        0.00          2.26 1999   0.06  -0.06     0.00
  MONTH TO DATE    0.00                      0.70  -0.70     0.69
  SINCE DEC 1      2.21                      3.02  -0.81     4.93
  SINCE JAN 1      1.91                      1.76   0.15     2.62

SNOWFALL (IN)
  YESTERDAY        0.0
  MONTH TO DATE    0.0
  SINCE DEC 1      0.0
  SINCE JUL 1      0.0

DEGREE DAYS
 HEATING
  YESTERDAY        0                         5     -5        2
  MONTH TO DATE   51                        60     -9       48
  SINCE DEC 1    324                       451   -127      447
  SINCE JUL 1    360                       508   -148      582

 COOLING
  YESTERDAY        6                         3      3        0
  MONTH TO DATE   20                        27     -7       11
  SINCE DEC 1    181                       134     47      116
  SINCE JAN 1     48                        76    -28       25
..................................................................


WIND (MPH)
  HIGHEST WIND SPEED    21   HIGHEST WIND DIRECTION     S (190)
  HIGHEST GUST SPEED    27   HIGHEST GUST DIRECTION     S (180)
  AVERAGE WIND SPEED    11.9



WEATHER CONDITIONS
 THE FOLLOWING WEATHER WAS RECORDED YESTERDAY.
  NO SIGNIFICANT WEATHER WAS OBSERVED.


RELATIVE HUMIDITY (PERCENT)
 HIGHEST    93
 LOWEST     37
 AVERAGE    65

..........................................................


THE HARLINGEN CLIMATE NORMALS FOR TODAY
                         NORMAL    RECORD    YEAR
 MAXIMUM TEMPERATURE (F)   74        95      1945
 MINIMUM TEMPERATURE (F)   53        30      1963


SUNRISE AND SUNSET
FEBRUARY 13 2016......SUNRISE   708 AM CST   SUNSET   622 PM CST
FEBRUARY 14 2016......SUNRISE   707 AM CST   SUNSET   623 PM CST


-  INDICATES NEGATIVE NUMBERS.
R  INDICATES RECORD WAS SET OR TIED.
MM INDICATES DATA IS MISSING.
T  INDICATES TRACE AMOUNT.




$$
