000
CDUS44 KBRO 250726
CLIHRL


CLIMATE REPORT
NATIONAL WEATHER SERVICE BROWNSVILLE TX
126 AM CST SUN JAN 25 2015


...................................

...THE HARLINGEN CLIMATE SUMMARY FOR JANUARY 24 2015...

CLIMATE NORMAL PERIOD 1981 TO 2010
CLIMATE RECORD PERIOD 1912 TO 2015


WEATHER ITEM   OBSERVED TIME   RECORD YEAR NORMAL DEPARTURE LAST
                VALUE   (LST)  VALUE       VALUE  FROM      YEAR
                                                  NORMAL
..................................................................
TEMPERATURE (F)
 YESTERDAY
  MAXIMUM         65    329 PM  94    2001  71     -6       43
  MINIMUM         38    412 AM  22    1963  50    -12       34
  AVERAGE         52                        61     -9       39

PRECIPITATION (IN)
  YESTERDAY        0.00          0.78 1926   0.04  -0.04      T
  MONTH TO DATE    1.91                      0.75   1.16     0.19
  SINCE DEC 1      4.22                      2.01   2.21     3.91
  SINCE JAN 1      1.91                      0.75   1.16     0.19

SNOWFALL (IN)
  YESTERDAY        0.0
  MONTH TO DATE    0.0
  SINCE DEC 1      0.0
  SINCE JUL 1      0.0

DEGREE DAYS
 HEATING
  YESTERDAY       13                         6      7       26
  MONTH TO DATE  299                       160    139      183
  SINCE DEC 1    387                       351     36      425
  SINCE JUL 1    522                       408    114      557

 COOLING
  YESTERDAY        0                         2     -2        0
  MONTH TO DATE    9                        44    -35       14
  SINCE DEC 1    100                       102     -2       77
  SINCE JAN 1      9                        44    -35       14
..................................................................


WIND (MPH)
  HIGHEST WIND SPEED    13   HIGHEST WIND DIRECTION     W (270)
  HIGHEST GUST SPEED    16   HIGHEST GUST DIRECTION     W (290)
  AVERAGE WIND SPEED     7.5



WEATHER CONDITIONS
 THE FOLLOWING WEATHER WAS RECORDED YESTERDAY.
  NO SIGNIFICANT WEATHER WAS OBSERVED.


RELATIVE HUMIDITY (PERCENT)
 HIGHEST    92
 LOWEST     37
 AVERAGE    65

..........................................................


THE HARLINGEN CLIMATE NORMALS FOR TODAY
                         NORMAL    RECORD    YEAR
 MAXIMUM TEMPERATURE (F)   71        88      2012
 MINIMUM TEMPERATURE (F)   50        22      1963


SUNRISE AND SUNSET
JANUARY 25 2015.......SUNRISE   718 AM CST   SUNSET   608 PM CST
JANUARY 26 2015.......SUNRISE   718 AM CST   SUNSET   609 PM CST


-  INDICATES NEGATIVE NUMBERS.
R  INDICATES RECORD WAS SET OR TIED.
MM INDICATES DATA IS MISSING.
T  INDICATES TRACE AMOUNT.




$$
