000
CDUS44 KBRO 280626
CLIHRL


CLIMATE REPORT
NATIONAL WEATHER SERVICE BROWNSVILLE TX
126 AM CDT SUN MAY 28 2017


...................................

...THE HARLINGEN CLIMATE SUMMARY FOR MAY 27 2017...

CLIMATE NORMAL PERIOD 1981 TO 2010
CLIMATE RECORD PERIOD 1912 TO 2017


WEATHER ITEM   OBSERVED TIME   RECORD YEAR NORMAL DEPARTURE LAST
                VALUE   (LST)  VALUE       VALUE  FROM      YEAR
                                                  NORMAL
..................................................................
TEMPERATURE (F)
 YESTERDAY
  MAXIMUM        100R   230 PM  99    2011  92      8       96
  MINIMUM         79    544 AM  59    1913  73      6       80
  AVERAGE         90                        82      8       88

PRECIPITATION (IN)
  YESTERDAY        0.00          1.11 2007   0.09  -0.09      T
  MONTH TO DATE    0.18                      2.14  -1.96     1.63
  SINCE MAR 1      3.27                      5.10  -1.83     3.90
  SINCE JAN 1      4.58                      7.57  -2.99     5.81

SNOWFALL (IN)
  YESTERDAY        0.0
  MONTH TO DATE    0.0
  SINCE MAR 1      0.0
  SINCE JUL 1      0.0

DEGREE DAYS
 HEATING
  YESTERDAY        0                         0      0        0
  MONTH TO DATE    0                         0      0        0
  SINCE MAR 1      4                        54    -50       13
  SINCE JUL 1    234                       622   -388      389

 COOLING
  YESTERDAY       25                        17      8       23
  MONTH TO DATE  431                       416     15      468
  SINCE MAR 1   1100                       905    195     1140
  SINCE JAN 1   1467                      1030    437     1280
..................................................................


WIND (MPH)
  HIGHEST WIND SPEED    26   HIGHEST WIND DIRECTION    SE (140)
  HIGHEST GUST SPEED    31   HIGHEST GUST DIRECTION    SE (150)
  AVERAGE WIND SPEED    16.0



WEATHER CONDITIONS
 THE FOLLOWING WEATHER WAS RECORDED YESTERDAY.
  FOG


RELATIVE HUMIDITY (PERCENT)
 HIGHEST   100
 LOWEST     48
 AVERAGE    74

..........................................................


THE HARLINGEN CLIMATE NORMALS FOR TODAY
                         NORMAL    RECORD    YEAR
 MAXIMUM TEMPERATURE (F)   92       104      1973
 MINIMUM TEMPERATURE (F)   73        58      1913


SUNRISE AND SUNSET
MAY 28 2017...........SUNRISE   639 AM CDT   SUNSET   817 PM CDT
MAY 29 2017...........SUNRISE   639 AM CDT   SUNSET   818 PM CDT


-  INDICATES NEGATIVE NUMBERS.
R  INDICATES RECORD WAS SET OR TIED.
MM INDICATES DATA IS MISSING.
T  INDICATES TRACE AMOUNT.




$$
