000
CDUS44 KBRO 292136
CLIHRL


CLIMATE REPORT
NATIONAL WEATHER SERVICE BROWNSVILLE TX
436 PM CDT SUN MAR 29 2015


...................................

...THE HARLINGEN CLIMATE SUMMARY FOR MARCH 29 2015...
VALID TODAY AS OF 0400 PM LOCAL TIME.

CLIMATE NORMAL PERIOD 1981 TO 2010
CLIMATE RECORD PERIOD 1912 TO 2015


WEATHER ITEM   OBSERVED TIME   RECORD YEAR NORMAL DEPARTURE LAST
                VALUE   (LST)  VALUE       VALUE  FROM      YEAR
                                                  NORMAL
..................................................................
TEMPERATURE (F)
 TODAY
  MAXIMUM         83    156 PM 100    1928  83      0       79
  MINIMUM         64    449 AM  41    1955  61      3       61
  AVERAGE         74                        72      2       70

PRECIPITATION (IN)
  TODAY            0.00          1.82 2006   0.05  -0.05     0.00
  MONTH TO DATE    3.06                      1.21   1.85     1.78
  SINCE MAR 1      3.06                      1.21   1.85     1.78
  SINCE JAN 1      5.98                      3.68   2.30     2.78

SNOWFALL (IN)
  TODAY            0.0
  MONTH TO DATE    0.0
  SINCE MAR 1      0.0
  SINCE JUL 1      0.0
  SNOW DEPTH       0

DEGREE DAYS
 HEATING
  TODAY            0                         1     -1        0
  MONTH TO DATE   74                        47     27      107
  SINCE MAR 1     74                        47     27      107
  SINCE JUL 1    767                       615    152      918

 COOLING
  TODAY            9                         7      2        5
  MONTH TO DATE  101                       155    -54      101
  SINCE MAR 1    101                       155    -54      101
  SINCE JAN 1    160                       280   -120      212
..................................................................


WIND (MPH)
  HIGHEST WIND SPEED    30   HIGHEST WIND DIRECTION     S (160)
  HIGHEST GUST SPEED    38   HIGHEST GUST DIRECTION     S (160)
  AVERAGE WIND SPEED    17.0



WEATHER CONDITIONS
 THE FOLLOWING WEATHER WAS RECORDED TODAY.
  NO SIGNIFICANT WEATHER WAS OBSERVED.


RELATIVE HUMIDITY (PERCENT)
 HIGHEST    93
 LOWEST     51
 AVERAGE    72

..........................................................


THE HARLINGEN CLIMATE NORMALS FOR TOMORROW
                         NORMAL    RECORD    YEAR
 MAXIMUM TEMPERATURE (F)   83        99      1946
 MINIMUM TEMPERATURE (F)   61        35      1930


SUNRISE AND SUNSET
MARCH 29 2015.........SUNRISE   725 AM CDT   SUNSET   746 PM CDT
MARCH 30 2015.........SUNRISE   724 AM CDT   SUNSET   747 PM CDT


-  INDICATES NEGATIVE NUMBERS.
R  INDICATES RECORD WAS SET OR TIED.
MM INDICATES DATA IS MISSING.
T  INDICATES TRACE AMOUNT.




$$
