000
CDUS44 KBRO 050725
CLIHRL


CLIMATE REPORT
NATIONAL WEATHER SERVICE BROWNSVILLE TX
125 AM CST MON DEC 5 2016


...................................

...THE HARLINGEN CLIMATE SUMMARY FOR DECEMBER 4 2016...

CLIMATE NORMAL PERIOD 1981 TO 2010
CLIMATE RECORD PERIOD 1912 TO 2016


WEATHER ITEM   OBSERVED TIME   RECORD YEAR NORMAL DEPARTURE LAST
                VALUE   (LST)  VALUE       VALUE  FROM      YEAR
                                                  NORMAL
..................................................................
TEMPERATURE (F)
 YESTERDAY
  MAXIMUM         71    318 AM  90    1978  74     -3       74
  MINIMUM         55   1159 PM  30    1929  52      3       46
  AVERAGE         63                        63      0       60

PRECIPITATION (IN)
  YESTERDAY        0.16          0.75 1937   0.06   0.10     0.00
  MONTH TO DATE    0.71                      0.21   0.50     0.02
  SINCE DEC 1      0.71                      0.21   0.50     0.02
  SINCE JAN 1     20.97                     24.13  -3.16    32.92

SNOWFALL (IN)
  YESTERDAY        0.0
  MONTH TO DATE    0.0
  SINCE DEC 1      0.0
  SINCE JUL 1      0.0

DEGREE DAYS
 HEATING
  YESTERDAY        2                         5     -3        5
  MONTH TO DATE    2                        19    -17       20
  SINCE DEC 1      2                        19    -17       20
  SINCE JUL 1     17                        76    -59       56

 COOLING
  YESTERDAY        0                         3     -3        0
  MONTH TO DATE   20                        12      8        0
  SINCE DEC 1     20                        12      8        0
  SINCE JAN 1   4658                      3946    712     4244
..................................................................


WIND (MPH)
  HIGHEST WIND SPEED    22   HIGHEST WIND DIRECTION    NW (310)
  HIGHEST GUST SPEED    27   HIGHEST GUST DIRECTION    NW (320)
  AVERAGE WIND SPEED    13.8



WEATHER CONDITIONS
 THE FOLLOWING WEATHER WAS RECORDED YESTERDAY.
  THUNDERSTORM
  LIGHT RAIN
  FOG


RELATIVE HUMIDITY (PERCENT)
 HIGHEST   100
 LOWEST    100
 AVERAGE   100

..........................................................


THE HARLINGEN CLIMATE NORMALS FOR TODAY
                         NORMAL    RECORD    YEAR
 MAXIMUM TEMPERATURE (F)   73        90      1942
 MINIMUM TEMPERATURE (F)   52        29      2009


SUNRISE AND SUNSET
DECEMBER  5 2016......SUNRISE   704 AM CST   SUNSET   539 PM CST
DECEMBER  6 2016......SUNRISE   705 AM CST   SUNSET   539 PM CST


-  INDICATES NEGATIVE NUMBERS.
R  INDICATES RECORD WAS SET OR TIED.
MM INDICATES DATA IS MISSING.
T  INDICATES TRACE AMOUNT.




$$
