000
CDUS44 KBRO 250629
CLIHRL


CLIMATE REPORT
NATIONAL WEATHER SERVICE BROWNSVILLE TX
129 AM CDT FRI APR 25 2014


...................................

...THE HARLINGEN CLIMATE SUMMARY FOR APRIL 24 2014...

CLIMATE NORMAL PERIOD 1981 TO 2010
CLIMATE RECORD PERIOD 1912 TO 2014


WEATHER ITEM   OBSERVED TIME   RECORD YEAR NORMAL DEPARTURE LAST
                VALUE   (LST)  VALUE       VALUE  FROM      YEAR
                                                  NORMAL
..................................................................
TEMPERATURE (F)
 YESTERDAY
  MAXIMUM         92    159 PM 106    1955  87      5       75
  MINIMUM         72    635 AM  49    1928  67      5       53
  AVERAGE         82                        77      5       64

PRECIPITATION (IN)
  YESTERDAY        0.00          2.20 2001   0.05  -0.05     0.04
  MONTH TO DATE    0.17                      1.35  -1.18     0.08
  SINCE MAR 1      1.95                      2.64  -0.69     0.14
  SINCE JAN 1      2.95                      5.11  -2.16     2.88

SNOWFALL (IN)
  YESTERDAY        0.0
  MONTH TO DATE    0.0
  SINCE MAR 1      0.0
  SINCE JUL 1      0.0

DEGREE DAYS
 HEATING
  YESTERDAY        0                         0      0        1
  MONTH TO DATE   12                         7      5       10
  SINCE MAR 1    119                        53     66       53
  SINCE JUL 1    930                       621    309      401

 COOLING
  YESTERDAY       17                        12      5        0
  MONTH TO DATE  197                       243    -46      235
  SINCE MAR 1    309                       413   -104      396
  SINCE JAN 1    420                       538   -118      590
..................................................................


WIND (MPH)
  HIGHEST WIND SPEED    24   HIGHEST WIND DIRECTION     S (160)
  HIGHEST GUST SPEED    30   HIGHEST GUST DIRECTION     S (160)
  AVERAGE WIND SPEED    15.6



WEATHER CONDITIONS
 THE FOLLOWING WEATHER WAS RECORDED YESTERDAY.
  NO SIGNIFICANT WEATHER WAS OBSERVED.


RELATIVE HUMIDITY (PERCENT)
 HIGHEST    93
 LOWEST     44
 AVERAGE    69

..........................................................


THE HARLINGEN CLIMATE NORMALS FOR TODAY
                         NORMAL    RECORD    YEAR
 MAXIMUM TEMPERATURE (F)   87       100      1945
 MINIMUM TEMPERATURE (F)   67        52      1913


SUNRISE AND SUNSET
APRIL 25 2014.........SUNRISE   658 AM CDT   SUNSET   759 PM CDT
APRIL 26 2014.........SUNRISE   657 AM CDT   SUNSET   800 PM CDT


-  INDICATES NEGATIVE NUMBERS.
R  INDICATES RECORD WAS SET OR TIED.
MM INDICATES DATA IS MISSING.
T  INDICATES TRACE AMOUNT.




$$
