000
CDUS44 KBRO 242135
CLIHRL


CLIMATE REPORT
NATIONAL WEATHER SERVICE BROWNSVILLE TX
435 PM CDT MON JUL 24 2017


...................................

...THE HARLINGEN CLIMATE SUMMARY FOR JULY 24 2017...
VALID TODAY AS OF 0400 PM LOCAL TIME.

CLIMATE NORMAL PERIOD 1981 TO 2010
CLIMATE RECORD PERIOD 1912 TO 2017


WEATHER ITEM   OBSERVED TIME   RECORD YEAR NORMAL DEPARTURE LAST
                VALUE   (LST)  VALUE       VALUE  FROM      YEAR
                                                  NORMAL
..................................................................
TEMPERATURE (F)
 TODAY
  MAXIMUM         99    238 PM 104    1934  96      3       MM
  MINIMUM         78    613 AM  66    1923  75      3       MM
  AVERAGE         89                        85      4       MM

PRECIPITATION (IN)
  TODAY            0.00          1.11 1921   0.04  -0.04     0.00
  MONTH TO DATE    0.94                      1.61  -0.67     0.09
  SINCE JUN 1      2.20                      4.11  -1.91     5.22
  SINCE JAN 1      8.79                     12.03  -3.24    12.11

SNOWFALL (IN)
  TODAY            0.0
  MONTH TO DATE    0.0
  SINCE JUN 1      0.0
  SINCE JUL 1      0.0
  SNOW DEPTH       0

DEGREE DAYS
 HEATING
  TODAY            0                         0      0       MM
  MONTH TO DATE    0                         0      0        0
  SINCE JUN 1      0                         0      0        0
  SINCE JUL 1      0                         0      0        0

 COOLING
  TODAY           24                        20      4       MM
  MONTH TO DATE  508                       480     28      529
  SINCE JUN 1   1122                      1048     74     1114
  SINCE JAN 1   2657                      2149    508     2475
..................................................................


WIND (MPH)
  HIGHEST WIND SPEED    28   HIGHEST WIND DIRECTION    SE (140)
  HIGHEST GUST SPEED    37   HIGHEST GUST DIRECTION    SE (150)
  AVERAGE WIND SPEED    15.0



WEATHER CONDITIONS
 THE FOLLOWING WEATHER WAS RECORDED TODAY.
  NO SIGNIFICANT WEATHER WAS OBSERVED.


RELATIVE HUMIDITY (PERCENT)
 HIGHEST    97
 LOWEST     45
 AVERAGE    71

..........................................................


THE HARLINGEN CLIMATE NORMALS FOR TOMORROW
                         NORMAL    RECORD    YEAR
 MAXIMUM TEMPERATURE (F)   96       104      1943
 MINIMUM TEMPERATURE (F)   75        66      1915


SUNRISE AND SUNSET
JULY 24 2017..........SUNRISE   652 AM CDT   SUNSET   822 PM CDT
JULY 25 2017..........SUNRISE   653 AM CDT   SUNSET   821 PM CDT


-  INDICATES NEGATIVE NUMBERS.
R  INDICATES RECORD WAS SET OR TIED.
MM INDICATES DATA IS MISSING.
T  INDICATES TRACE AMOUNT.




$$
