000
CDUS44 KBRO 290626
CLIHRL


CLIMATE REPORT
NATIONAL WEATHER SERVICE BROWNSVILLE TX
125 AM CDT FRI APR 29 2016


...................................

...THE HARLINGEN CLIMATE SUMMARY FOR APRIL 28 2016...

CLIMATE NORMAL PERIOD 1981 TO 2010
CLIMATE RECORD PERIOD 1912 TO 2016


WEATHER ITEM   OBSERVED TIME   RECORD YEAR NORMAL DEPARTURE LAST
                VALUE   (LST)  VALUE       VALUE  FROM      YEAR
                                                  NORMAL
..................................................................
TEMPERATURE (F)
 YESTERDAY
  MAXIMUM         93    303 PM 103    1937  88      5       82
  MINIMUM         74    208 AM  46    1920  68      6       62
  AVERAGE         84                        78      6       72

PRECIPITATION (IN)
  YESTERDAY        T             2.37 2013   0.05  -0.05      T
  MONTH TO DATE    0.48                      1.56  -1.08     3.73
  SINCE MAR 1      2.26                      2.85  -0.59     6.79
  SINCE JAN 1      4.17                      5.32  -1.15     9.71

SNOWFALL (IN)
  YESTERDAY        0.0
  MONTH TO DATE    0.0
  SINCE MAR 1      0.0
  SINCE JUL 1      0.0

DEGREE DAYS
 HEATING
  YESTERDAY        0                         0      0        0
  MONTH TO DATE    2                         7     -5        0
  SINCE MAR 1     13                        53    -40       74
  SINCE JUL 1    389                       621   -232      767

 COOLING
  YESTERDAY       19                        13      6        7
  MONTH TO DATE  345                       293     52      374
  SINCE MAR 1    630                       463    167      495
  SINCE JAN 1    770                       588    182      554
..................................................................


WIND (MPH)
  HIGHEST WIND SPEED    23   HIGHEST WIND DIRECTION    SE (130)
  HIGHEST GUST SPEED    30   HIGHEST GUST DIRECTION    SE (130)
  AVERAGE WIND SPEED    11.7



WEATHER CONDITIONS
 THE FOLLOWING WEATHER WAS RECORDED YESTERDAY.
  LIGHT RAIN
  FOG
  HAZE


RELATIVE HUMIDITY (PERCENT)
 HIGHEST    94
 LOWEST     56
 AVERAGE    75

..........................................................


THE HARLINGEN CLIMATE NORMALS FOR TODAY
                         NORMAL    RECORD    YEAR
 MAXIMUM TEMPERATURE (F)   88       102      1937
 MINIMUM TEMPERATURE (F)   68        48      1920


SUNRISE AND SUNSET
APRIL 29 2016.........SUNRISE   654 AM CDT   SUNSET   802 PM CDT
APRIL 30 2016.........SUNRISE   654 AM CDT   SUNSET   802 PM CDT


-  INDICATES NEGATIVE NUMBERS.
R  INDICATES RECORD WAS SET OR TIED.
MM INDICATES DATA IS MISSING.
T  INDICATES TRACE AMOUNT.




$$
