000
CDUS44 KBRO 210733
CLIHRL


CLIMATE REPORT
NATIONAL WEATHER SERVICE BROWNSVILLE TX
133 AM CST SUN DEC 21 2014


...................................

...THE HARLINGEN CLIMATE SUMMARY FOR DECEMBER 20 2014...

CLIMATE NORMAL PERIOD 1981 TO 2010
CLIMATE RECORD PERIOD 1912 TO 2014


WEATHER ITEM   OBSERVED TIME   RECORD YEAR NORMAL DEPARTURE LAST
                VALUE   (LST)  VALUE       VALUE  FROM      YEAR
                                                  NORMAL
..................................................................
TEMPERATURE (F)
 YESTERDAY
  MAXIMUM         61    216 AM  88    2007  71    -10       83
                                      1921
  MINIMUM         56    938 PM  28    1924  49      7       68
  AVERAGE         59                        60     -1       76

PRECIPITATION (IN)
  YESTERDAY        0.00          1.10 1940   0.04  -0.04     0.00
  MONTH TO DATE    1.05                      0.98   0.07     0.13
  SINCE DEC 1      1.05                      0.98   0.07     0.13
  SINCE JAN 1     22.84                     24.90  -2.06    29.30

SNOWFALL (IN)
  YESTERDAY        0.0
  MONTH TO DATE    0.0
  SINCE DEC 1      0.0
  SINCE JUL 1      0.0

DEGREE DAYS
 HEATING
  YESTERDAY        6                         7     -1        0
  MONTH TO DATE   23                       114    -91      154
  SINCE DEC 1     23                       114    -91      154
  SINCE JUL 1    158                       171    -13      286

 COOLING
  YESTERDAY        0                         1     -1       11
  MONTH TO DATE   80                        43     37       48
  SINCE DEC 1     80                        43     37       48
  SINCE JAN 1   3907                      3977    -70     4061
..................................................................


WIND (MPH)
  HIGHEST WIND SPEED    16   HIGHEST WIND DIRECTION     N (10)
  HIGHEST GUST SPEED    18   HIGHEST GUST DIRECTION     N (20)
  AVERAGE WIND SPEED    11.3



WEATHER CONDITIONS
 THE FOLLOWING WEATHER WAS RECORDED YESTERDAY.
  FOG


RELATIVE HUMIDITY (PERCENT)
 HIGHEST    93
 LOWEST     80
 AVERAGE    87

..........................................................


THE HARLINGEN CLIMATE NORMALS FOR TODAY
                         NORMAL    RECORD    YEAR
 MAXIMUM TEMPERATURE (F)   71        92      1920
 MINIMUM TEMPERATURE (F)   49        25      1973


SUNRISE AND SUNSET
DECEMBER 21 2014......SUNRISE   714 AM CST   SUNSET   544 PM CST
DECEMBER 22 2014......SUNRISE   714 AM CST   SUNSET   544 PM CST


-  INDICATES NEGATIVE NUMBERS.
R  INDICATES RECORD WAS SET OR TIED.
MM INDICATES DATA IS MISSING.
T  INDICATES TRACE AMOUNT.




$$
