000
CDUS44 KLZK 312102
CLIHRO


CLIMATE REPORT
NATIONAL WEATHER SERVICE LITTLE ROCK AR
401 PM CDT MON AUG 31 2015


...................................

...THE HARRISON CLIMATE SUMMARY FOR AUGUST 31 2015...
VALID TODAY AS OF 0400 PM LOCAL TIME.

CLIMATE NORMAL PERIOD 1981 TO 2010
CLIMATE RECORD PERIOD 1891 TO 2015


WEATHER ITEM   OBSERVED TIME   RECORD YEAR NORMAL DEPARTURE LAST
                VALUE   (LST)  VALUE       VALUE  FROM      YEAR
                                                  NORMAL
..................................................................
TEMPERATURE (F)
 TODAY
  MAXIMUM         87   1251 PM 106    1913  86      1       89
  MINIMUM         62    611 AM  41    1915  64     -2       67
  AVERAGE         75                        75      0       78

PRECIPITATION (IN)
  TODAY            T             3.58 1905   0.12  -0.12     0.00
  MONTH TO DATE    5.13                      3.58   1.55     1.15
  SINCE JUN 1     17.27                     10.96   6.31    11.37
  SINCE JAN 1     40.22                     28.96  11.26    26.68

SNOWFALL (IN)
  TODAY            0.0          MM      MM   0.0    0.0      0.0
  MONTH TO DATE    0.0                       0.0    0.0      0.0
  SINCE JUN 1      0.0                       0.0    0.0      0.0
  SINCE JUL 1      0.0                       0.0    0.0      0.0
  SNOW DEPTH       0

DEGREE DAYS
 HEATING
  TODAY            0                         0      0        0
  MONTH TO DATE    1                         0      1        0
  SINCE JUN 1      1                         7     -6        1
  SINCE JUL 1      1                         1      0        1

 COOLING
  TODAY           10                        10      0       13
  MONTH TO DATE  302                       393    -91      399
  SINCE JUN 1   1096                      1072     24      943
  SINCE JAN 1   1220                      1211      9     1130
..................................................................


WIND (MPH)
  HIGHEST WIND SPEED    MM   HIGHEST WIND DIRECTION    MM
  HIGHEST GUST SPEED    MM   HIGHEST GUST DIRECTION    MM
  AVERAGE WIND SPEED    MM


SKY COVER
  POSSIBLE SUNSHINE  MM
  AVERAGE SKY COVER  MM


WEATHER CONDITIONS
 THE FOLLOWING WEATHER WAS RECORDED TODAY.
  THUNDERSTORM
  LIGHT RAIN


RELATIVE HUMIDITY (PERCENT)
 HIGHEST    MM
 LOWEST     MM
 AVERAGE    MM

..........................................................


THE HARRISON CLIMATE NORMALS FOR TOMORROW
                         NORMAL    RECORD    YEAR
 MAXIMUM TEMPERATURE (F)   86       103      2000
 MINIMUM TEMPERATURE (F)   63        40      1967


SUNRISE AND SUNSET
AUGUST 31 2015........SUNRISE   643 AM CDT   SUNSET   742 PM CDT
SEPTEMBER  1 2015.....SUNRISE   644 AM CDT   SUNSET   741 PM CDT


-  INDICATES NEGATIVE NUMBERS.
R  INDICATES RECORD WAS SET OR TIED.
MM INDICATES DATA IS MISSING.
T  INDICATES TRACE AMOUNT.




$$
