000
CDUS44 KLZK 280909
CLIHRO


CLIMATE REPORT
NATIONAL WEATHER SERVICE LITTLE ROCK AR
409 AM CDT SAT MAR 28 2015


...................................

...THE HARRISON CLIMATE SUMMARY FOR MARCH 27 2015...

CLIMATE NORMAL PERIOD 1981 TO 2010
CLIMATE RECORD PERIOD 1891 TO 2015


WEATHER ITEM   OBSERVED TIME   RECORD YEAR NORMAL DEPARTURE LAST
                VALUE   (LST)  VALUE       VALUE  FROM      YEAR
                                                  NORMAL
..................................................................
TEMPERATURE (F)
 YESTERDAY
  MAXIMUM         48    411 PM  81    2008  64    -16       65
  MINIMUM         37   1208 AM  17    1955  41     -4       46
  AVERAGE         43                        52     -9       56

PRECIPITATION (IN)
  YESTERDAY        T             3.11 1977   0.13  -0.13      T
  MONTH TO DATE    5.94                      3.23   2.71     3.75
  SINCE MAR 1      5.94                      3.23   2.71     3.75
  SINCE JAN 1      9.48                      8.43   1.05     5.70

SNOWFALL (IN)
  YESTERDAY        0.0           T    2011   0.0    0.0      0.0
                                      1996
  MONTH TO DATE    4.3                       2.0    2.3     10.0
  SINCE MAR 1      4.3                       2.0    2.3     10.0
  SINCE JUL 1     13.6                      11.2    2.4     25.8
  SNOW DEPTH       0

DEGREE DAYS
 HEATING
  YESTERDAY       22                        13      9        9
  MONTH TO DATE  465                       458      7      561
  SINCE MAR 1    465                       458      7      561
  SINCE JUL 1   3860                      3630    230     4096

 COOLING
  YESTERDAY        0                         0      0        0
  MONTH TO DATE    0                         0      0        0
  SINCE MAR 1      0                         0      0        0
  SINCE JAN 1      0                         0      0        0
..................................................................


WIND (MPH)
  HIGHEST WIND SPEED    17   HIGHEST WIND DIRECTION    NW (320)
  HIGHEST GUST SPEED    24   HIGHEST GUST DIRECTION     N (340)
  AVERAGE WIND SPEED     7.4


SKY COVER
  POSSIBLE SUNSHINE  MM
  AVERAGE SKY COVER 0.8


WEATHER CONDITIONS
 THE FOLLOWING WEATHER WAS RECORDED YESTERDAY.
  LIGHT RAIN


RELATIVE HUMIDITY (PERCENT)
 HIGHEST    92           500 AM
 LOWEST     37           500 PM
 AVERAGE    65

..........................................................


THE HARRISON CLIMATE NORMALS FOR TODAY
                         NORMAL    RECORD    YEAR
 MAXIMUM TEMPERATURE (F)   64        85      1963
                                             1928
 MINIMUM TEMPERATURE (F)   41        19      1947


SUNRISE AND SUNSET
MARCH 28 2015.........SUNRISE   705 AM CDT   SUNSET   731 PM CDT
MARCH 29 2015.........SUNRISE   703 AM CDT   SUNSET   732 PM CDT


-  INDICATES NEGATIVE NUMBERS.
R  INDICATES RECORD WAS SET OR TIED.
MM INDICATES DATA IS MISSING.
T  INDICATES TRACE AMOUNT.




$$
