000
CDUS44 KLZK 192204
CLIHRO


CLIMATE REPORT
NATIONAL WEATHER SERVICE LITTLE ROCK AR
404 PM CST SUN FEB 19 2017


...................................

...THE HARRISON CLIMATE SUMMARY FOR FEBRUARY 19 2017...
VALID TODAY AS OF 0400 PM LOCAL TIME.

CLIMATE NORMAL PERIOD 1981 TO 2010
CLIMATE RECORD PERIOD 1891 TO 2017


WEATHER ITEM   OBSERVED TIME   RECORD YEAR NORMAL DEPARTURE LAST
                VALUE   (LST)  VALUE       VALUE  FROM      YEAR
                                                  NORMAL
..................................................................
TEMPERATURE (F)
 TODAY
  MAXIMUM         77    253 PM  81    1930  52     25       71
  MINIMUM         44    623 AM   2    1903  31     13       56
  AVERAGE         61                        41     20       64

PRECIPITATION (IN)
  TODAY            0.00          1.95 1911   0.10  -0.10     0.00
  MONTH TO DATE    1.01                      1.73  -0.72     0.24
  SINCE DEC 1      4.51                      7.49  -2.98     9.63
  SINCE JAN 1      3.19                      4.29  -1.10     1.19

SNOWFALL (IN)
  TODAY            0.0           8.0  1902   0.1   -0.1      0.0
  MONTH TO DATE    0.0                       2.3   -2.3       T
  SINCE DEC 1      0.9                       7.8   -6.9      0.7
  SINCE JUL 1      0.9                       8.3   -7.4      0.7
  SNOW DEPTH       0

DEGREE DAYS
 HEATING
  TODAY            4                        24    -20        1
  MONTH TO DATE  309                       486   -177      441
  SINCE DEC 1   1859                      2208   -349     1865
  SINCE JUL 1   2309                      2972   -663     2451

 COOLING
  TODAY            0                         0      0        0
  MONTH TO DATE    3                         0      3        0
  SINCE DEC 1      3                         0      3        2
  SINCE JAN 1      3                         0      3        0
..................................................................


WIND (MPH)
  HIGHEST WIND SPEED    17   HIGHEST WIND DIRECTION     S (170)
  HIGHEST GUST SPEED    23   HIGHEST GUST DIRECTION     S (170)
  AVERAGE WIND SPEED     8.4


SKY COVER
  POSSIBLE SUNSHINE  MM
  AVERAGE SKY COVER 0.2


WEATHER CONDITIONS
 THE FOLLOWING WEATHER WAS RECORDED TODAY.
  FOG


RELATIVE HUMIDITY (PERCENT)
 HIGHEST   100           300 AM
 LOWEST     43           300 PM
 AVERAGE    72

..........................................................


THE HARRISON CLIMATE NORMALS FOR TOMORROW
                         NORMAL    RECORD    YEAR
 MAXIMUM TEMPERATURE (F)   52        78      1996
 MINIMUM TEMPERATURE (F)   32         9      1918
                                             1908


SUNRISE AND SUNSET
FEBRUARY 19 2017......SUNRISE   655 AM CST   SUNSET   558 PM CST
FEBRUARY 20 2017......SUNRISE   654 AM CST   SUNSET   559 PM CST


-  INDICATES NEGATIVE NUMBERS.
R  INDICATES RECORD WAS SET OR TIED.
MM INDICATES DATA IS MISSING.
T  INDICATES TRACE AMOUNT.




$$
