000
CDUS44 KLZK 262201
CLIHRO


CLIMATE REPORT
NATIONAL WEATHER SERVICE LITTLE ROCK AR
401 PM CST WED NOV 26 2014


...................................

...THE HARRISON CLIMATE SUMMARY FOR NOVEMBER 26 2014...
VALID TODAY AS OF 0400 PM LOCAL TIME.

CLIMATE NORMAL PERIOD 1981 TO 2010
CLIMATE RECORD PERIOD 1891 TO 2014


WEATHER ITEM   OBSERVED TIME   RECORD YEAR NORMAL DEPARTURE LAST
                VALUE   (LST)  VALUE       VALUE  FROM      YEAR
                                                  NORMAL
..................................................................
TEMPERATURE (F)
 TODAY
  MAXIMUM         51    228 PM  77    1965  54     -3       45
  MINIMUM         27    227 AM  14    1977  34     -7       26
  AVERAGE         39                        44     -5       36

PRECIPITATION (IN)
  TODAY            T             1.66 1946   0.13  -0.13      T
  MONTH TO DATE    2.08                      3.71  -1.63     2.80
  SINCE SEP 1     12.27                     11.46   0.81     8.69
  SINCE JAN 1     38.95                     40.42  -1.47    41.51

SNOWFALL (IN)
  TODAY            0.0           3.0  1975   0.0    0.0       T
  MONTH TO DATE    0.6                       0.0    0.6       T
  SINCE SEP 1      0.6                       0.1    0.5       T
  SINCE JUL 1      0.6                       0.1    0.5       T
  SNOW DEPTH       0

DEGREE DAYS
 HEATING
  TODAY           26                        21      5       29
  MONTH TO DATE  599                       412    187      473
  SINCE SEP 1    794                       676    118      708
  SINCE JUL 1    795                       677    118      709

 COOLING
  TODAY            0                         0      0        0
  MONTH TO DATE    0                         0      0        0
  SINCE SEP 1    224                       201     23      270
  SINCE JAN 1   1354                      1412    -58     1414
..................................................................


WIND (MPH)
  HIGHEST WIND SPEED    23   HIGHEST WIND DIRECTION    NW (300)
  HIGHEST GUST SPEED    37   HIGHEST GUST DIRECTION    NW (300)
  AVERAGE WIND SPEED     8.7


SKY COVER
  POSSIBLE SUNSHINE  MM
  AVERAGE SKY COVER 0.5


WEATHER CONDITIONS
 THE FOLLOWING WEATHER WAS RECORDED TODAY.
  LIGHT RAIN


RELATIVE HUMIDITY (PERCENT)
 HIGHEST    85           200 AM
 LOWEST     39           200 PM
 AVERAGE    62

..........................................................


THE HARRISON CLIMATE NORMALS FOR TOMORROW
                         NORMAL    RECORD    YEAR
 MAXIMUM TEMPERATURE (F)   54        76      1999
 MINIMUM TEMPERATURE (F)   34        11      1896


SUNRISE AND SUNSET
NOVEMBER 26 2014......SUNRISE   701 AM CST   SUNSET   459 PM CST
NOVEMBER 27 2014......SUNRISE   702 AM CST   SUNSET   459 PM CST


-  INDICATES NEGATIVE NUMBERS.
R  INDICATES RECORD WAS SET OR TIED.
MM INDICATES DATA IS MISSING.
T  INDICATES TRACE AMOUNT.




$$
