000
CDUS44 KLZK 011014
CLIHRO


CLIMATE REPORT
NATIONAL WEATHER SERVICE LITTLE ROCK AR
414 AM CST SUN MAR 1 2015


...................................

...THE HARRISON CLIMATE SUMMARY FOR FEBRUARY 28 2015...

CLIMATE NORMAL PERIOD 1981 TO 2010
CLIMATE RECORD PERIOD 1891 TO 2015


WEATHER ITEM   OBSERVED TIME   RECORD YEAR NORMAL DEPARTURE LAST
                VALUE   (LST)  VALUE       VALUE  FROM      YEAR
                                                  NORMAL
..................................................................
TEMPERATURE (F)
 YESTERDAY
  MAXIMUM         26   1159 PM  82    1952  54    -28       45
  MINIMUM         17    747 AM   9    1962  34    -17       26
  AVERAGE         22                        44    -22       36

PRECIPITATION (IN)
  YESTERDAY        0.20          1.69 1944   0.10   0.10     0.02
  MONTH TO DATE    1.72                      2.64  -0.92     0.92
  SINCE DEC 1      5.79                      8.40  -2.61     5.70
  SINCE JAN 1      3.54                      5.20  -1.66     1.95

SNOWFALL (IN)
  YESTERDAY        2.2           6.0  1927   0.1    2.1      0.0
  MONTH TO DATE    8.7                       3.2    5.5      5.8
  SINCE DEC 1      8.7                       8.7    0.0     15.8
  SINCE JUL 1      9.3                       9.2    0.1     15.8
  SNOW DEPTH       2

DEGREE DAYS
 HEATING
  YESTERDAY       43                        21     22       29
  MONTH TO DATE  919                       686    233      852
  SINCE DEC 1   2541                      2408    133     2722
  SINCE JUL 1   3395                      3172    223     3535

 COOLING
  YESTERDAY        0                         0      0        0
  MONTH TO DATE    0                         0      0        0
  SINCE DEC 1      0                         0      0        0
  SINCE JAN 1      0                         0      0        0
..................................................................


WIND (MPH)
  HIGHEST WIND SPEED    15   HIGHEST WIND DIRECTION    SE (130)
  HIGHEST GUST SPEED    17   HIGHEST GUST DIRECTION    SE (120)
  AVERAGE WIND SPEED     7.9


SKY COVER
  POSSIBLE SUNSHINE  MM
  AVERAGE SKY COVER 0.9


WEATHER CONDITIONS
 THE FOLLOWING WEATHER WAS RECORDED YESTERDAY.
  LT FREEZING RAIN
  LIGHT SNOW
  FOG


RELATIVE HUMIDITY (PERCENT)
 HIGHEST   100           800 PM
 LOWEST     84           500 AM
 AVERAGE    92

..........................................................


THE HARRISON CLIMATE NORMALS FOR TODAY
                         NORMAL    RECORD    YEAR
 MAXIMUM TEMPERATURE (F)   55        84      2006
 MINIMUM TEMPERATURE (F)   34         9      1962


SUNRISE AND SUNSET
MARCH  1 2015.........SUNRISE   643 AM CST   SUNSET   607 PM CST
MARCH  2 2015.........SUNRISE   642 AM CST   SUNSET   608 PM CST


-  INDICATES NEGATIVE NUMBERS.
R  INDICATES RECORD WAS SET OR TIED.
MM INDICATES DATA IS MISSING.
T  INDICATES TRACE AMOUNT.




$$
