456
CDUS44 KLZK 290634
CLIHRO


CLIMATE REPORT
NATIONAL WEATHER SERVICE LITTLE ROCK AR
133 AM CDT SUN MAY 29 2016


...................................

...THE HARRISON CLIMATE SUMMARY FOR MAY 28 2016...

CLIMATE NORMAL PERIOD 1981 TO 2010
CLIMATE RECORD PERIOD 1891 TO 2016


WEATHER ITEM   OBSERVED TIME   RECORD YEAR NORMAL DEPARTURE LAST
                VALUE   (LST)  VALUE       VALUE  FROM      YEAR
                                                  NORMAL
..................................................................
TEMPERATURE (F)
 YESTERDAY
  MAXIMUM         84    245 PM  99    1926  79      5       76
  MINIMUM         60    445 AM  34    1907  58      2       63
  AVERAGE         72                        69      3       70

PRECIPITATION (IN)
  YESTERDAY        0.00          1.55 1972   0.15  -0.15     0.05
  MONTH TO DATE    3.44                      4.27  -0.83     9.15
  SINCE MAR 1     10.50                     12.38  -1.88    17.85
  SINCE JAN 1     12.78                     17.58  -4.80    21.39

SNOWFALL (IN)
  YESTERDAY        0.0          MM      MM   0.0    0.0      0.0
  MONTH TO DATE    0.0                       0.0    0.0      0.0
  SINCE MAR 1      0.0                       2.3   -2.3      4.3
  SINCE JUL 1      3.7                      11.5   -7.8     13.6
  SNOW DEPTH       0

DEGREE DAYS
 HEATING
  YESTERDAY        0                         1     -1        0
  MONTH TO DATE  104                        74     30       54
  SINCE MAR 1    620                       823   -203      757
  SINCE JUL 1   3233                      3995   -762     4152

 COOLING
  YESTERDAY        7                         5      2        5
  MONTH TO DATE   63                        88    -25       86
  SINCE MAR 1     86                       125    -39      111
  SINCE JAN 1     86                       125    -39      111
..................................................................


WIND (MPH)
  HIGHEST WIND SPEED    16   HIGHEST WIND DIRECTION     S (160)
  HIGHEST GUST SPEED    21   HIGHEST GUST DIRECTION     S (160)
  AVERAGE WIND SPEED     6.9


SKY COVER
  POSSIBLE SUNSHINE  MM
  AVERAGE SKY COVER 0.1


WEATHER CONDITIONS
 THE FOLLOWING WEATHER WAS RECORDED YESTERDAY.
  NO SIGNIFICANT WEATHER WAS OBSERVED.


RELATIVE HUMIDITY (PERCENT)
 HIGHEST    97           500 AM
 LOWEST     54           500 PM
 AVERAGE    76

..........................................................


THE HARRISON CLIMATE NORMALS FOR TODAY
                         NORMAL    RECORD    YEAR
 MAXIMUM TEMPERATURE (F)   80        99      1926
 MINIMUM TEMPERATURE (F)   59        40      1947


SUNRISE AND SUNSET
MAY 29 2016...........SUNRISE   557 AM CDT   SUNSET   823 PM CDT
MAY 30 2016...........SUNRISE   557 AM CDT   SUNSET   824 PM CDT


-  INDICATES NEGATIVE NUMBERS.
R  INDICATES RECORD WAS SET OR TIED.
MM INDICATES DATA IS MISSING.
T  INDICATES TRACE AMOUNT.




$$
