000
CDUS44 KLZK 291004
CLIHRO


CLIMATE REPORT
NATIONAL WEATHER SERVICE LITTLE ROCK AR
404 AM CST THU JAN 29 2015


...................................

...THE HARRISON CLIMATE SUMMARY FOR JANUARY 28 2015...

CLIMATE NORMAL PERIOD 1981 TO 2010
CLIMATE RECORD PERIOD 1891 TO 2015


WEATHER ITEM   OBSERVED TIME   RECORD YEAR NORMAL DEPARTURE LAST
                VALUE   (LST)  VALUE       VALUE  FROM      YEAR
                                                  NORMAL
..................................................................
TEMPERATURE (F)
 YESTERDAY
  MAXIMUM         68    305 PM  76    2002  48     20       26
  MINIMUM         37    741 AM  -4    1948  27     10       11
  AVERAGE         53                        37     16       19

PRECIPITATION (IN)
  YESTERDAY        0.00          1.06 2006   0.08  -0.08     0.00
  MONTH TO DATE    1.82                      2.32  -0.50     1.03
  SINCE DEC 1      4.07                      5.52  -1.45     4.78
  SINCE JAN 1      1.82                      2.32  -0.50     1.03

SNOWFALL (IN)
  YESTERDAY        0.0           2.0  1945   0.2   -0.2      0.0
  MONTH TO DATE    T                         3.8   -3.8      1.0
  SINCE DEC 1      T                         5.1   -5.1     10.0
  SINCE JUL 1      0.6                       5.6   -5.0     10.0
  SNOW DEPTH       0

DEGREE DAYS
 HEATING
  YESTERDAY       12                        28    -16       46
  MONTH TO DATE  773                       804    -31      896
  SINCE DEC 1   1552                      1639    -87     1774
  SINCE JUL 1   2406                      2403      3     2587

 COOLING
  YESTERDAY        0                         0      0        0
  MONTH TO DATE    0                         0      0        0
  SINCE DEC 1      0                         0      0        0
  SINCE JAN 1      0                         0      0        0
..................................................................


WIND (MPH)
  HIGHEST WIND SPEED    23   HIGHEST WIND DIRECTION     S (170)
  HIGHEST GUST SPEED    30   HIGHEST GUST DIRECTION     S (170)
  AVERAGE WIND SPEED    13.7


SKY COVER
  POSSIBLE SUNSHINE  MM
  AVERAGE SKY COVER 0.0


WEATHER CONDITIONS
 THE FOLLOWING WEATHER WAS RECORDED YESTERDAY.
  NO SIGNIFICANT WEATHER WAS OBSERVED.


RELATIVE HUMIDITY (PERCENT)
 HIGHEST    85           500 AM
 LOWEST     35           300 PM
 AVERAGE    60

..........................................................


THE HARRISON CLIMATE NORMALS FOR TODAY
                         NORMAL    RECORD    YEAR
 MAXIMUM TEMPERATURE (F)   48        76      2011
 MINIMUM TEMPERATURE (F)   27        -2      1966


SUNRISE AND SUNSET
JANUARY 29 2015.......SUNRISE   716 AM CST   SUNSET   536 PM CST
JANUARY 30 2015.......SUNRISE   715 AM CST   SUNSET   537 PM CST


-  INDICATES NEGATIVE NUMBERS.
R  INDICATES RECORD WAS SET OR TIED.
MM INDICATES DATA IS MISSING.
T  INDICATES TRACE AMOUNT.




$$
