000
CDUS44 KLZK 310908
CLIHRO


CLIMATE REPORT
NATIONAL WEATHER SERVICE LITTLE ROCK AR
408 AM CDT FRI JUL 31 2015


...................................

...THE HARRISON CLIMATE SUMMARY FOR JULY 30 2015...

CLIMATE NORMAL PERIOD 1981 TO 2010
CLIMATE RECORD PERIOD 1891 TO 2015


WEATHER ITEM   OBSERVED TIME   RECORD YEAR NORMAL DEPARTURE LAST
                VALUE   (LST)  VALUE       VALUE  FROM      YEAR
                                                  NORMAL
..................................................................
TEMPERATURE (F)
 YESTERDAY
  MAXIMUM         87    216 PM 106    1986  90     -3       70
  MINIMUM         67   1139 PM  54    1925  68     -1       64
  AVERAGE         77                        79     -2       67

PRECIPITATION (IN)
  YESTERDAY        0.00          4.90 1927   0.11  -0.11     2.17
  MONTH TO DATE    6.62                      3.04   3.58     5.34
  SINCE JUN 1     12.14                      7.28   4.86    10.22
  SINCE JAN 1     35.09                     25.28   9.81    25.53

SNOWFALL (IN)
  YESTERDAY        0.0          MM      MM   0.0    0.0      0.0
  MONTH TO DATE    0.0                       0.0    0.0      0.0
  SINCE JUN 1      0.0                       0.0    0.0      0.0
  SINCE JUL 1      0.0                       0.0    0.0      0.0
  SNOW DEPTH       0

DEGREE DAYS
 HEATING
  YESTERDAY        0                         0      0        0
  MONTH TO DATE    0                         0      0        1
  SINCE JUN 1      0                         6     -6        1
  SINCE JUL 1      0                         0      0        1

 COOLING
  YESTERDAY       12                        14     -2        2
  MONTH TO DATE  454                       401     53      266
  SINCE JUN 1    783                       666    117      541
  SINCE JAN 1    907                       805    102      728
..................................................................


WIND (MPH)
  HIGHEST WIND SPEED    12   HIGHEST WIND DIRECTION    SE (120)
  HIGHEST GUST SPEED    23   HIGHEST GUST DIRECTION     E (80)
  AVERAGE WIND SPEED     4.1


SKY COVER
  POSSIBLE SUNSHINE  MM
  AVERAGE SKY COVER 0.1


WEATHER CONDITIONS
 THE FOLLOWING WEATHER WAS RECORDED YESTERDAY.
  NO SIGNIFICANT WEATHER WAS OBSERVED.


RELATIVE HUMIDITY (PERCENT)
 HIGHEST   100           300 AM
 LOWEST     47           400 PM
 AVERAGE    74

..........................................................


THE HARRISON CLIMATE NORMALS FOR TODAY
                         NORMAL    RECORD    YEAR
 MAXIMUM TEMPERATURE (F)   90       107      1934
 MINIMUM TEMPERATURE (F)   68        46      1971


SUNRISE AND SUNSET
JULY 31 2015..........SUNRISE   618 AM CDT   SUNSET   819 PM CDT
AUGUST  1 2015........SUNRISE   619 AM CDT   SUNSET   818 PM CDT


-  INDICATES NEGATIVE NUMBERS.
R  INDICATES RECORD WAS SET OR TIED.
MM INDICATES DATA IS MISSING.
T  INDICATES TRACE AMOUNT.




$$
