000
CDUS42 KMHX 180531
CLIHSE


CLIMATE REPORT
NATIONAL WEATHER SERVICE NEWPORT/MOREHEAD CITY NC
131 AM EDT FRI APR 18 2014


...................................

...THE CAPE HATTERAS NC CLIMATE SUMMARY FOR APRIL 17 2014...

CLIMATE NORMAL PERIOD 1981 TO 2010
CLIMATE RECORD PERIOD 1874 TO 2014


WEATHER ITEM   OBSERVED TIME   RECORD YEAR NORMAL DEPARTURE LAST
                VALUE   (LST)  VALUE       VALUE  FROM      YEAR
                                                  NORMAL
..................................................................
TEMPERATURE (F)
 YESTERDAY
  MAXIMUM         55    436 PM  83    2012  67    -12       73
  MINIMUM         46    105 AM  33    1962  53     -7       52
  AVERAGE         51                        60     -9       63

PRECIPITATION (IN)
  YESTERDAY        0.00          0.40 1967   0.11  -0.11     0.00
  MONTH TO DATE    2.27                      2.16   0.11     1.75
  SINCE MAR 1      7.75                      6.93   0.82     3.97
  SINCE JAN 1     17.84                     16.19   1.65    13.70

SNOWFALL (IN)
  YESTERDAY        0.0
  MONTH TO DATE    0.0
  SINCE NOV 1      5.7
  SINCE JUL 1      5.7
  SNOW DEPTH       0

DEGREE DAYS
 HEATING
  YESTERDAY       14                         6      8        2
  MONTH TO DATE   98                       131    -33      107
  SINCE MAR 1    601                       550     51      594
  SINCE JUL 1   2434                      2474    -40     2326

 COOLING
  YESTERDAY        0                         1     -1        0
  MONTH TO DATE   11                         8      3        2
  SINCE MAR 1     11                        11      0        2
  SINCE JAN 1     11                        11      0        2
..................................................................


WIND (MPH)
  HIGHEST WIND SPEED    21   HIGHEST WIND DIRECTION    NE (30)
  HIGHEST GUST SPEED    34   HIGHEST GUST DIRECTION    NE (30)
  AVERAGE WIND SPEED    14.5


SKY COVER
  POSSIBLE SUNSHINE  MM
  AVERAGE SKY COVER 0.7


WEATHER CONDITIONS
 THE FOLLOWING WEATHER WAS RECORDED YESTERDAY.
  NO SIGNIFICANT WEATHER WAS OBSERVED.


RELATIVE HUMIDITY (PERCENT)
 HIGHEST    93          1000 PM
 LOWEST     66          1100 AM
 AVERAGE    80

..........................................................


THE CAPE HATTERAS NC CLIMATE NORMALS FOR TODAY
                         NORMAL    RECORD    YEAR
 MAXIMUM TEMPERATURE (F)   67        82      1995
 MINIMUM TEMPERATURE (F)   53        32      1966


SUNRISE AND SUNSET
APRIL 18 2014.........SUNRISE   626 AM EDT   SUNSET   738 PM EDT
APRIL 19 2014.........SUNRISE   625 AM EDT   SUNSET   738 PM EDT


-  INDICATES NEGATIVE NUMBERS.
R  INDICATES RECORD WAS SET OR TIED.
MM INDICATES DATA IS MISSING.
T  INDICATES TRACE AMOUNT.




$$
