000
CDUS42 KMHX 210525
CLIHSE


CLIMATE REPORT
NATIONAL WEATHER SERVICE NEWPORT/MOREHEAD CITY NC
1225 AM EST TUE NOV 21 2017


...................................

...THE CAPE HATTERAS NC CLIMATE SUMMARY FOR NOVEMBER 20 2017...

CLIMATE NORMAL PERIOD 1981 TO 2010
CLIMATE RECORD PERIOD 1874 TO 2017


WEATHER ITEM   OBSERVED TIME   RECORD YEAR NORMAL DEPARTURE LAST
                VALUE   (LST)  VALUE       VALUE  FROM      YEAR
                                                  NORMAL
..................................................................
TEMPERATURE (F)
 YESTERDAY
  MAXIMUM         56    244 PM  80    1985  63     -7       50
  MINIMUM         38   1159 PM  27    1980  50    -12       44
  AVERAGE         47                        56     -9       47

PRECIPITATION (IN)
  YESTERDAY        0.00          4.83 1952   0.14  -0.14     0.00
  MONTH TO DATE    1.16                      3.46  -2.30     1.08
  SINCE SEP 1     10.41                     15.09  -4.68    14.98
  SINCE JAN 1     52.77                     52.28   0.49    67.24

SNOWFALL (IN)
  YESTERDAY        0.0
  MONTH TO DATE    0.0
  SINCE NOV 1      0.0
  SINCE JUL 1      0.0
  SNOW DEPTH       0

DEGREE DAYS
 HEATING
  YESTERDAY       18                         9      9       18
  MONTH TO DATE  120                       137    -17      133
  SINCE SEP 1    153                       212    -59      164
  SINCE JUL 1    153                       212    -59      164

 COOLING
  YESTERDAY        0                         1     -1        0
  MONTH TO DATE   29                        20      9        9
  SINCE SEP 1    589                       404    185      578
  SINCE JAN 1   2350                      1710    640     2213
..................................................................


WIND (MPH)
  HIGHEST WIND SPEED    15   HIGHEST WIND DIRECTION    NW (320)
  HIGHEST GUST SPEED    25   HIGHEST GUST DIRECTION    NW (320)
  AVERAGE WIND SPEED     6.5


SKY COVER
  POSSIBLE SUNSHINE  MM
  AVERAGE SKY COVER 0.0


WEATHER CONDITIONS
 THE FOLLOWING WEATHER WAS RECORDED YESTERDAY.
  NO SIGNIFICANT WEATHER WAS OBSERVED.


RELATIVE HUMIDITY (PERCENT)
 HIGHEST    92           700 PM
 LOWEST     43           200 PM
 AVERAGE    68

..........................................................


THE CAPE HATTERAS NC CLIMATE NORMALS FOR TODAY
                         NORMAL    RECORD    YEAR
 MAXIMUM TEMPERATURE (F)   63        77      1931
 MINIMUM TEMPERATURE (F)   50        32      1914


SUNRISE AND SUNSET
NOVEMBER 21 2017......SUNRISE   643 AM EST   SUNSET   453 PM EST
NOVEMBER 22 2017......SUNRISE   644 AM EST   SUNSET   453 PM EST


-  INDICATES NEGATIVE NUMBERS.
R  INDICATES RECORD WAS SET OR TIED.
MM INDICATES DATA IS MISSING.
T  INDICATES TRACE AMOUNT.




$$
