000
CDUS42 KMHX 040531
CLIHSE


CLIMATE REPORT
NATIONAL WEATHER SERVICE NEWPORT/MOREHEAD CITY NC
130 AM EDT SAT JUL 4 2015


...................................

...THE CAPE HATTERAS NC CLIMATE SUMMARY FOR JULY 3 2015...

CLIMATE NORMAL PERIOD 1981 TO 2010
CLIMATE RECORD PERIOD 1874 TO 2015


WEATHER ITEM   OBSERVED TIME   RECORD YEAR NORMAL DEPARTURE LAST
                VALUE   (LST)  VALUE       VALUE  FROM      YEAR
                                                  NORMAL
..................................................................
TEMPERATURE (F)
 YESTERDAY
  MAXIMUM         82    357 PM  93    2014  84     -2       93
  MINIMUM         75    653 AM  60    1988  73      2       78
                                      1957
  AVERAGE         79                        78      1       86

PRECIPITATION (IN)
  YESTERDAY        T             3.27 1933   0.15  -0.15     0.29
  MONTH TO DATE    0.15                      0.44  -0.29     0.29
  SINCE JUN 1      5.88                      4.47   1.41     2.00
  SINCE JAN 1     25.51                     25.71  -0.20    24.79

SNOWFALL (IN)
  YESTERDAY        0.0
  MONTH TO DATE    0.0
  SINCE NOV 1      2.0
  SINCE JUL 1      0.0
  SNOW DEPTH       0

DEGREE DAYS
 HEATING
  YESTERDAY        0                         0      0        0
  MONTH TO DATE    0                         0      0        0
  SINCE JUN 1      0                         3     -3        0
  SINCE JUL 1      0                         0      0        0

 COOLING
  YESTERDAY       14                        13      1       21
  MONTH TO DATE   43                        39      4       21
  SINCE JUN 1    471                       347    124      296
  SINCE JAN 1    638                       490    148      532
..................................................................


WIND (MPH)
  HIGHEST WIND SPEED    18   HIGHEST WIND DIRECTION    SW (240)
  HIGHEST GUST SPEED    28   HIGHEST GUST DIRECTION    SW (230)
  AVERAGE WIND SPEED     9.8


SKY COVER
  POSSIBLE SUNSHINE  MM
  AVERAGE SKY COVER 0.3


WEATHER CONDITIONS
 THE FOLLOWING WEATHER WAS RECORDED YESTERDAY.
  NO SIGNIFICANT WEATHER WAS OBSERVED.


RELATIVE HUMIDITY (PERCENT)
 HIGHEST    88           800 PM
 LOWEST     69           200 PM
 AVERAGE    79

..........................................................


THE CAPE HATTERAS NC CLIMATE NORMALS FOR TODAY
                         NORMAL    RECORD    YEAR
 MAXIMUM TEMPERATURE (F)   84        90      1902
 MINIMUM TEMPERATURE (F)   73        58      2010


SUNRISE AND SUNSET
JULY  4 2015..........SUNRISE   553 AM EDT   SUNSET   821 PM EDT
JULY  5 2015..........SUNRISE   553 AM EDT   SUNSET   821 PM EDT


-  INDICATES NEGATIVE NUMBERS.
R  INDICATES RECORD WAS SET OR TIED.
MM INDICATES DATA IS MISSING.
T  INDICATES TRACE AMOUNT.




$$
