000
CDUS42 KMHX 280528
CLIHSE


CLIMATE REPORT
NATIONAL WEATHER SERVICE NEWPORT/MOREHEAD CITY NC
127 AM EDT SUN MAY 28 2017


...................................

...THE CAPE HATTERAS NC CLIMATE SUMMARY FOR MAY 27 2017...

CLIMATE NORMAL PERIOD 1981 TO 2010
CLIMATE RECORD PERIOD 1874 TO 2017


WEATHER ITEM   OBSERVED TIME   RECORD YEAR NORMAL DEPARTURE LAST
                VALUE   (LST)  VALUE       VALUE  FROM      YEAR
                                                  NORMAL
..................................................................
TEMPERATURE (F)
 YESTERDAY
  MAXIMUM         82    258 PM  86    2004  77      5       84
                                      1991
  MINIMUM         70    456 AM  42    1979  64      6       66
  AVERAGE         76                        70      6       75

PRECIPITATION (IN)
  YESTERDAY        0.00          2.19 2003   0.12  -0.12     0.00
  MONTH TO DATE    5.77                      3.13   2.64     4.46
  SINCE MAR 1     19.08                     11.54   7.54    12.74
  SINCE JAN 1     25.39                     20.80   4.59    25.85

SNOWFALL (IN)
  YESTERDAY        0.0
  MONTH TO DATE    0.0
  SINCE NOV 1      T
  SINCE JUL 1      T
  SNOW DEPTH       0

DEGREE DAYS
 HEATING
  YESTERDAY        0                         1     -1        0
  MONTH TO DATE    3                        48    -45       21
  SINCE MAR 1    406                       658   -252      387
  SINCE JUL 1   1728                      2582   -854     1700

 COOLING
  YESTERDAY       11                         6      5       10
  MONTH TO DATE  179                        91     88      108
  SINCE MAR 1    357                       119    238      162
  SINCE JAN 1    365                       119    246      163
..................................................................


WIND (MPH)
  HIGHEST WIND SPEED    15   HIGHEST WIND DIRECTION    SW (230)
  HIGHEST GUST SPEED    20   HIGHEST GUST DIRECTION    SW (210)
  AVERAGE WIND SPEED     8.9


SKY COVER
  POSSIBLE SUNSHINE  MM
  AVERAGE SKY COVER 0.0


WEATHER CONDITIONS
 THE FOLLOWING WEATHER WAS RECORDED YESTERDAY.
  FOG
  HAZE


RELATIVE HUMIDITY (PERCENT)
 HIGHEST    90          1200 AM
 LOWEST     62          1000 AM
 AVERAGE    76

..........................................................


THE CAPE HATTERAS NC CLIMATE NORMALS FOR TODAY
                         NORMAL    RECORD    YEAR
 MAXIMUM TEMPERATURE (F)   77        87      1991
 MINIMUM TEMPERATURE (F)   64        48      1983


SUNRISE AND SUNSET
MAY 28 2017...........SUNRISE   551 AM EDT   SUNSET   809 PM EDT
MAY 29 2017...........SUNRISE   550 AM EDT   SUNSET   810 PM EDT


-  INDICATES NEGATIVE NUMBERS.
R  INDICATES RECORD WAS SET OR TIED.
MM INDICATES DATA IS MISSING.
T  INDICATES TRACE AMOUNT.




$$
