000
CDUS42 KMHX 300526
CLIHSE


CLIMATE REPORT
NATIONAL WEATHER SERVICE NEWPORT/MOREHEAD CITY NC
125 AM EDT SAT MAY 30 2015


...................................

...THE CAPE HATTERAS NC CLIMATE SUMMARY FOR MAY 29 2015...

CLIMATE NORMAL PERIOD 1981 TO 2010
CLIMATE RECORD PERIOD 1874 TO 2015


WEATHER ITEM   OBSERVED TIME   RECORD YEAR NORMAL DEPARTURE LAST
                VALUE   (LST)  VALUE       VALUE  FROM      YEAR
                                                  NORMAL
..................................................................
TEMPERATURE (F)
 YESTERDAY
  MAXIMUM         84    327 PM  91    1991  77      7       76
  MINIMUM         65    341 AM  49    1961  64      1       68
  AVERAGE         75                        71      4       72

PRECIPITATION (IN)
  YESTERDAY        0.00          1.45 1921   0.11  -0.11     0.00
  MONTH TO DATE    3.21                      3.35  -0.14     1.42
  SINCE MAR 1      7.68                     11.76  -4.08    12.70
  SINCE JAN 1     19.63                     21.02  -1.39    22.79

SNOWFALL (IN)
  YESTERDAY        0.0
  MONTH TO DATE    0.0
  SINCE NOV 1      2.0
  SINCE JUL 1      2.0
  SNOW DEPTH       0

DEGREE DAYS
 HEATING
  YESTERDAY        0                         0      0        0
  MONTH TO DATE   56                        49      7        9
  SINCE MAR 1    633                       659    -26      701
  SINCE JUL 1   2806                      2583    223     2534

 COOLING
  YESTERDAY       10                         6      4        7
  MONTH TO DATE  123                       103     20      201
  SINCE MAR 1    140                       131      9      228
  SINCE JAN 1    142                       131     11      228
..................................................................


WIND (MPH)
  HIGHEST WIND SPEED    16   HIGHEST WIND DIRECTION    SE (120)
  HIGHEST GUST SPEED    18   HIGHEST GUST DIRECTION    SE (120)
  AVERAGE WIND SPEED     6.9


SKY COVER
  POSSIBLE SUNSHINE  MM
  AVERAGE SKY COVER 0.2


WEATHER CONDITIONS
 THE FOLLOWING WEATHER WAS RECORDED YESTERDAY.
  NO SIGNIFICANT WEATHER WAS OBSERVED.


RELATIVE HUMIDITY (PERCENT)
 HIGHEST    87           300 AM
 LOWEST     58          1100 AM
 AVERAGE    73

..........................................................


THE CAPE HATTERAS NC CLIMATE NORMALS FOR TODAY
                         NORMAL    RECORD    YEAR
 MAXIMUM TEMPERATURE (F)   77        89      1991
 MINIMUM TEMPERATURE (F)   65        49      1968
                                             1895


SUNRISE AND SUNSET
MAY 30 2015...........SUNRISE   550 AM EDT   SUNSET   810 PM EDT
MAY 31 2015...........SUNRISE   550 AM EDT   SUNSET   811 PM EDT


-  INDICATES NEGATIVE NUMBERS.
R  INDICATES RECORD WAS SET OR TIED.
MM INDICATES DATA IS MISSING.
T  INDICATES TRACE AMOUNT.




$$
