000
CDUS42 KMHX 110527
CLIHSE


CLIMATE REPORT
NATIONAL WEATHER SERVICE NEWPORT/MOREHEAD CITY NC
1227 AM EST THU FEB 11 2016


...................................

...THE CAPE HATTERAS NC CLIMATE SUMMARY FOR FEBRUARY 10 2016...

CLIMATE NORMAL PERIOD 1981 TO 2010
CLIMATE RECORD PERIOD 1874 TO 2016


WEATHER ITEM   OBSERVED TIME   RECORD YEAR NORMAL DEPARTURE LAST
                VALUE   (LST)  VALUE       VALUE  FROM      YEAR
                                                  NORMAL
..................................................................
TEMPERATURE (F)
 YESTERDAY
  MAXIMUM         41    431 PM  72    1990  53    -12       46
  MINIMUM         33    807 AM  17    1899  40     -7       37
  AVERAGE         37                        46     -9       42

PRECIPITATION (IN)
  YESTERDAY        0.00          1.97 1940   0.13  -0.13     0.74
  MONTH TO DATE    5.86                      1.47   4.39     3.29
  SINCE DEC 1     15.70                     10.98   4.72    10.35
  SINCE JAN 1     10.73                      6.71   4.02     7.90

SNOWFALL (IN)
  YESTERDAY        0.0
  MONTH TO DATE    0.0
  SINCE NOV 1      T
  SINCE JUL 1      T
  SNOW DEPTH       0

DEGREE DAYS
 HEATING
  YESTERDAY       28                        19      9       23
  MONTH TO DATE  121                       190    -69      209
  SINCE DEC 1    810                      1285   -475     1245
  SINCE JUL 1    982                      1603   -621     1646

 COOLING
  YESTERDAY        0                         0      0        0
  MONTH TO DATE    1                         0      1        0
  SINCE DEC 1     65                         3     62        2
  SINCE JAN 1      1                         0      1        2
..................................................................


WIND (MPH)
  HIGHEST WIND SPEED    22   HIGHEST WIND DIRECTION    NW (300)
  HIGHEST GUST SPEED    35   HIGHEST GUST DIRECTION     W (290)
  AVERAGE WIND SPEED    13.5


SKY COVER
  POSSIBLE SUNSHINE  MM
  AVERAGE SKY COVER 0.4


WEATHER CONDITIONS
 THE FOLLOWING WEATHER WAS RECORDED YESTERDAY.
  NO SIGNIFICANT WEATHER WAS OBSERVED.


RELATIVE HUMIDITY (PERCENT)
 HIGHEST    56           600 AM
 LOWEST     40           800 PM
 AVERAGE    48

..........................................................


THE CAPE HATTERAS NC CLIMATE NORMALS FOR TODAY
                         NORMAL    RECORD    YEAR
 MAXIMUM TEMPERATURE (F)   53        70      1932
 MINIMUM TEMPERATURE (F)   40        21      1989
                                             1899


SUNRISE AND SUNSET
FEBRUARY 11 2016......SUNRISE   653 AM EST   SUNSET   541 PM EST
FEBRUARY 12 2016......SUNRISE   652 AM EST   SUNSET   541 PM EST


-  INDICATES NEGATIVE NUMBERS.
R  INDICATES RECORD WAS SET OR TIED.
MM INDICATES DATA IS MISSING.
T  INDICATES TRACE AMOUNT.




$$
