000
CDUS42 KMHX 310526
CLIHSE


CLIMATE REPORT
NATIONAL WEATHER SERVICE NEWPORT/MOREHEAD CITY NC
125 AM EDT FRI OCT 31 2014


...................................

...THE CAPE HATTERAS NC CLIMATE SUMMARY FOR OCTOBER 30 2014...

CLIMATE NORMAL PERIOD 1981 TO 2010
CLIMATE RECORD PERIOD 1874 TO 2014


WEATHER ITEM   OBSERVED TIME   RECORD YEAR NORMAL DEPARTURE LAST
                VALUE   (LST)  VALUE       VALUE  FROM      YEAR
                                                  NORMAL
..................................................................
TEMPERATURE (F)
 YESTERDAY
  MAXIMUM         71   1214 AM  79    1971  68      3       74
                                      1918
  MINIMUM         60   1159 PM  35    1976  56      4       56
  AVERAGE         66                        62      4       65

PRECIPITATION (IN)
  YESTERDAY        0.00          2.42 1899   0.16  -0.16     0.00
  MONTH TO DATE    3.09                      5.22  -2.13     9.44
  SINCE SEP 1     13.93                     11.47   2.46    14.27
  SINCE JAN 1     54.98                     48.66   6.32    45.47

SNOWFALL (IN)
  YESTERDAY        0.0
  MONTH TO DATE    0.0
  SINCE NOV 1      5.7
  SINCE JUL 1      0.0
  SNOW DEPTH       0

DEGREE DAYS
 HEATING
  YESTERDAY        0                         4     -4        0
  MONTH TO DATE   55                        67    -12       47
  SINCE SEP 1     55                        70    -15       51
  SINCE JUL 1     55                        70    -15       51

 COOLING
  YESTERDAY        1                         1      0        0
  MONTH TO DATE   99                        96      3      131
  SINCE SEP 1    386                       382      4      423
  SINCE JAN 1   1762                      1688     74     1967
..................................................................


WIND (MPH)
  HIGHEST WIND SPEED    16   HIGHEST WIND DIRECTION    NE (40)
  HIGHEST GUST SPEED    26   HIGHEST GUST DIRECTION    NE (40)
  AVERAGE WIND SPEED    11.2


SKY COVER
  POSSIBLE SUNSHINE  MM
  AVERAGE SKY COVER 0.5


WEATHER CONDITIONS
 THE FOLLOWING WEATHER WAS RECORDED YESTERDAY.
  NO SIGNIFICANT WEATHER WAS OBSERVED.


RELATIVE HUMIDITY (PERCENT)
 HIGHEST    93           100 AM
 LOWEST     56           400 PM
 AVERAGE    75

..........................................................


THE CAPE HATTERAS NC CLIMATE NORMALS FOR TODAY
                         NORMAL    RECORD    YEAR
 MAXIMUM TEMPERATURE (F)   68        80      1971
                                             1919
 MINIMUM TEMPERATURE (F)   55        39      1966


SUNRISE AND SUNSET
OCTOBER 31 2014.......SUNRISE   723 AM EDT   SUNSET   609 PM EDT
NOVEMBER  1 2014......SUNRISE   724 AM EDT   SUNSET   608 PM EDT


-  INDICATES NEGATIVE NUMBERS.
R  INDICATES RECORD WAS SET OR TIED.
MM INDICATES DATA IS MISSING.
T  INDICATES TRACE AMOUNT.




$$
