000
CDUS42 KMHX 280640
CLIHSE


CLIMATE REPORT
NATIONAL WEATHER SERVICE NEWPORT/MOREHEAD CITY NC
139 AM EST FRI NOV 28 2014


...................................

...THE CAPE HATTERAS NC CLIMATE SUMMARY FOR NOVEMBER 27 2014...

CLIMATE NORMAL PERIOD 1981 TO 2010
CLIMATE RECORD PERIOD 1874 TO 2014


WEATHER ITEM   OBSERVED TIME   RECORD YEAR NORMAL DEPARTURE LAST
                VALUE   (LST)  VALUE       VALUE  FROM      YEAR
                                                  NORMAL
..................................................................
TEMPERATURE (F)
 YESTERDAY
  MAXIMUM         58    148 PM  79    1973  61     -3       71
  MINIMUM         36    705 AM  30    2008  48    -12       41
                                      1970
                                      1903
  AVERAGE         47                        54     -7       56

PRECIPITATION (IN)
  YESTERDAY        T             3.85 1962   0.15  -0.15     1.72
  MONTH TO DATE    4.27                      4.50  -0.23     3.93
  SINCE SEP 1     18.34                     16.13   2.21    18.21
  SINCE JAN 1     59.39                     53.32   6.07    49.41

SNOWFALL (IN)
  YESTERDAY       MM
  MONTH TO DATE    0.0
  SINCE NOV 1      0.0
  SINCE JUL 1      0.0
  SNOW DEPTH       0

DEGREE DAYS
 HEATING
  YESTERDAY       18                        11      7        9
  MONTH TO DATE  285                       208     77      207
  SINCE SEP 1    345                       283     62      258
  SINCE JUL 1    345                       283     62      258

 COOLING
  YESTERDAY        0                         0      0        0
  MONTH TO DATE    2                        22    -20       22
  SINCE SEP 1    388                       406    -18      446
  SINCE JAN 1   1764                      1712     52     1990
..................................................................


WIND (MPH)
  HIGHEST WIND SPEED    15   HIGHEST WIND DIRECTION    NW (330)
  HIGHEST GUST SPEED    25   HIGHEST GUST DIRECTION    NW (320)
  AVERAGE WIND SPEED     7.3


SKY COVER
  POSSIBLE SUNSHINE  MM
  AVERAGE SKY COVER 0.6


WEATHER CONDITIONS
 THE FOLLOWING WEATHER WAS RECORDED YESTERDAY.
  LIGHT RAIN


RELATIVE HUMIDITY (PERCENT)
 HIGHEST   100           700 AM
 LOWEST     62           100 PM
 AVERAGE    81

..........................................................


THE CAPE HATTERAS NC CLIMATE NORMALS FOR TODAY
                         NORMAL    RECORD    YEAR
 MAXIMUM TEMPERATURE (F)   61        80      1990
 MINIMUM TEMPERATURE (F)   48        27      1903


SUNRISE AND SUNSET
NOVEMBER 28 2014......SUNRISE   650 AM EST   SUNSET   451 PM EST
NOVEMBER 29 2014......SUNRISE   651 AM EST   SUNSET   451 PM EST


-  INDICATES NEGATIVE NUMBERS.
R  INDICATES RECORD WAS SET OR TIED.
MM INDICATES DATA IS MISSING.
T  INDICATES TRACE AMOUNT.




$$
