000
CDUS43 KGID 192228
CLIHSI


CLIMATE REPORT
NATIONAL WEATHER SERVICE HASTINGS NE
525 PM CDT FRI SEP 19 2014


...................................

...THE HASTINGS NE CLIMATE SUMMARY FOR SEPTEMBER 19 2014...
VALID TODAY AS OF 0500 PM LOCAL TIME.

CLIMATE NORMAL PERIOD 1981 TO 2010
CLIMATE RECORD PERIOD 1894 TO 2014


WEATHER ITEM   OBSERVED TIME   RECORD YEAR NORMAL DEPARTURE LAST
                VALUE   (LST)  VALUE       VALUE  FROM      YEAR
                                                  NORMAL
..................................................................
TEMPERATURE (F)
 TODAY
  MAXIMUM         88    212 PM  99    1980  76     12       77
                                      1948
  MINIMUM         62    655 AM  33    1991  53      9       50
  AVERAGE         75                        64     11       64

PRECIPITATION (IN)
  TODAY            0.00          1.40 1909   0.08  -0.08     0.12
  MONTH TO DATE    1.34                      1.69  -0.35     0.68
  SINCE SEP 1      1.34                      1.69  -0.35     0.68
  SINCE JAN 1     26.24                     22.35   3.89    18.74

SNOWFALL (IN)
  TODAY            0.0                       0.1   -0.1      0.0
  MONTH TO DATE    0.0                       0.1   -0.1      0.0
  SINCE SEP 1      0.0                       0.1   -0.1      0.0
  SINCE JUL 1      0.0                       0.1   -0.1      0.0
  SNOW DEPTH       0

DEGREE DAYS
 HEATING
  TODAY            0                         3     -3        1
  MONTH TO DATE   98                        33     65       10
  SINCE SEP 1     98                        33     65       10
  SINCE JUL 1    104                        39     65       16

 COOLING
  TODAY           10                         3      7        0
  MONTH TO DATE   55                        88    -33      158
  SINCE SEP 1     55                        88    -33      158
  SINCE JAN 1    975                      1041    -66     1116
..................................................................


WIND (MPH)
  HIGHEST WIND SPEED    23   HIGHEST WIND DIRECTION     S (200)
  HIGHEST GUST SPEED    31   HIGHEST GUST DIRECTION    SW (220)
  AVERAGE WIND SPEED    13.4


SKY COVER
  AVERAGE SKY COVER 0.2


WEATHER CONDITIONS
 THE FOLLOWING WEATHER WAS RECORDED TODAY.
  FOG


RELATIVE HUMIDITY (PERCENT)
 HIGHEST    90           500 AM
 LOWEST     36           200 PM
 AVERAGE    63

..........................................................


THE HASTINGS NE CLIMATE NORMALS FOR TOMORROW
                         NORMAL    RECORD    YEAR
 MAXIMUM TEMPERATURE (F)   76        96      1940
 MINIMUM TEMPERATURE (F)   52        32      1991
                                             1983


SUNRISE AND SUNSET
SEPTEMBER 19 2014.....SUNRISE   718 AM CDT   SUNSET   736 PM CDT
SEPTEMBER 20 2014.....SUNRISE   719 AM CDT   SUNSET   734 PM CDT


-  INDICATES NEGATIVE NUMBERS.
R  INDICATES RECORD WAS SET OR TIED.
MM INDICATES DATA IS MISSING.
T  INDICATES TRACE AMOUNT.

$$
DOXEY
