000
CDUS43 KGID 250636
CLIHSI


CLIMATE REPORT
NATIONAL WEATHER SERVICE HASTINGS NE
135 AM CDT FRI APR 25 2014


...................................

...THE HASTINGS NE CLIMATE SUMMARY FOR APRIL 24 2014...

CLIMATE NORMAL PERIOD 1981 TO 2010
CLIMATE RECORD PERIOD 1894 TO 2014


WEATHER ITEM   OBSERVED TIME   RECORD YEAR NORMAL DEPARTURE LAST
                VALUE   (LST)  VALUE       VALUE  FROM      YEAR
                                                  NORMAL
..................................................................
TEMPERATURE (F)
 YESTERDAY
  MAXIMUM         70    450 PM  94    2012  66      4       60
  MINIMUM         50    547 AM  21    1956  42      8       24
  AVERAGE         60                        54      6       42

PRECIPITATION (IN)
  YESTERDAY        0.39          2.57 2007   0.10   0.29      T
  MONTH TO DATE    3.56                      1.85   1.71     2.63
  SINCE MAR 1      3.71                      3.64   0.07     4.88
  SINCE JAN 1      4.42                      4.54  -0.12     6.10

SNOWFALL (IN)
  YESTERDAY        0.0           3.0  1931   0.0    0.0      0.0
  MONTH TO DATE    2.2                       1.1    1.1      3.7
  SINCE MAR 1      3.4                       6.3   -2.9     11.6
  SINCE JUL 1     21.7                      28.7   -7.0     35.4
  SNOW DEPTH       0

DEGREE DAYS
 HEATING
  YESTERDAY        5                        12     -7       23
  MONTH TO DATE  329                       370    -41      554
  SINCE MAR 1   1188                      1147     41     1436
  SINCE JUL 1   6068                      5777    291     6063

 COOLING
  YESTERDAY        0                         0      0        0
  MONTH TO DATE    6                         0      6        0
  SINCE MAR 1      6                         0      6        0
  SINCE JAN 1      6                         0      6        0
..................................................................


WIND (MPH)
  HIGHEST WIND SPEED    33   HIGHEST WIND DIRECTION    NW (320)
  HIGHEST GUST SPEED    41   HIGHEST GUST DIRECTION    NW (320)
  AVERAGE WIND SPEED    14.5


SKY COVER
  AVERAGE SKY COVER 0.3


WEATHER CONDITIONS
 THE FOLLOWING WEATHER WAS RECORDED YESTERDAY.
  THUNDERSTORM
  RAIN
  LIGHT RAIN
  FOG


RELATIVE HUMIDITY (PERCENT)
 HIGHEST    83           200 AM
 LOWEST     18           400 PM
 AVERAGE    51

..........................................................


THE HASTINGS NE CLIMATE NORMALS FOR TODAY
                         NORMAL    RECORD    YEAR
 MAXIMUM TEMPERATURE (F)   66        92      1989
 MINIMUM TEMPERATURE (F)   42        28      1918


SUNRISE AND SUNSET
APRIL 25 2014.........SUNRISE   641 AM CDT   SUNSET   823 PM CDT
APRIL 26 2014.........SUNRISE   639 AM CDT   SUNSET   824 PM CDT


-  INDICATES NEGATIVE NUMBERS.
R  INDICATES RECORD WAS SET OR TIED.
MM INDICATES DATA IS MISSING.
T  INDICATES TRACE AMOUNT.




$$
