000
CDUS43 KGID 220659
CLIHSI


CLIMATE REPORT
NATIONAL WEATHER SERVICE HASTINGS NE
155 AM CDT TUE AUG 22 2017


...................................

...THE HASTINGS NE CLIMATE SUMMARY FOR AUGUST 21 2017...

CLIMATE NORMAL PERIOD 1981 TO 2010
CLIMATE RECORD PERIOD 1894 TO 2017


WEATHER ITEM   OBSERVED TIME   RECORD YEAR NORMAL DEPARTURE LAST
                VALUE   (LST)  VALUE       VALUE  FROM      YEAR
                                                  NORMAL
..................................................................
TEMPERATURE (F)
 YESTERDAY
  MAXIMUM         86    427 PM 101    1943  85      1       83
                                      1918
                                      1910
  MINIMUM         68   1159 PM  47    1956  62      6       50
  AVERAGE         77                        74      3       67

PRECIPITATION (IN)
  YESTERDAY        0.00          1.25 1911   0.11  -0.11     0.00
  MONTH TO DATE    4.34                      2.04   2.30     1.18
  SINCE JUN 1     10.84                      9.58   1.26     4.15
  SINCE JAN 1     22.68                     19.40   3.28    15.98

SNOWFALL (IN)
  YESTERDAY        0.0                       0.0    0.0      0.0
  MONTH TO DATE    0.0                       0.0    0.0      0.0
  SINCE JUN 1      0.0                       0.0    0.0      0.0
  SINCE JUL 1      0.0                       0.0    0.0      0.0
  SNOW DEPTH       0

DEGREE DAYS
 HEATING
  YESTERDAY        0                         0      0        0
  MONTH TO DATE    4                         0      4        0
  SINCE JUN 1      7                        22    -15        3
  SINCE JUL 1      4                         1      3        3

 COOLING
  YESTERDAY       12                         9      3        2
  MONTH TO DATE  131                       218    -87      221
  SINCE JUN 1    837                       819     18      949
  SINCE JAN 1    898                       878     20      978
..................................................................


WIND (MPH)
  HIGHEST WIND SPEED    22   HIGHEST WIND DIRECTION     N (20)
  HIGHEST GUST SPEED    29   HIGHEST GUST DIRECTION    NE (30)
  AVERAGE WIND SPEED     8.7


SKY COVER
  AVERAGE SKY COVER 0.1


WEATHER CONDITIONS
 THE FOLLOWING WEATHER WAS RECORDED YESTERDAY.
  NO SIGNIFICANT WEATHER WAS OBSERVED.


RELATIVE HUMIDITY (PERCENT)
 HIGHEST    84           300 AM
 LOWEST     51           200 PM
 AVERAGE    68

..........................................................


THE HASTINGS NE CLIMATE NORMALS FOR TODAY
                         NORMAL    RECORD    YEAR
 MAXIMUM TEMPERATURE (F)   85       104      1938
 MINIMUM TEMPERATURE (F)   62        45      1923


SUNRISE AND SUNSET
AUGUST 22 2017........SUNRISE   651 AM CDT   SUNSET   821 PM CDT
AUGUST 23 2017........SUNRISE   652 AM CDT   SUNSET   819 PM CDT


-  INDICATES NEGATIVE NUMBERS.
R  INDICATES RECORD WAS SET OR TIED.
MM INDICATES DATA IS MISSING.
T  INDICATES TRACE AMOUNT.




$$
