000
CDUS43 KGID 180628
CLIHSI


CLIMATE REPORT
NATIONAL WEATHER SERVICE HASTINGS NE
1227 AM CST WED JAN 18 2017


...................................

...THE HASTINGS NE CLIMATE SUMMARY FOR JANUARY 17 2017...

CLIMATE NORMAL PERIOD 1981 TO 2010
CLIMATE RECORD PERIOD 1894 TO 2017


WEATHER ITEM   OBSERVED TIME   RECORD YEAR NORMAL DEPARTURE LAST
                VALUE   (LST)  VALUE       VALUE  FROM      YEAR
                                                  NORMAL
..................................................................
TEMPERATURE (F)
 YESTERDAY
  MAXIMUM         40    425 PM  58    1986  36      4       15
  MINIMUM         23    822 AM -18    1930  16      7       -1
  AVERAGE         32                        26      6        7

PRECIPITATION (IN)
  YESTERDAY        0.00          1.14 1960   0.01  -0.01     0.01
  MONTH TO DATE    0.82                      0.16   0.66     0.17
  SINCE DEC 1      1.43                      0.77   0.66     2.35
  SINCE JAN 1      0.82                      0.16   0.66     0.17

SNOWFALL (IN)
  YESTERDAY        0.0           6.5  1960   0.2   -0.2      0.3
  MONTH TO DATE    3.7                       3.0    0.7      2.8
  SINCE DEC 1      4.7                       9.1   -4.4      7.4
  SINCE JUL 1      4.8                      12.9   -8.1     11.6
  SNOW DEPTH       T

DEGREE DAYS
 HEATING
  YESTERDAY       33                        39     -6       58
  MONTH TO DATE  749                       667     82      669
  SINCE DEC 1   1931                      1826    105     1653
  SINCE JUL 1   2798                      3107   -309     2579

 COOLING
  YESTERDAY        0                         0      0        0
  MONTH TO DATE    0                         0      0        0
  SINCE DEC 1      0                         0      0        0
  SINCE JAN 1      0                         0      0        0
..................................................................


WIND (MPH)
  HIGHEST WIND SPEED    18   HIGHEST WIND DIRECTION     N (340)
  HIGHEST GUST SPEED    22   HIGHEST GUST DIRECTION     N (340)
  AVERAGE WIND SPEED     8.2


SKY COVER
  AVERAGE SKY COVER 0.0


WEATHER CONDITIONS
 THE FOLLOWING WEATHER WAS RECORDED YESTERDAY.
  NO SIGNIFICANT WEATHER WAS OBSERVED.


RELATIVE HUMIDITY (PERCENT)
 HIGHEST    89           600 PM
 LOWEST     75          1000 AM
 AVERAGE    82

..........................................................


THE HASTINGS NE CLIMATE NORMALS FOR TODAY
                         NORMAL    RECORD    YEAR
 MAXIMUM TEMPERATURE (F)   36        65      1951
 MINIMUM TEMPERATURE (F)   16       -21      1940


SUNRISE AND SUNSET
JANUARY 18 2017.......SUNRISE   754 AM CST   SUNSET   535 PM CST
JANUARY 19 2017.......SUNRISE   753 AM CST   SUNSET   536 PM CST


-  INDICATES NEGATIVE NUMBERS.
R  INDICATES RECORD WAS SET OR TIED.
MM INDICATES DATA IS MISSING.
T  INDICATES TRACE AMOUNT.




$$
