000
CDUS43 KGID 200627
CLIHSI


CLIMATE REPORT
NATIONAL WEATHER SERVICE HASTINGS NE
1226 AM CST SAT JAN 20 2018


...................................

...THE HASTINGS NE CLIMATE SUMMARY FOR JANUARY 19 2018...

CLIMATE NORMAL PERIOD 1981 TO 2010
CLIMATE RECORD PERIOD 1894 TO 2018


WEATHER ITEM   OBSERVED TIME   RECORD YEAR NORMAL DEPARTURE LAST
                VALUE   (LST)  VALUE       VALUE  FROM      YEAR
                                                  NORMAL
..................................................................
TEMPERATURE (F)
 YESTERDAY
  MAXIMUM         54    307 PM  67    2014  36     18       42
  MINIMUM         27   1159 PM -17    1943  16     11       36
  AVERAGE         41                        26     15       39

PRECIPITATION (IN)
  YESTERDAY        0.00          0.69 1988   0.01  -0.01     0.00
  MONTH TO DATE    0.10                      0.19  -0.09     0.82
  SINCE DEC 1      0.38                      0.80  -0.42     1.43
  SINCE JAN 1      0.10                      0.19  -0.09     0.82

SNOWFALL (IN)
  YESTERDAY        0.0           6.2  2011   0.2   -0.2      0.0
  MONTH TO DATE    2.3                       3.4   -1.1      3.7
  SINCE DEC 1      8.1                       9.5   -1.4      4.7
  SINCE JUL 1      8.3                      13.3   -5.0      4.8
  SNOW DEPTH       T

DEGREE DAYS
 HEATING
  YESTERDAY       24                        39    -15       26
  MONTH TO DATE  846                       745    101      801
  SINCE DEC 1   2021                      1904    117     1983
  SINCE JUL 1   3164                      3185    -21     2850

 COOLING
  YESTERDAY        0                         0      0        0
  MONTH TO DATE    0                         0      0        0
  SINCE DEC 1      0                         0      0        0
  SINCE JAN 1      0                         0      0        0
..................................................................


WIND (MPH)
  HIGHEST WIND SPEED    12   HIGHEST WIND DIRECTION     S (190)
  HIGHEST GUST SPEED    18   HIGHEST GUST DIRECTION     S (200)
  AVERAGE WIND SPEED     6.1


SKY COVER
  AVERAGE SKY COVER 0.0


WEATHER CONDITIONS
 THE FOLLOWING WEATHER WAS RECORDED YESTERDAY.
  NO SIGNIFICANT WEATHER WAS OBSERVED.


RELATIVE HUMIDITY (PERCENT)
 HIGHEST    78          1000 PM
 LOWEST     35           400 PM
 AVERAGE    57

..........................................................


THE HASTINGS NE CLIMATE NORMALS FOR TODAY
                         NORMAL    RECORD    YEAR
 MAXIMUM TEMPERATURE (F)   36        68      1944
 MINIMUM TEMPERATURE (F)   16       -13      1985


SUNRISE AND SUNSET
JANUARY 20 2018.......SUNRISE   753 AM CST   SUNSET   537 PM CST
JANUARY 21 2018.......SUNRISE   752 AM CST   SUNSET   538 PM CST


-  INDICATES NEGATIVE NUMBERS.
R  INDICATES RECORD WAS SET OR TIED.
MM INDICATES DATA IS MISSING.
T  INDICATES TRACE AMOUNT.




$$
