000
CDUS43 KGID 280630
CLIHSI


CLIMATE REPORT
NATIONAL WEATHER SERVICE HASTINGS NE
129 AM CDT THU AUG 28 2014


...................................

...THE HASTINGS NE CLIMATE SUMMARY FOR AUGUST 27 2014...

CLIMATE NORMAL PERIOD 1981 TO 2010
CLIMATE RECORD PERIOD 1894 TO 2014


WEATHER ITEM   OBSERVED TIME   RECORD YEAR NORMAL DEPARTURE LAST
                VALUE   (LST)  VALUE       VALUE  FROM      YEAR
                                                  NORMAL
..................................................................
TEMPERATURE (F)
 YESTERDAY
  MAXIMUM         77    100 PM 105    1936  84     -7       96
  MINIMUM         68    734 AM  46    1967  61      7       70
                                      1910
  AVERAGE         73                        72      1       83

PRECIPITATION (IN)
  YESTERDAY        0.51          1.06 1968   0.13   0.38     0.00
  MONTH TO DATE    6.88                      2.74   4.14     3.25
  SINCE JUN 1     17.05                     10.28   6.77     6.26
  SINCE JAN 1     23.99                     20.10   3.89    18.06

SNOWFALL (IN)
  YESTERDAY        0.0                       0.0    0.0      0.0
  MONTH TO DATE    0.0                       0.0    0.0      0.0
  SINCE JUN 1      0.0                       0.0    0.0      0.0
  SINCE JUL 1      0.0                       0.0    0.0      0.0
  SNOW DEPTH       0

DEGREE DAYS
 HEATING
  YESTERDAY        0                         0      0        0
  MONTH TO DATE    0                         0      0        0
  SINCE JUN 1     14                        22     -8       33
  SINCE JUL 1      6                         1      5        6

 COOLING
  YESTERDAY        8                         7      1       18
  MONTH TO DATE  259                       265     -6      251
  SINCE JUN 1    770                       866    -96      820
  SINCE JAN 1    888                       925    -37      894
..................................................................


WIND (MPH)
  HIGHEST WIND SPEED    18   HIGHEST WIND DIRECTION    SE (140)
  HIGHEST GUST SPEED    26   HIGHEST GUST DIRECTION    SE (140)
  AVERAGE WIND SPEED     8.7


SKY COVER
  AVERAGE SKY COVER 0.6


WEATHER CONDITIONS
 THE FOLLOWING WEATHER WAS RECORDED YESTERDAY.
  THUNDERSTORM
  RAIN
  LIGHT RAIN
  FOG


RELATIVE HUMIDITY (PERCENT)
 HIGHEST    93          1000 PM
 LOWEST     69           100 PM
 AVERAGE    81

..........................................................


THE HASTINGS NE CLIMATE NORMALS FOR TODAY
                         NORMAL    RECORD    YEAR
 MAXIMUM TEMPERATURE (F)   83       103      1984
 MINIMUM TEMPERATURE (F)   61        44      1911


SUNRISE AND SUNSET
AUGUST 28 2014........SUNRISE   657 AM CDT   SUNSET   812 PM CDT
AUGUST 29 2014........SUNRISE   658 AM CDT   SUNSET   811 PM CDT


-  INDICATES NEGATIVE NUMBERS.
R  INDICATES RECORD WAS SET OR TIED.
MM INDICATES DATA IS MISSING.
T  INDICATES TRACE AMOUNT.




$$
