000
CDUS43 KGID 270649
CLIHSI


CLIMATE REPORT
NATIONAL WEATHER SERVICE HASTINGS NE
148 AM CDT WED MAY 27 2015


...................................

...THE HASTINGS NE CLIMATE SUMMARY FOR MAY 26 2015...

CLIMATE NORMAL PERIOD 1981 TO 2010
CLIMATE RECORD PERIOD 1894 TO 2015


WEATHER ITEM   OBSERVED TIME   RECORD YEAR NORMAL DEPARTURE LAST
                VALUE   (LST)  VALUE       VALUE  FROM      YEAR
                                                  NORMAL
..................................................................
TEMPERATURE (F)
 YESTERDAY
  MAXIMUM         71    517 PM 100    2012  75     -4       85
  MINIMUM         55   1134 PM  38    1992  55      0       62
  AVERAGE         63                        65     -2       74

PRECIPITATION (IN)
  YESTERDAY        0.00          2.81 1996   0.11  -0.11     0.00
  MONTH TO DATE    3.48                      3.97  -0.49     2.15
  SINCE MAR 1      7.23                      8.32  -1.09     6.23
  SINCE JAN 1      8.34                      9.22  -0.88     6.94

SNOWFALL (IN)
  YESTERDAY        0.0           T    2002   0.0    0.0      0.0
  MONTH TO DATE    0.0                       0.0    0.0      0.0
  SINCE MAR 1      0.8                       6.4   -5.6      3.4
  SINCE JUL 1     17.0                      28.8  -11.8     21.7
  6 AM SNOW DEPTH  0

DEGREE DAYS
 HEATING
  YESTERDAY        2                         3     -1        0
  MONTH TO DATE  170                       157     13      174
  SINCE MAR 1   1161                      1366   -205     1437
  SINCE JUL 1   5784                      5996   -212     6317

 COOLING
  YESTERDAY        0                         3     -3        9
  MONTH TO DATE   22                        39    -17       57
  SINCE MAR 1     26                        44    -18       65
  SINCE JAN 1     26                        44    -18       65
..................................................................


WIND (MPH)
  HIGHEST WIND SPEED    24   HIGHEST WIND DIRECTION     N (340)
  HIGHEST GUST SPEED    29   HIGHEST GUST DIRECTION    NW (330)
  AVERAGE WIND SPEED    11.5


SKY COVER
  AVERAGE SKY COVER 0.5


WEATHER CONDITIONS
 THE FOLLOWING WEATHER WAS RECORDED YESTERDAY.
  NO SIGNIFICANT WEATHER WAS OBSERVED.


RELATIVE HUMIDITY (PERCENT)
 HIGHEST    93           200 AM
 LOWEST     47           600 PM
 AVERAGE    70

..........................................................


THE HASTINGS NE CLIMATE NORMALS FOR TODAY
                         NORMAL    RECORD    YEAR
 MAXIMUM TEMPERATURE (F)   76        93      2006
                                             1974
                                             1913
 MINIMUM TEMPERATURE (F)   55        38      1992
                                             1907


SUNRISE AND SUNSET
MAY 27 2015...........SUNRISE   608 AM CDT   SUNSET   854 PM CDT
MAY 28 2015...........SUNRISE   607 AM CDT   SUNSET   855 PM CDT


-  INDICATES NEGATIVE NUMBERS.
R  INDICATES RECORD WAS SET OR TIED.
MM INDICATES DATA IS MISSING.
T  INDICATES TRACE AMOUNT.




$$
