000
CDUS43 KGID 010626
CLIHSI


CLIMATE REPORT
NATIONAL WEATHER SERVICE HASTINGS NE
124 AM CDT SAT AUG 1 2015


...................................

...THE HASTINGS NE CLIMATE SUMMARY FOR JULY 31 2015...

CLIMATE NORMAL PERIOD 1981 TO 2010
CLIMATE RECORD PERIOD 1894 TO 2015


WEATHER ITEM   OBSERVED TIME   RECORD YEAR NORMAL DEPARTURE LAST
                VALUE   (LST)  VALUE       VALUE  FROM      YEAR
                                                  NORMAL
..................................................................
TEMPERATURE (F)
 YESTERDAY
  MAXIMUM         92    525 PM 105    1935  87      5       89
                                      1934
  MINIMUM         68    554 AM  53    2009  66      2       59
                                      1992
                                      1971
  AVERAGE         80                        77      3       74

PRECIPITATION (IN)
  YESTERDAY        0.12          1.64 1989   0.12   0.00      T
  MONTH TO DATE    4.13                      3.74   0.39     1.48
  SINCE JUN 1     12.18                      7.54   4.64    10.17
  SINCE JAN 1     20.90                     17.36   3.54    17.11

SNOWFALL (IN)
  YESTERDAY        0.0                       0.0    0.0      0.0
  MONTH TO DATE    0.0                       0.0    0.0      0.0
  SINCE JUN 1      0.0                       0.0    0.0      0.0
  SINCE JUL 1      0.0                       0.0    0.0      0.0
  SNOW DEPTH       0

DEGREE DAYS
 HEATING
  YESTERDAY        0                         0      0        0
  MONTH TO DATE    4                         0      4        6
  SINCE JUN 1      7                        22    -15       14
  SINCE JUL 1      4                         1      3        6

 COOLING
  YESTERDAY       15                        12      3        9
  MONTH TO DATE  344                       376    -32      280
  SINCE JUN 1    564                       601    -37      511
  SINCE JAN 1    595                       660    -65      629
..................................................................


WIND (MPH)
  HIGHEST WIND SPEED    25   HIGHEST WIND DIRECTION     E (80)
  HIGHEST GUST SPEED    34   HIGHEST GUST DIRECTION    NE (30)
  AVERAGE WIND SPEED     7.4


SKY COVER
  AVERAGE SKY COVER 0.1


WEATHER CONDITIONS
 THE FOLLOWING WEATHER WAS RECORDED YESTERDAY.
  THUNDERSTORM
  RAIN
  LIGHT RAIN
  HAZE


RELATIVE HUMIDITY (PERCENT)
 HIGHEST    93           600 AM
 LOWEST     38           500 PM
 AVERAGE    66

..........................................................


THE HASTINGS NE CLIMATE NORMALS FOR TODAY
                         NORMAL    RECORD    YEAR
 MAXIMUM TEMPERATURE (F)   87       105      1935
                                             1930
 MINIMUM TEMPERATURE (F)   66        51      1995


SUNRISE AND SUNSET
AUGUST  1 2015........SUNRISE   630 AM CDT   SUNSET   849 PM CDT
AUGUST  2 2015........SUNRISE   631 AM CDT   SUNSET   848 PM CDT


-  INDICATES NEGATIVE NUMBERS.
R  INDICATES RECORD WAS SET OR TIED.
MM INDICATES DATA IS MISSING.
T  INDICATES TRACE AMOUNT.




$$
