000
CDUS44 KHUN 170802
CLIHSV


CLIMATE REPORT
NATIONAL WEATHER SERVICE HUNTSVILLE AL
202 AM CST WED JAN 17 2018


...................................

...THE HUNTSVILLE CLIMATE SUMMARY FOR JANUARY 16 2018...

CLIMATE NORMAL PERIOD 1981 TO 2010
CLIMATE RECORD PERIOD 1894 TO 2018


WEATHER ITEM   OBSERVED TIME   RECORD YEAR NORMAL DEPARTURE LAST
                VALUE   (LST)  VALUE       VALUE  FROM      YEAR
                                                  NORMAL
..................................................................
TEMPERATURE (F)
 YESTERDAY
  MAXIMUM         34    459 AM  76    1943  51    -17       74
  MINIMUM         11   1159 PM   2    1982  32    -21       51
  AVERAGE         23                        41    -18       63

PRECIPITATION (IN)
  YESTERDAY        0.04          1.52 1947   0.16  -0.12     0.00
  MONTH TO DATE    1.19                      2.55  -1.36     0.87
  SINCE DEC 1      5.67                      8.32  -2.65     6.78
  SINCE JAN 1      1.19                      2.55  -1.36     0.87

SNOWFALL (IN)
  YESTERDAY        0.4
  MONTH TO DATE    0.4
  SINCE DEC 1      0.4
  SINCE JUL 1      0.4
  SNOW DEPTH       0

DEGREE DAYS
 HEATING
  YESTERDAY       42                        24     18        2
  MONTH TO DATE  494                       384    110      253
  SINCE DEC 1   1152                      1038    114      801
  SINCE JUL 1   1630                      1565     65     1065

 COOLING
  YESTERDAY        0                         0      0        0
  MONTH TO DATE    0                         0      0        1
  SINCE DEC 1      0                         2     -2        5
  SINCE JAN 1      0                         0      0        1
..................................................................


WIND (MPH)
  HIGHEST WIND SPEED    20   HIGHEST WIND DIRECTION     N (20)
  HIGHEST GUST SPEED    24   HIGHEST GUST DIRECTION     N (360)
  AVERAGE WIND SPEED     9.9


SKY COVER
  POSSIBLE SUNSHINE  MM
  AVERAGE SKY COVER 0.7


WEATHER CONDITIONS
 THE FOLLOWING WEATHER WAS RECORDED YESTERDAY.
  LIGHT SNOW
  FOG


RELATIVE HUMIDITY (PERCENT)
 HIGHEST    88          1100 AM
 LOWEST     67           800 PM
 AVERAGE    78

..........................................................


THE HUNTSVILLE CLIMATE NORMALS FOR TODAY
                         NORMAL    RECORD    YEAR
 MAXIMUM TEMPERATURE (F)   51        76      1943
 MINIMUM TEMPERATURE (F)   32        -4      1982


SUNRISE AND SUNSET
JANUARY 17 2018.......SUNRISE   653 AM CST   SUNSET   502 PM CST
JANUARY 18 2018.......SUNRISE   653 AM CST   SUNSET   502 PM CST


-  INDICATES NEGATIVE NUMBERS.
R  INDICATES RECORD WAS SET OR TIED.
MM INDICATES DATA IS MISSING.
T  INDICATES TRACE AMOUNT.




$$
