000
CDUS44 KHUN 260715
CLIHSV


CLIMATE REPORT
NATIONAL WEATHER SERVICE HUNTSVILLE AL
214 AM CDT FRI MAY 26 2017


...................................

...THE HUNTSVILLE CLIMATE SUMMARY FOR MAY 25 2017...

CLIMATE NORMAL PERIOD 1981 TO 2010
CLIMATE RECORD PERIOD 1894 TO 2017


WEATHER ITEM   OBSERVED TIME   RECORD YEAR NORMAL DEPARTURE LAST
                VALUE   (LST)  VALUE       VALUE  FROM      YEAR
                                                  NORMAL
..................................................................
TEMPERATURE (F)
 YESTERDAY
  MAXIMUM         75    354 PM  97    1926  84     -9       90
                                      1921
  MINIMUM         54    516 AM  45    1942  62     -8       64
                                      1935
  AVERAGE         65                        73     -8       77

PRECIPITATION (IN)
  YESTERDAY        0.00          1.72 1993   0.15  -0.15     0.00
  MONTH TO DATE    4.17                      4.20  -0.03     1.62
  SINCE MAR 1     12.05                     13.73  -1.68     8.35
  SINCE JAN 1     20.92                     23.46  -2.54    18.30

SNOWFALL (IN)
  YESTERDAY        0.0
  MONTH TO DATE    0.0
  SINCE MAR 1      T
  SINCE JUL 1      T
  SNOW DEPTH       0

DEGREE DAYS
 HEATING
  YESTERDAY        0                         0      0        0
  MONTH TO DATE   35                        25     10       20
  SINCE MAR 1    400                       547   -147      357
  SINCE JUL 1   1967                      2999  -1032     2253

 COOLING
  YESTERDAY        0                         8     -8       12
  MONTH TO DATE  146                       138      8      118
  SINCE MAR 1    324                       209    115      208
  SINCE JAN 1    329                       210    119      209
..................................................................


WIND (MPH)
  HIGHEST WIND SPEED    18   HIGHEST WIND DIRECTION     W (260)
  HIGHEST GUST SPEED    28   HIGHEST GUST DIRECTION     W (270)
  AVERAGE WIND SPEED     7.9


SKY COVER
  POSSIBLE SUNSHINE  MM
  AVERAGE SKY COVER 0.5


WEATHER CONDITIONS
 THE FOLLOWING WEATHER WAS RECORDED YESTERDAY.
  NO SIGNIFICANT WEATHER WAS OBSERVED.


RELATIVE HUMIDITY (PERCENT)
 HIGHEST   100           300 AM
 LOWEST     43           400 PM
 AVERAGE    72

..........................................................


THE HUNTSVILLE CLIMATE NORMALS FOR TODAY
                         NORMAL    RECORD    YEAR
 MAXIMUM TEMPERATURE (F)   84        97      1926
                                             1915
                                             1911
 MINIMUM TEMPERATURE (F)   62        44      1979


SUNRISE AND SUNSET
MAY 26 2017...........SUNRISE   537 AM CDT   SUNSET   751 PM CDT
MAY 27 2017...........SUNRISE   537 AM CDT   SUNSET   752 PM CDT


-  INDICATES NEGATIVE NUMBERS.
R  INDICATES RECORD WAS SET OR TIED.
MM INDICATES DATA IS MISSING.
T  INDICATES TRACE AMOUNT.




$$
