000
CDUS44 KHUN 102221
CLIHSV


CLIMATE REPORT
NATIONAL WEATHER SERVICE HUNTSVILLE AL
421 PM CST SAT DEC 10 2016


...................................

...THE HUNTSVILLE CLIMATE SUMMARY FOR DECEMBER 10 2016...
VALID TODAY AS OF 0400 PM LOCAL TIME.

CLIMATE NORMAL PERIOD 1981 TO 2010
CLIMATE RECORD PERIOD 1894 TO 2016


WEATHER ITEM   OBSERVED TIME   RECORD YEAR NORMAL DEPARTURE LAST
                VALUE   (LST)  VALUE       VALUE  FROM      YEAR
                                                  NORMAL
..................................................................
TEMPERATURE (F)
 TODAY
  MAXIMUM         46    345 PM  76    2007  55     -9       67
  MINIMUM         23    547 AM   8    1937  35    -12       45
                                      1917
  AVERAGE         35                        45    -10       56

PRECIPITATION (IN)
  TODAY            0.00          2.16 2002   0.21  -0.21     0.00
  MONTH TO DATE    3.04                      1.98   1.06     1.51
  SINCE DEC 1      3.04                      1.98   1.06     1.51
  SINCE JAN 1     41.57                     50.55  -8.98    55.40

SNOWFALL (IN)
  TODAY            0.0
  MONTH TO DATE    0.0
  SINCE DEC 1      0.0
  SINCE JUL 1      0.0
  SNOW DEPTH       0

DEGREE DAYS
 HEATING
  TODAY           30                        20     10        9
  MONTH TO DATE  209                       190     19      148
  SINCE DEC 1    209                       190     19      148
  SINCE JUL 1    473                       717   -244      442

 COOLING
  TODAY            0                         0      0        0
  MONTH TO DATE    0                         0      0        0
  SINCE DEC 1      0                         0      0        0
  SINCE JAN 1   2548                      1949    599     2279
..................................................................


WIND (MPH)
  HIGHEST WIND SPEED    10   HIGHEST WIND DIRECTION     N (10)
  HIGHEST GUST SPEED    13   HIGHEST GUST DIRECTION    NE (40)
  AVERAGE WIND SPEED     2.7


SKY COVER
  POSSIBLE SUNSHINE  MM
  AVERAGE SKY COVER 0.1


WEATHER CONDITIONS
 THE FOLLOWING WEATHER WAS RECORDED TODAY.
  NO SIGNIFICANT WEATHER WAS OBSERVED.


RELATIVE HUMIDITY (PERCENT)
 HIGHEST    81           300 AM
 LOWEST     28           300 PM
 AVERAGE    55

..........................................................


THE HUNTSVILLE CLIMATE NORMALS FOR TOMORROW
                         NORMAL    RECORD    YEAR
 MAXIMUM TEMPERATURE (F)   54        77      2007
 MINIMUM TEMPERATURE (F)   35        10      1962
                                             1937


SUNRISE AND SUNSET
DECEMBER 10 2016......SUNRISE   644 AM CST   SUNSET   437 PM CST
DECEMBER 11 2016......SUNRISE   644 AM CST   SUNSET   437 PM CST


-  INDICATES NEGATIVE NUMBERS.
R  INDICATES RECORD WAS SET OR TIED.
MM INDICATES DATA IS MISSING.
T  INDICATES TRACE AMOUNT.




$$
