000
CDUS44 KHUN 210703
CLIHSV


CLIMATE REPORT
NATIONAL WEATHER SERVICE HUNTSVILLE AL
201 AM CDT SUN SEP 21 2014


...................................

...THE HUNTSVILLE CLIMATE SUMMARY FOR SEPTEMBER 20 2014...

CLIMATE NORMAL PERIOD 1981 TO 2010
CLIMATE RECORD PERIOD 1894 TO 2014


WEATHER ITEM   OBSERVED TIME   RECORD YEAR NORMAL DEPARTURE LAST
                VALUE   (LST)  VALUE       VALUE  FROM      YEAR
                                                  NORMAL
..................................................................
TEMPERATURE (F)
 YESTERDAY
  MAXIMUM         87    328 PM 101    1925  84      3       88
  MINIMUM         67   1143 PM  43    1928  61      6       64
  AVERAGE         77                        72      5       76

PRECIPITATION (IN)
  YESTERDAY        0.00          2.75 1924   0.13  -0.13     0.37
  MONTH TO DATE    0.49                      2.43  -1.94     1.64
  SINCE SEP 1      0.49                      2.43  -1.94     1.64
  SINCE JAN 1     38.64                     38.75  -0.11    45.26

SNOWFALL (IN)
  YESTERDAY        0.0
  MONTH TO DATE    0.0
  SINCE SEP 1      0.0
  SINCE JUL 1      0.0
  SNOW DEPTH       0

DEGREE DAYS
 HEATING
  YESTERDAY        0                         1     -1        0
  MONTH TO DATE    0                         1     -1        0
  SINCE SEP 1      0                         1     -1        0
  SINCE JUL 1      0                         1     -1        0

 COOLING
  YESTERDAY       12                         8      4       11
  MONTH TO DATE  285                       214     71      231
  SINCE SEP 1    285                       214     71      231
  SINCE JAN 1   1837                      1809     28     1697
..................................................................


WIND (MPH)
  HIGHEST WIND SPEED    16   HIGHEST WIND DIRECTION     E (110)
  HIGHEST GUST SPEED    22   HIGHEST GUST DIRECTION    SE (120)
  AVERAGE WIND SPEED     6.8


SKY COVER
  POSSIBLE SUNSHINE  MM
  AVERAGE SKY COVER 0.1


WEATHER CONDITIONS
 THE FOLLOWING WEATHER WAS RECORDED YESTERDAY.
  NO SIGNIFICANT WEATHER WAS OBSERVED.


RELATIVE HUMIDITY (PERCENT)
 HIGHEST    87          1100 PM
 LOWEST     40           300 PM
 AVERAGE    64

..........................................................


THE HUNTSVILLE CLIMATE NORMALS FOR TODAY
                         NORMAL    RECORD    YEAR
 MAXIMUM TEMPERATURE (F)   83       100      1925
 MINIMUM TEMPERATURE (F)   61        39      1918


SUNRISE AND SUNSET
SEPTEMBER 21 2014.....SUNRISE   634 AM CDT   SUNSET   645 PM CDT
SEPTEMBER 22 2014.....SUNRISE   635 AM CDT   SUNSET   644 PM CDT


-  INDICATES NEGATIVE NUMBERS.
R  INDICATES RECORD WAS SET OR TIED.
MM INDICATES DATA IS MISSING.
T  INDICATES TRACE AMOUNT.




$$
