000
CDUS44 KHUN 200704
CLIHSV


CLIMATE REPORT
NATIONAL WEATHER SERVICE HUNTSVILLE AL
203 AM CDT WED AUG 20 2014


...................................

...THE HUNTSVILLE CLIMATE SUMMARY FOR AUGUST 19 2014...

CLIMATE NORMAL PERIOD 1981 TO 2010
CLIMATE RECORD PERIOD 1894 TO 2014


WEATHER ITEM   OBSERVED TIME   RECORD YEAR NORMAL DEPARTURE LAST
                VALUE   (LST)  VALUE       VALUE  FROM      YEAR
                                                  NORMAL
..................................................................
TEMPERATURE (F)
 YESTERDAY
  MAXIMUM         91    315 PM 103    1925  91      0       84
  MINIMUM         72    525 AM  56    1943  69      3       67
  AVERAGE         82                        80      2       76

PRECIPITATION (IN)
  YESTERDAY        0.00          2.37 1931   0.12  -0.12     0.03
  MONTH TO DATE    2.09                      2.28  -0.19     1.33
  SINCE JUN 1     13.69                     10.62   3.07    14.02
  SINCE JAN 1     37.16                     34.99   2.17    43.14

SNOWFALL (IN)
  YESTERDAY        0.0
  MONTH TO DATE    0.0
  SINCE JUN 1      0.0
  SINCE JUL 1      0.0
  SNOW DEPTH       0

DEGREE DAYS
 HEATING
  YESTERDAY        0                         0      0        0
  MONTH TO DATE    0                         0      0        0
  SINCE JUN 1      0                         1     -1        0
  SINCE JUL 1      0                         0      0        0

 COOLING
  YESTERDAY       17                        15      2       11
  MONTH TO DATE  274                       299    -25      219
  SINCE JUN 1   1068                      1161    -93     1064
  SINCE JAN 1   1339                      1424    -85     1297
..................................................................


WIND (MPH)
  HIGHEST WIND SPEED    10   HIGHEST WIND DIRECTION    SW (240)
  HIGHEST GUST SPEED    14   HIGHEST GUST DIRECTION    SW (240)
  AVERAGE WIND SPEED     3.4


SKY COVER
  POSSIBLE SUNSHINE  MM
  AVERAGE SKY COVER 0.6


WEATHER CONDITIONS
 THE FOLLOWING WEATHER WAS RECORDED YESTERDAY.
  NO SIGNIFICANT WEATHER WAS OBSERVED.


RELATIVE HUMIDITY (PERCENT)
 HIGHEST    94          1000 PM
 LOWEST     52           400 PM
 AVERAGE    73

..........................................................


THE HUNTSVILLE CLIMATE NORMALS FOR TODAY
                         NORMAL    RECORD    YEAR
 MAXIMUM TEMPERATURE (F)   91       104      1925
 MINIMUM TEMPERATURE (F)   69        55      1927


SUNRISE AND SUNSET
AUGUST 20 2014........SUNRISE   611 AM CDT   SUNSET   729 PM CDT
AUGUST 21 2014........SUNRISE   612 AM CDT   SUNSET   728 PM CDT


-  INDICATES NEGATIVE NUMBERS.
R  INDICATES RECORD WAS SET OR TIED.
MM INDICATES DATA IS MISSING.
T  INDICATES TRACE AMOUNT.




$$
