000
CDUS44 KHUN 230701
CLIHSV


CLIMATE REPORT
NATIONAL WEATHER SERVICE HUNTSVILLE AL
200 AM CDT SAT JUL 23 2016


...................................

...THE HUNTSVILLE CLIMATE SUMMARY FOR JULY 22 2016...

CLIMATE NORMAL PERIOD 1981 TO 2010
CLIMATE RECORD PERIOD 1894 TO 2016


WEATHER ITEM   OBSERVED TIME   RECORD YEAR NORMAL DEPARTURE LAST
                VALUE   (LST)  VALUE       VALUE  FROM      YEAR
                                                  NORMAL
..................................................................
TEMPERATURE (F)
 YESTERDAY
  MAXIMUM         96    450 PM 103    1952  91      5       94
                                      1924
  MINIMUM         75    531 AM  49    1944  71      4       74
  AVERAGE         86                        81      5       84

PRECIPITATION (IN)
  YESTERDAY        0.07          2.64 1958   0.11  -0.04      T
  MONTH TO DATE    4.33                      2.98   1.35     4.32
  SINCE JUN 1      8.73                      7.27   1.46     6.70
  SINCE JAN 1     27.03                     31.64  -4.61    32.08

SNOWFALL (IN)
  YESTERDAY        0.0
  MONTH TO DATE    0.0
  SINCE JUN 1      0.0
  SINCE JUL 1      0.0
  SNOW DEPTH       0

DEGREE DAYS
 HEATING
  YESTERDAY        0                         0      0        0
  MONTH TO DATE    0                         0      0        0
  SINCE JUN 1      0                         1     -1        0
  SINCE JUL 1      0                         0      0        0

 COOLING
  YESTERDAY       21                        16      5       19
  MONTH TO DATE  406                       344     62      404
  SINCE JUN 1    886                       724    162      901
  SINCE JAN 1   1173                       987    186     1226
..................................................................


WIND (MPH)
  HIGHEST WIND SPEED    15   HIGHEST WIND DIRECTION     N (350)
  HIGHEST GUST SPEED    17   HIGHEST GUST DIRECTION     N (350)
  AVERAGE WIND SPEED     3.4


SKY COVER
  POSSIBLE SUNSHINE  MM
  AVERAGE SKY COVER 0.5


WEATHER CONDITIONS
 THE FOLLOWING WEATHER WAS RECORDED YESTERDAY.
  THUNDERSTORM
  LIGHT RAIN


RELATIVE HUMIDITY (PERCENT)
 HIGHEST    85          1100 PM
 LOWEST     43           400 PM
 AVERAGE    64

..........................................................


THE HUNTSVILLE CLIMATE NORMALS FOR TODAY
                         NORMAL    RECORD    YEAR
 MAXIMUM TEMPERATURE (F)   91       105      1952
 MINIMUM TEMPERATURE (F)   71        53      1947


SUNRISE AND SUNSET
JULY 23 2016..........SUNRISE   551 AM CDT   SUNSET   756 PM CDT
JULY 24 2016..........SUNRISE   552 AM CDT   SUNSET   755 PM CDT


-  INDICATES NEGATIVE NUMBERS.
R  INDICATES RECORD WAS SET OR TIED.
MM INDICATES DATA IS MISSING.
T  INDICATES TRACE AMOUNT.




$$
