604
CDUS44 KHUN 290706
CLIHSV


CLIMATE REPORT
NATIONAL WEATHER SERVICE HUNTSVILLE AL
206 AM CDT MON AUG 29 2016


...................................

...THE HUNTSVILLE CLIMATE SUMMARY FOR AUGUST 28 2016...

CLIMATE NORMAL PERIOD 1981 TO 2010
CLIMATE RECORD PERIOD 1894 TO 2016


WEATHER ITEM   OBSERVED TIME   RECORD YEAR NORMAL DEPARTURE LAST
                VALUE   (LST)  VALUE       VALUE  FROM      YEAR
                                                  NORMAL
..................................................................
TEMPERATURE (F)
 YESTERDAY
  MAXIMUM         95    112 PM 103    1924  90      5       88
                                      1920
  MINIMUM         73    540 AM  56    1967  68      5       64
                                      1927
                                      1922
  AVERAGE         84                        79      5       76

PRECIPITATION (IN)
  YESTERDAY        0.01          1.54 1923   0.11  -0.10     0.00
  MONTH TO DATE    4.88                      3.28   1.60     7.75
  SINCE JUN 1     14.21                     11.62   2.59    15.94
  SINCE JAN 1     32.51                     35.99  -3.48    41.32

SNOWFALL (IN)
  YESTERDAY        0.0
  MONTH TO DATE    0.0
  SINCE JUN 1      0.0
  SINCE JUL 1      0.0
  SNOW DEPTH       0

DEGREE DAYS
 HEATING
  YESTERDAY        0                         0      0        0
  MONTH TO DATE    0                         0      0        0
  SINCE JUN 1      0                         1     -1        0
  SINCE JUL 1      0                         0      0        0

 COOLING
  YESTERDAY       19                        14      5       11
  MONTH TO DATE  506                       431     75      411
  SINCE JUN 1   1561                      1293    268     1484
  SINCE JAN 1   1848                      1556    292     1809
..................................................................


WIND (MPH)
  HIGHEST WIND SPEED    23   HIGHEST WIND DIRECTION    NE (60)
  HIGHEST GUST SPEED    29   HIGHEST GUST DIRECTION    NE (50)
  AVERAGE WIND SPEED     6.7


SKY COVER
  POSSIBLE SUNSHINE  MM
  AVERAGE SKY COVER 0.2


WEATHER CONDITIONS
 THE FOLLOWING WEATHER WAS RECORDED YESTERDAY.
  THUNDERSTORM
  LIGHT RAIN


RELATIVE HUMIDITY (PERCENT)
 HIGHEST    93           600 AM
 LOWEST     46           100 PM
 AVERAGE    70

..........................................................


THE HUNTSVILLE CLIMATE NORMALS FOR TODAY
                         NORMAL    RECORD    YEAR
 MAXIMUM TEMPERATURE (F)   90       102      2000
                                             1990
                                             1924
 MINIMUM TEMPERATURE (F)   68        52      1992


SUNRISE AND SUNSET
AUGUST 29 2016........SUNRISE   618 AM CDT   SUNSET   717 PM CDT
AUGUST 30 2016........SUNRISE   619 AM CDT   SUNSET   715 PM CDT


-  INDICATES NEGATIVE NUMBERS.
R  INDICATES RECORD WAS SET OR TIED.
MM INDICATES DATA IS MISSING.
T  INDICATES TRACE AMOUNT.




$$
