429
CDUS44 KHUN 180801
CLIHSV


CLIMATE REPORT
NATIONAL WEATHER SERVICE HUNTSVILLE AL
201 AM CST WED JAN 18 2017


...................................

...THE HUNTSVILLE CLIMATE SUMMARY FOR JANUARY 17 2017...

CLIMATE NORMAL PERIOD 1981 TO 2010
CLIMATE RECORD PERIOD 1894 TO 2017


WEATHER ITEM   OBSERVED TIME   RECORD YEAR NORMAL DEPARTURE LAST
                VALUE   (LST)  VALUE       VALUE  FROM      YEAR
                                                  NORMAL
..................................................................
TEMPERATURE (F)
 YESTERDAY
  MAXIMUM         71    213 PM  76    1943  51     20       45
  MINIMUM         59   1159 PM  -4    1982  32     27       30
  AVERAGE         65                        41     24       38

PRECIPITATION (IN)
  YESTERDAY        0.03          1.91 2006   0.16  -0.13     0.00
  MONTH TO DATE    0.90                      2.71  -1.81     0.59
  SINCE DEC 1      6.81                      8.48  -1.67    11.27
  SINCE JAN 1      0.90                      2.71  -1.81     0.59

SNOWFALL (IN)
  YESTERDAY        0.0
  MONTH TO DATE    T
  SINCE DEC 1      T
  SINCE JUL 1      T
  SNOW DEPTH       0

DEGREE DAYS
 HEATING
  YESTERDAY        0                        24    -24       27
  MONTH TO DATE  253                       408   -155      411
  SINCE DEC 1    801                      1062   -261      732
  SINCE JUL 1   1065                      1589   -524     1026

 COOLING
  YESTERDAY        0                         0      0        0
  MONTH TO DATE    1                         0      1        0
  SINCE DEC 1      5                         2      3       23
  SINCE JAN 1      1                         0      1        0
..................................................................


WIND (MPH)
  HIGHEST WIND SPEED    23   HIGHEST WIND DIRECTION    SW (220)
  HIGHEST GUST SPEED    30   HIGHEST GUST DIRECTION    SW (230)
  AVERAGE WIND SPEED    11.2


SKY COVER
  POSSIBLE SUNSHINE  MM
  AVERAGE SKY COVER 1.0


WEATHER CONDITIONS
 THE FOLLOWING WEATHER WAS RECORDED YESTERDAY.
  LIGHT RAIN


RELATIVE HUMIDITY (PERCENT)
 HIGHEST   100           600 PM
 LOWEST     68           100 PM
 AVERAGE    84

..........................................................


THE HUNTSVILLE CLIMATE NORMALS FOR TODAY
                         NORMAL    RECORD    YEAR
 MAXIMUM TEMPERATURE (F)   51        74      1929
 MINIMUM TEMPERATURE (F)   32         3      1977


SUNRISE AND SUNSET
JANUARY 18 2017.......SUNRISE   653 AM CST   SUNSET   503 PM CST
JANUARY 19 2017.......SUNRISE   652 AM CST   SUNSET   504 PM CST


-  INDICATES NEGATIVE NUMBERS.
R  INDICATES RECORD WAS SET OR TIED.
MM INDICATES DATA IS MISSING.
T  INDICATES TRACE AMOUNT.




$$
