000
CDUS43 KAPX 110529
CLIHTL


CLIMATE REPORT
NATIONAL WEATHER SERVICE GAYLORD MI
1228 AM EST THU FEB 11 2016


...................................

...THE HOUGHTON LAKE MI CLIMATE SUMMARY FOR FEBRUARY 10 2016...

CLIMATE NORMAL PERIOD 1981 TO 2010
CLIMATE RECORD PERIOD 1913 TO 2016


WEATHER ITEM   OBSERVED TIME   RECORD YEAR NORMAL DEPARTURE LAST
                VALUE   (LST)  VALUE       VALUE  FROM      YEAR
                                                  NORMAL
..................................................................
TEMPERATURE (F)
 YESTERDAY
  MAXIMUM         18   1212 AM  54    2009  28    -10       27
  MINIMUM          5   1159 PM -29    1936  10     -5       -5
  AVERAGE         12                        19     -7       11

PRECIPITATION (IN)
  YESTERDAY        T             0.59 1981   0.04  -0.04     0.00
  MONTH TO DATE    0.79                      0.38   0.41     0.23
  SINCE DEC 1      6.12                      3.54   2.58     2.85
  SINCE JAN 1      2.55                      1.89   0.66     1.42

SNOWFALL (IN)
  YESTERDAY        T             6.5  1981   0.4   -0.4      0.0
  MONTH TO DATE    3.9                       4.8   -0.9      3.1
  SINCE OCT 1     26.8                      46.9  -20.1     33.8
  SINCE JUL 1     26.8                      46.9  -20.1     33.8
  SNOW DEPTH      10

DEGREE DAYS
 HEATING
  YESTERDAY       53                        46      7       54
  MONTH TO DATE  393                       467    -74      519
  SINCE DEC 1   2633                      3196   -563     3232
  SINCE JUL 1   4112                      5079   -967     5235
..................................................................


WIND (MPH)
  HIGHEST WIND SPEED    24   HIGHEST WIND DIRECTION    NW (320)
  HIGHEST GUST SPEED    30   HIGHEST GUST DIRECTION    NW (310)
  AVERAGE WIND SPEED    10.4




RELATIVE HUMIDITY (PERCENT)
 HIGHEST    83
 LOWEST     51
 AVERAGE    67

..........................................................


THE HOUGHTON LAKE MI CLIMATE NORMALS FOR TODAY
                         NORMAL    RECORD    YEAR
 MAXIMUM TEMPERATURE (F)   28        58      1932
 MINIMUM TEMPERATURE (F)   10       -20      2003


SUNRISE AND SUNSET
FEBRUARY 11 2016......SUNRISE   745 AM EST   SUNSET   602 PM EST
FEBRUARY 12 2016......SUNRISE   744 AM EST   SUNSET   603 PM EST


-  INDICATES NEGATIVE NUMBERS.
R  INDICATES RECORD WAS SET OR TIED.
MM INDICATES DATA IS MISSING.
T  INDICATES TRACE AMOUNT.




$$
