000
CDUS43 KAPX 280536
CLIHTL


CLIMATE REPORT
NATIONAL WEATHER SERVICE GAYLORD MI
136 AM EDT THU MAY 28 2015


...................................

...THE HOUGHTON LAKE MI CLIMATE SUMMARY FOR MAY 27 2015...

CLIMATE NORMAL PERIOD 1981 TO 2010
CLIMATE RECORD PERIOD 1913 TO 2015


WEATHER ITEM   OBSERVED TIME   RECORD YEAR NORMAL DEPARTURE LAST
                VALUE   (LST)  VALUE       VALUE  FROM      YEAR
                                                  NORMAL
..................................................................
TEMPERATURE (F)
 YESTERDAY
  MAXIMUM         71   1159 AM  89    1978  70      1       84
                                      1944
  MINIMUM         54   1159 PM  23    1930  45      9       62
                                      1927
  AVERAGE         63                        57      6       73

PRECIPITATION (IN)
  YESTERDAY        T             1.53 2012   0.09  -0.09      T
  MONTH TO DATE    3.45                      2.42   1.03     2.87
  SINCE MAR 1      6.18                      6.74  -0.56     9.68
  SINCE JAN 1      7.99                      9.46  -1.47    12.48

DEGREE DAYS
 HEATING
  YESTERDAY        2                         8     -6        0
  MONTH TO DATE  235                       326    -91      317
  SINCE MAR 1   2089                      2115    -26     2439
  SINCE JUL 1   8456                      7987    469     8887

 COOLING
  YESTERDAY        0                         1     -1        8
  MONTH TO DATE   17                         8      9       12
  SINCE MAR 1     17                        10      7       12
  SINCE JAN 1     17                        10      7       12
..................................................................


WIND (MPH)
  HIGHEST WIND SPEED    22   HIGHEST WIND DIRECTION     W (270)
  HIGHEST GUST SPEED    31   HIGHEST GUST DIRECTION     W (280)
  AVERAGE WIND SPEED    11.1




RELATIVE HUMIDITY (PERCENT)
 HIGHEST    93
 LOWEST     57
 AVERAGE    75

..........................................................


THE HOUGHTON LAKE MI CLIMATE NORMALS FOR TODAY
                         NORMAL    RECORD    YEAR
 MAXIMUM TEMPERATURE (F)   70        90      1931
 MINIMUM TEMPERATURE (F)   45        27      2008
                                             1949


SUNRISE AND SUNSET
MAY 28 2015...........SUNRISE   600 AM EDT   SUNSET   912 PM EDT
MAY 29 2015...........SUNRISE   600 AM EDT   SUNSET   913 PM EDT


-  INDICATES NEGATIVE NUMBERS.
R  INDICATES RECORD WAS SET OR TIED.
MM INDICATES DATA IS MISSING.
T  INDICATES TRACE AMOUNT.




$$
