000
CDUS43 KAPX 280539
CLIHTL


CLIMATE REPORT
NATIONAL WEATHER SERVICE GAYLORD MI
1238 AM EST SUN DEC 28 2014


...................................

...THE HOUGHTON LAKE MI CLIMATE SUMMARY FOR DECEMBER 27 2014...

CLIMATE NORMAL PERIOD 1981 TO 2010
CLIMATE RECORD PERIOD 1913 TO 2014


WEATHER ITEM   OBSERVED TIME   RECORD YEAR NORMAL DEPARTURE LAST
                VALUE   (LST)  VALUE       VALUE  FROM      YEAR
                                                  NORMAL
..................................................................
TEMPERATURE (F)
 YESTERDAY
  MAXIMUM         45    420 PM  50    2008  28     17       34
                                      1936
  MINIMUM         30   1147 PM -20    1925  14     16        6
  AVERAGE         38                        21     17       20

PRECIPITATION (IN)
  YESTERDAY        0.05          1.46 1942   0.04   0.01     0.00
  MONTH TO DATE    1.43                      1.46  -0.03     2.17
  SINCE DEC 1      1.43                      1.46  -0.03     2.17
  SINCE JAN 1     30.79                     28.56   2.23    30.67

SNOWFALL (IN)
  YESTERDAY        T             3.4  1968   0.5   -0.5      0.0
  MONTH TO DATE    6.0                      13.8   -7.8     21.1
  SINCE OCT 1     18.9                      22.9   -4.0     24.9
  SINCE JUL 1     18.9                      22.9   -4.0     24.9
  SNOW DEPTH       T

DEGREE DAYS
 HEATING
  YESTERDAY       27                        44    -17       45
  MONTH TO DATE  986                      1095   -109     1255
  SINCE DEC 1    986                      1095   -109     1255
  SINCE JUL 1   2989                      2978     11     3120
..................................................................


WIND (MPH)
  HIGHEST WIND SPEED    29   HIGHEST WIND DIRECTION    SW (240)
  HIGHEST GUST SPEED    43   HIGHEST GUST DIRECTION    SW (240)
  AVERAGE WIND SPEED     9.8




RELATIVE HUMIDITY (PERCENT)
 HIGHEST   100
 LOWEST     79
 AVERAGE    90

..........................................................


THE HOUGHTON LAKE MI CLIMATE NORMALS FOR TODAY
                         NORMAL    RECORD    YEAR
 MAXIMUM TEMPERATURE (F)   28        57      1984
 MINIMUM TEMPERATURE (F)   13       -18      1924


SUNRISE AND SUNSET
DECEMBER 28 2014......SUNRISE   814 AM EST   SUNSET   507 PM EST
DECEMBER 29 2014......SUNRISE   814 AM EST   SUNSET   507 PM EST


-  INDICATES NEGATIVE NUMBERS.
R  INDICATES RECORD WAS SET OR TIED.
MM INDICATES DATA IS MISSING.
T  INDICATES TRACE AMOUNT.




$$
