000
CDUS43 KAPX 290546
CLIHTL


CLIMATE REPORT
NATIONAL WEATHER SERVICE GAYLORD MI
1246 AM EST THU JAN 29 2015


...................................

...THE HOUGHTON LAKE MI CLIMATE SUMMARY FOR JANUARY 28 2015...

CLIMATE NORMAL PERIOD 1981 TO 2010
CLIMATE RECORD PERIOD 1913 TO 2015


WEATHER ITEM   OBSERVED TIME   RECORD YEAR NORMAL DEPARTURE LAST
                VALUE   (LST)  VALUE       VALUE  FROM      YEAR
                                                  NORMAL
..................................................................
TEMPERATURE (F)
 YESTERDAY
  MAXIMUM         29    241 PM  44    2006  26      3        5
  MINIMUM         -5    818 AM -22    1938   9    -14      -10
  AVERAGE         12                        18     -6       -2

PRECIPITATION (IN)
  YESTERDAY        0.00          0.91 1994   0.04  -0.04      T
  MONTH TO DATE    0.95                      1.38  -0.43     1.48
  SINCE DEC 1      2.38                      3.03  -0.65     3.68
  SINCE JAN 1      0.95                      1.38  -0.43     1.48

SNOWFALL (IN)
  YESTERDAY        0.0           7.3  1994   0.6   -0.6       T
  MONTH TO DATE    9.2                      15.4   -6.2     13.7
  SINCE OCT 1     28.1                      40.4  -12.3     38.6
  SINCE JUL 1     28.1                      40.4  -12.3     38.6
  SNOW DEPTH       6

DEGREE DAYS
 HEATING
  YESTERDAY       53                        47      6       67
  MONTH TO DATE 1397                      1313     84     1476
  SINCE DEC 1   2568                      2587    -19     2915
  SINCE JUL 1   4571                      4470    101     4780
..................................................................


WIND (MPH)
  HIGHEST WIND SPEED    15   HIGHEST WIND DIRECTION    SE (140)
  HIGHEST GUST SPEED    21   HIGHEST GUST DIRECTION    SE (140)
  AVERAGE WIND SPEED     4.3




RELATIVE HUMIDITY (PERCENT)
 HIGHEST    87
 LOWEST     39
 AVERAGE    63

..........................................................


THE HOUGHTON LAKE MI CLIMATE NORMALS FOR TODAY
                         NORMAL    RECORD    YEAR
 MAXIMUM TEMPERATURE (F)   26        48      2013
 MINIMUM TEMPERATURE (F)    9       -20      1925


SUNRISE AND SUNSET
JANUARY 29 2015.......SUNRISE   800 AM EST   SUNSET   544 PM EST
JANUARY 30 2015.......SUNRISE   759 AM EST   SUNSET   545 PM EST


-  INDICATES NEGATIVE NUMBERS.
R  INDICATES RECORD WAS SET OR TIED.
MM INDICATES DATA IS MISSING.
T  INDICATES TRACE AMOUNT.




$$
