000
CDUS43 KAPX 160527
CLIHTL


CLIMATE REPORT
NATIONAL WEATHER SERVICE GAYLORD MI
127 AM EDT TUE SEP 16 2014


...................................

...THE HOUGHTON LAKE MI CLIMATE SUMMARY FOR SEPTEMBER 15 2014...

CLIMATE NORMAL PERIOD 1981 TO 2010
CLIMATE RECORD PERIOD 1913 TO 2014


WEATHER ITEM   OBSERVED TIME   RECORD YEAR NORMAL DEPARTURE LAST
                VALUE   (LST)  VALUE       VALUE  FROM      YEAR
                                                  NORMAL
..................................................................
TEMPERATURE (F)
 YESTERDAY
  MAXIMUM         56   1116 AM  93    1939  69    -13       59
  MINIMUM         39   1115 PM  24    1923  46     -7       50
  AVERAGE         48                        58    -10       55

PRECIPITATION (IN)
  YESTERDAY        0.06          0.94 1928   0.10  -0.04     0.11
  MONTH TO DATE    2.63                      1.53   1.10     0.52
  SINCE SEP 1      2.63                      1.53   1.10     0.52
  SINCE JAN 1     22.51                     20.65   1.86    20.62

DEGREE DAYS
 HEATING
  YESTERDAY       17                         8      9       10
  MONTH TO DATE  112                        91     21       84
  SINCE SEP 1    112                        91     21       84
  SINCE JUL 1    268                       218     50      209

 COOLING
  YESTERDAY        0                         1     -1        0
  MONTH TO DATE   15                        15      0       30
  SINCE SEP 1     15                        15      0       30
  SINCE JAN 1    210                       280    -70      376
..................................................................


WIND (MPH)
  HIGHEST WIND SPEED    12   HIGHEST WIND DIRECTION    SW (230)
  HIGHEST GUST SPEED    19   HIGHEST GUST DIRECTION    SW (230)
  AVERAGE WIND SPEED     4.9




RELATIVE HUMIDITY (PERCENT)
 HIGHEST   100
 LOWEST     71
 AVERAGE    86

..........................................................


THE HOUGHTON LAKE MI CLIMATE NORMALS FOR TODAY
                         NORMAL    RECORD    YEAR
 MAXIMUM TEMPERATURE (F)   69        88      1927
 MINIMUM TEMPERATURE (F)   45        27      1964


SUNRISE AND SUNSET
SEPTEMBER 16 2014.....SUNRISE   719 AM EDT   SUNSET   747 PM EDT
SEPTEMBER 17 2014.....SUNRISE   720 AM EDT   SUNSET   746 PM EDT


-  INDICATES NEGATIVE NUMBERS.
R  INDICATES RECORD WAS SET OR TIED.
MM INDICATES DATA IS MISSING.
T  INDICATES TRACE AMOUNT.




$$
