000
CDUS43 KAPX 190531
CLIHTL


CLIMATE REPORT
NATIONAL WEATHER SERVICE GAYLORD MI
131 AM EDT SAT AUG 19 2017


...................................

...THE HOUGHTON LAKE MI CLIMATE SUMMARY FOR AUGUST 18 2017...

CLIMATE NORMAL PERIOD 1981 TO 2010
CLIMATE RECORD PERIOD 1913 TO 2017


WEATHER ITEM   OBSERVED TIME   RECORD YEAR NORMAL DEPARTURE LAST
                VALUE   (LST)  VALUE       VALUE  FROM      YEAR
                                                  NORMAL
..................................................................
TEMPERATURE (F)
 YESTERDAY
  MAXIMUM         69   1255 AM  97    1947  77     -8       85
  MINIMUM         61   1135 PM  32    1924  53      8       55
  AVERAGE         65                        65      0       70

PRECIPITATION (IN)
  YESTERDAY        0.06          0.81 2015   0.11  -0.05     0.00
  MONTH TO DATE    2.58                      2.05   0.53     2.32
  SINCE JUN 1      9.57                      7.91   1.66     8.10
  SINCE JAN 1     25.48                     17.77   7.71    22.17

DEGREE DAYS
 HEATING
  YESTERDAY        0                         3     -3        0
  MONTH TO DATE   22                        37    -15        0
  SINCE JUN 1    102                       208   -106      132
  SINCE JUL 1     34                        84    -50       27

 COOLING
  YESTERDAY        0                         2     -2        5
  MONTH TO DATE   27                        52    -25      117
  SINCE JUN 1    211                       223    -12      327
  SINCE JAN 1    225                       239    -14      356
..................................................................


WIND (MPH)
  HIGHEST WIND SPEED    20   HIGHEST WIND DIRECTION     W (270)
  HIGHEST GUST SPEED    28   HIGHEST GUST DIRECTION     W (280)
  AVERAGE WIND SPEED    12.3




RELATIVE HUMIDITY (PERCENT)
 HIGHEST    93
 LOWEST     78
 AVERAGE    86

..........................................................


THE HOUGHTON LAKE MI CLIMATE NORMALS FOR TODAY
                         NORMAL    RECORD    YEAR
 MAXIMUM TEMPERATURE (F)   77        97      1955
 MINIMUM TEMPERATURE (F)   53        32      1933


SUNRISE AND SUNSET
AUGUST 19 2017........SUNRISE   647 AM EDT   SUNSET   837 PM EDT
AUGUST 20 2017........SUNRISE   648 AM EDT   SUNSET   835 PM EDT


-  INDICATES NEGATIVE NUMBERS.
R  INDICATES RECORD WAS SET OR TIED.
MM INDICATES DATA IS MISSING.
T  INDICATES TRACE AMOUNT.




$$
