000
CDUS41 KRLX 230817
CLIHTS


CLIMATE REPORT
NATIONAL WEATHER SERVICE CHARLESTON WV
316 AM EST TUE JAN 23 2018


...................................

...THE HUNTINGTON WV CLIMATE SUMMARY FOR JANUARY 22 2018...

CLIMATE NORMAL PERIOD 1981 TO 2010
CLIMATE RECORD PERIOD 1897 TO 2018


WEATHER ITEM   OBSERVED TIME   RECORD YEAR NORMAL DEPARTURE LAST
                VALUE   (LST)  VALUE       VALUE  FROM      YEAR
                                                  NORMAL
..................................................................
TEMPERATURE (F)
 YESTERDAY
  MAXIMUM         67    256 PM  76    1999  42     25       60
  MINIMUM         51    640 AM  -9    1984  25     26       45
  AVERAGE         59                        34     25       53

PRECIPITATION (IN)
  YESTERDAY        0.02          1.78 1926   0.09  -0.07      T
  MONTH TO DATE    2.07                      2.09  -0.02     3.20
  SINCE JAN 1      2.07                      2.09  -0.02     3.20

SNOWFALL (IN)
  YESTERDAY        0.0           9.6  2016   0.3   -0.3      0.0
  MONTH TO DATE    6.3                       4.7    1.6      2.3
  SINCE SEP 1      6.7                       9.3   -2.6      4.1
  SNOW DEPTH       0

DEGREE DAYS
 HEATING
  YESTERDAY        6                        31    -25       12
  MONTH TO DATE  790                       688    102      496
  SINCE DEC 1   1700                      1556    144     1305
  SINCE JUL 1   2472                      2443     29     1903

 COOLING
  YESTERDAY        0                         0      0        0
  MONTH TO DATE    0                         0      0        0
  SINCE DEC 1      0                         1     -1        0
  SINCE JAN 1      0                         0      0        0
..................................................................


WIND (MPH)
  HIGHEST WIND SPEED    18   HIGHEST WIND DIRECTION     S (160)
  HIGHEST GUST SPEED    26   HIGHEST GUST DIRECTION    SE (150)
  AVERAGE WIND SPEED     8.1


SKY COVER
  POSSIBLE SUNSHINE  MM
  AVERAGE SKY COVER 0.6


WEATHER CONDITIONS
 THE FOLLOWING WEATHER WAS RECORDED YESTERDAY.
  THUNDERSTORM
  RAIN
  LIGHT RAIN


RELATIVE HUMIDITY (PERCENT)
 HIGHEST    67           600 PM
 LOWEST     37           300 PM
 AVERAGE    52

..........................................................


THE HUNTINGTON WV CLIMATE NORMALS FOR TODAY
                         NORMAL    RECORD    YEAR
 MAXIMUM TEMPERATURE (F)   42        71      1909
 MINIMUM TEMPERATURE (F)   25       -12      1936


SUNRISE AND SUNSET
JANUARY 23 2018.......SUNRISE   742 AM EST   SUNSET   542 PM EST
JANUARY 24 2018.......SUNRISE   741 AM EST   SUNSET   544 PM EST


-  INDICATES NEGATIVE NUMBERS.
R  INDICATES RECORD WAS SET OR TIED.
MM INDICATES DATA IS MISSING.
T  INDICATES TRACE AMOUNT.




$$
