000
CDUS41 KRLX 300805
CLIHTS


CLIMATE REPORT
NATIONAL WEATHER SERVICE CHARLESTON WV
400 AM EDT TUE JUN 30 2015


...................................

...THE HUNTINGTON WV CLIMATE SUMMARY FOR JUNE 29 2015...

CLIMATE NORMAL PERIOD 1981 TO 2010
CLIMATE RECORD PERIOD 1897 TO 2015


WEATHER ITEM   OBSERVED TIME   RECORD YEAR NORMAL DEPARTURE LAST
                VALUE   (LST)  VALUE       VALUE  FROM      YEAR
                                                  NORMAL
..................................................................
TEMPERATURE (F)
 YESTERDAY
  MAXIMUM         81    404 PM 103    2012  86     -5       87
  MINIMUM         54    523 AM  52    1899  65    -11       69
  AVERAGE         68                        75     -7       78

PRECIPITATION (IN)
  YESTERDAY        0.20          1.68 1924   0.12   0.08     0.47
  MONTH TO DATE    4.65                      3.77   0.88     4.52
  SINCE JAN 1     25.08                     21.85   3.23    24.06

SNOWFALL (IN)
  YESTERDAY        0.0
  MONTH TO DATE    0.0
  SINCE SEP 1     36.6
  SNOW DEPTH       0

DEGREE DAYS
 HEATING
  YESTERDAY        0                         0      0        0
  MONTH TO DATE   14                         9      5        0
  SINCE JUN 1     14                         9      5        0
  SINCE JUL 1   4996                      4509    487     4817

 COOLING
  YESTERDAY        3                        10     -7       13
  MONTH TO DATE  267                       217     50      233
  SINCE JUN 1    267                       217     50      233
  SINCE JAN 1    433                       330    103      347
..................................................................


WIND (MPH)
  HIGHEST WIND SPEED    15   HIGHEST WIND DIRECTION     S (180)
  HIGHEST GUST SPEED    20   HIGHEST GUST DIRECTION     S (190)
  AVERAGE WIND SPEED     4.4


SKY COVER
  POSSIBLE SUNSHINE  MM


WEATHER CONDITIONS
 THE FOLLOWING WEATHER WAS RECORDED YESTERDAY.
  HEAVY RAIN
  LIGHT RAIN
  FOG
  HAZE


RELATIVE HUMIDITY (PERCENT)
 HIGHEST   100           400 AM
 LOWEST     58           400 PM
 AVERAGE    79

..........................................................


THE HUNTINGTON WV CLIMATE NORMALS FOR TODAY
                         NORMAL    RECORD    YEAR
 MAXIMUM TEMPERATURE (F)   86       100      2012
                                             1936
 MINIMUM TEMPERATURE (F)   65        50      1943


SUNRISE AND SUNSET
JUNE 30 2015..........SUNRISE   610 AM EDT   SUNSET   858 PM EDT
JULY  1 2015..........SUNRISE   610 AM EDT   SUNSET   858 PM EDT


-  INDICATES NEGATIVE NUMBERS.
R  INDICATES RECORD WAS SET OR TIED.
MM INDICATES DATA IS MISSING.
T  INDICATES TRACE AMOUNT.




$$
