000
CDUS41 KRLX 280828
CLIHTS


CLIMATE REPORT
NATIONAL WEATHER SERVICE CHARLESTON WV
326 AM EST SAT FEB 28 2015


...................................

...THE HUNTINGTON WV CLIMATE SUMMARY FOR FEBRUARY 27 2015...

CLIMATE NORMAL PERIOD 1981 TO 2010
CLIMATE RECORD PERIOD 1897 TO 2015


WEATHER ITEM   OBSERVED TIME   RECORD YEAR NORMAL DEPARTURE LAST
                VALUE   (LST)  VALUE       VALUE  FROM      YEAR
                                                  NORMAL
..................................................................
TEMPERATURE (F)
 YESTERDAY
  MAXIMUM         24    514 PM  77    1996  50    -26       36
  MINIMUM         10    740 AM   2    1963  31    -21       18
                                      1934
  AVERAGE         17                        40    -23       27

PRECIPITATION (IN)
  YESTERDAY        T             2.09 1962   0.12  -0.12     0.00
  MONTH TO DATE    3.27                      2.96   0.31     5.06
  SINCE JAN 1      5.44                      5.93  -0.49     7.36

SNOWFALL (IN)
  YESTERDAY        T
  MONTH TO DATE   20.1
  SINCE SEP 1     22.8
  SNOW DEPTH       3

DEGREE DAYS
 HEATING
  YESTERDAY       48                        25     23       38
  MONTH TO DATE 1068                       753    315      811
  SINCE DEC 1   2897                      2590    307     2771
  SINCE JUL 1   3976                      3477    499     3722

 COOLING
  YESTERDAY        0                         0      0        0
  MONTH TO DATE    0                         0      0        0
  SINCE DEC 1      0                         1     -1        2
  SINCE JAN 1      0                         0      0        0
..................................................................


WIND (MPH)
  HIGHEST WIND SPEED    12   HIGHEST WIND DIRECTION    NW (320)
  HIGHEST GUST SPEED    15   HIGHEST GUST DIRECTION    NW (330)
  AVERAGE WIND SPEED     5.5


SKY COVER
  POSSIBLE SUNSHINE  MM


WEATHER CONDITIONS
 THE FOLLOWING WEATHER WAS RECORDED YESTERDAY.
  LIGHT SNOW
  HAZE


RELATIVE HUMIDITY (PERCENT)
 HIGHEST    83           700 AM
 LOWEST     40           500 PM
 AVERAGE    62

..........................................................


THE HUNTINGTON WV CLIMATE NORMALS FOR TODAY
                         NORMAL    RECORD    YEAR
 MAXIMUM TEMPERATURE (F)   51        74      1939
 MINIMUM TEMPERATURE (F)   31         0      1934


SUNRISE AND SUNSET
FEBRUARY 28 2015......SUNRISE   704 AM EST   SUNSET   622 PM EST
MARCH  1 2015.........SUNRISE   703 AM EST   SUNSET   623 PM EST


-  INDICATES NEGATIVE NUMBERS.
R  INDICATES RECORD WAS SET OR TIED.
MM INDICATES DATA IS MISSING.
T  INDICATES TRACE AMOUNT.




$$
