000
CDUS41 KRLX 050820
CLIHTS


CLIMATE REPORT
NATIONAL WEATHER SERVICE CHARLESTON WV
319 AM EST MON DEC 5 2016


...................................

...THE HUNTINGTON WV CLIMATE SUMMARY FOR DECEMBER 4 2016...

CLIMATE NORMAL PERIOD 1981 TO 2010
CLIMATE RECORD PERIOD 1897 TO 2016


WEATHER ITEM   OBSERVED TIME   RECORD YEAR NORMAL DEPARTURE LAST
                VALUE   (LST)  VALUE       VALUE  FROM      YEAR
                                                  NORMAL
..................................................................
TEMPERATURE (F)
 YESTERDAY
  MAXIMUM         47   1159 PM  74    1982  49     -2       48
  MINIMUM         35    514 AM  12    1908  31      4       23
  AVERAGE         41                        40      1       36

PRECIPITATION (IN)
  YESTERDAY        0.06          1.05 1993   0.11  -0.05     0.00
  MONTH TO DATE    0.06                      0.44  -0.38     2.47
  SINCE JAN 1     42.35                     39.72   2.63    45.38

SNOWFALL (IN)
  YESTERDAY        0.0
  MONTH TO DATE    0.0
  SINCE SEP 1      T
  SNOW DEPTH       0

DEGREE DAYS
 HEATING
  YESTERDAY       24                        25     -1       29
  MONTH TO DATE  102                        98      4       90
  SINCE DEC 1    102                        98      4       90
  SINCE JUL 1    700                       985   -285      810

 COOLING
  YESTERDAY        0                         0      0        0
  MONTH TO DATE    0                         0      0        0
  SINCE DEC 1      0                         0      0        0
  SINCE JAN 1   1589                      1134    455     1137
..................................................................


WIND (MPH)
  HIGHEST WIND SPEED    13   HIGHEST WIND DIRECTION    SW (220)
  HIGHEST GUST SPEED    17   HIGHEST GUST DIRECTION    SW (230)
  AVERAGE WIND SPEED     4.2


SKY COVER
  POSSIBLE SUNSHINE  MM


WEATHER CONDITIONS
 THE FOLLOWING WEATHER WAS RECORDED YESTERDAY.
  LIGHT RAIN
  FOG
  HAZE


RELATIVE HUMIDITY (PERCENT)
 HIGHEST    89           700 PM
 LOWEST     53           200 PM
 AVERAGE    71

..........................................................


THE HUNTINGTON WV CLIMATE NORMALS FOR TODAY
                         NORMAL    RECORD    YEAR
 MAXIMUM TEMPERATURE (F)   48        76      2001
 MINIMUM TEMPERATURE (F)   31        14      2008
                                             1991


SUNRISE AND SUNSET
DECEMBER  5 2016......SUNRISE   732 AM EST   SUNSET   509 PM EST
DECEMBER  6 2016......SUNRISE   733 AM EST   SUNSET   509 PM EST


-  INDICATES NEGATIVE NUMBERS.
R  INDICATES RECORD WAS SET OR TIED.
MM INDICATES DATA IS MISSING.
T  INDICATES TRACE AMOUNT.




$$
