000
CDUS41 KRLX 310739
CLIHTS


CLIMATE REPORT
NATIONAL WEATHER SERVICE CHARLESTON WV
335 AM EDT THU JUL 31 2014


...................................

...THE HUNTINGTON WV CLIMATE SUMMARY FOR JULY 30 2014...

CLIMATE NORMAL PERIOD 1981 TO 2010
CLIMATE RECORD PERIOD 1897 TO 2014


WEATHER ITEM   OBSERVED TIME   RECORD YEAR NORMAL DEPARTURE LAST
                VALUE   (LST)  VALUE       VALUE  FROM      YEAR
                                                  NORMAL
..................................................................
TEMPERATURE (F)
 YESTERDAY
  MAXIMUM         77    248 PM 101    1999  86     -9       83
  MINIMUM         53R   404 AM  54    1914  65    -12       59
  AVERAGE         65                        76    -11       71

PRECIPITATION (IN)
  YESTERDAY        0.23          2.81 2011   0.14   0.09     0.00
  MONTH TO DATE    4.08                      4.40  -0.32     7.83
  SINCE JAN 1     28.14                     26.36   1.78    27.17

SNOWFALL (IN)
  YESTERDAY        0.0
  MONTH TO DATE    0.0
  SINCE SEP 1     36.8
  SNOW DEPTH       0

DEGREE DAYS
 HEATING
  YESTERDAY        0                         0      0        0
  MONTH TO DATE    3                         0      3        0
  SINCE JUN 1      3                        12     -9        0
  SINCE JUL 1      3                         0      3        0

 COOLING
  YESTERDAY        0                        11    -11        6
  MONTH TO DATE  232                       327    -95      332
  SINCE JUN 1    477                       552    -75      589
  SINCE JAN 1    591                       665    -74      759
..................................................................


WIND (MPH)
  HIGHEST WIND SPEED    15   HIGHEST WIND DIRECTION     N (10)
  HIGHEST GUST SPEED    20   HIGHEST GUST DIRECTION     N (340)
  AVERAGE WIND SPEED     5.6


SKY COVER
  POSSIBLE SUNSHINE  MM


WEATHER CONDITIONS
 THE FOLLOWING WEATHER WAS RECORDED YESTERDAY.
  THUNDERSTORM
  RAIN
  LIGHT RAIN
  FOG
  FOG W/VISIBILITY <= 1/4 MILE


RELATIVE HUMIDITY (PERCENT)
 HIGHEST   100          1200 AM
 LOWEST     60           100 PM
 AVERAGE    80

..........................................................


THE HUNTINGTON WV CLIMATE NORMALS FOR TODAY
                         NORMAL    RECORD    YEAR
 MAXIMUM TEMPERATURE (F)   86       100      1999
 MINIMUM TEMPERATURE (F)   65        53      1936


SUNRISE AND SUNSET
JULY 31 2014..........SUNRISE   632 AM EDT   SUNSET   841 PM EDT
AUGUST  1 2014........SUNRISE   632 AM EDT   SUNSET   840 PM EDT


-  INDICATES NEGATIVE NUMBERS.
R  INDICATES RECORD WAS SET OR TIED.
MM INDICATES DATA IS MISSING.
T  INDICATES TRACE AMOUNT.




$$
