527
CDUS41 KRLX 250744
CLIHTS


CLIMATE REPORT
NATIONAL WEATHER SERVICE CHARLESTON WV
344 AM EDT THU AUG 25 2016


...................................

...THE HUNTINGTON WV CLIMATE SUMMARY FOR AUGUST 24 2016...

CLIMATE NORMAL PERIOD 1981 TO 2010
CLIMATE RECORD PERIOD 1897 TO 2016


WEATHER ITEM   OBSERVED TIME   RECORD YEAR NORMAL DEPARTURE LAST
                VALUE   (LST)  VALUE       VALUE  FROM      YEAR
                                                  NORMAL
..................................................................
TEMPERATURE (F)
 YESTERDAY
  MAXIMUM         87    321 PM  99    1959  85      2       82
  MINIMUM         61    452 AM  48    1952  64     -3       59
                                      1951
  AVERAGE         74                        74      0       71

PRECIPITATION (IN)
  YESTERDAY        0.00          3.01 1999   0.11  -0.11     0.00
  MONTH TO DATE    3.19                      2.97   0.22     1.20
  SINCE JAN 1     36.01                     29.48   6.53    34.80

SNOWFALL (IN)
  YESTERDAY        0.0
  MONTH TO DATE    0.0
  SINCE SEP 1     23.8
  SNOW DEPTH       0

DEGREE DAYS
 HEATING
  YESTERDAY        0                         0      0        0
  MONTH TO DATE    0                         0      0        0
  SINCE JUN 1      1                        12    -11       14
  SINCE JUL 1      0                         0      0        0

 COOLING
  YESTERDAY        9                         9      0        6
  MONTH TO DATE  322                       248     74      198
  SINCE JUN 1    994                       805    189      768
  SINCE JAN 1   1134                       918    216      934
..................................................................


WIND (MPH)
  HIGHEST WIND SPEED    10   HIGHEST WIND DIRECTION     S (190)
  HIGHEST GUST SPEED    14   HIGHEST GUST DIRECTION     S (190)
  AVERAGE WIND SPEED     3.6


SKY COVER
  POSSIBLE SUNSHINE  MM


WEATHER CONDITIONS
 THE FOLLOWING WEATHER WAS RECORDED YESTERDAY.
  FOG


RELATIVE HUMIDITY (PERCENT)
 HIGHEST   100           500 AM
 LOWEST     59           200 PM
 AVERAGE    80

..........................................................


THE HUNTINGTON WV CLIMATE NORMALS FOR TODAY
                         NORMAL    RECORD    YEAR
 MAXIMUM TEMPERATURE (F)   85       100      1948
 MINIMUM TEMPERATURE (F)   63        47      1952
                                             1951


SUNRISE AND SUNSET
AUGUST 25 2016........SUNRISE   654 AM EDT   SUNSET   810 PM EDT
AUGUST 26 2016........SUNRISE   655 AM EDT   SUNSET   808 PM EDT


-  INDICATES NEGATIVE NUMBERS.
R  INDICATES RECORD WAS SET OR TIED.
MM INDICATES DATA IS MISSING.
T  INDICATES TRACE AMOUNT.




$$
