000
CDUS43 KIND 270534
CLIHUF


CLIMATE REPORT
NATIONAL WEATHER SERVICE INDIANAPOLIS IN
134 AM EDT THU JUL 27 2017


...................................

...THE TERRE HAUTE IN CLIMATE SUMMARY FOR JULY 26 2017...

CLIMATE NORMAL PERIOD 1981 TO 2010
CLIMATE RECORD PERIOD 9999 TO 9999


WEATHER ITEM   OBSERVED TIME   NORMAL DEPARTURE LAST
                VALUE   (LST)  VALUE  FROM      YEAR
                                      NORMAL
......................................................
TEMPERATURE (F)
 YESTERDAY
  MAXIMUM         88    453 PM  85      3       84
  MINIMUM         63    557 AM  64     -1       69
  AVERAGE         76            74      2       77

PRECIPITATION (IN)
  YESTERDAY        0.00          0.13  -0.13     0.62
  MONTH TO DATE    4.18          4.16   0.02     7.13
  SINCE JUN 1     10.06          8.60   1.46    11.62
  SINCE JAN 1     32.98         27.04   5.94    25.40

DEGREE DAYS
 HEATING
  YESTERDAY        0             0      0        0
  MONTH TO DATE    0             0      0        4
  SINCE JUN 1      6            13     -7        5
  SINCE JUL 1      0             0      0        4

 COOLING
  YESTERDAY       11             9      2       12
  MONTH TO DATE  315           265     50      293
  SINCE JUN 1    559           500     59      611
  SINCE JAN 1    675           586     89      699
......................................................


WIND (MPH)
  HIGHEST WIND SPEED     9   HIGHEST WIND DIRECTION    SE (140)
  HIGHEST GUST SPEED    13   HIGHEST GUST DIRECTION    SE (130)
  AVERAGE WIND SPEED     4.7


SKY COVER
  AVERAGE SKY COVER 0.1


WEATHER CONDITIONS
 THE FOLLOWING WEATHER WAS RECORDED YESTERDAY.
  NO SIGNIFICANT WEATHER WAS OBSERVED.


RELATIVE HUMIDITY (PERCENT)
 HIGHEST    93           600 AM
 LOWEST     63           300 PM
 AVERAGE    78

..........................................................


THE TERRE HAUTE IN CLIMATE NORMALS FOR TODAY
                         NORMAL
 MAXIMUM TEMPERATURE (F)   85
 MINIMUM TEMPERATURE (F)   64


SUNRISE AND SUNSET
JULY 27 2017..........SUNRISE   645 AM EDT   SUNSET   906 PM EDT
JULY 28 2017..........SUNRISE   646 AM EDT   SUNSET   905 PM EDT


-  INDICATES NEGATIVE NUMBERS.
R  INDICATES RECORD WAS SET OR TIED.
MM INDICATES DATA IS MISSING.
T  INDICATES TRACE AMOUNT.




$$
