000
CDUS43 KIND 210533
CLIHUF


CLIMATE REPORT
NATIONAL WEATHER SERVICE INDIANAPOLIS IN
133 AM EDT THU AUG 21 2014


...................................

...THE TERRE HAUTE IN CLIMATE SUMMARY FOR AUGUST 20 2014...

CLIMATE NORMAL PERIOD 1981 TO 2010
CLIMATE RECORD PERIOD 9999 TO 9999


WEATHER ITEM   OBSERVED TIME   NORMAL DEPARTURE LAST
                VALUE   (LST)  VALUE  FROM      YEAR
                                      NORMAL
......................................................
TEMPERATURE (F)
 YESTERDAY
  MAXIMUM         82   1114 AM  84     -2       86
  MINIMUM         64    359 AM  62      2       60
  AVERAGE         73            73      0       73

PRECIPITATION (IN)
  YESTERDAY        0.14          0.12   0.02     0.00
  MONTH TO DATE    1.28          2.06  -0.78     1.03
  SINCE JUN 1     11.61         11.29   0.32    11.76
  SINCE JAN 1     26.62         29.73  -3.11    32.79

DEGREE DAYS
 HEATING
  YESTERDAY        0             0      0        0
  MONTH TO DATE    3             0      3        8
  SINCE JUN 1     13            14     -1       17
  SINCE JUL 1     11             1     10       10

 COOLING
  YESTERDAY        8             8      0        8
  MONTH TO DATE  121           170    -49      123
  SINCE JUN 1    575           716   -141      626
  SINCE JAN 1    702           802   -100      740
......................................................


WIND (MPH)
  HIGHEST WIND SPEED    16   HIGHEST WIND DIRECTION     W (290)
  HIGHEST GUST SPEED    22   HIGHEST GUST DIRECTION    NW (310)
  AVERAGE WIND SPEED     3.7


SKY COVER
  AVERAGE SKY COVER 0.4


WEATHER CONDITIONS
 THE FOLLOWING WEATHER WAS RECORDED YESTERDAY.
  THUNDERSTORM
  LIGHT RAIN
  FOG
  FOG W/VISIBILITY <= 1/4 MILE


RELATIVE HUMIDITY (PERCENT)
 HIGHEST    97           700 AM
 LOWEST     74          1000 AM
 AVERAGE    86

..........................................................


THE TERRE HAUTE IN CLIMATE NORMALS FOR TODAY
                         NORMAL
 MAXIMUM TEMPERATURE (F)   84
 MINIMUM TEMPERATURE (F)   62


SUNRISE AND SUNSET
AUGUST 21 2014........SUNRISE   707 AM EDT   SUNSET   837 PM EDT
AUGUST 22 2014........SUNRISE   708 AM EDT   SUNSET   835 PM EDT


-  INDICATES NEGATIVE NUMBERS.
R  INDICATES RECORD WAS SET OR TIED.
MM INDICATES DATA IS MISSING.
T  INDICATES TRACE AMOUNT.




$$
