000
CDUS43 KIND 020534
CLIHUF


CLIMATE REPORT
NATIONAL WEATHER SERVICE INDIANAPOLIS IN
132 AM EDT THU OCT 2 2014


...................................

...THE TERRE HAUTE IN CLIMATE SUMMARY FOR OCTOBER 1 2014...

CLIMATE NORMAL PERIOD 1981 TO 2010
CLIMATE RECORD PERIOD 9999 TO 9999


WEATHER ITEM   OBSERVED TIME   NORMAL DEPARTURE LAST
                VALUE   (LST)  VALUE  FROM      YEAR
                                      NORMAL
......................................................
TEMPERATURE (F)
 YESTERDAY
  MAXIMUM         81    402 PM  72      9       81
  MINIMUM         49    650 AM  47      2       54
  AVERAGE         65            60      5       68

PRECIPITATION (IN)
  YESTERDAY        0.00          0.11  -0.11     0.00
  MONTH TO DATE    0.00          0.11  -0.11     0.00
  SINCE SEP 1      2.99          3.53  -0.54     1.20
  SINCE JAN 1     31.12         34.81  -3.69    34.23

DEGREE DAYS
 HEATING
  YESTERDAY        0             7     -7        0
  MONTH TO DATE    0             7     -7        0
  SINCE SEP 1     94            80     14       53
  SINCE JUL 1    105            85     20       63

 COOLING
  YESTERDAY        0             1     -1        3
  MONTH TO DATE    0             1     -1        3
  SINCE SEP 1     76           100    -24      151
  SINCE JAN 1    927           979    -52     1026
......................................................


WIND (MPH)
  HIGHEST WIND SPEED    12   HIGHEST WIND DIRECTION     S (170)
  HIGHEST GUST SPEED    17   HIGHEST GUST DIRECTION     S (180)
  AVERAGE WIND SPEED     5.1


SKY COVER
  AVERAGE SKY COVER 0.0


WEATHER CONDITIONS
 THE FOLLOWING WEATHER WAS RECORDED YESTERDAY.
  NO SIGNIFICANT WEATHER WAS OBSERVED.


RELATIVE HUMIDITY (PERCENT)
 HIGHEST    89           400 AM
 LOWEST     42           400 PM
 AVERAGE    66

..........................................................


THE TERRE HAUTE IN CLIMATE NORMALS FOR TODAY
                         NORMAL
 MAXIMUM TEMPERATURE (F)   72
 MINIMUM TEMPERATURE (F)   47


SUNRISE AND SUNSET
OCTOBER  2 2014.......SUNRISE   746 AM EDT   SUNSET   730 PM EDT
OCTOBER  3 2014.......SUNRISE   747 AM EDT   SUNSET   729 PM EDT


-  INDICATES NEGATIVE NUMBERS.
R  INDICATES RECORD WAS SET OR TIED.
MM INDICATES DATA IS MISSING.
T  INDICATES TRACE AMOUNT.




$$
