000
CDUS43 KIND 220532
CLIHUF


CLIMATE REPORT
NATIONAL WEATHER SERVICE INDIANAPOLIS IN
1232 AM EST WED NOV 22 2017


...................................

...THE TERRE HAUTE IN CLIMATE SUMMARY FOR NOVEMBER 21 2017...

CLIMATE NORMAL PERIOD 1981 TO 2010
CLIMATE RECORD PERIOD 9999 TO 9999


WEATHER ITEM   OBSERVED TIME   NORMAL DEPARTURE LAST
                VALUE   (LST)  VALUE  FROM      YEAR
                                      NORMAL
......................................................
TEMPERATURE (F)
 YESTERDAY
  MAXIMUM         53   1252 PM  50      3       44
  MINIMUM         30   1153 PM  32     -2       20
  AVERAGE         42            41      1       32

PRECIPITATION (IN)
  YESTERDAY        0.05          0.12  -0.07     0.00
  MONTH TO DATE    3.40          2.69   0.71     0.62
  SINCE SEP 1      9.10          9.68  -0.58     6.27
  SINCE JAN 1     44.94         40.96   3.98    33.23

DEGREE DAYS
 HEATING
  YESTERDAY       23            24     -1       33
  MONTH TO DATE  429           415     14      335
  SINCE SEP 1    740           837    -97      530
  SINCE JUL 1    740           842   -102      534

 COOLING
  YESTERDAY        0             0      0        0
  MONTH TO DATE    0             0      0        4
  SINCE SEP 1    219           114    105      243
  SINCE JAN 1   1129           993    136     1391
......................................................


WIND (MPH)
  HIGHEST WIND SPEED    22   HIGHEST WIND DIRECTION    NW (330)
  HIGHEST GUST SPEED    28   HIGHEST GUST DIRECTION    NW (330)
  AVERAGE WIND SPEED    11.5


SKY COVER
  AVERAGE SKY COVER 0.2


WEATHER CONDITIONS
 THE FOLLOWING WEATHER WAS RECORDED YESTERDAY.
  LIGHT RAIN


RELATIVE HUMIDITY (PERCENT)
 HIGHEST    72          1100 PM
 LOWEST     41           600 PM
 AVERAGE    57

..........................................................


THE TERRE HAUTE IN CLIMATE NORMALS FOR TODAY
                         NORMAL
 MAXIMUM TEMPERATURE (F)   49
 MINIMUM TEMPERATURE (F)   32


SUNRISE AND SUNSET
NOVEMBER 22 2017......SUNRISE   741 AM EST   SUNSET   529 PM EST
NOVEMBER 23 2017......SUNRISE   742 AM EST   SUNSET   529 PM EST


-  INDICATES NEGATIVE NUMBERS.
R  INDICATES RECORD WAS SET OR TIED.
MM INDICATES DATA IS MISSING.
T  INDICATES TRACE AMOUNT.




$$
